65.66.35.1 - - [27/Jun/2010:13:14:11 -0500] "GET //linkadmin.php?page=http://phamsight.com/docs/images/head?? HTTP/1.1" 404 298 "-""Mozilla/5.0"
65.66.35.1 - - [27/Jun/2010:13:14:11 -0500] "GET /logs//linkadmin.php?page=http://phamsight.com/docs/images/head?? HTTP/1.1" 404 303 "-""Mozilla/5.0"
66.249.71.237 - - [27/Jun/2010:13:14:33 -0500] "GET /robots.txt HTTP/1.1" 404 294 "-""Mozilla/5.0 (compatible; Googlebot/2.1; +http://www.google.com/bot.html)"
66.249.71.237 - - [27/Jun/2010:13:14:33 -0500] "GET /costume/thmb9.htm HTTP/1.1" 304 - "-""Mozilla/5.0 (compatible; Googlebot/2.1; +http://www.google.com/bot.html)"
65.66.35.1 - - [27/Jun/2010:13:15:27 -0500] "GET /logs/access_log.1276819200%20%20//linkadmin.php?page=http://phamsight.com/docs/images/head?? HTTP/1.1" 404 327 "-""Mozilla/5.0"
207.46.12.67 - - [27/Jun/2010:13:17:49 -0500] "GET /artwork/coffins.htm HTTP/1.1" 200 1485 "-""Mozilla/4.0 (compatible; MSIE 7.0; Windows NT 5.1; SV1; .NET CLR 1.1.4322; .NET CLR 2.0.40607; .NET CLR 3.0.30729; .NET CLR 3.5.30707; MS-RTC LM 8)"
67.195.112.180 - - [27/Jun/2010:13:21:49 -0500] "GET /costume/cd-page1.htm HTTP/1.0" 200 1189 "-""Mozilla/5.0 (compatible; Yahoo! Slurp/3.0; http://help.yahoo.com/help/us/ysearch/slurp)"
87.250.252.241 - - [27/Jun/2010:13:21:57 -0500] "GET / HTTP/1.1" 200 1003 "-""Yandex/1.01.001 (compatible; Win16; I)"
83.103.72.131 - - [27/Jun/2010:13:22:49 -0500] "GET /logs/access_log.1274400000/index.php?option=com_shoutbox&controller=../../../../../../../../../../../../../../../proc/self/environ%00 HTTP/1.1" 404 320 "-""libwww-perl/5.79"
83.103.72.131 - - [27/Jun/2010:13:22:50 -0500] "GET /index.php?option=com_shoutbox&controller=../../../../../../../../../../../../../../../proc/self/environ%00 HTTP/1.1" 404 293 "-""libwww-perl/5.79"
83.103.72.131 - - [27/Jun/2010:13:22:50 -0500] "GET /logs/index.php?option=com_shoutbox&controller=../../../../../../../../../../../../../../../proc/self/environ%00 HTTP/1.1" 404 298 "-""libwww-perl/5.79"
67.195.112.180 - - [27/Jun/2010:13:23:46 -0500] "GET /tattoo/tatsymbl.htm HTTP/1.0" 200 3085 "-""Mozilla/5.0 (compatible; Yahoo! Slurp/3.0; http://help.yahoo.com/help/us/ysearch/slurp)"
67.195.112.180 - - [27/Jun/2010:13:38:56 -0500] "GET /logs/access_log.1174348800 HTTP/1.0" 404 298 "-""Mozilla/5.0 (compatible; Yahoo! Slurp/3.0; http://help.yahoo.com/help/us/ysearch/slurp)"
77.221.130.2 - - [27/Jun/2010:13:40:23 -0500] "GET //index.php?option=com_travelbook&controller=../../../../../../../../../../../../../../../../proc/self/environ%00 HTTP/1.1" 404 294 "-""libwww-perl/5.805"
77.221.130.2 - - [27/Jun/2010:13:41:22 -0500] "GET /logs/access_log.1276214400//index.php?option=com_travelbook&controller=../../../../../../../../../../../../../../../../proc/self/environ%00 HTTP/1.1" 404 321 "-""libwww-perl/5.805"
77.221.130.2 - - [27/Jun/2010:13:41:22 -0500] "GET //index.php?option=com_travelbook&controller=../../../../../../../../../../../../../../../../proc/self/environ%00 HTTP/1.1" 404 294 "-""libwww-perl/5.805"
77.221.130.2 - - [27/Jun/2010:13:41:23 -0500] "GET /logs//index.php?option=com_travelbook&controller=../../../../../../../../../../../../../../../../proc/self/environ%00 HTTP/1.1" 404 299 "-""libwww-perl/5.805"
213.189.224.16 - - [27/Jun/2010:13:41:32 -0500] "GET //index.php?option=com_travelbook&controller=../../../../../../../../../../../../../../../proc/self/environ%00 HTTP/1.1" 404 294 "-""libwww-perl/5.834"
213.189.224.16 - - [27/Jun/2010:13:41:43 -0500] "GET //index.php?option=com_travelbook&controller=../../../../../../../../../../../../../../../../proc/self/environ%00 HTTP/1.1" 404 294 "-""libwww-perl/5.834"
213.189.224.16 - - [27/Jun/2010:13:41:43 -0500] "GET /logs/access_log.1276041600//index.php?option=com_travelbook&controller=../../../../../../../../../../../../../../../../proc/self/environ%00 HTTP/1.1" 404 321 "-""libwww-perl/5.834"
213.189.224.16 - - [27/Jun/2010:13:41:44 -0500] "GET //index.php?option=com_travelbook&controller=../../../../../../../../../../../../../../../../proc/self/environ%00 HTTP/1.1" 404 294 "-""libwww-perl/5.834"
213.189.224.16 - - [27/Jun/2010:13:41:44 -0500] "GET /logs//index.php?option=com_travelbook&controller=../../../../../../../../../../../../../../../../proc/self/environ%00 HTTP/1.1" 404 299 "-""libwww-perl/5.834"
77.221.130.2 - - [27/Jun/2010:13:41:45 -0500] "GET /logs/access_log.1275782400//index.php?option=com_travelbook&controller=../../../../../../../../../../../../../../../../proc/self/environ%00 HTTP/1.1" 404 321 "-""libwww-perl/5.805"
213.189.224.16 - - [27/Jun/2010:13:42:08 -0500] "GET //index.php?option=com_travelbook&controller=../../../../../../../../../../../../../../../../proc/self/environ%00 HTTP/1.1" 404 294 "-""libwww-perl/5.834"
213.189.224.16 - - [27/Jun/2010:13:42:13 -0500] "GET //index.php?option=com_travelbook&controller=../../../../../../../../../../../../../../../etc/passwd%00 HTTP/1.1" 404 294 "-""libwww-perl/5.834"
213.189.224.16 - - [27/Jun/2010:13:42:16 -0500] "GET //index.php?option=com_travelbook&controller=../../../../../../../../../../../../../../../proc/self/environ%00 HTTP/1.1" 404 294 "-""libwww-perl/5.834"
213.189.224.16 - - [27/Jun/2010:13:42:18 -0500] "GET /logs/access_log.1276214400//index.php?option=com_travelbook&controller=../../../../../../../../../../../../../../../etc/passwd%00 HTTP/1.1" 404 321 "-""libwww-perl/5.834"
213.189.224.16 - - [27/Jun/2010:13:42:19 -0500] "GET //index.php?option=com_travelbook&controller=../../../../../../../../../../../../../../../etc/passwd%00 HTTP/1.1" 404 294 "-""libwww-perl/5.834"
213.189.224.16 - - [27/Jun/2010:13:42:19 -0500] "GET /logs//index.php?option=com_travelbook&controller=../../../../../../../../../../../../../../../etc/passwd%00 HTTP/1.1" 404 299 "-""libwww-perl/5.834"
213.189.224.16 - - [27/Jun/2010:13:42:20 -0500] "GET /logs/access_log.1275782400//index.php?option=com_travelbook&controller=../../../../../../../../../../../../../../../etc/passwd%00 HTTP/1.1" 404 321 "-""libwww-perl/5.834"
213.189.224.16 - - [27/Jun/2010:13:42:21 -0500] "GET //index.php?option=com_travelbook&controller=../../../../../../../../../../../../../../../proc/self/environ%00 HTTP/1.1" 404 294 "-""libwww-perl/5.834"
213.189.224.16 - - [27/Jun/2010:13:42:36 -0500] "GET /logs/access_log.1276041600//index.php?option=com_travelbook&controller=../../../../../../../../../../../../../../../proc/self/environ%00 HTTP/1.1" 404 321 "-""libwww-perl/5.834"
213.189.224.16 - - [27/Jun/2010:13:42:36 -0500] "GET //index.php?option=com_travelbook&controller=../../../../../../../../../../../../../../../proc/self/environ%00 HTTP/1.1" 404 294 "-""libwww-perl/5.834"
213.189.224.16 - - [27/Jun/2010:13:42:37 -0500] "GET /logs//index.php?option=com_travelbook&controller=../../../../../../../../../../../../../../../proc/self/environ%00 HTTP/1.1" 404 299 "-""libwww-perl/5.834"
213.189.224.16 - - [27/Jun/2010:13:42:46 -0500] "GET /logs/access_log.1276214400//index.php?option=com_travelbook&controller=../../../../../../../../../../../../../../../../proc/self/environ%00 HTTP/1.1" 404 321 "-""libwww-perl/5.834"
213.189.224.16 - - [27/Jun/2010:13:42:46 -0500] "GET //index.php?option=com_travelbook&controller=../../../../../../../../../../../../../../../../proc/self/environ%00 HTTP/1.1" 404 294 "-""libwww-perl/5.834"
213.189.224.16 - - [27/Jun/2010:13:42:47 -0500] "GET /logs//index.php?option=com_travelbook&controller=../../../../../../../../../../../../../../../../proc/self/environ%00 HTTP/1.1" 404 299 "-""libwww-perl/5.834"
213.189.224.16 - - [27/Jun/2010:13:42:55 -0500] "GET /logs/access_log.1275782400//index.php?option=com_travelbook&controller=../../../../../../../../../../../../../../../../proc/self/environ%00 HTTP/1.1" 404 321 "-""libwww-perl/5.834"
213.189.224.16 - - [27/Jun/2010:13:43:52 -0500] "GET /logs/access_log.1276214400//index.php?option=com_travelbook&controller=../../../../../../../../../../../../../../../proc/self/environ%00 HTTP/1.1" 404 321 "-""libwww-perl/5.834"
213.189.224.16 - - [27/Jun/2010:13:43:52 -0500] "GET //index.php?option=com_travelbook&controller=../../../../../../../../../../../../../../../proc/self/environ%00 HTTP/1.1" 404 294 "-""libwww-perl/5.834"
213.189.224.16 - - [27/Jun/2010:13:43:52 -0500] "GET /logs//index.php?option=com_travelbook&controller=../../../../../../../../../../../../../../../proc/self/environ%00 HTTP/1.1" 404 299 "-""libwww-perl/5.834"
213.189.224.16 - - [27/Jun/2010:13:43:58 -0500] "GET /logs/access_log.1275782400//index.php?option=com_travelbook&controller=../../../../../../../../../../../../../../../proc/self/environ%00 HTTP/1.1" 404 321 "-""libwww-perl/5.834"
72.37.150.18 - - [27/Jun/2010:13:44:22 -0500] "GET /bad_link.php?theme_path=http://www.cappa.de/hilfe/id1.txt?? HTTP/1.1" 404 296 "-""Mozilla/5.0"
72.37.150.18 - - [27/Jun/2010:13:44:22 -0500] "GET /logs/bad_link.php?theme_path=http://www.cappa.de/hilfe/id1.txt?? HTTP/1.1" 404 301 "-""Mozilla/5.0"
72.37.150.18 - - [27/Jun/2010:13:44:22 -0500] "GET /logs/access_log.1276819200%20%20/bad_link.php?theme_path=http://www.cappa.de/hilfe/id1.txt?? HTTP/1.1" 404 325 "-""Mozilla/5.0"
213.189.224.16 - - [27/Jun/2010:13:44:57 -0500] "GET /logs/access_log.1276214400//index.php?option=com_travelbook&controller=../../../../../../../../../../../../../../../proc/self/environ%00 HTTP/1.1" 404 321 "-""libwww-perl/5.834"
213.189.224.16 - - [27/Jun/2010:13:44:58 -0500] "GET //index.php?option=com_travelbook&controller=../../../../../../../../../../../../../../../proc/self/environ%00 HTTP/1.1" 404 294 "-""libwww-perl/5.834"
213.189.224.16 - - [27/Jun/2010:13:44:58 -0500] "GET /logs//index.php?option=com_travelbook&controller=../../../../../../../../../../../../../../../proc/self/environ%00 HTTP/1.1" 404 299 "-""libwww-perl/5.834"
213.189.224.16 - - [27/Jun/2010:13:44:58 -0500] "GET /logs/access_log.1275782400//index.php?option=com_travelbook&controller=../../../../../../../../../../../../../../../proc/self/environ%00 HTTP/1.1" 404 321 "-""libwww-perl/5.834"
85.17.213.148 - - [27/Jun/2010:13:48:29 -0500] "GET //index.php?option=com_travelbook&controller=../../../../../../../../../../../../../../../etc/passwd%00 HTTP/1.1" 404 294 "-""libwww-perl/5.833"
213.189.224.16 - - [27/Jun/2010:13:49:17 -0500] "GET //index.php?option=com_travelbook&controller=../../../../../../../../../../../../../../../proc/self/environ%00 HTTP/1.1" 404 294 "-""libwww-perl/5.834"
207.46.13.135 - - [27/Jun/2010:13:50:40 -0500] "GET /logs/access_log.1259798400 HTTP/1.1" 404 310 "-""msnbot/2.0b (+http://search.msn.com/msnbot.htm)"
213.189.224.16 - - [27/Jun/2010:13:51:42 -0500] "GET /logs/access_log.1275782400//index.php?option=com_travelbook&controller=../../../../../../../../../../../../../../../proc/self/environ%00 HTTP/1.1" 404 321 "-""libwww-perl/5.834"
213.189.224.16 - - [27/Jun/2010:13:51:43 -0500] "GET //index.php?option=com_travelbook&controller=../../../../../../../../../../../../../../../proc/self/environ%00 HTTP/1.1" 404 294 "-""libwww-perl/5.834"
213.189.224.16 - - [27/Jun/2010:13:51:43 -0500] "GET /logs//index.php?option=com_travelbook&controller=../../../../../../../../../../../../../../../proc/self/environ%00 HTTP/1.1" 404 299 "-""libwww-perl/5.834"
213.189.224.16 - - [27/Jun/2010:13:51:43 -0500] "GET /logs/access_log.1276214400//index.php?option=com_travelbook&controller=../../../../../../../../../../../../../../../proc/self/environ%00 HTTP/1.1" 404 321 "-""libwww-perl/5.834"
142.166.37.67 - - [27/Jun/2010:13:52:44 -0500] "GET /tattoo/tattoo1.htm HTTP/1.1" 200 4192 "http://en.wikipedia.org/wiki/Flash_(tattoo)""Mozilla/4.0 (compatible; MSIE 8.0; Windows NT 6.0; Trident/4.0; GTB5; FBSMTWB; SLCC1; .NET CLR 2.0.50727; Media Center PC 5.0; .NET CLR 3.5.30729; .NET CLR 3.0.30729; InfoPath.2; .NET4.0C)"
142.166.37.67 - - [27/Jun/2010:13:52:44 -0500] "GET /tattoo/tat_1st.JPG HTTP/1.1" 200 16480 "http://tomdolan.pconline.com/tattoo/tattoo1.htm""Mozilla/4.0 (compatible; MSIE 8.0; Windows NT 6.0; Trident/4.0; GTB5; FBSMTWB; SLCC1; .NET CLR 2.0.50727; Media Center PC 5.0; .NET CLR 3.5.30729; .NET CLR 3.0.30729; InfoPath.2; .NET4.0C)"
142.166.37.92 - - [27/Jun/2010:13:53:05 -0500] "GET /tattoo/set1.htm HTTP/1.1" 200 2362 "http://tomdolan.pconline.com/tattoo/tattoo1.htm""Mozilla/4.0 (compatible; MSIE 8.0; Windows NT 6.0; Trident/4.0; GTB5; FBSMTWB; SLCC1; .NET CLR 2.0.50727; Media Center PC 5.0; .NET CLR 3.5.30729; .NET CLR 3.0.30729; InfoPath.2; .NET4.0C)"
142.166.37.67 - - [27/Jun/2010:13:53:20 -0500] "GET /tattoo/set1.htm HTTP/1.1" 200 2362 "http://tomdolan.pconline.com/tattoo/tattoo1.htm""Mozilla/4.0 (compatible; MSIE 8.0; Windows NT 6.0; Trident/4.0; GTB5; FBSMTWB; SLCC1; .NET CLR 2.0.50727; Media Center PC 5.0; .NET CLR 3.5.30729; .NET CLR 3.0.30729; InfoPath.2; .NET4.0C)"
142.166.37.67 - - [27/Jun/2010:13:53:21 -0500] "GET /tattoo/tat1.JPG HTTP/1.1" 200 16158 "http://tomdolan.pconline.com/tattoo/set1.htm""Mozilla/4.0 (compatible; MSIE 8.0; Windows NT 6.0; Trident/4.0; GTB5; FBSMTWB; SLCC1; .NET CLR 2.0.50727; Media Center PC 5.0; .NET CLR 3.5.30729; .NET CLR 3.0.30729; InfoPath.2; .NET4.0C)"
142.166.37.92 - - [27/Jun/2010:13:53:21 -0500] "GET /tattoo/tat10.JPG HTTP/1.1" 200 22746 "http://tomdolan.pconline.com/tattoo/set1.htm""Mozilla/4.0 (compatible; MSIE 8.0; Windows NT 6.0; Trident/4.0; GTB5; FBSMTWB; SLCC1; .NET CLR 2.0.50727; Media Center PC 5.0; .NET CLR 3.5.30729; .NET CLR 3.0.30729; InfoPath.2; .NET4.0C)"
142.166.37.92 - - [27/Jun/2010:13:53:21 -0500] "GET /tattoo/tat5.JPG HTTP/1.1" 200 13769 "http://tomdolan.pconline.com/tattoo/set1.htm""Mozilla/4.0 (compatible; MSIE 8.0; Windows NT 6.0; Trident/4.0; GTB5; FBSMTWB; SLCC1; .NET CLR 2.0.50727; Media Center PC 5.0; .NET CLR 3.5.30729; .NET CLR 3.0.30729; InfoPath.2; .NET4.0C)"
142.166.37.67 - - [27/Jun/2010:13:53:21 -0500] "GET /tattoo/tat3.jpg HTTP/1.1" 200 11901 "http://tomdolan.pconline.com/tattoo/set1.htm""Mozilla/4.0 (compatible; MSIE 8.0; Windows NT 6.0; Trident/4.0; GTB5; FBSMTWB; SLCC1; .NET CLR 2.0.50727; Media Center PC 5.0; .NET CLR 3.5.30729; .NET CLR 3.0.30729; InfoPath.2; .NET4.0C)"
142.166.37.92 - - [27/Jun/2010:13:53:21 -0500] "GET /tattoo/tat9.JPG HTTP/1.1" 200 16749 "http://tomdolan.pconline.com/tattoo/set1.htm""Mozilla/4.0 (compatible; MSIE 8.0; Windows NT 6.0; Trident/4.0; GTB5; FBSMTWB; SLCC1; .NET CLR 2.0.50727; Media Center PC 5.0; .NET CLR 3.5.30729; .NET CLR 3.0.30729; InfoPath.2; .NET4.0C)"
142.166.37.67 - - [27/Jun/2010:13:53:21 -0500] "GET /tattoo/tat7.JPG HTTP/1.1" 200 17358 "http://tomdolan.pconline.com/tattoo/set1.htm""Mozilla/4.0 (compatible; MSIE 8.0; Windows NT 6.0; Trident/4.0; GTB5; FBSMTWB; SLCC1; .NET CLR 2.0.50727; Media Center PC 5.0; .NET CLR 3.5.30729; .NET CLR 3.0.30729; InfoPath.2; .NET4.0C)"
142.166.37.92 - - [27/Jun/2010:13:53:21 -0500] "GET /tattoo/tat2.JPG HTTP/1.1" 200 18943 "http://tomdolan.pconline.com/tattoo/set1.htm""Mozilla/4.0 (compatible; MSIE 8.0; Windows NT 6.0; Trident/4.0; GTB5; FBSMTWB; SLCC1; .NET CLR 2.0.50727; Media Center PC 5.0; .NET CLR 3.5.30729; .NET CLR 3.0.30729; InfoPath.2; .NET4.0C)"
142.166.37.67 - - [27/Jun/2010:13:53:25 -0500] "GET /tattoo/tat4.JPG HTTP/1.1" 200 18080 "http://tomdolan.pconline.com/tattoo/set1.htm""Mozilla/4.0 (compatible; MSIE 8.0; Windows NT 6.0; Trident/4.0; GTB5; FBSMTWB; SLCC1; .NET CLR 2.0.50727; Media Center PC 5.0; .NET CLR 3.5.30729; .NET CLR 3.0.30729; InfoPath.2; .NET4.0C)"
142.166.37.67 - - [27/Jun/2010:13:53:26 -0500] "GET /tattoo/tat6.JPG HTTP/1.1" 200 18543 "http://tomdolan.pconline.com/tattoo/set1.htm""Mozilla/4.0 (compatible; MSIE 8.0; Windows NT 6.0; Trident/4.0; GTB5; FBSMTWB; SLCC1; .NET CLR 2.0.50727; Media Center PC 5.0; .NET CLR 3.5.30729; .NET CLR 3.0.30729; InfoPath.2; .NET4.0C)"
142.166.37.67 - - [27/Jun/2010:13:53:28 -0500] "GET /tattoo/tat8.jpg HTTP/1.1" 200 13191 "http://tomdolan.pconline.com/tattoo/set1.htm""Mozilla/4.0 (compatible; MSIE 8.0; Windows NT 6.0; Trident/4.0; GTB5; FBSMTWB; SLCC1; .NET CLR 2.0.50727; Media Center PC 5.0; .NET CLR 3.5.30729; .NET CLR 3.0.30729; InfoPath.2; .NET4.0C)"
142.166.37.67 - - [27/Jun/2010:13:53:54 -0500] "GET /favicon.ico HTTP/1.1" 404 295 "-""Mozilla/4.0 (compatible; MSIE 8.0; Windows NT 6.0; Trident/4.0; GTB5; FBSMTWB; SLCC1; .NET CLR 2.0.50727; Media Center PC 5.0; .NET CLR 3.5.30729; .NET CLR 3.0.30729; InfoPath.2; .NET4.0C)"
142.166.37.67 - - [27/Jun/2010:13:54:03 -0500] "GET /tattoo/set2.htm HTTP/1.1" 200 1953 "http://tomdolan.pconline.com/tattoo/set1.htm""Mozilla/4.0 (compatible; MSIE 8.0; Windows NT 6.0; Trident/4.0; GTB5; FBSMTWB; SLCC1; .NET CLR 2.0.50727; Media Center PC 5.0; .NET CLR 3.5.30729; .NET CLR 3.0.30729; InfoPath.2; .NET4.0C)"
142.166.37.67 - - [27/Jun/2010:13:54:10 -0500] "GET /tattoo/tatb1.JPG HTTP/1.1" 200 14848 "http://tomdolan.pconline.com/tattoo/set2.htm""Mozilla/4.0 (compatible; MSIE 8.0; Windows NT 6.0; Trident/4.0; GTB5; FBSMTWB; SLCC1; .NET CLR 2.0.50727; Media Center PC 5.0; .NET CLR 3.5.30729; .NET CLR 3.0.30729; InfoPath.2; .NET4.0C)"
142.166.37.92 - - [27/Jun/2010:13:54:11 -0500] "GET /tattoo/tatb10.JPG HTTP/1.1" 200 17887 "http://tomdolan.pconline.com/tattoo/set2.htm""Mozilla/4.0 (compatible; MSIE 8.0; Windows NT 6.0; Trident/4.0; GTB5; FBSMTWB; SLCC1; .NET CLR 2.0.50727; Media Center PC 5.0; .NET CLR 3.5.30729; .NET CLR 3.0.30729; InfoPath.2; .NET4.0C)"
142.166.37.67 - - [27/Jun/2010:13:54:11 -0500] "GET /tattoo/tatb2.JPG HTTP/1.1" 200 16592 "http://tomdolan.pconline.com/tattoo/set2.htm""Mozilla/4.0 (compatible; MSIE 8.0; Windows NT 6.0; Trident/4.0; GTB5; FBSMTWB; SLCC1; .NET CLR 2.0.50727; Media Center PC 5.0; .NET CLR 3.5.30729; .NET CLR 3.0.30729; InfoPath.2; .NET4.0C)"
142.166.37.92 - - [27/Jun/2010:13:54:11 -0500] "GET /tattoo/tatb3.JPG HTTP/1.1" 200 16163 "http://tomdolan.pconline.com/tattoo/set2.htm""Mozilla/4.0 (compatible; MSIE 8.0; Windows NT 6.0; Trident/4.0; GTB5; FBSMTWB; SLCC1; .NET CLR 2.0.50727; Media Center PC 5.0; .NET CLR 3.5.30729; .NET CLR 3.0.30729; InfoPath.2; .NET4.0C)"
142.166.37.67 - - [27/Jun/2010:13:54:11 -0500] "GET /tattoo/tatb4.JPG HTTP/1.1" 200 15705 "http://tomdolan.pconline.com/tattoo/set2.htm""Mozilla/4.0 (compatible; MSIE 8.0; Windows NT 6.0; Trident/4.0; GTB5; FBSMTWB; SLCC1; .NET CLR 2.0.50727; Media Center PC 5.0; .NET CLR 3.5.30729; .NET CLR 3.0.30729; InfoPath.2; .NET4.0C)"
142.166.37.92 - - [27/Jun/2010:13:54:11 -0500] "GET /tattoo/tatb6.JPG HTTP/1.1" 200 21190 "http://tomdolan.pconline.com/tattoo/set2.htm""Mozilla/4.0 (compatible; MSIE 8.0; Windows NT 6.0; Trident/4.0; GTB5; FBSMTWB; SLCC1; .NET CLR 2.0.50727; Media Center PC 5.0; .NET CLR 3.5.30729; .NET CLR 3.0.30729; InfoPath.2; .NET4.0C)"
142.166.37.92 - - [27/Jun/2010:13:54:11 -0500] "GET /tattoo/tatb7.JPG HTTP/1.1" 200 16193 "http://tomdolan.pconline.com/tattoo/set2.htm""Mozilla/4.0 (compatible; MSIE 8.0; Windows NT 6.0; Trident/4.0; GTB5; FBSMTWB; SLCC1; .NET CLR 2.0.50727; Media Center PC 5.0; .NET CLR 3.5.30729; .NET CLR 3.0.30729; InfoPath.2; .NET4.0C)"
142.166.37.92 - - [27/Jun/2010:13:54:12 -0500] "GET /tattoo/tatb8.JPG HTTP/1.1" 200 18467 "http://tomdolan.pconline.com/tattoo/set2.htm""Mozilla/4.0 (compatible; MSIE 8.0; Windows NT 6.0; Trident/4.0; GTB5; FBSMTWB; SLCC1; .NET CLR 2.0.50727; Media Center PC 5.0; .NET CLR 3.5.30729; .NET CLR 3.0.30729; InfoPath.2; .NET4.0C)"
142.166.37.67 - - [27/Jun/2010:13:54:13 -0500] "GET /tattoo/tatb9.JPG HTTP/1.1" 200 21598 "http://tomdolan.pconline.com/tattoo/set2.htm""Mozilla/4.0 (compatible; MSIE 8.0; Windows NT 6.0; Trident/4.0; GTB5; FBSMTWB; SLCC1; .NET CLR 2.0.50727; Media Center PC 5.0; .NET CLR 3.5.30729; .NET CLR 3.0.30729; InfoPath.2; .NET4.0C)"
142.166.37.92 - - [27/Jun/2010:13:54:15 -0500] "GET /tattoo/tatb5.JPG HTTP/1.1" 200 20135 "http://tomdolan.pconline.com/tattoo/set2.htm""Mozilla/4.0 (compatible; MSIE 8.0; Windows NT 6.0; Trident/4.0; GTB5; FBSMTWB; SLCC1; .NET CLR 2.0.50727; Media Center PC 5.0; .NET CLR 3.5.30729; .NET CLR 3.0.30729; InfoPath.2; .NET4.0C)"
142.166.37.92 - - [27/Jun/2010:13:54:50 -0500] "GET /tattoo/set3.htm HTTP/1.1" 200 1778 "http://tomdolan.pconline.com/tattoo/set2.htm""Mozilla/4.0 (compatible; MSIE 8.0; Windows NT 6.0; Trident/4.0; GTB5; FBSMTWB; SLCC1; .NET CLR 2.0.50727; Media Center PC 5.0; .NET CLR 3.5.30729; .NET CLR 3.0.30729; InfoPath.2; .NET4.0C)"
142.166.37.92 - - [27/Jun/2010:13:54:50 -0500] "GET /tattoo/tatc1.JPG HTTP/1.1" 200 21412 "http://tomdolan.pconline.com/tattoo/set3.htm""Mozilla/4.0 (compatible; MSIE 8.0; Windows NT 6.0; Trident/4.0; GTB5; FBSMTWB; SLCC1; .NET CLR 2.0.50727; Media Center PC 5.0; .NET CLR 3.5.30729; .NET CLR 3.0.30729; InfoPath.2; .NET4.0C)"
142.166.37.67 - - [27/Jun/2010:13:54:50 -0500] "GET /tattoo/tatc10.JPG HTTP/1.1" 200 14157 "http://tomdolan.pconline.com/tattoo/set3.htm""Mozilla/4.0 (compatible; MSIE 8.0; Windows NT 6.0; Trident/4.0; GTB5; FBSMTWB; SLCC1; .NET CLR 2.0.50727; Media Center PC 5.0; .NET CLR 3.5.30729; .NET CLR 3.0.30729; InfoPath.2; .NET4.0C)"
142.166.37.67 - - [27/Jun/2010:13:54:51 -0500] "GET /tattoo/tatc3.JPG HTTP/1.1" 200 16313 "http://tomdolan.pconline.com/tattoo/set3.htm""Mozilla/4.0 (compatible; MSIE 8.0; Windows NT 6.0; Trident/4.0; GTB5; FBSMTWB; SLCC1; .NET CLR 2.0.50727; Media Center PC 5.0; .NET CLR 3.5.30729; .NET CLR 3.0.30729; InfoPath.2; .NET4.0C)"
142.166.37.67 - - [27/Jun/2010:13:54:51 -0500] "GET /tattoo/tatc8.JPG HTTP/1.1" 200 17057 "http://tomdolan.pconline.com/tattoo/set3.htm""Mozilla/4.0 (compatible; MSIE 8.0; Windows NT 6.0; Trident/4.0; GTB5; FBSMTWB; SLCC1; .NET CLR 2.0.50727; Media Center PC 5.0; .NET CLR 3.5.30729; .NET CLR 3.0.30729; InfoPath.2; .NET4.0C)"
142.166.37.92 - - [27/Jun/2010:13:54:51 -0500] "GET /tattoo/tatc2.JPG HTTP/1.1" 200 17893 "http://tomdolan.pconline.com/tattoo/set3.htm""Mozilla/4.0 (compatible; MSIE 8.0; Windows NT 6.0; Trident/4.0; GTB5; FBSMTWB; SLCC1; .NET CLR 2.0.50727; Media Center PC 5.0; .NET CLR 3.5.30729; .NET CLR 3.0.30729; InfoPath.2; .NET4.0C)"
142.166.37.92 - - [27/Jun/2010:13:54:51 -0500] "GET /tattoo/tatc4.JPG HTTP/1.1" 200 12619 "http://tomdolan.pconline.com/tattoo/set3.htm""Mozilla/4.0 (compatible; MSIE 8.0; Windows NT 6.0; Trident/4.0; GTB5; FBSMTWB; SLCC1; .NET CLR 2.0.50727; Media Center PC 5.0; .NET CLR 3.5.30729; .NET CLR 3.0.30729; InfoPath.2; .NET4.0C)"
142.166.37.92 - - [27/Jun/2010:13:54:54 -0500] "GET /tattoo/tatc6.JPG HTTP/1.1" 200 14549 "http://tomdolan.pconline.com/tattoo/set3.htm""Mozilla/4.0 (compatible; MSIE 8.0; Windows NT 6.0; Trident/4.0; GTB5; FBSMTWB; SLCC1; .NET CLR 2.0.50727; Media Center PC 5.0; .NET CLR 3.5.30729; .NET CLR 3.0.30729; InfoPath.2; .NET4.0C)"
142.166.37.67 - - [27/Jun/2010:13:55:02 -0500] "GET /tattoo/tatc7.JPG HTTP/1.1" 200 12347 "http://tomdolan.pconline.com/tattoo/set3.htm""Mozilla/4.0 (compatible; MSIE 8.0; Windows NT 6.0; Trident/4.0; GTB5; FBSMTWB; SLCC1; .NET CLR 2.0.50727; Media Center PC 5.0; .NET CLR 3.5.30729; .NET CLR 3.0.30729; InfoPath.2; .NET4.0C)"
142.166.37.92 - - [27/Jun/2010:13:55:02 -0500] "GET /tattoo/tatc9.JPG HTTP/1.1" 200 18139 "http://tomdolan.pconline.com/tattoo/set3.htm""Mozilla/4.0 (compatible; MSIE 8.0; Windows NT 6.0; Trident/4.0; GTB5; FBSMTWB; SLCC1; .NET CLR 2.0.50727; Media Center PC 5.0; .NET CLR 3.5.30729; .NET CLR 3.0.30729; InfoPath.2; .NET4.0C)"
142.166.37.92 - - [27/Jun/2010:13:55:08 -0500] "GET /tattoo/tatc5.JPG HTTP/1.1" 200 19436 "http://tomdolan.pconline.com/tattoo/set3.htm""Mozilla/4.0 (compatible; MSIE 8.0; Windows NT 6.0; Trident/4.0; GTB5; FBSMTWB; SLCC1; .NET CLR 2.0.50727; Media Center PC 5.0; .NET CLR 3.5.30729; .NET CLR 3.0.30729; InfoPath.2; .NET4.0C)"
89.108.117.87 - - [27/Jun/2010:14:01:50 -0500] "GET /logs/index2.php?option=com_gcalendar&controller=http://www.grovecityinsider.com/casper/Ckrid1.txt?? HTTP/1.1" 404 299 "-""Casper Bot Search"
89.108.117.87 - - [27/Jun/2010:14:01:50 -0500] "GET /index2.php?option=com_gcalendar&controller=http://www.grovecityinsider.com/casper/Ckrid1.txt?? HTTP/1.1" 404 294 "-""Casper Bot Search"
89.108.117.87 - - [27/Jun/2010:14:01:50 -0500] "GET /logs/access_log.1274832000%20%20/index2.php?option=com_gcalendar&controller=http://www.grovecityinsider.com/casper/Ckrid1.txt?? HTTP/1.1" 404 323 "-""Casper Bot Search"
89.108.117.87 - - [27/Jun/2010:14:02:07 -0500] "GET /logs/access_log.1274572800%20%20/index2.php?option=com_gcalendar&controller=http://www.grovecityinsider.com/casper/Ckrid1.txt?? HTTP/1.1" 404 323 "-""Casper Bot Search"
207.46.13.52 - - [27/Jun/2010:14:03:11 -0500] "GET /logs/access_log.1205625600 HTTP/1.1" 404 310 "-""msnbot/2.0b (+http://search.msn.com/msnbot.htm)"
72.37.150.18 - - [27/Jun/2010:14:03:40 -0500] "GET //index.php?option=com_fabrik&Itemid=&mosConfig.absolute.path=http://www.cappa.de/hilfe/id1.txt?? HTTP/1.1" 404 294 "-""Mozilla/5.0"
72.37.150.18 - - [27/Jun/2010:14:03:40 -0500] "GET /logs//index.php?option=com_fabrik&Itemid=&mosConfig.absolute.path=http://www.cappa.de/hilfe/id1.txt?? HTTP/1.1" 404 299 "-""Mozilla/5.0"
72.37.150.18 - - [27/Jun/2010:14:03:40 -0500] "GET /logs/access_log.1274832000%20%20//index.php?option=com_fabrik&Itemid=&mosConfig.absolute.path=http://www.cappa.de/hilfe/id1.txt?? HTTP/1.1" 404 323 "-""Mozilla/5.0"
93.186.192.124 - - [27/Jun/2010:14:04:35 -0500] "GET /logs//appserv/main.php?appserv_root=http://nic.bupt.edu.cn/media/j1.txt?? HTTP/1.1" 404 306 "-""Mozilla/5.0"
93.186.192.124 - - [27/Jun/2010:14:04:35 -0500] "GET /logs/access_log.1274572800%20%20//appserv/main.php?appserv_root=http://nic.bupt.edu.cn/media/j1.txt?? HTTP/1.1" 404 330 "-""Mozilla/5.0"
93.186.192.124 - - [27/Jun/2010:14:04:35 -0500] "GET //appserv/main.php?appserv_root=http://nic.bupt.edu.cn/media/j1.txt?? HTTP/1.1" 404 301 "-""Mozilla/5.0"
67.195.112.180 - - [27/Jun/2010:14:05:29 -0500] "GET /tattoo/tattoo-order.htm HTTP/1.0" 200 3254 "-""Mozilla/5.0 (compatible; Yahoo! Slurp/3.0; http://help.yahoo.com/help/us/ysearch/slurp)"
213.189.224.16 - - [27/Jun/2010:14:06:03 -0500] "GET /logs/access_log.1276041600//index.php?option=com_travelbook&controller=../../../../../../../../../../../../../../../proc/self/environ%00 HTTP/1.1" 404 321 "-""libwww-perl/5.834"
213.189.224.16 - - [27/Jun/2010:14:06:03 -0500] "GET //index.php?option=com_travelbook&controller=../../../../../../../../../../../../../../../proc/self/environ%00 HTTP/1.1" 404 294 "-""libwww-perl/5.834"
213.189.224.16 - - [27/Jun/2010:14:06:04 -0500] "GET /logs//index.php?option=com_travelbook&controller=../../../../../../../../../../../../../../../proc/self/environ%00 HTTP/1.1" 404 299 "-""libwww-perl/5.834"
207.46.199.182 - - [27/Jun/2010:14:06:11 -0500] "GET /robots.txt HTTP/1.1" 404 294 "-""msnbot/2.0b (+http://search.msn.com/msnbot.htm)"
77.79.246.80 - - [27/Jun/2010:14:06:27 -0500] "GET //admin/business_inc/saveserver.php?thisdir=http://www.tramoregolfclub.com//language/_vti_pvt/..bash/id1.txt? HTTP/1.1" 404 318 "-""libwww-perl/5.808"
67.195.112.180 - - [27/Jun/2010:14:10:04 -0500] "GET /logs/access_log.1267315200 HTTP/1.0" 404 298 "-""Mozilla/5.0 (compatible; Yahoo! Slurp/3.0; http://help.yahoo.com/help/us/ysearch/slurp)"
93.186.192.124 - - [27/Jun/2010:14:10:26 -0500] "GET /logs/access_log.1274572800%20%20//appserv/main.php?appserv_root=http://nic.bupt.edu.cn/media/j1.txt?? HTTP/1.1" 404 330 "-""Mozilla/5.0"
93.186.192.124 - - [27/Jun/2010:14:10:26 -0500] "GET /logs//appserv/main.php?appserv_root=http://nic.bupt.edu.cn/media/j1.txt?? HTTP/1.1" 404 306 "-""Mozilla/5.0"
93.186.192.124 - - [27/Jun/2010:14:10:26 -0500] "GET //appserv/main.php?appserv_root=http://nic.bupt.edu.cn/media/j1.txt?? HTTP/1.1" 404 301 "-""Mozilla/5.0"
207.46.199.38 - - [27/Jun/2010:14:10:40 -0500] "GET /logs/access_log.1233792000 HTTP/1.1" 404 310 "-""msnbot/2.0b (+http://search.msn.com/msnbot.htm)"
201.253.207.86 - - [27/Jun/2010:14:11:28 -0500] "GET /costume/costume1.htm HTTP/1.1" 200 2651 "http://www.ravensgard.org/gerekr/costume.html""Mozilla/5.0 (Windows; U; Windows NT 5.1; es-ES; rv:1.9.2.6) Gecko/20100625 Firefox/3.6.6"
201.253.207.86 - - [27/Jun/2010:14:11:29 -0500] "GET /costume/history5.gif HTTP/1.1" 200 4380 "http://tomdolan.pconline.com/costume/costume1.htm""Mozilla/5.0 (Windows; U; Windows NT 5.1; es-ES; rv:1.9.2.6) Gecko/20100625 Firefox/3.6.6"
201.253.207.86 - - [27/Jun/2010:14:11:29 -0500] "GET /costume/enter1.gif HTTP/1.1" 200 22826 "http://tomdolan.pconline.com/costume/costume1.htm""Mozilla/5.0 (Windows; U; Windows NT 5.1; es-ES; rv:1.9.2.6) Gecko/20100625 Firefox/3.6.6"
201.253.207.86 - - [27/Jun/2010:14:11:30 -0500] "GET /costume/costm_a.JPG HTTP/1.1" 200 61141 "http://tomdolan.pconline.com/costume/costume1.htm""Mozilla/5.0 (Windows; U; Windows NT 5.1; es-ES; rv:1.9.2.6) Gecko/20100625 Firefox/3.6.6"
201.253.207.86 - - [27/Jun/2010:14:11:33 -0500] "GET /favicon.ico HTTP/1.1" 404 295 "-""Mozilla/5.0 (Windows; U; Windows NT 5.1; es-ES; rv:1.9.2.6) Gecko/20100625 Firefox/3.6.6"
201.253.207.86 - - [27/Jun/2010:14:11:36 -0500] "GET /favicon.ico HTTP/1.1" 404 295 "-""Mozilla/5.0 (Windows; U; Windows NT 5.1; es-ES; rv:1.9.2.6) Gecko/20100625 Firefox/3.6.6"
93.186.192.124 - - [27/Jun/2010:14:15:35 -0500] "GET //appserv/main.php?appserv_root=http://nic.bupt.edu.cn/media/j1.txt?? HTTP/1.1" 404 301 "-""Mozilla/5.0"
93.186.192.124 - - [27/Jun/2010:14:15:35 -0500] "GET /logs//appserv/main.php?appserv_root=http://nic.bupt.edu.cn/media/j1.txt?? HTTP/1.1" 404 306 "-""Mozilla/5.0"
93.186.192.124 - - [27/Jun/2010:14:15:35 -0500] "GET /logs/access_log.1274572800%20%20//appserv/main.php?appserv_root=http://nic.bupt.edu.cn/media/j1.txt?? HTTP/1.1" 404 330 "-""Mozilla/5.0"
85.17.213.148 - - [27/Jun/2010:14:21:55 -0500] "GET /logs/access_log.1275782400//index.php?option=com_travelbook&controller=../../../../../../../../../../../../../../../etc/passwd%00 HTTP/1.1" 404 321 "-""libwww-perl/5.833"
85.17.213.148 - - [27/Jun/2010:14:21:56 -0500] "GET //index.php?option=com_travelbook&controller=../../../../../../../../../../../../../../../etc/passwd%00 HTTP/1.1" 404 294 "-""libwww-perl/5.833"
85.17.213.148 - - [27/Jun/2010:14:21:56 -0500] "GET /logs//index.php?option=com_travelbook&controller=../../../../../../../../../../../../../../../etc/passwd%00 HTTP/1.1" 404 299 "-""libwww-perl/5.833"
85.17.213.148 - - [27/Jun/2010:14:21:56 -0500] "GET /logs/access_log.1276214400//index.php?option=com_travelbook&controller=../../../../../../../../../../../../../../../etc/passwd%00 HTTP/1.1" 404 321 "-""libwww-perl/5.833"
207.46.204.244 - - [27/Jun/2010:14:24:40 -0500] "GET /logs/access_log.1250553600 HTTP/1.1" 404 310 "-""msnbot/2.0b (+http://search.msn.com/msnbot.htm)"
93.186.192.124 - - [27/Jun/2010:14:25:12 -0500] "GET //appserv/main.php?appserv_root=http://nic.bupt.edu.cn/media/j1.txt?? HTTP/1.1" 404 301 "-""Mozilla/5.0"
93.186.192.124 - - [27/Jun/2010:14:25:12 -0500] "GET /logs//appserv/main.php?appserv_root=http://nic.bupt.edu.cn/media/j1.txt?? HTTP/1.1" 404 306 "-""Mozilla/5.0"
93.186.192.124 - - [27/Jun/2010:14:25:12 -0500] "GET /logs/access_log.1274572800%20%20//appserv/main.php?appserv_root=http://nic.bupt.edu.cn/media/j1.txt?? HTTP/1.1" 404 330 "-""Mozilla/5.0"
93.186.192.124 - - [27/Jun/2010:14:25:23 -0500] "GET //appserv/main.php?appserv_root=http://nic.bupt.edu.cn/media/j1.txt?? HTTP/1.1" 404 301 "-""Mozilla/5.0"
93.186.192.124 - - [27/Jun/2010:14:25:23 -0500] "GET /logs//appserv/main.php?appserv_root=http://nic.bupt.edu.cn/media/j1.txt?? HTTP/1.1" 404 306 "-""Mozilla/5.0"
93.186.192.124 - - [27/Jun/2010:14:25:23 -0500] "GET /logs/access_log.1274572800%20%20//appserv/main.php?appserv_root=http://nic.bupt.edu.cn/media/j1.txt?? HTTP/1.1" 404 330 "-""Mozilla/5.0"
93.186.192.124 - - [27/Jun/2010:14:25:25 -0500] "GET //appserv/main.php?appserv_root=http://nic.bupt.edu.cn/media/j1.txt?? HTTP/1.1" 404 301 "-""Mozilla/5.0"
93.186.192.124 - - [27/Jun/2010:14:25:25 -0500] "GET /logs/access_log.1274572800%20%20//appserv/main.php?appserv_root=http://nic.bupt.edu.cn/media/j1.txt?? HTTP/1.1" 404 330 "-""Mozilla/5.0"
93.186.192.124 - - [27/Jun/2010:14:25:25 -0500] "GET /logs//appserv/main.php?appserv_root=http://nic.bupt.edu.cn/media/j1.txt?? HTTP/1.1" 404 306 "-""Mozilla/5.0"
110.11.20.41 - - [27/Jun/2010:14:26:04 -0500] "GET ///administrator/components/com_virtuemart/export.php?mosConfig.absolute.path=http://www.tramoregolfclub.com//language/_vti_pvt/..bash/id1.txt? HTTP/1.1" 404 336 "-""libwww-perl/5.79"
110.11.20.41 - - [27/Jun/2010:14:27:25 -0500] "GET /logs/access_log.1276732800///administrator/components/com_virtuemart/export.php?mosConfig.absolute.path=http://www.tramoregolfclub.com//language/_vti_pvt/..bash/id1.txt? HTTP/1.1" 404 363 "-""libwww-perl/5.79"
110.11.20.41 - - [27/Jun/2010:14:27:26 -0500] "GET ///administrator/components/com_virtuemart/export.php?mosConfig.absolute.path=http://www.tramoregolfclub.com//language/_vti_pvt/..bash/id1.txt? HTTP/1.1" 404 336 "-""libwww-perl/5.79"
110.11.20.41 - - [27/Jun/2010:14:27:27 -0500] "GET /logs///administrator/components/com_virtuemart/export.php?mosConfig.absolute.path=http://www.tramoregolfclub.com//language/_vti_pvt/..bash/id1.txt? HTTP/1.1" 404 341 "-""libwww-perl/5.79"
110.11.20.41 - - [27/Jun/2010:14:27:32 -0500] "GET /logs/access_log.1276646400///administrator/components/com_virtuemart/export.php?mosConfig.absolute.path=http://www.tramoregolfclub.com//language/_vti_pvt/..bash/id1.txt? HTTP/1.1" 404 363 "-""libwww-perl/5.79"
77.79.246.80 - - [27/Jun/2010:14:28:11 -0500] "GET /logs/access_log.1274572800//admin/business_inc/saveserver.php?thisdir=http://www.tramoregolfclub.com//language/_vti_pvt/..bash/id1.txt? HTTP/1.1" 404 345 "-""libwww-perl/5.808"
77.79.246.80 - - [27/Jun/2010:14:28:11 -0500] "GET //admin/business_inc/saveserver.php?thisdir=http://www.tramoregolfclub.com//language/_vti_pvt/..bash/id1.txt? HTTP/1.1" 404 318 "-""libwww-perl/5.808"
77.79.246.80 - - [27/Jun/2010:14:28:12 -0500] "GET /logs//admin/business_inc/saveserver.php?thisdir=http://www.tramoregolfclub.com//language/_vti_pvt/..bash/id1.txt? HTTP/1.1" 404 323 "-""libwww-perl/5.808"
77.79.246.80 - - [27/Jun/2010:14:33:30 -0500] "GET /logs/access_log.1275868800//admin/business_inc/saveserver.php?thisdir=http://www.tramoregolfclub.com//language/_vti_pvt/..bash/id1.txt? HTTP/1.1" 404 345 "-""libwww-perl/5.808"
78.41.204.220 - - [27/Jun/2010:14:34:42 -0500] "GET /logs/access_log.1274572800/index.php?option=com_jeformcr&view=../../../../../../../../../../../../../etc/passwd%00 HTTP/1.1" 404 320 "-""libwww-perl/5.813"
78.41.204.220 - - [27/Jun/2010:14:34:42 -0500] "GET /logs/index.php?option=com_jeformcr&view=../../../../../../../../../../../../../etc/passwd%00 HTTP/1.1" 404 298 "-""libwww-perl/5.813"
78.41.204.220 - - [27/Jun/2010:14:34:42 -0500] "GET /index.php?option=com_jeformcr&view=../../../../../../../../../../../../../etc/passwd%00 HTTP/1.1" 404 293 "-""libwww-perl/5.813"
78.41.204.220 - - [27/Jun/2010:14:34:47 -0500] "GET /logs/access_log.1276819200/index.php?option=com_jeformcr&view=../../../../../../../../../../../../../etc/passwd%00 HTTP/1.1" 404 320 "-""libwww-perl/5.813"
89.108.117.87 - - [27/Jun/2010:14:36:17 -0500] "GET /index2.php?option=com_gcalendar&controller=http://www.grovecityinsider.com/casper/Ckrid1.txt?? HTTP/1.1" 404 294 "-""Casper Bot Search"
89.108.117.87 - - [27/Jun/2010:14:36:17 -0500] "GET /logs/index2.php?option=com_gcalendar&controller=http://www.grovecityinsider.com/casper/Ckrid1.txt?? HTTP/1.1" 404 299 "-""Casper Bot Search"
89.108.117.87 - - [27/Jun/2010:14:36:18 -0500] "GET /logs/access_log.1274832000/index2.php?option=com_gcalendar&controller=http://www.grovecityinsider.com/casper/Ckrid1.txt?? HTTP/1.1" 404 321 "-""Casper Bot Search"
89.108.117.87 - - [27/Jun/2010:14:36:19 -0500] "GET /logs/index2.php?option=com_gcalendar&controller=http://www.grovecityinsider.com/casper/Ckrid1.txt?? HTTP/1.1" 404 299 "-""Casper Bot Search"
89.108.117.87 - - [27/Jun/2010:14:36:23 -0500] "GET /index2.php?option=com_gcalendar&controller=http://www.grovecityinsider.com/casper/Ckrid1.txt?? HTTP/1.1" 404 294 "-""Casper Bot Search"
89.108.117.87 - - [27/Jun/2010:14:36:27 -0500] "GET /logs/access_log.1274832000%20%20/index2.php?option=com_gcalendar&controller=http://www.grovecityinsider.com/casper/Ckrid1.txt?? HTTP/1.1" 404 323 "-""Casper Bot Search"
89.108.117.87 - - [27/Jun/2010:14:36:52 -0500] "GET /logs/access_log.1274572800%20%20/index2.php?option=com_gcalendar&controller=http://www.grovecityinsider.com/casper/Ckrid1.txt?? HTTP/1.1" 404 323 "-""Casper Bot Search"
93.186.192.124 - - [27/Jun/2010:14:47:51 -0500] "GET /logs/access_log.1274572800//appserv/main.php?appserv_root=http://nic.bupt.edu.cn/media/j1.txt?? HTTP/1.1" 404 328 "-""Mozilla/5.0"
93.186.192.124 - - [27/Jun/2010:14:51:36 -0500] "GET /logs/access_log.1274572800//appserv/main.php?appserv_root=http://nic.bupt.edu.cn/media/j1.txt?? HTTP/1.1" 404 328 "-""Mozilla/5.0"
93.186.192.124 - - [27/Jun/2010:14:54:25 -0500] "GET /logs/access_log.1274572800//appserv/main.php?appserv_root=http://nic.bupt.edu.cn/media/j1.txt?? HTTP/1.1" 404 328 "-""Mozilla/5.0"
24.215.156.153 - - [27/Jun/2010:14:56:58 -0500] "GET /tattoo/tattoo1.htm HTTP/1.1" 200 4192 "http://tattoos.lovetoknow.com/Art_Designs""Mozilla/5.0 (Windows; U; Windows NT 6.0; pt-PT; rv:1.9.2.4) Gecko/20100611 Firefox/3.6.4 FBSMTWB"
24.215.156.153 - - [27/Jun/2010:14:56:58 -0500] "GET /tattoo/tat_1st.JPG HTTP/1.1" 200 16480 "http://tomdolan.pconline.com/tattoo/tattoo1.htm""Mozilla/5.0 (Windows; U; Windows NT 6.0; pt-PT; rv:1.9.2.4) Gecko/20100611 Firefox/3.6.4 FBSMTWB"
24.215.156.153 - - [27/Jun/2010:14:56:59 -0500] "GET /favicon.ico HTTP/1.1" 404 295 "-""Mozilla/5.0 (Windows; U; Windows NT 6.0; pt-PT; rv:1.9.2.4) Gecko/20100611 Firefox/3.6.4 FBSMTWB"
24.215.156.153 - - [27/Jun/2010:14:57:02 -0500] "GET /favicon.ico HTTP/1.1" 404 295 "-""Mozilla/5.0 (Windows; U; Windows NT 6.0; pt-PT; rv:1.9.2.4) Gecko/20100611 Firefox/3.6.4 FBSMTWB"
87.250.252.241 - - [27/Jun/2010:15:00:27 -0500] "GET /logs/access_log.1276300800 HTTP/1.1" 304 - "-""Yandex/1.01.001 (compatible; Win16; I)"
93.186.192.124 - - [27/Jun/2010:15:01:46 -0500] "GET /logs/access_log.1274572800//appserv/main.php?appserv_root=http://nic.bupt.edu.cn/media/j1.txt?? HTTP/1.1" 404 328 "-""Mozilla/5.0"
93.186.192.124 - - [27/Jun/2010:15:01:47 -0500] "GET /logs/access_log.1274572800//appserv/main.php?appserv_root=http://nic.bupt.edu.cn/media/j1.txt?? HTTP/1.1" 404 328 "-""Mozilla/5.0"
83.125.8.20 - - [27/Jun/2010:15:03:52 -0500] "POST /contact.php HTTP/1.1" 404 295 "-""Casper Bot Search"
83.125.8.20 - - [27/Jun/2010:15:03:52 -0500] "POST /logs/contact.php HTTP/1.1" 404 300 "-""Casper Bot Search"
83.125.8.20 - - [27/Jun/2010:15:03:52 -0500] "POST /contact.php HTTP/1.1" 404 295 "-""Casper Bot Search"
83.125.8.20 - - [27/Jun/2010:15:03:52 -0500] "POST /logs/contact.php HTTP/1.1" 404 300 "-""Casper Bot Search"
83.125.8.20 - - [27/Jun/2010:15:03:53 -0500] "POST /logs/contact.php HTTP/1.1" 404 300 "-""Casper Bot Search"
83.125.8.20 - - [27/Jun/2010:15:03:53 -0500] "POST /contact.php HTTP/1.1" 404 295 "-""Casper Bot Search"
83.125.8.20 - - [27/Jun/2010:15:03:54 -0500] "POST /logs/access_log.1266710400%20%20/contact.php HTTP/1.1" 404 324 "-""Casper Bot Search"
83.125.8.20 - - [27/Jun/2010:15:03:54 -0500] "POST /logs/access_log.1266710400%20%20/contact.php HTTP/1.1" 404 324 "-""Casper Bot Search"
83.125.8.20 - - [27/Jun/2010:15:03:54 -0500] "POST /logs/access_log.1266710400%20%20/contact.php HTTP/1.1" 404 324 "-""Casper Bot Search"
220.181.7.36 - - [27/Jun/2010:15:11:54 -0500] "GET / HTTP/1.1" 200 1003 "-""Baiduspider+(+http://www.baidu.com/search/spider.htm)"
195.20.196.20 - - [27/Jun/2010:15:12:55 -0500] "GET /logs/index2.php?option=com_gcalendar&controller=http://www.grovecityinsider.com/casper/Ckrid1.txt?? HTTP/1.1" 404 299 "-""Casper Bot Search"
195.20.196.20 - - [27/Jun/2010:15:12:55 -0500] "GET /index2.php?option=com_gcalendar&controller=http://www.grovecityinsider.com/casper/Ckrid1.txt?? HTTP/1.1" 404 294 "-""Casper Bot Search"
195.20.196.20 - - [27/Jun/2010:15:12:55 -0500] "GET /logs/access_log.1276732800/index2.php?option=com_gcalendar&controller=http://www.grovecityinsider.com/casper/Ckrid1.txt?? HTTP/1.1" 404 321 "-""Casper Bot Search"
195.20.196.20 - - [27/Jun/2010:15:14:24 -0500] "GET /index2.php?option=com_gcalendar&controller=http://www.grovecityinsider.com/casper/Ckrid1.txt?? HTTP/1.1" 404 294 "-""Casper Bot Search"
195.20.196.20 - - [27/Jun/2010:15:14:24 -0500] "GET /logs/access_log.1276819200%20%20/index2.php?option=com_gcalendar&controller=http://www.grovecityinsider.com/casper/Ckrid1.txt?? HTTP/1.1" 404 323 "-""Casper Bot Search"
195.20.196.20 - - [27/Jun/2010:15:14:24 -0500] "GET /logs/index2.php?option=com_gcalendar&controller=http://www.grovecityinsider.com/casper/Ckrid1.txt?? HTTP/1.1" 404 299 "-""Casper Bot Search"
195.20.196.20 - - [27/Jun/2010:15:14:40 -0500] "GET /logs/access_log.1276732800%20%20/index2.php?option=com_gcalendar&controller=http://www.grovecityinsider.com/casper/Ckrid1.txt?? HTTP/1.1" 404 323 "-""Casper Bot Search"
64.150.180.136 - - [27/Jun/2010:15:17:25 -0500] "GET //index.php?option=com_ckforms&controller=../../../../../../../../../../../../../../../proc/self/environ%00 HTTP/1.1" 404 294 "-""libwww-perl/5.810"
64.150.180.136 - - [27/Jun/2010:15:20:24 -0500] "GET //index.php?option=com_ckforms&controller=../../../../../../../../../../../../../../../proc/self/environ%00 HTTP/1.1" 404 294 "-""libwww-perl/5.810"
195.20.196.20 - - [27/Jun/2010:15:21:17 -0500] "GET /index2.php?option=com_gcalendar&controller=http://www.grovecityinsider.com/casper/Ckrid1.txt?? HTTP/1.1" 404 294 "-""Casper Bot Search"
195.20.196.20 - - [27/Jun/2010:15:21:17 -0500] "GET /logs/access_log.1274572800/index2.php?option=com_gcalendar&controller=http://www.grovecityinsider.com/casper/Ckrid1.txt?? HTTP/1.1" 404 321 "-""Casper Bot Search"
195.20.196.20 - - [27/Jun/2010:15:21:17 -0500] "GET /logs/index2.php?option=com_gcalendar&controller=http://www.grovecityinsider.com/casper/Ckrid1.txt?? HTTP/1.1" 404 299 "-""Casper Bot Search"
195.20.196.20 - - [27/Jun/2010:15:26:07 -0500] "GET /logs/access_log.1276041600/index2.php?option=com_gcalendar&controller=http://www.grovecityinsider.com/casper/Ckrid1.txt?? HTTP/1.1" 404 321 "-""Casper Bot Search"
195.20.196.20 - - [27/Jun/2010:15:35:32 -0500] "GET /index2.php?option=com_gcalendar&controller=http://www.grovecityinsider.com/casper/Ckrid1.txt?? HTTP/1.1" 404 294 "-""Casper Bot Search"
195.20.196.20 - - [27/Jun/2010:15:35:32 -0500] "GET /logs/access_log.1274572800%20%20/index2.php?option=com_gcalendar&controller=http://www.grovecityinsider.com/casper/Ckrid1.txt?? HTTP/1.1" 404 323 "-""Casper Bot Search"
195.20.196.20 - - [27/Jun/2010:15:35:32 -0500] "GET /logs/index2.php?option=com_gcalendar&controller=http://www.grovecityinsider.com/casper/Ckrid1.txt?? HTTP/1.1" 404 299 "-""Casper Bot Search"
195.20.196.20 - - [27/Jun/2010:15:35:38 -0500] "GET /logs/access_log.1274832000%20%20/index2.php?option=com_gcalendar&controller=http://www.grovecityinsider.com/casper/Ckrid1.txt?? HTTP/1.1" 404 323 "-""Casper Bot Search"
208.115.111.248 - - [27/Jun/2010:15:35:40 -0500] "GET /robots.txt HTTP/1.1" 404 294 "-""Mozilla/5.0 (compatible; DotBot/1.1; http://www.dotnetdotcom.org/, crawler@dotnetdotcom.org)"
81.216.144.82 - - [27/Jun/2010:15:35:52 -0500] "GET /logs/access_log.1158624000 HTTP/1.1" 404 310 "http://www.google.se/search?q=81.216.144.82&ie=utf-8&oe=utf-8&aq=t&rls=org.mozilla:sv-SE:official&client=firefox-a""Mozilla/5.0 (Windows; U; Windows NT 5.1; sv-SE; rv:1.9.2.3) Gecko/20100401 Firefox/3.6.3"
81.216.144.82 - - [27/Jun/2010:15:35:52 -0500] "GET /favicon.ico HTTP/1.1" 404 295 "-""Mozilla/5.0 (Windows; U; Windows NT 5.1; sv-SE; rv:1.9.2.3) Gecko/20100401 Firefox/3.6.3"
81.216.144.82 - - [27/Jun/2010:15:35:55 -0500] "GET /favicon.ico HTTP/1.1" 404 295 "-""Mozilla/5.0 (Windows; U; Windows NT 5.1; sv-SE; rv:1.9.2.3) Gecko/20100401 Firefox/3.6.3"
195.20.196.20 - - [27/Jun/2010:15:43:57 -0500] "GET /logs/access_log.1276646400/index2.php?option=com_gcalendar&controller=http://www.grovecityinsider.com/casper/Ckrid1.txt?? HTTP/1.1" 404 321 "-""Casper Bot Search"
195.20.196.20 - - [27/Jun/2010:15:43:57 -0500] "GET /index2.php?option=com_gcalendar&controller=http://www.grovecityinsider.com/casper/Ckrid1.txt?? HTTP/1.1" 404 294 "-""Casper Bot Search"
195.20.196.20 - - [27/Jun/2010:15:43:57 -0500] "GET /logs/index2.php?option=com_gcalendar&controller=http://www.grovecityinsider.com/casper/Ckrid1.txt?? HTTP/1.1" 404 299 "-""Casper Bot Search"
64.150.180.136 - - [27/Jun/2010:15:44:10 -0500] "GET /logs/access_log.1274400000//index.php?option=com_ckforms&controller=../../../../../../../../../../../../../../../proc/self/environ%00 HTTP/1.1" 404 321 "-""libwww-perl/5.810"
64.150.180.136 - - [27/Jun/2010:15:44:11 -0500] "GET //index.php?option=com_ckforms&controller=../../../../../../../../../../../../../../../proc/self/environ%00 HTTP/1.1" 404 294 "-""libwww-perl/5.810"
64.150.180.136 - - [27/Jun/2010:15:44:11 -0500] "GET /logs//index.php?option=com_ckforms&controller=../../../../../../../../../../../../../../../proc/self/environ%00 HTTP/1.1" 404 299 "-""libwww-perl/5.810"
218.150.85.170 - - [27/Jun/2010:15:44:19 -0500] "GET /logs/access_log.1274572800//index.php?option=com_dwgraphs&controller=../../../../../../../../../../../../../../../proc/self/environ%00 HTTP/1.1" 404 321 "-""libwww-perl/5.825"
218.150.85.170 - - [27/Jun/2010:15:44:20 -0500] "GET //index.php?option=com_dwgraphs&controller=../../../../../../../../../../../../../../../proc/self/environ%00 HTTP/1.1" 404 294 "-""libwww-perl/5.825"
218.150.85.170 - - [27/Jun/2010:15:44:20 -0500] "GET /logs//index.php?option=com_dwgraphs&controller=../../../../../../../../../../../../../../../proc/self/environ%00 HTTP/1.1" 404 299 "-""libwww-perl/5.825"
218.150.85.170 - - [27/Jun/2010:15:45:08 -0500] "GET //index.php?option=com_dwgraphs&controller=../../../../../../../../../../../../../../../proc/self/environ%00 HTTP/1.1" 404 294 "-""libwww-perl/5.825"
218.150.85.170 - - [27/Jun/2010:15:45:30 -0500] "GET /logs/access_log.1276473600//index.php?option=com_dwgraphs&controller=../../../../../../../../../../../../../../../proc/self/environ%00 HTTP/1.1" 404 321 "-""libwww-perl/5.825"
218.150.85.170 - - [27/Jun/2010:15:46:45 -0500] "GET /logs/access_log.1276732800//index.php?option=com_dwgraphs&controller=../../../../../../../../../../../../../../../proc/self/environ%00 HTTP/1.1" 404 321 "-""libwww-perl/5.825"
218.150.85.170 - - [27/Jun/2010:15:46:46 -0500] "GET //index.php?option=com_dwgraphs&controller=../../../../../../../../../../../../../../../proc/self/environ%00 HTTP/1.1" 404 294 "-""libwww-perl/5.825"
218.150.85.170 - - [27/Jun/2010:15:46:47 -0500] "GET /logs//index.php?option=com_dwgraphs&controller=../../../../../../../../../../../../../../../proc/self/environ%00 HTTP/1.1" 404 299 "-""libwww-perl/5.825"
218.150.85.170 - - [27/Jun/2010:15:48:32 -0500] "GET //index.php?option=com_dwgraphs&controller=../../../../../../../../../../../../../../../proc/self/environ%00 HTTP/1.1" 404 294 "-""libwww-perl/5.825"
218.150.85.170 - - [27/Jun/2010:15:48:43 -0500] "GET //index.php?option=com_dwgraphs&controller=../../../../../../../../../../../../../../../proc/self/environ%00 HTTP/1.1" 404 294 "-""libwww-perl/5.825"
64.150.180.136 - - [27/Jun/2010:15:52:06 -0500] "GET /logs/access_log.1274400000//index.php?option=com_ckforms&controller=../../../../../../../../../../../../../../../proc/self/environ%00 HTTP/1.1" 404 321 "-""libwww-perl/5.810"
64.150.180.136 - - [27/Jun/2010:15:52:06 -0500] "GET //index.php?option=com_ckforms&controller=../../../../../../../../../../../../../../../proc/self/environ%00 HTTP/1.1" 404 294 "-""libwww-perl/5.810"
64.150.180.136 - - [27/Jun/2010:15:52:06 -0500] "GET /logs//index.php?option=com_ckforms&controller=../../../../../../../../../../../../../../../proc/self/environ%00 HTTP/1.1" 404 299 "-""libwww-perl/5.810"
81.208.101.202 - - [27/Jun/2010:15:52:11 -0500] "POST /contact.php HTTP/1.1" 404 295 "-""Mozilla/4.76 [ru] (X11; U; SunOS 5.7 sun4u)"
218.150.85.170 - - [27/Jun/2010:15:53:38 -0500] "GET /logs/access_log.1274572800//index.php?option=com_dwgraphs&controller=../../../../../../../../../../../../../../../proc/self/environ%00 HTTP/1.1" 404 321 "-""libwww-perl/5.825"
218.150.85.170 - - [27/Jun/2010:15:53:38 -0500] "GET //index.php?option=com_dwgraphs&controller=../../../../../../../../../../../../../../../proc/self/environ%00 HTTP/1.1" 404 294 "-""libwww-perl/5.825"
218.150.85.170 - - [27/Jun/2010:15:53:39 -0500] "GET /logs//index.php?option=com_dwgraphs&controller=../../../../../../../../../../../../../../../proc/self/environ%00 HTTP/1.1" 404 299 "-""libwww-perl/5.825"
218.150.85.170 - - [27/Jun/2010:15:53:40 -0500] "GET /logs/access_log.1274832000//index.php?option=com_dwgraphs&controller=../../../../../../../../../../../../../../../proc/self/environ%00 HTTP/1.1" 404 321 "-""libwww-perl/5.825"
91.198.130.7 - - [27/Jun/2010:15:55:28 -0500] "GET /logs/access_log.1276473600/index2.php?option=com_gcalendar&controller=http://www.grovecityinsider.com/casper/Ckrid1.txt?? HTTP/1.1" 404 321 "-""Casper Bot Search"
91.198.130.7 - - [27/Jun/2010:15:55:28 -0500] "GET /logs/index2.php?option=com_gcalendar&controller=http://www.grovecityinsider.com/casper/Ckrid1.txt?? HTTP/1.1" 404 299 "-""Casper Bot Search"
91.198.130.7 - - [27/Jun/2010:15:55:28 -0500] "GET /index2.php?option=com_gcalendar&controller=http://www.grovecityinsider.com/casper/Ckrid1.txt?? HTTP/1.1" 404 294 "-""Casper Bot Search"
195.20.196.20 - - [27/Jun/2010:15:57:37 -0500] "GET /logs/index2.php?option=com_gcalendar&controller=http://www.grovecityinsider.com/casper/Ckrid1.txt?? HTTP/1.1" 404 299 "-""Casper Bot Search"
195.20.196.20 - - [27/Jun/2010:15:57:37 -0500] "GET /index2.php?option=com_gcalendar&controller=http://www.grovecityinsider.com/casper/Ckrid1.txt?? HTTP/1.1" 404 294 "-""Casper Bot Search"
195.20.196.20 - - [27/Jun/2010:15:57:37 -0500] "GET /logs/access_log.1274832000%20%20/index2.php?option=com_gcalendar&controller=http://www.grovecityinsider.com/casper/Ckrid1.txt?? HTTP/1.1" 404 323 "-""Casper Bot Search"
